Jul 02 14:01:19.278549 np0000004286 devstack@g-api.service[102665]: DEBUG glance.api.middleware.version_negotiation [None req-4257c106-9e69-41e5-802c-4e4d6dc03e65 tempest-ServerBootFromVolumeStableRescueTest-1879863912 tempest-ServerBootFromVolumeStableRescueTest-1879863912-project-member] Using url versioning {{(pid=102665) process_request /opt/stack/glance/glance/api/middleware/version_negotiation.py:57}}
Jul 02 14:01:19.278549 np0000004286 devstack@g-api.service[102665]: DEBUG glance.api.middleware.version_negotiation [None req-4257c106-9e69-41e5-802c-4e4d6dc03e65 tempest-ServerBootFromVolumeStableRescueTest-1879863912 tempest-ServerBootFromVolumeStableRescueTest-1879863912-project-member] Matched version: v2 {{(pid=102665) process_request /opt/stack/glance/glance/api/middleware/version_negotiation.py:69}}
Jul 02 14:01:19.279110 np0000004286 devstack@g-api.service[102665]: DEBUG glance.api.middleware.version_negotiation [None req-4257c106-9e69-41e5-802c-4e4d6dc03e65 tempest-ServerBootFromVolumeStableRescueTest-1879863912 tempest-ServerBootFromVolumeStableRescueTest-1879863912-project-member] new path /v2/schemas/image {{(pid=102665) process_request /opt/stack/glance/glance/api/middleware/version_negotiation.py:70}}
Jul 02 14:01:19.282335 np0000004286 devstack@g-api.service[102665]: [pid: 102665|app: 0|req: 87/343] 127.0.0.1 () {44 vars in 1055 bytes} [Thu Jul 2 14:01:19 2026] GET /v2/schemas/image => generated 6083 bytes in 4 msecs (HTTP/1.1 200) 4 headers in 158 bytes (1 switches on core 0)
Jul 02 14:01:19.331144 np0000004286 devstack@g-api.service[102664]: DEBUG glance.api.middleware.version_negotiation [None req-4257c106-9e69-41e5-802c-4e4d6dc03e65 tempest-ServerBootFromVolumeStableRescueTest-1879863912 tempest-ServerBootFromVolumeStableRescueTest-1879863912-project-member] Determining version of request: POST /v2/images Accept: */* {{(pid=102664) process_request /opt/stack/glance/glance/api/middleware/version_negotiation.py:44}}
Jul 02 14:01:19.331144 np0000004286 devstack@g-api.service[102664]: DEBUG glance.api.middleware.version_negotiation [None req-4257c106-9e69-41e5-802c-4e4d6dc03e65 tempest-ServerBootFromVolumeStableRescueTest-1879863912 tempest-ServerBootFromVolumeStableRescueTest-1879863912-project-member] Using url versioning {{(pid=102664) process_request /opt/stack/glance/glance/api/middleware/version_negotiation.py:57}}
Jul 02 14:01:19.331144 np0000004286 devstack@g-api.service[102664]: DEBUG glance.api.middleware.version_negotiation [None req-4257c106-9e69-41e5-802c-4e4d6dc03e65 tempest-ServerBootFromVolumeStableRescueTest-1879863912 tempest-ServerBootFromVolumeStableRescueTest-1879863912-project-member] Matched version: v2 {{(pid=102664) process_request /opt/stack/glance/glance/api/middleware/version_negotiation.py:69}}
Jul 02 14:01:19.331606 np0000004286 devstack@g-api.service[102664]: DEBUG glance.api.middleware.version_negotiation [None req-4257c106-9e69-41e5-802c-4e4d6dc03e65 tempest-ServerBootFromVolumeStableRescueTest-1879863912 tempest-ServerBootFromVolumeStableRescueTest-1879863912-project-member] new path /v2/images {{(pid=102664) process_request /opt/stack/glance/glance/api/middleware/version_negotiation.py:70}}
Jul 02 14:01:19.936520 np0000004286 devstack@g-api.service[102664]: [pid: 102664|app: 0|req: 83/344] 127.0.0.1 () {46 vars in 1056 bytes} [Thu Jul 2 14:01:19 2026] POST /v2/images => generated 1605 bytes in 606 msecs (HTTP/1.1 201) 6 headers in 316 bytes (1 switches on core 0)
Jul 02 14:01:19.977179 np0000004286 devstack@g-api.service[102666]: DEBUG glance.api.middleware.version_negotiation [None req-4257c106-9e69-41e5-802c-4e4d6dc03e65 tempest-ServerBootFromVolumeStableRescueTest-1879863912 tempest-ServerBootFromVolumeStableRescueTest-1879863912-project-member] Determining version of request: PUT /v2/images/9c3f3a65-4aa1-46ea-aa8c-f87f7ac43679/file Accept: */* {{(pid=102666) process_request /opt/stack/glance/glance/api/middleware/version_negotiation.py:44}}
Jul 02 14:01:19.977579 np0000004286 devstack@g-api.service[102666]: DEBUG glance.api.middleware.version_negotiation [None req-4257c106-9e69-41e5-802c-4e4d6dc03e65 tempest-ServerBootFromVolumeStableRescueTest-1879863912 tempest-ServerBootFromVolumeStableRescueTest-1879863912-project-member] Using url versioning {{(pid=102666) process_request /opt/stack/glance/glance/api/middleware/version_negotiation.py:57}}
Jul 02 14:01:19.977579 np0000004286 devstack@g-api.service[102666]: DEBUG glance.api.middleware.version_negotiation [None req-4257c106-9e69-41e5-802c-4e4d6dc03e65 tempest-ServerBootFromVolumeStableRescueTest-1879863912 tempest-ServerBootFromVolumeStableRescueTest-1879863912-project-member] Matched version: v2 {{(pid=102666) process_request /opt/stack/glance/glance/api/middleware/version_negotiation.py:69}}
Jul 02 14:01:19.977579 np0000004286 devstack@g-api.service[102666]: DEBUG glance.api.middleware.version_negotiation [None req-4257c106-9e69-41e5-802c-4e4d6dc03e65 tempest-ServerBootFromVolumeStableRescueTest-1879863912 tempest-ServerBootFromVolumeStableRescueTest-1879863912-project-member] new path /v2/images/9c3f3a65-4aa1-46ea-aa8c-f87f7ac43679/file {{(pid=102666) process_request /opt/stack/glance/glance/api/middleware/version_negotiation.py:70}}
Jul 02 14:01:20.382869 np0000004286 devstack@g-api.service[102663]: DEBUG glance.api.middleware.version_negotiation [None req-4257c106-9e69-41e5-802c-4e4d6dc03e65 tempest-ServerBootFromVolumeStableRescueTest-1879863912 tempest-ServerBootFromVolumeStableRescueTest-1879863912-project-member] Determining version of request: GET /v2/images/f9cea3dc-ac06-4c28-a837-3098d5aae4d7 Accept: application/json {{(pid=102663) process_request /opt/stack/glance/glance/api/middleware/version_negotiation.py:44}}
Jul 02 14:01:20.383277 np0000004286 devstack@g-api.service[102663]: DEBUG glance.api.middleware.version_negotiation [None req-4257c106-9e69-41e5-802c-4e4d6dc03e65 tempest-ServerBootFromVolumeStableRescueTest-1879863912 tempest-ServerBootFromVolumeStableRescueTest-1879863912-project-member] Using url versioning {{(pid=102663) process_request /opt/stack/glance/glance/api/middleware/version_negotiation.py:57}}
Jul 02 14:01:20.383277 np0000004286 devstack@g-api.service[102663]: DEBUG glance.api.middleware.version_negotiation [None req-4257c106-9e69-41e5-802c-4e4d6dc03e65 tempest-ServerBootFromVolumeStableRescueTest-1879863912 tempest-ServerBootFromVolumeStableRescueTest-1879863912-project-member] Matched version: v2 {{(pid=102663) process_request /opt/stack/glance/glance/api/middleware/version_negotiation.py:69}}
Jul 02 14:01:20.383360 np0000004286 devstack@g-api.service[102663]: DEBUG glance.api.middleware.version_negotiation [None req-4257c106-9e69-41e5-802c-4e4d6dc03e65 tempest-ServerBootFromVolumeStableRescueTest-1879863912 tempest-ServerBootFromVolumeStableRescueTest-1879863912-project-member] new path /v2/images/f9cea3dc-ac06-4c28-a837-3098d5aae4d7 {{(pid=102663) process_request /opt/stack/glance/glance/api/middleware/version_negotiation.py:70}}
Jul 02 14:01:20.489972 np0000004286 devstack@g-api.service[102663]: [pid: 102663|app: 0|req: 89/345] 127.0.0.1 () {40 vars in 838 bytes} [Thu Jul 2 14:01:20 2026] GET /v2/images/f9cea3dc-ac06-4c28-a837-3098d5aae4d7 => generated 1044 bytes in 107 msecs (HTTP/1.1 200) 4 headers in 158 bytes (1 switches on core 0)
Jul 02 14:01:20.510068 np0000004286 devstack@g-api.service[102665]: DEBUG glance.api.middleware.version_negotiation [None req-42a74cdb-c464-4c3f-97f3-2bd36ffbb99e tempest-ImageDependencyTests-1672079681 tempest-ImageDependencyTests-1672079681-project-member] Determining version of request: GET /v2/images/f9cea3dc-ac06-4c28-a837-3098d5aae4d7 Accept: */* {{(pid=102665) process_request /opt/stack/glance/glance/api/middleware/version_negotiation.py:44}}
Jul 02 14:01:20.510472 np0000004286 devstack@g-api.service[102665]: DEBUG glance.api.middleware.version_negotiation [None req-42a74cdb-c464-4c3f-97f3-2bd36ffbb99e tempest-ImageDependencyTests-1672079681 tempest-ImageDependencyTests-1672079681-project-member] Using url versioning {{(pid=102665) process_request /opt/stack/glance/glance/api/middleware/version_negotiation.py:57}}
Jul 02 14:01:20.510472 np0000004286 devstack@g-api.service[102665]: DEBUG glance.api.middleware.version_negotiation [None req-42a74cdb-c464-4c3f-97f3-2bd36ffbb99e tempest-ImageDependencyTests-1672079681 tempest-ImageDependencyTests-1672079681-project-member] Matched version: v2 {{(pid=102665) process_request /opt/stack/glance/glance/api/middleware/version_negotiation.py:69}}
Jul 02 14:01:20.510547 np0000004286 devstack@g-api.service[102665]: DEBUG glance.api.middleware.version_negotiation [None req-42a74cdb-c464-4c3f-97f3-2bd36ffbb99e tempest-ImageDependencyTests-1672079681 tempest-ImageDependencyTests-1672079681-project-member] new path /v2/images/f9cea3dc-ac06-4c28-a837-3098d5aae4d7 {{(pid=102665) process_request /opt/stack/glance/glance/api/middleware/version_negotiation.py:70}}
Jul 02 14:01:20.521974 np0000004286 devstack@g-api.service[102665]: [pid: 102665|app: 0|req: 88/346] 127.0.0.1 () {44 vars in 1115 bytes} [Thu Jul 2 14:01:20 2026] GET /v2/images/f9cea3dc-ac06-4c28-a837-3098d5aae4d7 => generated 1044 bytes in 12 msecs (HTTP/1.1 200) 4 headers in 158 bytes (1 switches on core 0)
Jul 02 14:01:20.531329 np0000004286 devstack@g-api.service[102664]: DEBUG glance.api.middleware.version_negotiation [None req-42a74cdb-c464-4c3f-97f3-2bd36ffbb99e tempest-ImageDependencyTests-1672079681 tempest-ImageDependencyTests-1672079681-project-member] Determining version of request: GET /v2/schemas/image Accept: */* {{(pid=102664) process_request /opt/stack/glance/glance/api/middleware/version_negotiation.py:44}}
Jul 02 14:01:20.531629 np0000004286 devstack@g-api.service[102664]: DEBUG glance.api.middleware.version_negotiation [None req-42a74cdb-c464-4c3f-97f3-2bd36ffbb99e tempest-ImageDependencyTests-1672079681 tempest-ImageDependencyTests-1672079681-project-member] Using url versioning {{(pid=102664) process_request /opt/stack/glance/glance/api/middleware/version_negotiation.py:57}}
Jul 02 14:01:20.531629 np0000004286 devstack@g-api.service[102664]: DEBUG glance.api.middleware.version_negotiation [None req-42a74cdb-c464-4c3f-97f3-2bd36ffbb99e tempest-ImageDependencyTests-1672079681 tempest-ImageDependencyTests-1672079681-project-member] Matched version: v2 {{(pid=102664) process_request /opt/stack/glance/glance/api/middleware/version_negotiation.py:69}}
Jul 02 14:01:20.531680 np0000004286 devstack@g-api.service[102664]: DEBUG glance.api.middleware.version_negotiation [None req-42a74cdb-c464-4c3f-97f3-2bd36ffbb99e tempest-ImageDependencyTests-1672079681 tempest-ImageDependencyTests-1672079681-project-member] new path /v2/schemas/image {{(pid=102664) process_request /opt/stack/glance/glance/api/middleware/version_negotiation.py:70}}
Jul 02 14:01:20.535574 np0000004286 devstack@g-api.service[102664]: [pid: 102664|app: 0|req: 84/347] 127.0.0.1 () {44 vars in 1055 bytes} [Thu Jul 2 14:01:20 2026] GET /v2/schemas/image => generated 6083 bytes in 5 msecs (HTTP/1.1 200) 4 headers in 158 bytes (1 switches on core 0)
Jul 02 14:01:20.544095 np0000004286 devstack@g-api.service[102663]: DEBUG glance.api.middleware.version_negotiation [None req-791babf1-35f6-4508-91d8-8605a833cdf8 tempest-VolumesExtendTest-1389260178 tempest-VolumesExtendTest-1389260178-project-member] Determining version of request: GET /v2/schemas/image Accept: */* {{(pid=102663) process_request /opt/stack/glance/glance/api/middleware/version_negotiation.py:44}}
Jul 02 14:01:20.544226 np0000004286 devstack@g-api.service[102663]: DEBUG glance.api.middleware.version_negotiation [None req-791babf1-35f6-4508-91d8-8605a833cdf8 tempest-VolumesExtendTest-1389260178 tempest-VolumesExtendTest-1389260178-project-member] Using url versioning {{(pid=102663) process_request /opt/stack/glance/glance/api/middleware/version_negotiation.py:57}}
Jul 02 14:01:20.544321 np0000004286 devstack@g-api.service[102663]: DEBUG glance.api.middleware.version_negotiation [None req-791babf1-35f6-4508-91d8-8605a833cdf8 tempest-VolumesExtendTest-1389260178 tempest-VolumesExtendTest-1389260178-project-member] Matched version: v2 {{(pid=102663) process_request /opt/stack/glance/glance/api/middleware/version_negotiation.py:69}}
Jul 02 14:01:20.544447 np0000004286 devstack@g-api.service[102663]: DEBUG glance.api.middleware.version_negotiation [None req-791babf1-35f6-4508-91d8-8605a833cdf8 tempest-VolumesExtendTest-1389260178 tempest-VolumesExtendTest-1389260178-project-member] new path /v2/schemas/image {{(pid=102663) process_request /opt/stack/glance/glance/api/middleware/version_negotiation.py:70}}
Jul 02 14:01:20.546897 np0000004286 devstack@g-api.service[102663]: [pid: 102663|app: 0|req: 90/348] 127.0.0.1 () {44 vars in 1055 bytes} [Thu Jul 2 14:01:20 2026] GET /v2/schemas/image => generated 6083 bytes in 3 msecs (HTTP/1.1 200) 4 headers in 158 bytes (1 switches on core 0)
Jul 02 14:01:20.550649 np0000004286 devstack@g-api.service[102666]: INFO glance.api.v2.image_data [None req-42a74cdb-c464-4c3f-97f3-2bd36ffbb99e tempest-ImageDependencyTests-1672079681 tempest-ImageDependencyTests-1672079681-project-member] Unable to create trust: no such option collect_timing in group [keystone_authtoken] Use the existing user token.
Jul 02 14:01:20.557057 np0000004286 devstack@g-api.service[102665]: DEBUG glance.api.middleware.version_negotiation [None req-af8e10ea-3f02-48e0-a1ed-49764220be0b tempest-VolumesExtendTest-1389260178 tempest-VolumesExtendTest-1389260178-project-member] Determining version of request: GET /v2/images/f9cea3dc-ac06-4c28-a837-3098d5aae4d7 Accept: */* {{(pid=102665) process_request /opt/stack/glance/glance/api/middleware/version_negotiation.py:44}}
Jul 02 14:01:20.557248 np0000004286 devstack@g-api.service[102665]: DEBUG glance.api.middleware.version_negotiation [None req-af8e10ea-3f02-48e0-a1ed-49764220be0b tempest-VolumesExtendTest-1389260178 tempest-VolumesExtendTest-1389260178-project-member] Using url versioning {{(pid=102665) process_request /opt/stack/glance/glance/api/middleware/version_negotiation.py:57}}
Jul 02 14:01:20.557416 np0000004286 devstack@g-api.service[102665]: DEBUG glance.api.middleware.version_negotiation [None req-af8e10ea-3f02-48e0-a1ed-49764220be0b tempest-VolumesExtendTest-1389260178 tempest-VolumesExtendTest-1389260178-project-member] Matched version: v2 {{(pid=102665) process_request /opt/stack/glance/glance/api/middleware/version_negotiation.py:69}}
Jul 02 14:01:20.557548 np0000004286 devstack@g-api.service[102665]: DEBUG glance.api.middleware.version_negotiation [None req-af8e10ea-3f02-48e0-a1ed-49764220be0b tempest-VolumesExtendTest-1389260178 tempest-VolumesExtendTest-1389260178-project-member] new path /v2/images/f9cea3dc-ac06-4c28-a837-3098d5aae4d7 {{(pid=102665) process_request /opt/stack/glance/glance/api/middleware/version_negotiation.py:70}}
Jul 02 14:01:20.574276 np0000004286 devstack@g-api.service[102665]: [pid: 102665|app: 0|req: 89/349] 127.0.0.1 () {44 vars in 1115 bytes} [Thu Jul 2 14:01:20 2026] GET /v2/images/f9cea3dc-ac06-4c28-a837-3098d5aae4d7 => generated 1044 bytes in 17 msecs (HTTP/1.1 200) 4 headers in 158 bytes (1 switches on core 0)
Jul 02 14:01:20.593261 np0000004286 devstack@g-api.service[102664]: DEBUG glance.api.middleware.version_negotiation [None req-af8e10ea-3f02-48e0-a1ed-49764220be0b tempest-VolumesExtendTest-1389260178 tempest-VolumesExtendTest-1389260178-project-member] Determining version of request: GET /v2/schemas/image Accept: */* {{(pid=102664) process_request /opt/stack/glance/glance/api/middleware/version_negotiation.py:44}}
Jul 02 14:01:20.593438 np0000004286 devstack@g-api.service[102664]: DEBUG glance.api.middleware.version_negotiation [None req-af8e10ea-3f02-48e0-a1ed-49764220be0b tempest-VolumesExtendTest-1389260178 tempest-VolumesExtendTest-1389260178-project-member] Using url versioning {{(pid=102664) process_request /opt/stack/glance/glance/api/middleware/version_negotiation.py:57}}
Jul 02 14:01:20.593598 np0000004286 devstack@g-api.service[102664]: DEBUG glance.api.middleware.version_negotiation [None req-af8e10ea-3f02-48e0-a1ed-49764220be0b tempest-VolumesExtendTest-1389260178 tempest-VolumesExtendTest-1389260178-project-member] Matched version: v2 {{(pid=102664) process_request /opt/stack/glance/glance/api/middleware/version_negotiation.py:69}}
Jul 02 14:01:20.593749 np0000004286 devstack@g-api.service[102664]: DEBUG glance.api.middleware.version_negotiation [None req-af8e10ea-3f02-48e0-a1ed-49764220be0b tempest-VolumesExtendTest-1389260178 tempest-VolumesExtendTest-1389260178-project-member] new path /v2/schemas/image {{(pid=102664) process_request /opt/stack/glance/glance/api/middleware/version_negotiation.py:70}}
Jul 02 14:01:20.596505 np0000004286 devstack@g-api.service[102664]: [pid: 102664|app: 0|req: 85/350] 127.0.0.1 () {44 vars in 1055 bytes} [Thu Jul 2 14:01:20 2026] GET /v2/schemas/image => generated 6083 bytes in 3 msecs (HTTP/1.1 200) 4 headers in 158 bytes (1 switches on core 0)
Jul 02 14:01:20.605365 np0000004286 devstack@g-api.service[102663]: DEBUG glance.api.middleware.version_negotiation [None req-af8e10ea-3f02-48e0-a1ed-49764220be0b tempest-VolumesExtendTest-1389260178 tempest-VolumesExtendTest-1389260178-project-member] Determining version of request: GET /v2/schemas/image Accept: */* {{(pid=102663) process_request /opt/stack/glance/glance/api/middleware/version_negotiation.py:44}}
Jul 02 14:01:20.605578 np0000004286 devstack@g-api.service[102663]: DEBUG glance.api.middleware.version_negotiation [None req-af8e10ea-3f02-48e0-a1ed-49764220be0b tempest-VolumesExtendTest-1389260178 tempest-VolumesExtendTest-1389260178-project-member] Using url versioning {{(pid=102663) process_request /opt/stack/glance/glance/api/middleware/version_negotiation.py:57}}
Jul 02 14:01:20.605767 np0000004286 devstack@g-api.service[102663]: DEBUG glance.api.middleware.version_negotiation [None req-af8e10ea-3f02-48e0-a1ed-49764220be0b tempest-VolumesExtendTest-1389260178 tempest-VolumesExtendTest-1389260178-project-member] Matched version: v2 {{(pid=102663) process_request /opt/stack/glance/glance/api/middleware/version_negotiation.py:69}}
Jul 02 14:01:20.605947 np0000004286 devstack@g-api.service[102663]: DEBUG glance.api.middleware.version_negotiation [None req-af8e10ea-3f02-48e0-a1ed-49764220be0b tempest-VolumesExtendTest-1389260178 tempest-VolumesExtendTest-1389260178-project-member] new path /v2/schemas/image {{(pid=102663) process_request /opt/stack/glance/glance/api/middleware/version_negotiation.py:70}}
Jul 02 14:01:20.608217 np0000004286 devstack@g-api.service[102663]: [pid: 102663|app: 0|req: 91/351] 127.0.0.1 () {44 vars in 1055 bytes} [Thu Jul 2 14:01:20 2026] GET /v2/schemas/image => generated 6083 bytes in 3 msecs (HTTP/1.1 200) 4 headers in 158 bytes (1 switches on core 0)
Jul 02 14:01:20.635055 np0000004286 devstack@g-api.service[102665]: DEBUG glance.api.middleware.version_negotiation [None req-af8e10ea-3f02-48e0-a1ed-49764220be0b tempest-VolumesExtendTest-1389260178 tempest-VolumesExtendTest-1389260178-project-member] Determining version of request: GET /v2/images/f9cea3dc-ac06-4c28-a837-3098d5aae4d7 Accept: */* {{(pid=102665) process_request /opt/stack/glance/glance/api/middleware/version_negotiation.py:44}}
Jul 02 14:01:20.635246 np0000004286 devstack@g-api.service[102665]: DEBUG glance.api.middleware.version_negotiation [None req-af8e10ea-3f02-48e0-a1ed-49764220be0b tempest-VolumesExtendTest-1389260178 tempest-VolumesExtendTest-1389260178-project-member] Using url versioning {{(pid=102665) process_request /opt/stack/glance/glance/api/middleware/version_negotiation.py:57}}
Jul 02 14:01:20.635425 np0000004286 devstack@g-api.service[102665]: DEBUG glance.api.middleware.version_negotiation [None req-af8e10ea-3f02-48e0-a1ed-49764220be0b tempest-VolumesExtendTest-1389260178 tempest-VolumesExtendTest-1389260178-project-member] Matched version: v2 {{(pid=102665) process_request /opt/stack/glance/glance/api/middleware/version_negotiation.py:69}}
Jul 02 14:01:20.635595 np0000004286 devstack@g-api.service[102665]: DEBUG glance.api.middleware.version_negotiation [None req-af8e10ea-3f02-48e0-a1ed-49764220be0b tempest-VolumesExtendTest-1389260178 tempest-VolumesExtendTest-1389260178-project-member] new path /v2/images/f9cea3dc-ac06-4c28-a837-3098d5aae4d7 {{(pid=102665) process_request /opt/stack/glance/glance/api/middleware/version_negotiation.py:70}}
Jul 02 14:01:20.657814 np0000004286 devstack@g-api.service[102665]: [pid: 102665|app: 0|req: 90/352] 127.0.0.1 () {44 vars in 1115 bytes} [Thu Jul 2 14:01:20 2026] GET /v2/images/f9cea3dc-ac06-4c28-a837-3098d5aae4d7 => generated 1044 bytes in 21 msecs (HTTP/1.1 200) 4 headers in 158 bytes (1 switches on core 0)
Jul 02 14:01:20.669715 np0000004286 devstack@g-api.service[102664]: DEBUG glance.api.middleware.version_negotiation [None req-af8e10ea-3f02-48e0-a1ed-49764220be0b tempest-VolumesExtendTest-1389260178 tempest-VolumesExtendTest-1389260178-project-member] Determining version of request: GET /v2/schemas/image Accept: */* {{(pid=102664) process_request /opt/stack/glance/glance/api/middleware/version_negotiation.py:44}}
Jul 02 14:01:20.669715 np0000004286 devstack@g-api.service[102664]: DEBUG glance.api.middleware.version_negotiation [None req-af8e10ea-3f02-48e0-a1ed-49764220be0b tempest-VolumesExtendTest-1389260178 tempest-VolumesExtendTest-1389260178-project-member] Using url versioning {{(pid=102664) process_request /opt/stack/glance/glance/api/middleware/version_negotiation.py:57}}
Jul 02 14:01:20.670099 np0000004286 devstack@g-api.service[102664]: DEBUG glance.api.middleware.version_negotiation [None req-af8e10ea-3f02-48e0-a1ed-49764220be0b tempest-VolumesExtendTest-1389260178 tempest-VolumesExtendTest-1389260178-project-member] Matched version: v2 {{(pid=102664) process_request /opt/stack/glance/glance/api/middleware/version_negotiation.py:69}}
Jul 02 14:01:20.670099 np0000004286 devstack@g-api.service[102664]: DEBUG glance.api.middleware.version_negotiation [None req-af8e10ea-3f02-48e0-a1ed-49764220be0b tempest-VolumesExtendTest-1389260178 tempest-VolumesExtendTest-1389260178-project-member] new path /v2/schemas/image {{(pid=102664) process_request /opt/stack/glance/glance/api/middleware/version_negotiation.py:70}}
Jul 02 14:01:20.673994 np0000004286 devstack@g-api.service[102664]: [pid: 102664|app: 0|req: 86/353] 127.0.0.1 () {44 vars in 1055 bytes} [Thu Jul 2 14:01:20 2026] GET /v2/schemas/image => generated 6083 bytes in 4 msecs (HTTP/1.1 200) 4 headers in 158 bytes (1 switches on core 0)
Jul 02 14:01:20.684897 np0000004286 devstack@g-api.service[102663]: DEBUG glance.api.middleware.version_negotiation [None req-af8e10ea-3f02-48e0-a1ed-49764220be0b tempest-VolumesExtendTest-1389260178 tempest-VolumesExtendTest-1389260178-project-member] Determining version of request: GET /v2/schemas/image Accept: */* {{(pid=102663) process_request /opt/stack/glance/glance/api/middleware/version_negotiation.py:44}}
Jul 02 14:01:20.685002 np0000004286 devstack@g-api.service[102663]: DEBUG glance.api.middleware.version_negotiation [None req-af8e10ea-3f02-48e0-a1ed-49764220be0b tempest-VolumesExtendTest-1389260178 tempest-VolumesExtendTest-1389260178-project-member] Using url versioning {{(pid=102663) process_request /opt/stack/glance/glance/api/middleware/version_negotiation.py:57}}
Jul 02 14:01:20.685134 np0000004286 devstack@g-api.service[102663]: DEBUG glance.api.middleware.version_negotiation [None req-af8e10ea-3f02-48e0-a1ed-49764220be0b tempest-VolumesExtendTest-1389260178 tempest-VolumesExtendTest-1389260178-project-member] Matched version: v2 {{(pid=102663) process_request /opt/stack/glance/glance/api/middleware/version_negotiation.py:69}}
Jul 02 14:01:20.685228 np0000004286 devstack@g-api.service[102663]: DEBUG glance.api.middleware.version_negotiation [None req-af8e10ea-3f02-48e0-a1ed-49764220be0b tempest-VolumesExtendTest-1389260178 tempest-VolumesExtendTest-1389260178-project-member] new path /v2/schemas/image {{(pid=102663) process_request /opt/stack/glance/glance/api/middleware/version_negotiation.py:70}}
Jul 02 14:01:20.691727 np0000004286 devstack@g-api.service[102663]: [pid: 102663|app: 0|req: 92/354] 127.0.0.1 () {44 vars in 1055 bytes} [Thu Jul 2 14:01:20 2026] GET /v2/schemas/image => generated 6083 bytes in 9 msecs (HTTP/1.1 200) 4 headers in 158 bytes (1 switches on core 0)
Jul 02 14:01:21.095684 np0000004286 devstack@g-api.service[102666]: DEBUG glance.location [None req-42a74cdb-c464-4c3f-97f3-2bd36ffbb99e tempest-ImageDependencyTests-1672079681 tempest-ImageDependencyTests-1672079681-project-member] Enabling in-flight format inspection for raw {{(pid=102666) set_data /opt/stack/glance/glance/location.py:616}}
Jul 02 14:01:21.096743 np0000004286 devstack@g-api.service[102666]: DEBUG glance_store.backend [None req-42a74cdb-c464-4c3f-97f3-2bd36ffbb99e tempest-ImageDependencyTests-1672079681 tempest-ImageDependencyTests-1672079681-project-member] Attempting to import store swift {{(pid=102666) _load_store /opt/stack/data/venv/lib/python3.12/site-packages/glance_store/backend.py:215}}
Jul 02 14:01:21.098611 np0000004286 devstack@g-api.service[102666]: DEBUG glance_store.capabilities [None req-42a74cdb-c464-4c3f-97f3-2bd36ffbb99e tempest-ImageDependencyTests-1672079681 tempest-ImageDependencyTests-1672079681-project-member] Store glance_store._drivers.swift.store.SingleTenantStore doesn't support updating dynamic storage capabilities. Please overwrite 'update_capabilities' method of the store to implement updating logics if needed. {{(pid=102666) update_capabilities /opt/stack/data/venv/lib/python3.12/site-packages/glance_store/capabilities.py:91}}
Jul 02 14:01:21.098802 np0000004286 devstack@g-api.service[102666]: DEBUG glance_store.driver [None req-42a74cdb-c464-4c3f-97f3-2bd36ffbb99e tempest-ImageDependencyTests-1672079681 tempest-ImageDependencyTests-1672079681-project-member] Late loading location class glance_store._drivers.swift.store.StoreLocation {{(pid=102666) get_store_location_class /opt/stack/data/venv/lib/python3.12/site-packages/glance_store/driver.py:134}}
Jul 02 14:01:21.098871 np0000004286 devstack@g-api.service[102666]: DEBUG glance_store.location [None req-42a74cdb-c464-4c3f-97f3-2bd36ffbb99e tempest-ImageDependencyTests-1672079681 tempest-ImageDependencyTests-1672079681-project-member] Registering scheme swift+https with {'store': , 'location_class': , 'store_entry': 'swift'} {{(pid=102666) register_scheme_map /opt/stack/data/venv/lib/python3.12/site-packages/glance_store/location.py:146}}
Jul 02 14:01:21.099160 np0000004286 devstack@g-api.service[102666]: DEBUG glance_store.location [None req-42a74cdb-c464-4c3f-97f3-2bd36ffbb99e tempest-ImageDependencyTests-1672079681 tempest-ImageDependencyTests-1672079681-project-member] Registering scheme swift+https with {'store': , 'location_class': , 'store_entry': 'swift'} {{(pid=102666) register_scheme_map /opt/stack/data/venv/lib/python3.12/site-packages/glance_store/location.py:146}}
Jul 02 14:01:21.099235 np0000004286 devstack@g-api.service[102666]: DEBUG glance_store.location [None req-42a74cdb-c464-4c3f-97f3-2bd36ffbb99e tempest-ImageDependencyTests-1672079681 tempest-ImageDependencyTests-1672079681-project-member] Registering scheme swift with {'store': , 'location_class': , 'store_entry': 'swift'} {{(pid=102666) register_scheme_map /opt/stack/data/venv/lib/python3.12/site-packages/glance_store/location.py:146}}
Jul 02 14:01:21.099435 np0000004286 devstack@g-api.service[102666]: DEBUG glance_store.location [None req-42a74cdb-c464-4c3f-97f3-2bd36ffbb99e tempest-ImageDependencyTests-1672079681 tempest-ImageDependencyTests-1672079681-project-member] Registering scheme swift+https with {'store': , 'location_class': , 'store_entry': 'swift'} {{(pid=102666) register_scheme_map /opt/stack/data/venv/lib/python3.12/site-packages/glance_store/location.py:146}}
Jul 02 14:01:21.099585 np0000004286 devstack@g-api.service[102666]: DEBUG glance_store.location [None req-42a74cdb-c464-4c3f-97f3-2bd36ffbb99e tempest-ImageDependencyTests-1672079681 tempest-ImageDependencyTests-1672079681-project-member] Registering scheme swift with {'store': , 'location_class': , 'store_entry': 'swift'} {{(pid=102666) register_scheme_map /opt/stack/data/venv/lib/python3.12/site-packages/glance_store/location.py:146}}
Jul 02 14:01:21.099771 np0000004286 devstack@g-api.service[102666]: DEBUG glance_store.location [None req-42a74cdb-c464-4c3f-97f3-2bd36ffbb99e tempest-ImageDependencyTests-1672079681 tempest-ImageDependencyTests-1672079681-project-member] Registering scheme swift+http with {'store': , 'location_class': , 'store_entry': 'swift'} {{(pid=102666) register_scheme_map /opt/stack/data/venv/lib/python3.12/site-packages/glance_store/location.py:146}}
Jul 02 14:01:21.099771 np0000004286 devstack@g-api.service[102666]: DEBUG glance_store.location [None req-42a74cdb-c464-4c3f-97f3-2bd36ffbb99e tempest-ImageDependencyTests-1672079681 tempest-ImageDependencyTests-1672079681-project-member] Registering scheme swift+https with {'store': , 'location_class': , 'store_entry': 'swift'} {{(pid=102666) register_scheme_map /opt/stack/data/venv/lib/python3.12/site-packages/glance_store/location.py:146}}
Jul 02 14:01:21.099912 np0000004286 devstack@g-api.service[102666]: DEBUG glance_store.location [None req-42a74cdb-c464-4c3f-97f3-2bd36ffbb99e tempest-ImageDependencyTests-1672079681 tempest-ImageDependencyTests-1672079681-project-member] Registering scheme swift with {'store': , 'location_class': , 'store_entry': 'swift'} {{(pid=102666) register_scheme_map /opt/stack/data/venv/lib/python3.12/site-packages/glance_store/location.py:146}}
Jul 02 14:01:21.099912 np0000004286 devstack@g-api.service[102666]: DEBUG glance_store.location [None req-42a74cdb-c464-4c3f-97f3-2bd36ffbb99e tempest-ImageDependencyTests-1672079681 tempest-ImageDependencyTests-1672079681-project-member] Registering scheme swift+http with {'store': , 'location_class': , 'store_entry': 'swift'} {{(pid=102666) register_scheme_map /opt/stack/data/venv/lib/python3.12/site-packages/glance_store/location.py:146}}
Jul 02 14:01:21.100011 np0000004286 devstack@g-api.service[102666]: DEBUG glance_store.location [None req-42a74cdb-c464-4c3f-97f3-2bd36ffbb99e tempest-ImageDependencyTests-1672079681 tempest-ImageDependencyTests-1672079681-project-member] Registering scheme swift+config with {'store': , 'location_class': , 'store_entry': 'swift'} {{(pid=102666) register_scheme_map /opt/stack/data/venv/lib/python3.12/site-packages/glance_store/location.py:146}}
Jul 02 14:01:21.156122 np0000004286 devstack@g-api.service[102665]: DEBUG glance.api.middleware.version_negotiation [None req-af8e10ea-3f02-48e0-a1ed-49764220be0b tempest-VolumesExtendTest-1389260178 tempest-VolumesExtendTest-1389260178-project-member] Determining version of request: GET /versions Accept: */* {{(pid=102665) process_request /opt/stack/glance/glance/api/middleware/version_negotiation.py:44}}
Jul 02 14:01:21.156122 np0000004286 devstack@g-api.service[102665]: [pid: 102665|app: 0|req: 91/355] 127.0.0.1 () {44 vars in 1039 bytes} [Thu Jul 2 14:01:21 2026] GET /versions => generated 1407 bytes in 1 msecs (HTTP/1.1 200) 3 headers in 92 bytes (1 switches on core 0)
Jul 02 14:01:21.168011 np0000004286 devstack@g-api.service[102664]: DEBUG glance.api.middleware.version_negotiation [None req-af8e10ea-3f02-48e0-a1ed-49764220be0b tempest-VolumesExtendTest-1389260178 tempest-VolumesExtendTest-1389260178-project-member] Determining version of request: GET /v2/images/f9cea3dc-ac06-4c28-a837-3098d5aae4d7/locations Accept: */* {{(pid=102664) process_request /opt/stack/glance/glance/api/middleware/version_negotiation.py:44}}
Jul 02 14:01:21.168294 np0000004286 devstack@g-api.service[102664]: DEBUG glance.api.middleware.version_negotiation [None req-af8e10ea-3f02-48e0-a1ed-49764220be0b tempest-VolumesExtendTest-1389260178 tempest-VolumesExtendTest-1389260178-project-member] Using url versioning {{(pid=102664) process_request /opt/stack/glance/glance/api/middleware/version_negotiation.py:57}}
Jul 02 14:01:21.168503 np0000004286 devstack@g-api.service[102664]: DEBUG glance.api.middleware.version_negotiation [None req-af8e10ea-3f02-48e0-a1ed-49764220be0b tempest-VolumesExtendTest-1389260178 tempest-VolumesExtendTest-1389260178-project-member] Matched version: v2 {{(pid=102664) process_request /opt/stack/glance/glance/api/middleware/version_negotiation.py:69}}
Jul 02 14:01:21.168660 np0000004286 devstack@g-api.service[102664]: DEBUG glance.api.middleware.version_negotiation [None req-af8e10ea-3f02-48e0-a1ed-49764220be0b tempest-VolumesExtendTest-1389260178 tempest-VolumesExtendTest-1389260178-project-member] new path /v2/images/f9cea3dc-ac06-4c28-a837-3098d5aae4d7/locations {{(pid=102664) process_request /opt/stack/glance/glance/api/middleware/version_negotiation.py:70}}
Jul 02 14:01:21.320031 np0000004286 devstack@g-api.service[102664]: [pid: 102664|app: 0|req: 87/356] 127.0.0.1 () {44 vars in 1135 bytes} [Thu Jul 2 14:01:21 2026] GET /v2/images/f9cea3dc-ac06-4c28-a837-3098d5aae4d7/locations => generated 92 bytes in 152 msecs (HTTP/1.1 200) 4 headers in 156 bytes (1 switches on core 0)
Jul 02 14:01:21.321051 np0000004286 devstack@g-api.service[102666]: DEBUG swiftclient [None req-42a74cdb-c464-4c3f-97f3-2bd36ffbb99e tempest-ImageDependencyTests-1672079681 tempest-ImageDependencyTests-1672079681-project-member] REQ: curl -i https://10.4.3.113:8080/v1/AUTH_efbb1d148d5d47b8a8c21054f32d0305/glance -I -H "X-Auth-Token: gAAAAABqRm8xdJX0..." {{(pid=102666) http_log /opt/stack/data/venv/lib/python3.12/site-packages/swiftclient/client.py:160}}
Jul 02 14:01:21.321051 np0000004286 devstack@g-api.service[102666]: DEBUG swiftclient [None req-42a74cdb-c464-4c3f-97f3-2bd36ffbb99e tempest-ImageDependencyTests-1672079681 tempest-ImageDependencyTests-1672079681-project-member] RESP STATUS: 204 No Content {{(pid=102666) http_log /opt/stack/data/venv/lib/python3.12/site-packages/swiftclient/client.py:161}}
Jul 02 14:01:21.321366 np0000004286 devstack@g-api.service[102666]: DEBUG swiftclient [None req-42a74cdb-c464-4c3f-97f3-2bd36ffbb99e tempest-ImageDependencyTests-1672079681 tempest-ImageDependencyTests-1672079681-project-member] RESP HEADERS: {'Date': 'Thu, 02 Jul 2026 14:01:21 GMT', 'Server': 'Apache/2.4.58 (Ubuntu)', 'Content-Type': 'text/plain; charset=utf-8', 'X-Container-Object-Count': '8', 'X-Container-Bytes-Used': '111412224', 'X-Timestamp': '1783000445.15616', 'Last-Modified': 'Thu, 02 Jul 2026 13:54:06 GMT', 'Accept-Ranges': 'bytes', 'X-Storage-Policy': 'Policy-0', 'X-Container-Sharding': 'False', 'Vary': 'Accept', 'X-Trans-Id': 'txe2ec17479815486990a61-006a466f31', 'X-Openstack-Request-Id': 'txe2ec17479815486990a61-006a466f31', 'Connection': 'close'} {{(pid=102666) http_log /opt/stack/data/venv/lib/python3.12/site-packages/swiftclient/client.py:162}}
Jul 02 14:01:21.321491 np0000004286 devstack@g-api.service[102666]: DEBUG glance_store._drivers.swift.store [None req-42a74cdb-c464-4c3f-97f3-2bd36ffbb99e tempest-ImageDependencyTests-1672079681 tempest-ImageDependencyTests-1672079681-project-member] Adding image object '9c3f3a65-4aa1-46ea-aa8c-f87f7ac43679' to Swift {{(pid=102666) add /opt/stack/data/venv/lib/python3.12/site-packages/glance_store/_drivers/swift/store.py:970}}
Jul 02 14:01:21.321491 np0000004286 devstack@g-api.service[102666]: DEBUG glance_store._drivers.swift.store [None req-42a74cdb-c464-4c3f-97f3-2bd36ffbb99e tempest-ImageDependencyTests-1672079681 tempest-ImageDependencyTests-1672079681-project-member] Cannot determine image size because it is either not provided in the request or chunked-transfer encoding is used. Adding image as a segmented object to Swift. {{(pid=102666) add /opt/stack/data/venv/lib/python3.12/site-packages/glance_store/_drivers/swift/store.py:994}}
Jul 02 14:01:21.321773 np0000004286 devstack@g-api.service[102666]: DEBUG glance_store._drivers.swift.store [None req-42a74cdb-c464-4c3f-97f3-2bd36ffbb99e tempest-ImageDependencyTests-1672079681 tempest-ImageDependencyTests-1672079681-project-member] Not writing zero-length chunk. {{(pid=102666) add /opt/stack/data/venv/lib/python3.12/site-packages/glance_store/_drivers/swift/store.py:1028}}
Jul 02 14:01:21.335133 np0000004286 devstack@g-api.service[102663]: DEBUG glance.api.middleware.version_negotiation [None req-af8e10ea-3f02-48e0-a1ed-49764220be0b tempest-VolumesExtendTest-1389260178 tempest-VolumesExtendTest-1389260178-project-member] Determining version of request: GET /v2/images/f9cea3dc-ac06-4c28-a837-3098d5aae4d7 Accept: */* {{(pid=102663) process_request /opt/stack/glance/glance/api/middleware/version_negotiation.py:44}}
Jul 02 14:01:21.335133 np0000004286 devstack@g-api.service[102663]: DEBUG glance.api.middleware.version_negotiation [None req-af8e10ea-3f02-48e0-a1ed-49764220be0b tempest-VolumesExtendTest-1389260178 tempest-VolumesExtendTest-1389260178-project-member] Using url versioning {{(pid=102663) process_request /opt/stack/glance/glance/api/middleware/version_negotiation.py:57}}
Jul 02 14:01:21.335133 np0000004286 devstack@g-api.service[102663]: DEBUG glance.api.middleware.version_negotiation [None req-af8e10ea-3f02-48e0-a1ed-49764220be0b tempest-VolumesExtendTest-1389260178 tempest-VolumesExtendTest-1389260178-project-member] Matched version: v2 {{(pid=102663) process_request /opt/stack/glance/glance/api/middleware/version_negotiation.py:69}}
Jul 02 14:01:21.335133 np0000004286 devstack@g-api.service[102663]: DEBUG glance.api.middleware.version_negotiation [None req-af8e10ea-3f02-48e0-a1ed-49764220be0b tempest-VolumesExtendTest-1389260178 tempest-VolumesExtendTest-1389260178-project-member] new path /v2/images/f9cea3dc-ac06-4c28-a837-3098d5aae4d7 {{(pid=102663) process_request /opt/stack/glance/glance/api/middleware/version_negotiation.py:70}}
Jul 02 14:01:21.355700 np0000004286 devstack@g-api.service[102663]: [pid: 102663|app: 0|req: 93/357] 127.0.0.1 () {44 vars in 1115 bytes} [Thu Jul 2 14:01:21 2026] GET /v2/images/f9cea3dc-ac06-4c28-a837-3098d5aae4d7 => generated 1044 bytes in 21 msecs (HTTP/1.1 200) 4 headers in 158 bytes (1 switches on core 0)
Jul 02 14:01:21.359145 np0000004286 devstack@g-api.service[102666]: DEBUG swiftclient [None req-42a74cdb-c464-4c3f-97f3-2bd36ffbb99e tempest-ImageDependencyTests-1672079681 tempest-ImageDependencyTests-1672079681-project-member] REQ: curl -i https://10.4.3.113:8080/v1/AUTH_efbb1d148d5d47b8a8c21054f32d0305/glance/9c3f3a65-4aa1-46ea-aa8c-f87f7ac43679 -X PUT -H "X-Object-Manifest: glance/9c3f3a65-4aa1-46ea-aa8c-f87f7ac43679-" -H "X-Auth-Token: gAAAAABqRm8xdJX0..." -H "Content-Length: 0" {{(pid=102666) http_log /opt/stack/data/venv/lib/python3.12/site-packages/swiftclient/client.py:160}}
Jul 02 14:01:21.359271 np0000004286 devstack@g-api.service[102666]: DEBUG swiftclient [None req-42a74cdb-c464-4c3f-97f3-2bd36ffbb99e tempest-ImageDependencyTests-1672079681 tempest-ImageDependencyTests-1672079681-project-member] RESP STATUS: 201 Created {{(pid=102666) http_log /opt/stack/data/venv/lib/python3.12/site-packages/swiftclient/client.py:161}}
Jul 02 14:01:21.359381 np0000004286 devstack@g-api.service[102666]: DEBUG swiftclient [None req-42a74cdb-c464-4c3f-97f3-2bd36ffbb99e tempest-ImageDependencyTests-1672079681 tempest-ImageDependencyTests-1672079681-project-member] RESP HEADERS: {'Date': 'Thu, 02 Jul 2026 14:01:21 GMT', 'Server': 'Apache/2.4.58 (Ubuntu)', 'Content-Type': 'text/html; charset=UTF-8', 'Content-Length': '0', 'Etag': 'd41d8cd98f00b204e9800998ecf8427e', 'Last-Modified': 'Thu, 02 Jul 2026 14:01:22 GMT', 'X-Trans-Id': 'tx12d250bde3e1428f817a2-006a466f31', 'X-Openstack-Request-Id': 'tx12d250bde3e1428f817a2-006a466f31', 'Connection': 'close'} {{(pid=102666) http_log /opt/stack/data/venv/lib/python3.12/site-packages/swiftclient/client.py:162}}
Jul 02 14:01:21.359806 np0000004286 devstack@g-api.service[102666]: INFO glance.location [None req-42a74cdb-c464-4c3f-97f3-2bd36ffbb99e tempest-ImageDependencyTests-1672079681 tempest-ImageDependencyTests-1672079681-project-member] Image format matched and virtual size computed: 0
Jul 02 14:01:21.367603 np0000004286 devstack@g-api.service[102665]: DEBUG glance.api.middleware.version_negotiation [None req-af8e10ea-3f02-48e0-a1ed-49764220be0b tempest-VolumesExtendTest-1389260178 tempest-VolumesExtendTest-1389260178-project-member] Determining version of request: GET /v2/schemas/image Accept: */* {{(pid=102665) process_request /opt/stack/glance/glance/api/middleware/version_negotiation.py:44}}
Jul 02 14:01:21.367753 np0000004286 devstack@g-api.service[102665]: DEBUG glance.api.middleware.version_negotiation [None req-af8e10ea-3f02-48e0-a1ed-49764220be0b tempest-VolumesExtendTest-1389260178 tempest-VolumesExtendTest-1389260178-project-member] Using url versioning {{(pid=102665) process_request /opt/stack/glance/glance/api/middleware/version_negotiation.py:57}}
Jul 02 14:01:21.367797 np0000004286 devstack@g-api.service[102665]: DEBUG glance.api.middleware.version_negotiation [None req-af8e10ea-3f02-48e0-a1ed-49764220be0b tempest-VolumesExtendTest-1389260178 tempest-VolumesExtendTest-1389260178-project-member] Matched version: v2 {{(pid=102665) process_request /opt/stack/glance/glance/api/middleware/version_negotiation.py:69}}
Jul 02 14:01:21.367913 np0000004286 devstack@g-api.service[102665]: DEBUG glance.api.middleware.version_negotiation [None req-af8e10ea-3f02-48e0-a1ed-49764220be0b tempest-VolumesExtendTest-1389260178 tempest-VolumesExtendTest-1389260178-project-member] new path /v2/schemas/image {{(pid=102665) process_request /opt/stack/glance/glance/api/middleware/version_negotiation.py:70}}
Jul 02 14:01:21.371712 np0000004286 devstack@g-api.service[102665]: [pid: 102665|app: 0|req: 92/358] 127.0.0.1 () {44 vars in 1055 bytes} [Thu Jul 2 14:01:21 2026] GET /v2/schemas/image => generated 6083 bytes in 4 msecs (HTTP/1.1 200) 4 headers in 158 bytes (1 switches on core 0)
Jul 02 14:01:21.385090 np0000004286 devstack@g-api.service[102664]: DEBUG glance.api.middleware.version_negotiation [None req-af8e10ea-3f02-48e0-a1ed-49764220be0b service glance] Determining version of request: GET /v2/schemas/image Accept: */* {{(pid=102664) process_request /opt/stack/glance/glance/api/middleware/version_negotiation.py:44}}
Jul 02 14:01:21.387927 np0000004286 devstack@g-api.service[102664]: DEBUG glance.api.middleware.version_negotiation [None req-af8e10ea-3f02-48e0-a1ed-49764220be0b service glance] Using url versioning {{(pid=102664) process_request /opt/stack/glance/glance/api/middleware/version_negotiation.py:57}}
Jul 02 14:01:21.387927 np0000004286 devstack@g-api.service[102664]: DEBUG glance.api.middleware.version_negotiation [None req-af8e10ea-3f02-48e0-a1ed-49764220be0b service glance] Matched version: v2 {{(pid=102664) process_request /opt/stack/glance/glance/api/middleware/version_negotiation.py:69}}
Jul 02 14:01:21.387927 np0000004286 devstack@g-api.service[102664]: DEBUG glance.api.middleware.version_negotiation [None req-af8e10ea-3f02-48e0-a1ed-49764220be0b service glance] new path /v2/schemas/image {{(pid=102664) process_request /opt/stack/glance/glance/api/middleware/version_negotiation.py:70}}
Jul 02 14:01:21.392955 np0000004286 devstack@g-api.service[102664]: [pid: 102664|app: 0|req: 88/359] 127.0.0.1 () {44 vars in 1055 bytes} [Thu Jul 2 14:01:21 2026] GET /v2/schemas/image => generated 6083 bytes in 8 msecs (HTTP/1.1 200) 4 headers in 158 bytes (1 switches on core 0)
Jul 02 14:01:21.402538 np0000004286 devstack@g-api.service[102666]: DEBUG glance_store.backend [None req-42a74cdb-c464-4c3f-97f3-2bd36ffbb99e tempest-ImageDependencyTests-1672079681 tempest-ImageDependencyTests-1672079681-project-member] Attempting to import store swift {{(pid=102666) _load_store /opt/stack/data/venv/lib/python3.12/site-packages/glance_store/backend.py:215}}
Jul 02 14:01:21.404610 np0000004286 devstack@g-api.service[102666]: DEBUG glance_store.capabilities [None req-42a74cdb-c464-4c3f-97f3-2bd36ffbb99e tempest-ImageDependencyTests-1672079681 tempest-ImageDependencyTests-1672079681-project-member] Store glance_store._drivers.swift.store.SingleTenantStore doesn't support updating dynamic storage capabilities. Please overwrite 'update_capabilities' method of the store to implement updating logics if needed. {{(pid=102666) update_capabilities /opt/stack/data/venv/lib/python3.12/site-packages/glance_store/capabilities.py:91}}
Jul 02 14:01:21.404762 np0000004286 devstack@g-api.service[102666]: DEBUG glance_store.driver [None req-42a74cdb-c464-4c3f-97f3-2bd36ffbb99e tempest-ImageDependencyTests-1672079681 tempest-ImageDependencyTests-1672079681-project-member] Late loading location class glance_store._drivers.swift.store.StoreLocation {{(pid=102666) get_store_location_class /opt/stack/data/venv/lib/python3.12/site-packages/glance_store/driver.py:134}}
Jul 02 14:01:21.404926 np0000004286 devstack@g-api.service[102666]: DEBUG glance_store.location [None req-42a74cdb-c464-4c3f-97f3-2bd36ffbb99e tempest-ImageDependencyTests-1672079681 tempest-ImageDependencyTests-1672079681-project-member] Registering scheme swift+https with {'store': , 'location_class': , 'store_entry': 'swift'} {{(pid=102666) register_scheme_map /opt/stack/data/venv/lib/python3.12/site-packages/glance_store/location.py:146}}
Jul 02 14:01:21.405065 np0000004286 devstack@g-api.service[102666]: DEBUG glance_store.location [None req-42a74cdb-c464-4c3f-97f3-2bd36ffbb99e tempest-ImageDependencyTests-1672079681 tempest-ImageDependencyTests-1672079681-project-member] Registering scheme swift+https with {'store': , 'location_class': , 'store_entry': 'swift'} {{(pid=102666) register_scheme_map /opt/stack/data/venv/lib/python3.12/site-packages/glance_store/location.py:146}}
Jul 02 14:01:21.405283 np0000004286 devstack@g-api.service[102666]: DEBUG glance_store.location [None req-42a74cdb-c464-4c3f-97f3-2bd36ffbb99e tempest-ImageDependencyTests-1672079681 tempest-ImageDependencyTests-1672079681-project-member] Registering scheme swift with {'store': , 'location_class': , 'store_entry': 'swift'} {{(pid=102666) register_scheme_map /opt/stack/data/venv/lib/python3.12/site-packages/glance_store/location.py:146}}
Jul 02 14:01:21.405331 np0000004286 devstack@g-api.service[102666]: DEBUG glance_store.location [None req-42a74cdb-c464-4c3f-97f3-2bd36ffbb99e tempest-ImageDependencyTests-1672079681 tempest-ImageDependencyTests-1672079681-project-member] Registering scheme swift+https with {'store': , 'location_class': , 'store_entry': 'swift'} {{(pid=102666) register_scheme_map /opt/stack/data/venv/lib/python3.12/site-packages/glance_store/location.py:146}}
Jul 02 14:01:21.405530 np0000004286 devstack@g-api.service[102666]: DEBUG glance_store.location [None req-42a74cdb-c464-4c3f-97f3-2bd36ffbb99e tempest-ImageDependencyTests-1672079681 tempest-ImageDependencyTests-1672079681-project-member] Registering scheme swift with {'store': , 'location_class': , 'store_entry': 'swift'} {{(pid=102666) register_scheme_map /opt/stack/data/venv/lib/python3.12/site-packages/glance_store/location.py:146}}
Jul 02 14:01:21.405591 np0000004286 devstack@g-api.service[102666]: DEBUG glance_store.location [None req-42a74cdb-c464-4c3f-97f3-2bd36ffbb99e tempest-ImageDependencyTests-1672079681 tempest-ImageDependencyTests-1672079681-project-member] Registering scheme swift+http with {'store': , 'location_class': , 'store_entry': 'swift'} {{(pid=102666) register_scheme_map /opt/stack/data/venv/lib/python3.12/site-packages/glance_store/location.py:146}}
Jul 02 14:01:21.405705 np0000004286 devstack@g-api.service[102666]: DEBUG glance_store.location [None req-42a74cdb-c464-4c3f-97f3-2bd36ffbb99e tempest-ImageDependencyTests-1672079681 tempest-ImageDependencyTests-1672079681-project-member] Registering scheme swift+https with {'store': , 'location_class': , 'store_entry': 'swift'} {{(pid=102666) register_scheme_map /opt/stack/data/venv/lib/python3.12/site-packages/glance_store/location.py:146}}
Jul 02 14:01:21.405975 np0000004286 devstack@g-api.service[102666]: DEBUG glance_store.location [None req-42a74cdb-c464-4c3f-97f3-2bd36ffbb99e tempest-ImageDependencyTests-1672079681 tempest-ImageDependencyTests-1672079681-project-member] Registering scheme swift with {'store': , 'location_class': , 'store_entry': 'swift'} {{(pid=102666) register_scheme_map /opt/stack/data/venv/lib/python3.12/site-packages/glance_store/location.py:146}}
Jul 02 14:01:21.405975 np0000004286 devstack@g-api.service[102666]: DEBUG glance_store.location [None req-42a74cdb-c464-4c3f-97f3-2bd36ffbb99e tempest-ImageDependencyTests-1672079681 tempest-ImageDependencyTests-1672079681-project-member] Registering scheme swift+http with {'store': , 'location_class': , 'store_entry': 'swift'} {{(pid=102666) register_scheme_map /opt/stack/data/venv/lib/python3.12/site-packages/glance_store/location.py:146}}
Jul 02 14:01:21.406156 np0000004286 devstack@g-api.service[102666]: DEBUG glance_store.location [None req-42a74cdb-c464-4c3f-97f3-2bd36ffbb99e tempest-ImageDependencyTests-1672079681 tempest-ImageDependencyTests-1672079681-project-member] Registering scheme swift+config with {'store': , 'location_class': , 'store_entry': 'swift'} {{(pid=102666) register_scheme_map /opt/stack/data/venv/lib/python3.12/site-packages/glance_store/location.py:146}}
Jul 02 14:01:21.406250 np0000004286 devstack@g-api.service[102666]: DEBUG glance_store.backend [None req-42a74cdb-c464-4c3f-97f3-2bd36ffbb99e tempest-ImageDependencyTests-1672079681 tempest-ImageDependencyTests-1672079681-project-member] Skipping store.set_acls... not implemented. {{(pid=102666) set_acls /opt/stack/data/venv/lib/python3.12/site-packages/glance_store/backend.py:507}}
