Jul 02 13:53:32.847279 np0000004286 nova-scheduler[96310]: DEBUG cotyledon.oslo_config_glue [-] profiler.hmac_keys = **** {{(pid=96310) log_opt_values /opt/stack/data/venv/lib/python3.12/site-packages/oslo_config/cfg.py:3253}}
Jul 02 13:53:32.847279 np0000004286 nova-scheduler[96310]: DEBUG cotyledon.oslo_config_glue [-] profiler.sentinel_service_name = mymaster {{(pid=96310) log_opt_values /opt/stack/data/venv/lib/python3.12/site-packages/oslo_config/cfg.py:3253}}
Jul 02 13:53:32.847279 np0000004286 nova-scheduler[96310]: DEBUG cotyledon.oslo_config_glue [-] profiler.socket_timeout = 0.1 {{(pid=96310) log_opt_values /opt/stack/data/venv/lib/python3.12/site-packages/oslo_config/cfg.py:3253}}
Jul 02 13:53:32.847279 np0000004286 nova-scheduler[96310]: DEBUG cotyledon.oslo_config_glue [-] profiler.trace_requests = False {{(pid=96310) log_opt_values /opt/stack/data/venv/lib/python3.12/site-packages/oslo_config/cfg.py:3253}}
Jul 02 13:53:32.847279 np0000004286 nova-scheduler[96310]: DEBUG cotyledon.oslo_config_glue [-] profiler.trace_sqlalchemy = False {{(pid=96310) log_opt_values /opt/stack/data/venv/lib/python3.12/site-packages/oslo_config/cfg.py:3253}}
Jul 02 13:53:32.847279 np0000004286 nova-scheduler[96310]: DEBUG cotyledon.oslo_config_glue [-] profiler_jaeger.process_tags = {} {{(pid=96310) log_opt_values /opt/stack/data/venv/lib/python3.12/site-packages/oslo_config/cfg.py:3253}}
Jul 02 13:53:32.847279 np0000004286 nova-scheduler[96310]: DEBUG cotyledon.oslo_config_glue [-] profiler_jaeger.service_name_prefix = None {{(pid=96310) log_opt_values /opt/stack/data/venv/lib/python3.12/site-packages/oslo_config/cfg.py:3253}}
Jul 02 13:53:32.847279 np0000004286 nova-scheduler[96310]: DEBUG cotyledon.oslo_config_glue [-] profiler_otlp.service_name_prefix = None {{(pid=96310) log_opt_values /opt/stack/data/venv/lib/python3.12/site-packages/oslo_config/cfg.py:3253}}
Jul 02 13:53:32.847580 np0000004286 nova-scheduler[96310]: DEBUG cotyledon.oslo_config_glue [-] oslo_messaging_rabbit.amqp_auto_delete = False {{(pid=96310) log_opt_values /opt/stack/data/venv/lib/python3.12/site-packages/oslo_config/cfg.py:3253}}
Jul 02 13:53:32.847580 np0000004286 nova-scheduler[96310]: DEBUG cotyledon.oslo_config_glue [-] oslo_messaging_rabbit.amqp_durable_queues = False {{(pid=96310) log_opt_values /opt/stack/data/venv/lib/python3.12/site-packages/oslo_config/cfg.py:3253}}
Jul 02 13:53:32.847580 np0000004286 nova-scheduler[96310]: DEBUG cotyledon.oslo_config_glue [-] oslo_messaging_rabbit.conn_pool_min_size = 2 {{(pid=96310) log_opt_values /opt/stack/data/venv/lib/python3.12/site-packages/oslo_config/cfg.py:3253}}
Jul 02 13:53:32.847580 np0000004286 nova-scheduler[96310]: DEBUG cotyledon.oslo_config_glue [-] oslo_messaging_rabbit.conn_pool_ttl = 1200 {{(pid=96310) log_opt_values /opt/stack/data/venv/lib/python3.12/site-packages/oslo_config/cfg.py:3253}}
Jul 02 13:53:32.847580 np0000004286 nova-scheduler[96310]: DEBUG cotyledon.oslo_config_glue [-] oslo_messaging_rabbit.direct_mandatory_flag = True {{(pid=96310) log_opt_values /opt/stack/data/venv/lib/python3.12/site-packages/oslo_config/cfg.py:3253}}
Jul 02 13:53:32.847580 np0000004286 nova-scheduler[96310]: DEBUG cotyledon.oslo_config_glue [-] oslo_messaging_rabbit.enable_cancel_on_failover = False {{(pid=96310) log_opt_values /opt/stack/data/venv/lib/python3.12/site-packages/oslo_config/cfg.py:3253}}
Jul 02 13:53:32.847580 np0000004286 nova-scheduler[96310]: DEBUG cotyledon.oslo_config_glue [-] oslo_messaging_rabbit.heartbeat_rate = 3 {{(pid=96310) log_opt_values /opt/stack/data/venv/lib/python3.12/site-packages/oslo_config/cfg.py:3253}}
Jul 02 13:53:32.847580 np0000004286 nova-scheduler[96310]: DEBUG cotyledon.oslo_config_glue [-] oslo_messaging_rabbit.heartbeat_timeout_threshold = 60 {{(pid=96310) log_opt_values /opt/stack/data/venv/lib/python3.12/site-packages/oslo_config/cfg.py:3253}}
Jul 02 13:53:32.847580 np0000004286 nova-scheduler[96310]: DEBUG cotyledon.oslo_config_glue [-] oslo_messaging_rabbit.hostname = np0000004286 {{(pid=96310) log_opt_values /opt/stack/data/venv/lib/python3.12/site-packages/oslo_config/cfg.py:3253}}
Jul 02 13:53:32.847894 np0000004286 nova-scheduler[96310]: DEBUG cotyledon.oslo_config_glue [-] oslo_messaging_rabbit.kombu_compression = None {{(pid=96310) log_opt_values /opt/stack/data/venv/lib/python3.12/site-packages/oslo_config/cfg.py:3253}}
Jul 02 13:53:32.847894 np0000004286 nova-scheduler[96310]: DEBUG cotyledon.oslo_config_glue [-] oslo_messaging_rabbit.kombu_failover_strategy = round-robin {{(pid=96310) log_opt_values /opt/stack/data/venv/lib/python3.12/site-packages/oslo_config/cfg.py:3253}}
Jul 02 13:53:32.847894 np0000004286 nova-scheduler[96310]: DEBUG cotyledon.oslo_config_glue [-] oslo_messaging_rabbit.kombu_missing_consumer_retry_timeout = 60 {{(pid=96310) log_opt_values /opt/stack/data/venv/lib/python3.12/site-packages/oslo_config/cfg.py:3253}}
Jul 02 13:53:32.847894 np0000004286 nova-scheduler[96310]: DEBUG cotyledon.oslo_config_glue [-] oslo_messaging_rabbit.kombu_reconnect_delay = 1.0 {{(pid=96310) log_opt_values /opt/stack/data/venv/lib/python3.12/site-packages/oslo_config/cfg.py:3253}}
Jul 02 13:53:32.847894 np0000004286 nova-scheduler[96310]: DEBUG cotyledon.oslo_config_glue [-] oslo_messaging_rabbit.kombu_reconnect_splay = 0.0 {{(pid=96310) log_opt_values /opt/stack/data/venv/lib/python3.12/site-packages/oslo_config/cfg.py:3253}}
Jul 02 13:53:32.847894 np0000004286 nova-scheduler[96310]: DEBUG cotyledon.oslo_config_glue [-] oslo_messaging_rabbit.processname = nova-scheduler {{(pid=96310) log_opt_values /opt/stack/data/venv/lib/python3.12/site-packages/oslo_config/cfg.py:3253}}
Jul 02 13:53:32.847894 np0000004286 nova-scheduler[96310]: DEBUG cotyledon.oslo_config_glue [-] oslo_messaging_rabbit.rabbit_ha_queues = False {{(pid=96310) log_opt_values /opt/stack/data/venv/lib/python3.12/site-packages/oslo_config/cfg.py:3253}}
Jul 02 13:53:32.847894 np0000004286 nova-scheduler[96310]: DEBUG cotyledon.oslo_config_glue [-] oslo_messaging_rabbit.rabbit_interval_max = 30 {{(pid=96310) log_opt_values /opt/stack/data/venv/lib/python3.12/site-packages/oslo_config/cfg.py:3253}}
Jul 02 13:53:32.847894 np0000004286 nova-scheduler[96310]: DEBUG cotyledon.oslo_config_glue [-] oslo_messaging_rabbit.rabbit_login_method = AMQPLAIN {{(pid=96310) log_opt_values /opt/stack/data/venv/lib/python3.12/site-packages/oslo_config/cfg.py:3253}}
Jul 02 13:53:32.848223 np0000004286 nova-scheduler[96310]: DEBUG cotyledon.oslo_config_glue [-] oslo_messaging_rabbit.rabbit_qos_prefetch_count = 0 {{(pid=96310) log_opt_values /opt/stack/data/venv/lib/python3.12/site-packages/oslo_config/cfg.py:3253}}
Jul 02 13:53:32.848223 np0000004286 nova-scheduler[96310]: DEBUG cotyledon.oslo_config_glue [-] oslo_messaging_rabbit.rabbit_quorum_delivery_limit = 0 {{(pid=96310) log_opt_values /opt/stack/data/venv/lib/python3.12/site-packages/oslo_config/cfg.py:3253}}
Jul 02 13:53:32.848223 np0000004286 nova-scheduler[96310]: DEBUG cotyledon.oslo_config_glue [-] oslo_messaging_rabbit.rabbit_quorum_max_memory_bytes = 0 {{(pid=96310) log_opt_values /opt/stack/data/venv/lib/python3.12/site-packages/oslo_config/cfg.py:3253}}
Jul 02 13:53:32.848223 np0000004286 nova-scheduler[96310]: DEBUG cotyledon.oslo_config_glue [-] oslo_messaging_rabbit.rabbit_quorum_max_memory_length = 0 {{(pid=96310) log_opt_values /opt/stack/data/venv/lib/python3.12/site-packages/oslo_config/cfg.py:3253}}
Jul 02 13:53:32.848223 np0000004286 nova-scheduler[96310]: DEBUG cotyledon.oslo_config_glue [-] oslo_messaging_rabbit.rabbit_quorum_queue = False {{(pid=96310) log_opt_values /opt/stack/data/venv/lib/python3.12/site-packages/oslo_config/cfg.py:3253}}
Jul 02 13:53:32.848223 np0000004286 nova-scheduler[96310]: DEBUG cotyledon.oslo_config_glue [-] oslo_messaging_rabbit.rabbit_retry_backoff = 2 {{(pid=96310) log_opt_values /opt/stack/data/venv/lib/python3.12/site-packages/oslo_config/cfg.py:3253}}
Jul 02 13:53:32.848223 np0000004286 nova-scheduler[96310]: DEBUG cotyledon.oslo_config_glue [-] oslo_messaging_rabbit.rabbit_retry_interval = 1 {{(pid=96310) log_opt_values /opt/stack/data/venv/lib/python3.12/site-packages/oslo_config/cfg.py:3253}}
Jul 02 13:53:32.848223 np0000004286 nova-scheduler[96310]: DEBUG cotyledon.oslo_config_glue [-] oslo_messaging_rabbit.rabbit_stream_fanout = False {{(pid=96310) log_opt_values /opt/stack/data/venv/lib/python3.12/site-packages/oslo_config/cfg.py:3253}}
Jul 02 13:53:32.848521 np0000004286 nova-scheduler[96310]: DEBUG cotyledon.oslo_config_glue [-] oslo_messaging_rabbit.rabbit_transient_queues_ttl = 1800 {{(pid=96310) log_opt_values /opt/stack/data/venv/lib/python3.12/site-packages/oslo_config/cfg.py:3253}}
Jul 02 13:53:32.848521 np0000004286 nova-scheduler[96310]: DEBUG cotyledon.oslo_config_glue [-] oslo_messaging_rabbit.rabbit_transient_quorum_queue = False {{(pid=96310) log_opt_values /opt/stack/data/venv/lib/python3.12/site-packages/oslo_config/cfg.py:3253}}
Jul 02 13:53:32.848521 np0000004286 nova-scheduler[96310]: DEBUG cotyledon.oslo_config_glue [-] oslo_messaging_rabbit.rpc_conn_pool_size = 30 {{(pid=96310) log_opt_values /opt/stack/data/venv/lib/python3.12/site-packages/oslo_config/cfg.py:3253}}
Jul 02 13:53:32.848521 np0000004286 nova-scheduler[96310]: DEBUG cotyledon.oslo_config_glue [-] oslo_messaging_rabbit.ssl = False {{(pid=96310) log_opt_values /opt/stack/data/venv/lib/python3.12/site-packages/oslo_config/cfg.py:3253}}
Jul 02 13:53:32.848521 np0000004286 nova-scheduler[96310]: DEBUG cotyledon.oslo_config_glue [-] oslo_messaging_rabbit.ssl_ca_file = {{(pid=96310) log_opt_values /opt/stack/data/venv/lib/python3.12/site-packages/oslo_config/cfg.py:3253}}
Jul 02 13:53:32.848521 np0000004286 nova-scheduler[96310]: DEBUG cotyledon.oslo_config_glue [-] oslo_messaging_rabbit.ssl_cert_file = {{(pid=96310) log_opt_values /opt/stack/data/venv/lib/python3.12/site-packages/oslo_config/cfg.py:3253}}
Jul 02 13:53:32.848521 np0000004286 nova-scheduler[96310]: DEBUG cotyledon.oslo_config_glue [-] oslo_messaging_rabbit.ssl_enforce_fips_mode = False {{(pid=96310) log_opt_values /opt/stack/data/venv/lib/python3.12/site-packages/oslo_config/cfg.py:3253}}
Jul 02 13:53:32.848521 np0000004286 nova-scheduler[96310]: DEBUG cotyledon.oslo_config_glue [-] oslo_messaging_rabbit.ssl_enforce_hostname_verification = True {{(pid=96310) log_opt_values /opt/stack/data/venv/lib/python3.12/site-packages/oslo_config/cfg.py:3253}}
Jul 02 13:53:32.848521 np0000004286 nova-scheduler[96310]: DEBUG cotyledon.oslo_config_glue [-] oslo_messaging_rabbit.ssl_key_file = {{(pid=96310) log_opt_values /opt/stack/data/venv/lib/python3.12/site-packages/oslo_config/cfg.py:3253}}
Jul 02 13:53:32.848782 np0000004286 nova-scheduler[96310]: DEBUG cotyledon.oslo_config_glue [-] oslo_messaging_rabbit.ssl_version = {{(pid=96310) log_opt_values /opt/stack/data/venv/lib/python3.12/site-packages/oslo_config/cfg.py:3253}}
Jul 02 13:53:32.848782 np0000004286 nova-scheduler[96310]: DEBUG cotyledon.oslo_config_glue [-] oslo_messaging_rabbit.use_queue_manager = False {{(pid=96310) log_opt_values /opt/stack/data/venv/lib/python3.12/site-packages/oslo_config/cfg.py:3253}}
Jul 02 13:53:32.848782 np0000004286 nova-scheduler[96310]: DEBUG cotyledon.oslo_config_glue [-] oslo_messaging_notifications.driver = ['messagingv2'] {{(pid=96310) log_opt_values /opt/stack/data/venv/lib/python3.12/site-packages/oslo_config/cfg.py:3253}}
Jul 02 13:53:32.848782 np0000004286 nova-scheduler[96310]: DEBUG cotyledon.oslo_config_glue [-] oslo_messaging_notifications.retry = -1 {{(pid=96310) log_opt_values /opt/stack/data/venv/lib/python3.12/site-packages/oslo_config/cfg.py:3253}}
Jul 02 13:53:32.848782 np0000004286 nova-scheduler[96310]: DEBUG cotyledon.oslo_config_glue [-] oslo_messaging_notifications.topics = ['notifications'] {{(pid=96310) log_opt_values /opt/stack/data/venv/lib/python3.12/site-packages/oslo_config/cfg.py:3253}}
Jul 02 13:53:32.848782 np0000004286 nova-scheduler[96310]: DEBUG cotyledon.oslo_config_glue [-] oslo_messaging_notifications.transport_url = **** {{(pid=96310) log_opt_values /opt/stack/data/venv/lib/python3.12/site-packages/oslo_config/cfg.py:3253}}
Jul 02 13:53:32.848782 np0000004286 nova-scheduler[96310]: DEBUG cotyledon.oslo_config_glue [-] oslo_limit.auth_section = None {{(pid=96310) log_opt_values /opt/stack/data/venv/lib/python3.12/site-packages/oslo_config/cfg.py:3253}}
Jul 02 13:53:32.848782 np0000004286 nova-scheduler[96310]: DEBUG cotyledon.oslo_config_glue [-] oslo_limit.auth_type = None {{(pid=96310) log_opt_values /opt/stack/data/venv/lib/python3.12/site-packages/oslo_config/cfg.py:3253}}
Jul 02 13:53:32.848782 np0000004286 nova-scheduler[96310]: DEBUG cotyledon.oslo_config_glue [-] oslo_limit.cafile = None {{(pid=96310) log_opt_values /opt/stack/data/venv/lib/python3.12/site-packages/oslo_config/cfg.py:3253}}
Jul 02 13:53:32.849106 np0000004286 nova-scheduler[96310]: DEBUG cotyledon.oslo_config_glue [-] oslo_limit.certfile = None {{(pid=96310) log_opt_values /opt/stack/data/venv/lib/python3.12/site-packages/oslo_config/cfg.py:3253}}
Jul 02 13:53:32.849106 np0000004286 nova-scheduler[96310]: DEBUG cotyledon.oslo_config_glue [-] oslo_limit.collect_timing = False {{(pid=96310) log_opt_values /opt/stack/data/venv/lib/python3.12/site-packages/oslo_config/cfg.py:3253}}
Jul 02 13:53:32.849106 np0000004286 nova-scheduler[96310]: DEBUG cotyledon.oslo_config_glue [-] oslo_limit.connect_retries = None {{(pid=96310) log_opt_values /opt/stack/data/venv/lib/python3.12/site-packages/oslo_config/cfg.py:3253}}
Jul 02 13:53:32.849106 np0000004286 nova-scheduler[96310]: DEBUG cotyledon.oslo_config_glue [-] oslo_limit.connect_retry_delay = None {{(pid=96310) log_opt_values /opt/stack/data/venv/lib/python3.12/site-packages/oslo_config/cfg.py:3253}}
Jul 02 13:53:32.849106 np0000004286 nova-scheduler[96310]: DEBUG cotyledon.oslo_config_glue [-] oslo_limit.endpoint_id = None {{(pid=96310) log_opt_values /opt/stack/data/venv/lib/python3.12/site-packages/oslo_config/cfg.py:3253}}
Jul 02 13:53:32.849106 np0000004286 nova-scheduler[96310]: DEBUG cotyledon.oslo_config_glue [-] oslo_limit.endpoint_interface = public {{(pid=96310) log_opt_values /opt/stack/data/venv/lib/python3.12/site-packages/oslo_config/cfg.py:3253}}
Jul 02 13:53:32.849106 np0000004286 nova-scheduler[96310]: DEBUG cotyledon.oslo_config_glue [-] oslo_limit.endpoint_override = None {{(pid=96310) log_opt_values /opt/stack/data/venv/lib/python3.12/site-packages/oslo_config/cfg.py:3253}}
Jul 02 13:53:32.849106 np0000004286 nova-scheduler[96310]: DEBUG cotyledon.oslo_config_glue [-] oslo_limit.endpoint_region_name = None {{(pid=96310) log_opt_values /opt/stack/data/venv/lib/python3.12/site-packages/oslo_config/cfg.py:3253}}
Jul 02 13:53:32.849106 np0000004286 nova-scheduler[96310]: DEBUG cotyledon.oslo_config_glue [-] oslo_limit.endpoint_service_name = None {{(pid=96310) log_opt_values /opt/stack/data/venv/lib/python3.12/site-packages/oslo_config/cfg.py:3253}}
Jul 02 13:53:32.849404 np0000004286 nova-scheduler[96310]: DEBUG cotyledon.oslo_config_glue [-] oslo_limit.endpoint_service_type = None {{(pid=96310) log_opt_values /opt/stack/data/venv/lib/python3.12/site-packages/oslo_config/cfg.py:3253}}
Jul 02 13:53:32.849404 np0000004286 nova-scheduler[96310]: DEBUG cotyledon.oslo_config_glue [-] oslo_limit.insecure = False {{(pid=96310) log_opt_values /opt/stack/data/venv/lib/python3.12/site-packages/oslo_config/cfg.py:3253}}
Jul 02 13:53:32.849404 np0000004286 nova-scheduler[96310]: DEBUG cotyledon.oslo_config_glue [-] oslo_limit.keyfile = None {{(pid=96310) log_opt_values /opt/stack/data/venv/lib/python3.12/site-packages/oslo_config/cfg.py:3253}}
Jul 02 13:53:32.849404 np0000004286 nova-scheduler[96310]: DEBUG cotyledon.oslo_config_glue [-] oslo_limit.max_version = None {{(pid=96310) log_opt_values /opt/stack/data/venv/lib/python3.12/site-packages/oslo_config/cfg.py:3253}}
Jul 02 13:53:32.849404 np0000004286 nova-scheduler[96310]: DEBUG cotyledon.oslo_config_glue [-] oslo_limit.min_version = None {{(pid=96310) log_opt_values /opt/stack/data/venv/lib/python3.12/site-packages/oslo_config/cfg.py:3253}}
Jul 02 13:53:32.849404 np0000004286 nova-scheduler[96310]: DEBUG cotyledon.oslo_config_glue [-] oslo_limit.region_name = None {{(pid=96310) log_opt_values /opt/stack/data/venv/lib/python3.12/site-packages/oslo_config/cfg.py:3253}}
Jul 02 13:53:32.849404 np0000004286 nova-scheduler[96310]: DEBUG cotyledon.oslo_config_glue [-] oslo_limit.retriable_status_codes = None {{(pid=96310) log_opt_values /opt/stack/data/venv/lib/python3.12/site-packages/oslo_config/cfg.py:3253}}
Jul 02 13:53:32.849404 np0000004286 nova-scheduler[96310]: DEBUG cotyledon.oslo_config_glue [-] oslo_limit.service_name = None {{(pid=96310) log_opt_values /opt/stack/data/venv/lib/python3.12/site-packages/oslo_config/cfg.py:3253}}
Jul 02 13:53:32.849404 np0000004286 nova-scheduler[96310]: DEBUG cotyledon.oslo_config_glue [-] oslo_limit.service_type = None {{(pid=96310) log_opt_values /opt/stack/data/venv/lib/python3.12/site-packages/oslo_config/cfg.py:3253}}
Jul 02 13:53:32.849721 np0000004286 nova-scheduler[96310]: DEBUG cotyledon.oslo_config_glue [-] oslo_limit.split_loggers = False {{(pid=96310) log_opt_values /opt/stack/data/venv/lib/python3.12/site-packages/oslo_config/cfg.py:3253}}
Jul 02 13:53:32.849721 np0000004286 nova-scheduler[96310]: DEBUG cotyledon.oslo_config_glue [-] oslo_limit.status_code_retries = None {{(pid=96310) log_opt_values /opt/stack/data/venv/lib/python3.12/site-packages/oslo_config/cfg.py:3253}}
Jul 02 13:53:32.849721 np0000004286 nova-scheduler[96310]: DEBUG cotyledon.oslo_config_glue [-] oslo_limit.status_code_retry_delay = None {{(pid=96310) log_opt_values /opt/stack/data/venv/lib/python3.12/site-packages/oslo_config/cfg.py:3253}}
Jul 02 13:53:32.849721 np0000004286 nova-scheduler[96310]: DEBUG cotyledon.oslo_config_glue [-] oslo_limit.timeout = None {{(pid=96310) log_opt_values /opt/stack/data/venv/lib/python3.12/site-packages/oslo_config/cfg.py:3253}}
Jul 02 13:53:32.849721 np0000004286 nova-scheduler[96310]: DEBUG cotyledon.oslo_config_glue [-] oslo_limit.valid_interfaces = None {{(pid=96310) log_opt_values /opt/stack/data/venv/lib/python3.12/site-packages/oslo_config/cfg.py:3253}}
Jul 02 13:53:32.849721 np0000004286 nova-scheduler[96310]: DEBUG cotyledon.oslo_config_glue [-] oslo_limit.version = None {{(pid=96310) log_opt_values /opt/stack/data/venv/lib/python3.12/site-packages/oslo_config/cfg.py:3253}}
Jul 02 13:53:32.849960 np0000004286 nova-scheduler[96304]: INFO dbcounter [None req-e96a7890-25aa-40a1-bf54-6f543034c19a None None] Registered counter for database nova_cell0
Jul 02 13:53:32.850009 np0000004286 nova-scheduler[96310]: DEBUG cotyledon.oslo_config_glue [-] oslo_reports.file_event_handler = None {{(pid=96310) log_opt_values /opt/stack/data/venv/lib/python3.12/site-packages/oslo_config/cfg.py:3253}}
Jul 02 13:53:32.850009 np0000004286 nova-scheduler[96310]: DEBUG cotyledon.oslo_config_glue [-] oslo_reports.file_event_handler_interval = 1 {{(pid=96310) log_opt_values /opt/stack/data/venv/lib/python3.12/site-packages/oslo_config/cfg.py:3253}}
Jul 02 13:53:32.850009 np0000004286 nova-scheduler[96310]: DEBUG cotyledon.oslo_config_glue [-] oslo_reports.log_dir = None {{(pid=96310) log_opt_values /opt/stack/data/venv/lib/python3.12/site-packages/oslo_config/cfg.py:3253}}
Jul 02 13:53:32.850009 np0000004286 nova-scheduler[96310]: DEBUG cotyledon.oslo_config_glue [-] ******************************************************************************** {{(pid=96310) log_opt_values /opt/stack/data/venv/lib/python3.12/site-packages/oslo_config/cfg.py:3260}}
Jul 02 13:53:32.850009 np0000004286 nova-scheduler[96310]: DEBUG cotyledon._service_worker [-] Run service ServiceWrapper(3) [96310] {{(pid=96310) wait_forever /opt/stack/data/venv/lib/python3.12/site-packages/cotyledon/_service_worker.py:218}}
Jul 02 13:53:32.850009 np0000004286 nova-scheduler[96310]: INFO nova.service [-] Starting scheduler node (version 33.1.0)
Jul 02 13:53:32.850009 np0000004286 nova-scheduler[96310]: INFO dbcounter [None req-56455f6a-eda1-431e-8b7f-24e822078cf6 None None] Registered counter for database nova_cell0
Jul 02 13:53:32.850260 np0000004286 nova-scheduler[96300]: DEBUG oslo_db.sqlalchemy.engines [None req-3d61acce-42fa-40a3-a626-81084d011c67 None None] MySQL server mode set to STRICT_TRANS_TABLES,STRICT_ALL_TABLES,NO_ZERO_IN_DATE,NO_ZERO_DATE,ERROR_FOR_DIVISION_BY_ZERO,TRADITIONAL,NO_ENGINE_SUBSTITUTION {{(pid=96300) _check_effective_sql_mode /opt/stack/data/venv/lib/python3.12/site-packages/oslo_db/sqlalchemy/engines.py:325}}
Jul 02 13:53:32.850260 np0000004286 nova-scheduler[96300]: DEBUG dbcounter [-] [96300] Writer thread running {{(pid=96300) stat_writer /opt/stack/data/venv/lib/python3.12/site-packages/dbcounter.py:102}}
Jul 02 13:53:32.850358 np0000004286 nova-scheduler[96302]: DEBUG oslo_db.sqlalchemy.engines [None req-667428a8-b132-447c-bd44-ea52396b9889 None None] MySQL server mode set to STRICT_TRANS_TABLES,STRICT_ALL_TABLES,NO_ZERO_IN_DATE,NO_ZERO_DATE,ERROR_FOR_DIVISION_BY_ZERO,TRADITIONAL,NO_ENGINE_SUBSTITUTION {{(pid=96302) _check_effective_sql_mode /opt/stack/data/venv/lib/python3.12/site-packages/oslo_db/sqlalchemy/engines.py:325}}
Jul 02 13:53:32.851135 np0000004286 nova-scheduler[96304]: DEBUG oslo_db.sqlalchemy.engines [None req-e96a7890-25aa-40a1-bf54-6f543034c19a None None] MySQL server mode set to STRICT_TRANS_TABLES,STRICT_ALL_TABLES,NO_ZERO_IN_DATE,NO_ZERO_DATE,ERROR_FOR_DIVISION_BY_ZERO,TRADITIONAL,NO_ENGINE_SUBSTITUTION {{(pid=96304) _check_effective_sql_mode /opt/stack/data/venv/lib/python3.12/site-packages/oslo_db/sqlalchemy/engines.py:325}}
Jul 02 13:53:32.857814 np0000004286 nova-scheduler[96302]: DEBUG dbcounter [-] [96302] Writer thread running {{(pid=96302) stat_writer /opt/stack/data/venv/lib/python3.12/site-packages/dbcounter.py:102}}
Jul 02 13:53:32.860673 np0000004286 nova-scheduler[96300]: DEBUG nova.service [None req-3d61acce-42fa-40a3-a626-81084d011c67 None None] Creating RPC server for service: nova-scheduler on topic: scheduler {{(pid=96300) start /opt/stack/nova/nova/service.py:196}}
Jul 02 13:53:32.865778 np0000004286 nova-scheduler[96310]: DEBUG oslo_db.sqlalchemy.engines [None req-56455f6a-eda1-431e-8b7f-24e822078cf6 None None] MySQL server mode set to STRICT_TRANS_TABLES,STRICT_ALL_TABLES,NO_ZERO_IN_DATE,NO_ZERO_DATE,ERROR_FOR_DIVISION_BY_ZERO,TRADITIONAL,NO_ENGINE_SUBSTITUTION {{(pid=96310) _check_effective_sql_mode /opt/stack/data/venv/lib/python3.12/site-packages/oslo_db/sqlalchemy/engines.py:325}}
Jul 02 13:53:32.866146 np0000004286 nova-scheduler[96304]: DEBUG dbcounter [-] [96304] Writer thread running {{(pid=96304) stat_writer /opt/stack/data/venv/lib/python3.12/site-packages/dbcounter.py:102}}
Jul 02 13:53:32.870034 np0000004286 nova-scheduler[96304]: DEBUG nova.service [None req-e96a7890-25aa-40a1-bf54-6f543034c19a None None] Creating RPC server for service: nova-scheduler on topic: scheduler {{(pid=96304) start /opt/stack/nova/nova/service.py:196}}
Jul 02 13:53:32.877523 np0000004286 nova-scheduler[96310]: DEBUG dbcounter [-] [96310] Writer thread running {{(pid=96310) stat_writer /opt/stack/data/venv/lib/python3.12/site-packages/dbcounter.py:102}}
Jul 02 13:53:32.880952 np0000004286 nova-scheduler[96310]: DEBUG nova.service [None req-56455f6a-eda1-431e-8b7f-24e822078cf6 None None] Creating RPC server for service: nova-scheduler on topic: scheduler {{(pid=96310) start /opt/stack/nova/nova/service.py:196}}
Jul 02 13:53:32.882027 np0000004286 nova-scheduler[96302]: DEBUG nova.service [None req-667428a8-b132-447c-bd44-ea52396b9889 None None] Creating RPC server for service: nova-scheduler on topic: scheduler {{(pid=96302) start /opt/stack/nova/nova/service.py:196}}
Jul 02 13:53:32.894587 np0000004286 nova-scheduler[96300]: DEBUG nova.service [None req-3d61acce-42fa-40a3-a626-81084d011c67 None None] Join ServiceGroup membership for this service scheduler {{(pid=96300) start /opt/stack/nova/nova/service.py:222}}
Jul 02 13:53:32.894587 np0000004286 nova-scheduler[96300]: DEBUG nova.servicegroup.drivers.db [None req-3d61acce-42fa-40a3-a626-81084d011c67 None None] DB_Driver: join new ServiceGroup member np0000004286 to the scheduler group, service = {{(pid=96300) join /opt/stack/nova/nova/servicegroup/drivers/db.py:44}}
Jul 02 13:53:32.896915 np0000004286 nova-scheduler[96304]: DEBUG nova.service [None req-e96a7890-25aa-40a1-bf54-6f543034c19a None None] Join ServiceGroup membership for this service scheduler {{(pid=96304) start /opt/stack/nova/nova/service.py:222}}
Jul 02 13:53:32.897145 np0000004286 nova-scheduler[96304]: DEBUG nova.servicegroup.drivers.db [None req-e96a7890-25aa-40a1-bf54-6f543034c19a None None] DB_Driver: join new ServiceGroup member np0000004286 to the scheduler group, service = {{(pid=96304) join /opt/stack/nova/nova/servicegroup/drivers/db.py:44}}
Jul 02 13:53:32.902488 np0000004286 nova-scheduler[96310]: DEBUG nova.service [None req-56455f6a-eda1-431e-8b7f-24e822078cf6 None None] Join ServiceGroup membership for this service scheduler {{(pid=96310) start /opt/stack/nova/nova/service.py:222}}
Jul 02 13:53:32.902673 np0000004286 nova-scheduler[96310]: DEBUG nova.servicegroup.drivers.db [None req-56455f6a-eda1-431e-8b7f-24e822078cf6 None None] DB_Driver: join new ServiceGroup member np0000004286 to the scheduler group, service = {{(pid=96310) join /opt/stack/nova/nova/servicegroup/drivers/db.py:44}}
Jul 02 13:53:32.903904 np0000004286 nova-scheduler[96302]: DEBUG nova.service [None req-667428a8-b132-447c-bd44-ea52396b9889 None None] Join ServiceGroup membership for this service scheduler {{(pid=96302) start /opt/stack/nova/nova/service.py:222}}
Jul 02 13:53:32.904146 np0000004286 nova-scheduler[96302]: DEBUG nova.servicegroup.drivers.db [None req-667428a8-b132-447c-bd44-ea52396b9889 None None] DB_Driver: join new ServiceGroup member np0000004286 to the scheduler group, service = {{(pid=96302) join /opt/stack/nova/nova/servicegroup/drivers/db.py:44}}
Jul 02 13:53:37.910612 np0000004286 nova-scheduler[96300]: DEBUG oslo.service.backend._threading.loopingcall [-] Fixed interval looping call 'nova.servicegroup.drivers.db.DbDriver._report_state' sleeping for 119.99 seconds {{(pid=96300) _run_loop /opt/stack/data/venv/lib/python3.12/site-packages/oslo_service/backend/_threading/loopingcall.py:125}}
Jul 02 13:53:37.914238 np0000004286 nova-scheduler[96302]: DEBUG oslo.service.backend._threading.loopingcall [-] Fixed interval looping call 'nova.servicegroup.drivers.db.DbDriver._report_state' sleeping for 119.99 seconds {{(pid=96302) _run_loop /opt/stack/data/venv/lib/python3.12/site-packages/oslo_service/backend/_threading/loopingcall.py:125}}
Jul 02 13:53:37.914662 np0000004286 nova-scheduler[96304]: DEBUG oslo.service.backend._threading.loopingcall [-] Fixed interval looping call 'nova.servicegroup.drivers.db.DbDriver._report_state' sleeping for 119.99 seconds {{(pid=96304) _run_loop /opt/stack/data/venv/lib/python3.12/site-packages/oslo_service/backend/_threading/loopingcall.py:125}}
Jul 02 13:53:37.916495 np0000004286 nova-scheduler[96310]: DEBUG oslo.service.backend._threading.loopingcall [-] Fixed interval looping call 'nova.servicegroup.drivers.db.DbDriver._report_state' sleeping for 119.99 seconds {{(pid=96310) _run_loop /opt/stack/data/venv/lib/python3.12/site-packages/oslo_service/backend/_threading/loopingcall.py:125}}
Jul 02 13:53:41.355452 np0000004286 nova-scheduler[95050]: DEBUG dbcounter [-] [95050] Writing DB stats nova_api:SELECT=3 {{(pid=95050) stat_writer /opt/stack/data/venv/lib/python3.12/site-packages/dbcounter.py:115}}
Jul 02 13:53:41.511854 np0000004286 nova-scheduler[95050]: DEBUG dbcounter [-] [95050] Writing DB stats nova_cell0:SELECT=1 {{(pid=95050) stat_writer /opt/stack/data/venv/lib/python3.12/site-packages/dbcounter.py:115}}
Jul 02 13:53:41.531813 np0000004286 nova-scheduler[95050]: DEBUG dbcounter [-] [95050] Writing DB stats nova_cell1:SELECT=1 {{(pid=95050) stat_writer /opt/stack/data/venv/lib/python3.12/site-packages/dbcounter.py:115}}
Jul 02 13:53:47.905101 np0000004286 nova-scheduler[96300]: DEBUG dbcounter [-] [96300] Writing DB stats nova_cell0:SELECT=4,nova_cell0:INSERT=1,nova_cell0:UPDATE=1 {{(pid=96300) stat_writer /opt/stack/data/venv/lib/python3.12/site-packages/dbcounter.py:115}}
Jul 02 13:53:47.912229 np0000004286 nova-scheduler[96302]: DEBUG dbcounter [-] [96302] Writing DB stats nova_cell0:SELECT=4,nova_cell0:INSERT=1,nova_cell0:UPDATE=1 {{(pid=96302) stat_writer /opt/stack/data/venv/lib/python3.12/site-packages/dbcounter.py:115}}
Jul 02 13:53:47.912464 np0000004286 nova-scheduler[96310]: DEBUG dbcounter [-] [96310] Writing DB stats nova_cell0:SELECT=3 {{(pid=96310) stat_writer /opt/stack/data/venv/lib/python3.12/site-packages/dbcounter.py:115}}
Jul 02 13:53:47.913306 np0000004286 nova-scheduler[96304]: DEBUG dbcounter [-] [96304] Writing DB stats nova_cell0:SELECT=3 {{(pid=96304) stat_writer /opt/stack/data/venv/lib/python3.12/site-packages/dbcounter.py:115}}
Jul 02 13:53:59.905283 np0000004286 nova-scheduler[96310]: DEBUG oslo.service.backend._threading.loopingcall [None req-976208a3-e840-4265-8944-5590109b2597 None None] Dynamic interval looping call 'nova.service.Service.periodic_tasks' sleeping for 60.00 seconds {{(pid=96310) _run_loop /opt/stack/data/venv/lib/python3.12/site-packages/oslo_service/backend/_threading/loopingcall.py:125}}
Jul 02 13:54:10.900922 np0000004286 nova-scheduler[96304]: DEBUG oslo.service.backend._threading.loopingcall [None req-e22abbc8-ea4b-4ae6-931a-194661561836 None None] Dynamic interval looping call 'nova.service.Service.periodic_tasks' sleeping for 60.00 seconds {{(pid=96304) _run_loop /opt/stack/data/venv/lib/python3.12/site-packages/oslo_service/backend/_threading/loopingcall.py:125}}
Jul 02 13:54:12.906217 np0000004286 nova-scheduler[96302]: DEBUG oslo.service.backend._threading.loopingcall [None req-7ee1f06b-b13f-47a5-84d0-bacb736ed329 None None] Dynamic interval looping call 'nova.service.Service.periodic_tasks' sleeping for 60.00 seconds {{(pid=96302) _run_loop /opt/stack/data/venv/lib/python3.12/site-packages/oslo_service/backend/_threading/loopingcall.py:125}}
Jul 02 13:54:20.896625 np0000004286 nova-scheduler[96300]: DEBUG oslo.service.backend._threading.loopingcall [None req-008a842e-534d-4003-8664-625b603ac2c3 None None] Dynamic interval looping call 'nova.service.Service.periodic_tasks' sleeping for 60.00 seconds {{(pid=96300) _run_loop /opt/stack/data/venv/lib/python3.12/site-packages/oslo_service/backend/_threading/loopingcall.py:125}}
Jul 02 13:54:59.905807 np0000004286 nova-scheduler[96310]: DEBUG oslo.service.backend._threading.loopingcall [None req-976208a3-e840-4265-8944-5590109b2597 None None] Dynamic interval looping call 'nova.service.Service.periodic_tasks' sleeping for 60.00 seconds {{(pid=96310) _run_loop /opt/stack/data/venv/lib/python3.12/site-packages/oslo_service/backend/_threading/loopingcall.py:125}}
Jul 02 13:55:10.901835 np0000004286 nova-scheduler[96304]: DEBUG oslo.service.backend._threading.loopingcall [None req-e22abbc8-ea4b-4ae6-931a-194661561836 None None] Dynamic interval looping call 'nova.service.Service.periodic_tasks' sleeping for 60.00 seconds {{(pid=96304) _run_loop /opt/stack/data/venv/lib/python3.12/site-packages/oslo_service/backend/_threading/loopingcall.py:125}}
Jul 02 13:55:12.906719 np0000004286 nova-scheduler[96302]: DEBUG oslo.service.backend._threading.loopingcall [None req-7ee1f06b-b13f-47a5-84d0-bacb736ed329 None None] Dynamic interval looping call 'nova.service.Service.periodic_tasks' sleeping for 60.00 seconds {{(pid=96302) _run_loop /opt/stack/data/venv/lib/python3.12/site-packages/oslo_service/backend/_threading/loopingcall.py:125}}
Jul 02 13:55:20.897193 np0000004286 nova-scheduler[96300]: DEBUG oslo.service.backend._threading.loopingcall [None req-008a842e-534d-4003-8664-625b603ac2c3 None None] Dynamic interval looping call 'nova.service.Service.periodic_tasks' sleeping for 60.00 seconds {{(pid=96300) _run_loop /opt/stack/data/venv/lib/python3.12/site-packages/oslo_service/backend/_threading/loopingcall.py:125}}
Jul 02 13:55:37.914403 np0000004286 nova-scheduler[96300]: DEBUG oslo.service.backend._threading.loopingcall [-] Fixed interval looping call 'nova.servicegroup.drivers.db.DbDriver._report_state' sleeping for 119.99 seconds {{(pid=96300) _run_loop /opt/stack/data/venv/lib/python3.12/site-packages/oslo_service/backend/_threading/loopingcall.py:125}}
Jul 02 13:55:37.914983 np0000004286 nova-scheduler[96302]: DEBUG oslo.service.backend._threading.loopingcall [-] Fixed interval looping call 'nova.servicegroup.drivers.db.DbDriver._report_state' sleeping for 119.99 seconds {{(pid=96302) _run_loop /opt/stack/data/venv/lib/python3.12/site-packages/oslo_service/backend/_threading/loopingcall.py:125}}
Jul 02 13:55:37.916141 np0000004286 nova-scheduler[96310]: DEBUG oslo.service.backend._threading.loopingcall [-] Fixed interval looping call 'nova.servicegroup.drivers.db.DbDriver._report_state' sleeping for 119.99 seconds {{(pid=96310) _run_loop /opt/stack/data/venv/lib/python3.12/site-packages/oslo_service/backend/_threading/loopingcall.py:125}}
Jul 02 13:55:37.916900 np0000004286 nova-scheduler[96304]: DEBUG oslo.service.backend._threading.loopingcall [-] Fixed interval looping call 'nova.servicegroup.drivers.db.DbDriver._report_state' sleeping for 119.99 seconds {{(pid=96304) _run_loop /opt/stack/data/venv/lib/python3.12/site-packages/oslo_service/backend/_threading/loopingcall.py:125}}
Jul 02 13:55:47.904044 np0000004286 nova-scheduler[96300]: DEBUG dbcounter [-] [96300] Writing DB stats nova_cell0:SELECT=1,nova_cell0:UPDATE=1 {{(pid=96300) stat_writer /opt/stack/data/venv/lib/python3.12/site-packages/dbcounter.py:115}}
Jul 02 13:55:47.907066 np0000004286 nova-scheduler[96302]: DEBUG dbcounter [-] [96302] Writing DB stats nova_cell0:SELECT=1,nova_cell0:UPDATE=1 {{(pid=96302) stat_writer /opt/stack/data/venv/lib/python3.12/site-packages/dbcounter.py:115}}
Jul 02 13:55:47.912285 np0000004286 nova-scheduler[96310]: DEBUG dbcounter [-] [96310] Writing DB stats nova_cell0:SELECT=1,nova_cell0:UPDATE=1 {{(pid=96310) stat_writer /opt/stack/data/venv/lib/python3.12/site-packages/dbcounter.py:115}}
Jul 02 13:55:47.912698 np0000004286 nova-scheduler[96304]: DEBUG dbcounter [-] [96304] Writing DB stats nova_cell0:SELECT=1,nova_cell0:UPDATE=1 {{(pid=96304) stat_writer /opt/stack/data/venv/lib/python3.12/site-packages/dbcounter.py:115}}
Jul 02 13:55:59.906438 np0000004286 nova-scheduler[96310]: DEBUG oslo.service.backend._threading.loopingcall [None req-976208a3-e840-4265-8944-5590109b2597 None None] Dynamic interval looping call 'nova.service.Service.periodic_tasks' sleeping for 60.00 seconds {{(pid=96310) _run_loop /opt/stack/data/venv/lib/python3.12/site-packages/oslo_service/backend/_threading/loopingcall.py:125}}
Jul 02 13:56:06.316162 np0000004286 nova-scheduler[96300]: DEBUG nova.scheduler.manager [None req-21bdec21-0afe-461b-ba54-0663c609a6ce tempest-DeleteServersTestJSON-987893423 tempest-DeleteServersTestJSON-987893423-project-member] Starting to schedule for instances: ['49abf013-451a-4fea-8eab-2a7bcccf9aee'] {{(pid=96300) select_destinations /opt/stack/nova/nova/scheduler/manager.py:209}}
Jul 02 13:56:06.316777 np0000004286 nova-scheduler[96300]: DEBUG nova.scheduler.request_filter [None req-21bdec21-0afe-461b-ba54-0663c609a6ce tempest-DeleteServersTestJSON-987893423 tempest-DeleteServersTestJSON-987893423-project-member] compute_status_filter request filter added forbidden trait COMPUTE_STATUS_DISABLED {{(pid=96300) compute_status_filter /opt/stack/nova/nova/scheduler/request_filter.py:253}}
Jul 02 13:56:06.317123 np0000004286 nova-scheduler[96300]: DEBUG nova.scheduler.request_filter [None req-21bdec21-0afe-461b-ba54-0663c609a6ce tempest-DeleteServersTestJSON-987893423 tempest-DeleteServersTestJSON-987893423-project-member] Request filter 'compute_status_filter' took 0.0 seconds {{(pid=96300) wrapper /opt/stack/nova/nova/scheduler/request_filter.py:46}}
Jul 02 13:56:06.317647 np0000004286 nova-scheduler[96300]: DEBUG nova.scheduler.request_filter [None req-21bdec21-0afe-461b-ba54-0663c609a6ce tempest-DeleteServersTestJSON-987893423 tempest-DeleteServersTestJSON-987893423-project-member] Request filter 'accelerators_filter' took 0.0 seconds {{(pid=96300) wrapper /opt/stack/nova/nova/scheduler/request_filter.py:46}}
Jul 02 13:56:06.317647 np0000004286 nova-scheduler[96300]: DEBUG nova.scheduler.request_filter [None req-21bdec21-0afe-461b-ba54-0663c609a6ce tempest-DeleteServersTestJSON-987893423 tempest-DeleteServersTestJSON-987893423-project-member] Request filter 'packed_virtqueue_filter' took 0.0 seconds {{(pid=96300) wrapper /opt/stack/nova/nova/scheduler/request_filter.py:46}}
Jul 02 13:56:06.318325 np0000004286 nova-scheduler[96300]: DEBUG nova.scheduler.request_filter [None req-21bdec21-0afe-461b-ba54-0663c609a6ce tempest-DeleteServersTestJSON-987893423 tempest-DeleteServersTestJSON-987893423-project-member] Request filter 'remote_managed_ports_filter' took 0.0 seconds {{(pid=96300) wrapper /opt/stack/nova/nova/scheduler/request_filter.py:46}}
Jul 02 13:56:06.318325 np0000004286 nova-scheduler[96300]: DEBUG nova.scheduler.request_filter [None req-21bdec21-0afe-461b-ba54-0663c609a6ce tempest-DeleteServersTestJSON-987893423 tempest-DeleteServersTestJSON-987893423-project-member] ephemeral_encryption_filter skipped {{(pid=96300) ephemeral_encryption_filter /opt/stack/nova/nova/scheduler/request_filter.py:426}}
Jul 02 13:56:06.318325 np0000004286 nova-scheduler[96300]: DEBUG nova.scheduler.request_filter [None req-21bdec21-0afe-461b-ba54-0663c609a6ce tempest-DeleteServersTestJSON-987893423 tempest-DeleteServersTestJSON-987893423-project-member] virtio_sound_filter skipped {{(pid=96300) virtio_sound_filter /opt/stack/nova/nova/scheduler/request_filter.py:460}}
Jul 02 13:56:06.318459 np0000004286 nova-scheduler[96300]: DEBUG nova.scheduler.request_filter [None req-21bdec21-0afe-461b-ba54-0663c609a6ce tempest-DeleteServersTestJSON-987893423 tempest-DeleteServersTestJSON-987893423-project-member] tpm_secret_security_filter skipped {{(pid=96300) tpm_secret_security_filter /opt/stack/nova/nova/scheduler/request_filter.py:477}}
Jul 02 13:56:07.039693 np0000004286 nova-scheduler[96300]: INFO nova.utils [None req-21bdec21-0afe-461b-ba54-0663c609a6ce tempest-DeleteServersTestJSON-987893423 tempest-DeleteServersTestJSON-987893423-project-member] The cell worker thread pool ForkProcess-1.cell_worker is initialized
Jul 02 13:56:07.040187 np0000004286 nova-scheduler[96300]: DEBUG oslo_concurrency.lockutils [None req-21bdec21-0afe-461b-ba54-0663c609a6ce tempest-DeleteServersTestJSON-987893423 tempest-DeleteServersTestJSON-987893423-project-member] Acquiring lock "38eb7f08-db79-43bc-8ba3-85b72a6971fc" by "nova.context.set_target_cell..get_or_set_cached_cell_and_set_connections" {{(pid=96300) inner /opt/stack/data/venv/lib/python3.12/site-packages/oslo_concurrency/lockutils.py:511}}
Jul 02 13:56:07.040487 np0000004286 nova-scheduler[96300]: DEBUG oslo_concurrency.lockutils [None req-21bdec21-0afe-461b-ba54-0663c609a6ce tempest-DeleteServersTestJSON-987893423 tempest-DeleteServersTestJSON-987893423-project-member] Lock "38eb7f08-db79-43bc-8ba3-85b72a6971fc" acquired by "nova.context.set_target_cell..get_or_set_cached_cell_and_set_connections" :: waited 0.000s {{(pid=96300) inner /opt/stack/data/venv/lib/python3.12/site-packages/oslo_concurrency/lockutils.py:524}}
Jul 02 13:56:07.042414 np0000004286 nova-scheduler[96300]: DEBUG oslo_concurrency.lockutils [None req-21bdec21-0afe-461b-ba54-0663c609a6ce tempest-DeleteServersTestJSON-987893423 tempest-DeleteServersTestJSON-987893423-project-member] Lock "38eb7f08-db79-43bc-8ba3-85b72a6971fc" "released" by "nova.context.set_target_cell..get_or_set_cached_cell_and_set_connections" :: held 0.002s {{(pid=96300) inner /opt/stack/data/venv/lib/python3.12/site-packages/oslo_concurrency/lockutils.py:543}}
Jul 02 13:56:07.044967 np0000004286 nova-scheduler[96300]: INFO dbcounter [None req-21bdec21-0afe-461b-ba54-0663c609a6ce tempest-DeleteServersTestJSON-987893423 tempest-DeleteServersTestJSON-987893423-project-member] Registered counter for database nova_cell1
Jul 02 13:56:07.087197 np0000004286 nova-scheduler[96300]: DEBUG oslo_db.sqlalchemy.engines [None req-21bdec21-0afe-461b-ba54-0663c609a6ce tempest-DeleteServersTestJSON-987893423 tempest-DeleteServersTestJSON-987893423-project-member] MySQL server mode set to STRICT_TRANS_TABLES,STRICT_ALL_TABLES,NO_ZERO_IN_DATE,NO_ZERO_DATE,ERROR_FOR_DIVISION_BY_ZERO,TRADITIONAL,NO_ENGINE_SUBSTITUTION {{(pid=96300) _check_effective_sql_mode /opt/stack/data/venv/lib/python3.12/site-packages/oslo_db/sqlalchemy/engines.py:325}}
Jul 02 13:56:07.094591 np0000004286 nova-scheduler[96300]: DEBUG dbcounter [-] [96300] Writer thread running {{(pid=96300) stat_writer /opt/stack/data/venv/lib/python3.12/site-packages/dbcounter.py:102}}
Jul 02 13:56:07.114103 np0000004286 nova-scheduler[96300]: DEBUG oslo_db.sqlalchemy.engines [None req-21bdec21-0afe-461b-ba54-0663c609a6ce tempest-DeleteServersTestJSON-987893423 tempest-DeleteServersTestJSON-987893423-project-member] Parent process 95050 forked (96300) with an open database connection, which is being discarded and recreated. {{(pid=96300) checkout /opt/stack/data/venv/lib/python3.12/site-packages/oslo_db/sqlalchemy/engines.py:402}}
Jul 02 13:56:07.174414 np0000004286 nova-scheduler[96300]: DEBUG dbcounter [-] [96300] Writer thread running {{(pid=96300) stat_writer /opt/stack/data/venv/lib/python3.12/site-packages/dbcounter.py:102}}
Jul 02 13:56:07.178377 np0000004286 nova-scheduler[96300]: DEBUG oslo_concurrency.lockutils [None req-21bdec21-0afe-461b-ba54-0663c609a6ce tempest-DeleteServersTestJSON-987893423 tempest-DeleteServersTestJSON-987893423-project-member] Acquiring lock "38eb7f08-db79-43bc-8ba3-85b72a6971fc" by "nova.context.set_target_cell..get_or_set_cached_cell_and_set_connections" {{(pid=96300) inner /opt/stack/data/venv/lib/python3.12/site-packages/oslo_concurrency/lockutils.py:511}}
Jul 02 13:56:07.178377 np0000004286 nova-scheduler[96300]: DEBUG oslo_concurrency.lockutils [None req-21bdec21-0afe-461b-ba54-0663c609a6ce tempest-DeleteServersTestJSON-987893423 tempest-DeleteServersTestJSON-987893423-project-member] Lock "38eb7f08-db79-43bc-8ba3-85b72a6971fc" acquired by "nova.context.set_target_cell..get_or_set_cached_cell_and_set_connections" :: waited 0.000s {{(pid=96300) inner /opt/stack/data/venv/lib/python3.12/site-packages/oslo_concurrency/lockutils.py:524}}
Jul 02 13:56:07.178377 np0000004286 nova-scheduler[96300]: DEBUG oslo_concurrency.lockutils [None req-21bdec21-0afe-461b-ba54-0663c609a6ce tempest-DeleteServersTestJSON-987893423 tempest-DeleteServersTestJSON-987893423-project-member] Lock "38eb7f08-db79-43bc-8ba3-85b72a6971fc" "released" by "nova.context.set_target_cell..get_or_set_cached_cell_and_set_connections" :: held 0.000s {{(pid=96300) inner /opt/stack/data/venv/lib/python3.12/site-packages/oslo_concurrency/lockutils.py:543}}
Jul 02 13:56:07.183530 np0000004286 nova-scheduler[96300]: DEBUG oslo_concurrency.lockutils [None req-21bdec21-0afe-461b-ba54-0663c609a6ce tempest-DeleteServersTestJSON-987893423 tempest-DeleteServersTestJSON-987893423-project-member] Acquiring lock "np0000004286-np0000004286" by "nova.scheduler.host_manager.HostState.update.._locked_update" {{(pid=96300) inner /opt/stack/data/venv/lib/python3.12/site-packages/oslo_concurrency/lockutils.py:511}}
Jul 02 13:56:07.183626 np0000004286 nova-scheduler[96300]: DEBUG oslo_concurrency.lockutils [None req-21bdec21-0afe-461b-ba54-0663c609a6ce tempest-DeleteServersTestJSON-987893423 tempest-DeleteServersTestJSON-987893423-project-member] Lock "np0000004286-np0000004286" acquired by "nova.scheduler.host_manager.HostState.update.._locked_update" :: waited 0.000s {{(pid=96300) inner /opt/stack/data/venv/lib/python3.12/site-packages/oslo_concurrency/lockutils.py:524}}
Jul 02 13:56:07.185389 np0000004286 nova-scheduler[96300]: DEBUG nova.scheduler.host_manager [None req-21bdec21-0afe-461b-ba54-0663c609a6ce tempest-DeleteServersTestJSON-987893423 tempest-DeleteServersTestJSON-987893423-project-member] Update host state from compute node: ComputeNode(cpu_allocation_ratio=4.0,cpu_info='{"arch": "x86_64", "model": "EPYC-Milan", "vendor": "AMD", "topology": {"cells": 1, "sockets": 16, "cores": 1, "threads": 1}, "maxphysaddr": {"mode": "emulate", "bits": 40}, "features": ["stibp-always-on", "xsaves", "vpclmulqdq", "amd-psfd", "arat", "xsavec", "svm", "amd-stibp", "clwb", "arch-capabilities", "sse4.2", "avx2", "v-vmsave-vmload", "movbe", "virt-ssbd", "rdctl-no", "xsaveopt", "tsc_adjust", "pcid", "tsc-scale", "fma", "lahf_lm", "syscall", "clflushopt", "ibpb", "null-sel-clr-base", "ssse3", "msr", "x2apic", "smep", "pfthreshold", "spec-ctrl", "pschange-mc-no", "xgetbv1", "sse4.1", "ibrs", "lm", "mce", "tsc", "pause-filter", "skip-l1dfl-vmentry", "popcnt", "vmcb-clean", "npt", "cr8legacy", "fxsr", "lfence-always-serializing", "pse36", "stibp", "cx8", "wbnoinvd", "invpcid", "gds-no", "pdpe1gb", "sha-ni", "bmi2", "f16c", "no-nested-data-bp", "fsgsbase", "fpu", "cmov", "sse", "abm", "osvw", "clflush", "pku", "vme", "xsaveerptr", "rdpid", "erms", "de", "nrip-save", "pge", "flushbyasid", "topoext", "umip", "cmp_legacy", "fsrm", "pni", "mds-no", "misalignsse", "cx16", "pat", "sep", "adx", "sse2", "mmx", "sse4a", "nx", "pae", "svme-addr-chk", "amd-ssbd", "3dnowprefetch", "pse", "smap", "tsc-deadline", "mtrr", "lbrv", "hypervisor", "apic", "vaes", "vgif", "rdseed", "mca", "pclmuldq", "rdrand", "avx", "bmi1", "fxsr_opt", "mmxext", "xsave", "perfctr_core", "ssbd", "rdtscp", "clzero", "aes"]}',created_at=2026-07-02T13:53:58Z,current_workload=0,deleted=False,deleted_at=None,disk_allocation_ratio=1.0,disk_available_least=75,free_disk_gb=95,free_ram_mb=63789,host='np0000004286',host_ip=10.4.3.113,hypervisor_hostname='np0000004286',hypervisor_type='QEMU',hypervisor_version=8002002,id=1,local_gb=95,local_gb_used=0,mapped=1,memory_mb=64301,memory_mb_used=512,metrics='[]',numa_topology='{"nova_object.name": "NUMATopology", "nova_object.namespace": "nova", "nova_object.version": "1.2", "nova_object.data": {"cells": [{"nova_object.name": "NUMACell", "nova_object.namespace": "nova", "nova_object.version": "1.5", "nova_object.data": {"id": 0, "cpuset": [0, 1, 2, 3, 4, 5, 6, 7, 8, 9, 10, 11, 12, 13, 14, 15], "pcpuset": [0, 1, 2, 3, 4, 5, 6, 7, 8, 9, 10, 11, 12, 13, 14, 15], "memory": 64301, "cpu_usage": 0, "memory_usage": 0, "pinned_cpus": [], "siblings": [[6], [12], [2], [15], [5], [11], [8], [14], [4], [1], [7], [10], [0], [13], [3], [9]], "mempages": [{"nova_object.name": "NUMAPagesTopology", "nova_object.namespace": "nova", "nova_object.version": "1.1", "nova_object.data": {"size_kb": 4, "total": 16461067, "used": 0, "reserved": 0}, "nova_object.changes": ["total", "reserved", "used", "size_kb"]}, {"nova_object.name": "NUMAPagesTopology", "nova_object.namespace": "nova", "nova_object.version": "1.1", "nova_object.data": {"size_kb": 2048, "total": 0, "used": 0, "reserved": 0}, "nova_object.changes": ["total", "reserved", "used", "size_kb"]}, {"nova_object.name": "NUMAPagesTopology", "nova_object.namespace": "nova", "nova_object.version": "1.1", "nova_object.data": {"size_kb": 1048576, "total": 0, "used": 0, "reserved": 0}, "nova_object.changes": ["total", "reserved", "used", "size_kb"]}], "network_metadata": {"nova_object.name": "NetworkMetadata", "nova_object.namespace": "nova", "nova_object.version": "1.0", "nova_object.data": {"physnets": [], "tunneled": false}, "nova_object.changes": ["physnets", "tunneled"]}, "socket": null}, "nova_object.changes": ["pinned_cpus", "socket", "cpuset", "network_metadata", "siblings", "memory", "pcpuset", "memory_usage", "cpu_usage", "mempages", "id"]}]}, "nova_object.changes": ["cells"]}',pci_device_pools=PciDevicePoolList,ram_allocation_ratio=1.0,running_vms=0,service_id=3,stats={failed_builds='0',uptime=' 13:55:44 up 25 min, 2 users, load average: 1.30, 1.56, 0.93
Jul 02 13:56:07.185389 np0000004286 nova-scheduler[96300]: '},supported_hv_specs=[HVSpec,HVSpec,HVSpec,HVSpec,HVSpec,HVSpec,HVSpec,HVSpec,HVSpec,HVSpec,HVSpec,HVSpec,HVSpec,HVSpec,HVSpec,HVSpec,HVSpec,HVSpec,HVSpec,HVSpec,HVSpec,HVSpec,HVSpec,HVSpec,HVSpec],updated_at=2026-07-02T13:55:46Z,uuid=02674f7b-6786-4587-a5ef-7acb9ba6c2da,vcpus=16,vcpus_used=0) {{(pid=96300) _locked_update /opt/stack/nova/nova/scheduler/host_manager.py:168}}
Jul 02 13:56:07.186488 np0000004286 nova-scheduler[96300]: DEBUG nova.scheduler.host_manager [None req-21bdec21-0afe-461b-ba54-0663c609a6ce tempest-DeleteServersTestJSON-987893423 tempest-DeleteServersTestJSON-987893423-project-member] Update host state with aggregates: [] {{(pid=96300) _locked_update /opt/stack/nova/nova/scheduler/host_manager.py:171}}
Jul 02 13:56:07.186584 np0000004286 nova-scheduler[96300]: DEBUG nova.scheduler.host_manager [None req-21bdec21-0afe-461b-ba54-0663c609a6ce tempest-DeleteServersTestJSON-987893423 tempest-DeleteServersTestJSON-987893423-project-member] Update host state with service dict: {'id': 3, 'uuid': '441c3676-35af-45c6-b6ce-d73a2d50a3f6', 'host': 'np0000004286', 'binary': 'nova-compute', 'topic': 'compute', 'report_count': 2, 'disabled': False, 'disabled_reason': None, 'last_seen_up': datetime.datetime(2026, 7, 2, 13, 56, 7, tzinfo=datetime.timezone.utc), 'forced_down': False, 'version': 72, 'created_at': datetime.datetime(2026, 7, 2, 13, 53, 56, tzinfo=datetime.timezone.utc), 'updated_at': datetime.datetime(2026, 7, 2, 13, 56, 7, tzinfo=datetime.timezone.utc), 'deleted_at': None, 'deleted': False} {{(pid=96300) _locked_update /opt/stack/nova/nova/scheduler/host_manager.py:174}}
