Jul 16 12:35:17.820792 np0000005237 nova-scheduler[96408]: DEBUG cotyledon.oslo_config_glue [-] workarounds.disable_libvirt_livesnapshot = False {{(pid=96408) log_opt_values /opt/stack/data/venv/lib/python3.12/site-packages/oslo_config/cfg.py:3253}}
Jul 16 12:35:17.820792 np0000005237 nova-scheduler[96408]: DEBUG cotyledon.oslo_config_glue [-] workarounds.disable_rootwrap = False {{(pid=96408) log_opt_values /opt/stack/data/venv/lib/python3.12/site-packages/oslo_config/cfg.py:3253}}
Jul 16 12:35:17.820792 np0000005237 nova-scheduler[96408]: DEBUG cotyledon.oslo_config_glue [-] workarounds.enable_numa_live_migration = False {{(pid=96408) log_opt_values /opt/stack/data/venv/lib/python3.12/site-packages/oslo_config/cfg.py:3253}}
Jul 16 12:35:17.820792 np0000005237 nova-scheduler[96408]: DEBUG cotyledon.oslo_config_glue [-] workarounds.enable_qemu_monitor_announce_self = False {{(pid=96408) log_opt_values /opt/stack/data/venv/lib/python3.12/site-packages/oslo_config/cfg.py:3253}}
Jul 16 12:35:17.820792 np0000005237 nova-scheduler[96408]: DEBUG cotyledon.oslo_config_glue [-] workarounds.ensure_libvirt_rbd_instance_dir_cleanup = False {{(pid=96408) log_opt_values /opt/stack/data/venv/lib/python3.12/site-packages/oslo_config/cfg.py:3253}}
Jul 16 12:35:17.820792 np0000005237 nova-scheduler[96408]: DEBUG cotyledon.oslo_config_glue [-] workarounds.handle_virt_lifecycle_events = True {{(pid=96408) log_opt_values /opt/stack/data/venv/lib/python3.12/site-packages/oslo_config/cfg.py:3253}}
Jul 16 12:35:17.821132 np0000005237 nova-scheduler[96408]: DEBUG cotyledon.oslo_config_glue [-] workarounds.libvirt_disable_apic = False {{(pid=96408) log_opt_values /opt/stack/data/venv/lib/python3.12/site-packages/oslo_config/cfg.py:3253}}
Jul 16 12:35:17.821132 np0000005237 nova-scheduler[96408]: DEBUG cotyledon.oslo_config_glue [-] workarounds.never_download_image_if_on_rbd = False {{(pid=96408) log_opt_values /opt/stack/data/venv/lib/python3.12/site-packages/oslo_config/cfg.py:3253}}
Jul 16 12:35:17.821132 np0000005237 nova-scheduler[96408]: DEBUG cotyledon.oslo_config_glue [-] workarounds.qemu_monitor_announce_self_count = 3 {{(pid=96408) log_opt_values /opt/stack/data/venv/lib/python3.12/site-packages/oslo_config/cfg.py:3253}}
Jul 16 12:35:17.821132 np0000005237 nova-scheduler[96408]: DEBUG cotyledon.oslo_config_glue [-] workarounds.qemu_monitor_announce_self_interval = 1 {{(pid=96408) log_opt_values /opt/stack/data/venv/lib/python3.12/site-packages/oslo_config/cfg.py:3253}}
Jul 16 12:35:17.821132 np0000005237 nova-scheduler[96408]: DEBUG cotyledon.oslo_config_glue [-] workarounds.reserve_disk_resource_for_image_cache = False {{(pid=96408) log_opt_values /opt/stack/data/venv/lib/python3.12/site-packages/oslo_config/cfg.py:3253}}
Jul 16 12:35:17.821132 np0000005237 nova-scheduler[96408]: DEBUG cotyledon.oslo_config_glue [-] workarounds.skip_cpu_compare_at_startup = False {{(pid=96408) log_opt_values /opt/stack/data/venv/lib/python3.12/site-packages/oslo_config/cfg.py:3253}}
Jul 16 12:35:17.821132 np0000005237 nova-scheduler[96408]: DEBUG cotyledon.oslo_config_glue [-] workarounds.skip_cpu_compare_on_dest = False {{(pid=96408) log_opt_values /opt/stack/data/venv/lib/python3.12/site-packages/oslo_config/cfg.py:3253}}
Jul 16 12:35:17.821132 np0000005237 nova-scheduler[96408]: DEBUG cotyledon.oslo_config_glue [-] workarounds.skip_hypervisor_version_check_on_lm = False {{(pid=96408) log_opt_values /opt/stack/data/venv/lib/python3.12/site-packages/oslo_config/cfg.py:3253}}
Jul 16 12:35:17.821132 np0000005237 nova-scheduler[96408]: DEBUG cotyledon.oslo_config_glue [-] workarounds.skip_reserve_in_use_ironic_nodes = False {{(pid=96408) log_opt_values /opt/stack/data/venv/lib/python3.12/site-packages/oslo_config/cfg.py:3253}}
Jul 16 12:35:17.821462 np0000005237 nova-scheduler[96408]: DEBUG cotyledon.oslo_config_glue [-] workarounds.unified_limits_count_pcpu_as_vcpu = False {{(pid=96408) log_opt_values /opt/stack/data/venv/lib/python3.12/site-packages/oslo_config/cfg.py:3253}}
Jul 16 12:35:17.821462 np0000005237 nova-scheduler[96408]: DEBUG cotyledon.oslo_config_glue [-] workarounds.wait_for_vif_plugged_event_during_hard_reboot = [] {{(pid=96408) log_opt_values /opt/stack/data/venv/lib/python3.12/site-packages/oslo_config/cfg.py:3253}}
Jul 16 12:35:17.821462 np0000005237 nova-scheduler[96408]: DEBUG cotyledon.oslo_config_glue [-] wsgi.api_paste_config = /etc/nova/api-paste.ini {{(pid=96408) log_opt_values /opt/stack/data/venv/lib/python3.12/site-packages/oslo_config/cfg.py:3253}}
Jul 16 12:35:17.821462 np0000005237 nova-scheduler[96408]: DEBUG cotyledon.oslo_config_glue [-] wsgi.secure_proxy_ssl_header = None {{(pid=96408) log_opt_values /opt/stack/data/venv/lib/python3.12/site-packages/oslo_config/cfg.py:3253}}
Jul 16 12:35:17.821462 np0000005237 nova-scheduler[96408]: DEBUG cotyledon.oslo_config_glue [-] zvm.ca_file = None {{(pid=96408) log_opt_values /opt/stack/data/venv/lib/python3.12/site-packages/oslo_config/cfg.py:3253}}
Jul 16 12:35:17.821462 np0000005237 nova-scheduler[96408]: DEBUG cotyledon.oslo_config_glue [-] zvm.cloud_connector_url = None {{(pid=96408) log_opt_values /opt/stack/data/venv/lib/python3.12/site-packages/oslo_config/cfg.py:3253}}
Jul 16 12:35:17.821462 np0000005237 nova-scheduler[96408]: DEBUG cotyledon.oslo_config_glue [-] zvm.image_tmp_path = /opt/stack/data/nova/images {{(pid=96408) log_opt_values /opt/stack/data/venv/lib/python3.12/site-packages/oslo_config/cfg.py:3253}}
Jul 16 12:35:17.821462 np0000005237 nova-scheduler[96408]: DEBUG cotyledon.oslo_config_glue [-] zvm.reachable_timeout = 300 {{(pid=96408) log_opt_values /opt/stack/data/venv/lib/python3.12/site-packages/oslo_config/cfg.py:3253}}
Jul 16 12:35:17.821462 np0000005237 nova-scheduler[96408]: DEBUG cotyledon.oslo_config_glue [-] oslo_versionedobjects.fatal_exception_format_errors = False {{(pid=96408) log_opt_values /opt/stack/data/venv/lib/python3.12/site-packages/oslo_config/cfg.py:3253}}
Jul 16 12:35:17.821789 np0000005237 nova-scheduler[96408]: DEBUG cotyledon.oslo_config_glue [-] oslo_middleware.http_basic_auth_user_file = /etc/htpasswd {{(pid=96408) log_opt_values /opt/stack/data/venv/lib/python3.12/site-packages/oslo_config/cfg.py:3253}}
Jul 16 12:35:17.821789 np0000005237 nova-scheduler[96408]: DEBUG cotyledon.oslo_config_glue [-] oslo_messaging_metrics.metrics_buffer_size = 1000 {{(pid=96408) log_opt_values /opt/stack/data/venv/lib/python3.12/site-packages/oslo_config/cfg.py:3253}}
Jul 16 12:35:17.821789 np0000005237 nova-scheduler[96408]: DEBUG cotyledon.oslo_config_glue [-] oslo_messaging_metrics.metrics_enabled = False {{(pid=96408) log_opt_values /opt/stack/data/venv/lib/python3.12/site-packages/oslo_config/cfg.py:3253}}
Jul 16 12:35:17.821789 np0000005237 nova-scheduler[96408]: DEBUG cotyledon.oslo_config_glue [-] oslo_messaging_metrics.metrics_process_name = {{(pid=96408) log_opt_values /opt/stack/data/venv/lib/python3.12/site-packages/oslo_config/cfg.py:3253}}
Jul 16 12:35:17.821789 np0000005237 nova-scheduler[96408]: DEBUG cotyledon.oslo_config_glue [-] oslo_messaging_metrics.metrics_socket_file = /var/tmp/metrics_collector.sock {{(pid=96408) log_opt_values /opt/stack/data/venv/lib/python3.12/site-packages/oslo_config/cfg.py:3253}}
Jul 16 12:35:17.821789 np0000005237 nova-scheduler[96408]: DEBUG cotyledon.oslo_config_glue [-] oslo_messaging_metrics.metrics_thread_stop_timeout = 10 {{(pid=96408) log_opt_values /opt/stack/data/venv/lib/python3.12/site-packages/oslo_config/cfg.py:3253}}
Jul 16 12:35:17.821789 np0000005237 nova-scheduler[96408]: DEBUG cotyledon.oslo_config_glue [-] profiler.connection_string = messaging:// {{(pid=96408) log_opt_values /opt/stack/data/venv/lib/python3.12/site-packages/oslo_config/cfg.py:3253}}
Jul 16 12:35:17.821789 np0000005237 nova-scheduler[96408]: DEBUG cotyledon.oslo_config_glue [-] profiler.enabled = False {{(pid=96408) log_opt_values /opt/stack/data/venv/lib/python3.12/site-packages/oslo_config/cfg.py:3253}}
Jul 16 12:35:17.821789 np0000005237 nova-scheduler[96408]: DEBUG cotyledon.oslo_config_glue [-] profiler.es_doc_type = notification {{(pid=96408) log_opt_values /opt/stack/data/venv/lib/python3.12/site-packages/oslo_config/cfg.py:3253}}
Jul 16 12:35:17.822114 np0000005237 nova-scheduler[96408]: DEBUG cotyledon.oslo_config_glue [-] profiler.es_scroll_size = 10000 {{(pid=96408) log_opt_values /opt/stack/data/venv/lib/python3.12/site-packages/oslo_config/cfg.py:3253}}
Jul 16 12:35:17.822114 np0000005237 nova-scheduler[96408]: DEBUG cotyledon.oslo_config_glue [-] profiler.es_scroll_time = 2m {{(pid=96408) log_opt_values /opt/stack/data/venv/lib/python3.12/site-packages/oslo_config/cfg.py:3253}}
Jul 16 12:35:17.822114 np0000005237 nova-scheduler[96408]: DEBUG cotyledon.oslo_config_glue [-] profiler.filter_error_trace = False {{(pid=96408) log_opt_values /opt/stack/data/venv/lib/python3.12/site-packages/oslo_config/cfg.py:3253}}
Jul 16 12:35:17.822114 np0000005237 nova-scheduler[96408]: DEBUG cotyledon.oslo_config_glue [-] profiler.hmac_keys = **** {{(pid=96408) log_opt_values /opt/stack/data/venv/lib/python3.12/site-packages/oslo_config/cfg.py:3253}}
Jul 16 12:35:17.822114 np0000005237 nova-scheduler[96408]: DEBUG cotyledon.oslo_config_glue [-] profiler.sentinel_service_name = mymaster {{(pid=96408) log_opt_values /opt/stack/data/venv/lib/python3.12/site-packages/oslo_config/cfg.py:3253}}
Jul 16 12:35:17.822114 np0000005237 nova-scheduler[96408]: DEBUG cotyledon.oslo_config_glue [-] profiler.socket_timeout = 0.1 {{(pid=96408) log_opt_values /opt/stack/data/venv/lib/python3.12/site-packages/oslo_config/cfg.py:3253}}
Jul 16 12:35:17.822114 np0000005237 nova-scheduler[96408]: DEBUG cotyledon.oslo_config_glue [-] profiler.trace_requests = False {{(pid=96408) log_opt_values /opt/stack/data/venv/lib/python3.12/site-packages/oslo_config/cfg.py:3253}}
Jul 16 12:35:17.822114 np0000005237 nova-scheduler[96408]: DEBUG cotyledon.oslo_config_glue [-] profiler.trace_sqlalchemy = False {{(pid=96408) log_opt_values /opt/stack/data/venv/lib/python3.12/site-packages/oslo_config/cfg.py:3253}}
Jul 16 12:35:17.822114 np0000005237 nova-scheduler[96408]: DEBUG cotyledon.oslo_config_glue [-] profiler_jaeger.process_tags = {} {{(pid=96408) log_opt_values /opt/stack/data/venv/lib/python3.12/site-packages/oslo_config/cfg.py:3253}}
Jul 16 12:35:17.822411 np0000005237 nova-scheduler[96408]: DEBUG cotyledon.oslo_config_glue [-] profiler_jaeger.service_name_prefix = None {{(pid=96408) log_opt_values /opt/stack/data/venv/lib/python3.12/site-packages/oslo_config/cfg.py:3253}}
Jul 16 12:35:17.822411 np0000005237 nova-scheduler[96408]: DEBUG cotyledon.oslo_config_glue [-] profiler_otlp.service_name_prefix = None {{(pid=96408) log_opt_values /opt/stack/data/venv/lib/python3.12/site-packages/oslo_config/cfg.py:3253}}
Jul 16 12:35:17.822411 np0000005237 nova-scheduler[96408]: DEBUG cotyledon.oslo_config_glue [-] oslo_messaging_rabbit.amqp_auto_delete = False {{(pid=96408) log_opt_values /opt/stack/data/venv/lib/python3.12/site-packages/oslo_config/cfg.py:3253}}
Jul 16 12:35:17.822411 np0000005237 nova-scheduler[96408]: DEBUG cotyledon.oslo_config_glue [-] oslo_messaging_rabbit.amqp_durable_queues = False {{(pid=96408) log_opt_values /opt/stack/data/venv/lib/python3.12/site-packages/oslo_config/cfg.py:3253}}
Jul 16 12:35:17.822411 np0000005237 nova-scheduler[96408]: DEBUG cotyledon.oslo_config_glue [-] oslo_messaging_rabbit.conn_pool_min_size = 2 {{(pid=96408) log_opt_values /opt/stack/data/venv/lib/python3.12/site-packages/oslo_config/cfg.py:3253}}
Jul 16 12:35:17.822411 np0000005237 nova-scheduler[96408]: DEBUG cotyledon.oslo_config_glue [-] oslo_messaging_rabbit.conn_pool_ttl = 1200 {{(pid=96408) log_opt_values /opt/stack/data/venv/lib/python3.12/site-packages/oslo_config/cfg.py:3253}}
Jul 16 12:35:17.822411 np0000005237 nova-scheduler[96408]: DEBUG cotyledon.oslo_config_glue [-] oslo_messaging_rabbit.direct_mandatory_flag = True {{(pid=96408) log_opt_values /opt/stack/data/venv/lib/python3.12/site-packages/oslo_config/cfg.py:3253}}
Jul 16 12:35:17.822411 np0000005237 nova-scheduler[96408]: DEBUG cotyledon.oslo_config_glue [-] oslo_messaging_rabbit.enable_cancel_on_failover = False {{(pid=96408) log_opt_values /opt/stack/data/venv/lib/python3.12/site-packages/oslo_config/cfg.py:3253}}
Jul 16 12:35:17.822411 np0000005237 nova-scheduler[96408]: DEBUG cotyledon.oslo_config_glue [-] oslo_messaging_rabbit.heartbeat_rate = 3 {{(pid=96408) log_opt_values /opt/stack/data/venv/lib/python3.12/site-packages/oslo_config/cfg.py:3253}}
Jul 16 12:35:17.822686 np0000005237 nova-scheduler[96408]: DEBUG cotyledon.oslo_config_glue [-] oslo_messaging_rabbit.heartbeat_timeout_threshold = 60 {{(pid=96408) log_opt_values /opt/stack/data/venv/lib/python3.12/site-packages/oslo_config/cfg.py:3253}}
Jul 16 12:35:17.822686 np0000005237 nova-scheduler[96408]: DEBUG cotyledon.oslo_config_glue [-] oslo_messaging_rabbit.hostname = np0000005237 {{(pid=96408) log_opt_values /opt/stack/data/venv/lib/python3.12/site-packages/oslo_config/cfg.py:3253}}
Jul 16 12:35:17.822686 np0000005237 nova-scheduler[96408]: DEBUG cotyledon.oslo_config_glue [-] oslo_messaging_rabbit.kombu_compression = None {{(pid=96408) log_opt_values /opt/stack/data/venv/lib/python3.12/site-packages/oslo_config/cfg.py:3253}}
Jul 16 12:35:17.822686 np0000005237 nova-scheduler[96408]: DEBUG cotyledon.oslo_config_glue [-] oslo_messaging_rabbit.kombu_failover_strategy = round-robin {{(pid=96408) log_opt_values /opt/stack/data/venv/lib/python3.12/site-packages/oslo_config/cfg.py:3253}}
Jul 16 12:35:17.822686 np0000005237 nova-scheduler[96408]: DEBUG cotyledon.oslo_config_glue [-] oslo_messaging_rabbit.kombu_missing_consumer_retry_timeout = 60 {{(pid=96408) log_opt_values /opt/stack/data/venv/lib/python3.12/site-packages/oslo_config/cfg.py:3253}}
Jul 16 12:35:17.822686 np0000005237 nova-scheduler[96408]: DEBUG cotyledon.oslo_config_glue [-] oslo_messaging_rabbit.kombu_reconnect_delay = 1.0 {{(pid=96408) log_opt_values /opt/stack/data/venv/lib/python3.12/site-packages/oslo_config/cfg.py:3253}}
Jul 16 12:35:17.822686 np0000005237 nova-scheduler[96408]: DEBUG cotyledon.oslo_config_glue [-] oslo_messaging_rabbit.kombu_reconnect_splay = 0.0 {{(pid=96408) log_opt_values /opt/stack/data/venv/lib/python3.12/site-packages/oslo_config/cfg.py:3253}}
Jul 16 12:35:17.822686 np0000005237 nova-scheduler[96408]: DEBUG cotyledon.oslo_config_glue [-] oslo_messaging_rabbit.processname = nova-scheduler {{(pid=96408) log_opt_values /opt/stack/data/venv/lib/python3.12/site-packages/oslo_config/cfg.py:3253}}
Jul 16 12:35:17.822686 np0000005237 nova-scheduler[96408]: DEBUG cotyledon.oslo_config_glue [-] oslo_messaging_rabbit.rabbit_ha_queues = False {{(pid=96408) log_opt_values /opt/stack/data/venv/lib/python3.12/site-packages/oslo_config/cfg.py:3253}}
Jul 16 12:35:17.822979 np0000005237 nova-scheduler[96408]: DEBUG cotyledon.oslo_config_glue [-] oslo_messaging_rabbit.rabbit_interval_max = 30 {{(pid=96408) log_opt_values /opt/stack/data/venv/lib/python3.12/site-packages/oslo_config/cfg.py:3253}}
Jul 16 12:35:17.822979 np0000005237 nova-scheduler[96408]: DEBUG cotyledon.oslo_config_glue [-] oslo_messaging_rabbit.rabbit_login_method = AMQPLAIN {{(pid=96408) log_opt_values /opt/stack/data/venv/lib/python3.12/site-packages/oslo_config/cfg.py:3253}}
Jul 16 12:35:17.822979 np0000005237 nova-scheduler[96408]: DEBUG cotyledon.oslo_config_glue [-] oslo_messaging_rabbit.rabbit_qos_prefetch_count = 0 {{(pid=96408) log_opt_values /opt/stack/data/venv/lib/python3.12/site-packages/oslo_config/cfg.py:3253}}
Jul 16 12:35:17.822979 np0000005237 nova-scheduler[96408]: DEBUG cotyledon.oslo_config_glue [-] oslo_messaging_rabbit.rabbit_quorum_delivery_limit = 0 {{(pid=96408) log_opt_values /opt/stack/data/venv/lib/python3.12/site-packages/oslo_config/cfg.py:3253}}
Jul 16 12:35:17.822979 np0000005237 nova-scheduler[96408]: DEBUG cotyledon.oslo_config_glue [-] oslo_messaging_rabbit.rabbit_quorum_max_memory_bytes = 0 {{(pid=96408) log_opt_values /opt/stack/data/venv/lib/python3.12/site-packages/oslo_config/cfg.py:3253}}
Jul 16 12:35:17.822979 np0000005237 nova-scheduler[96408]: DEBUG cotyledon.oslo_config_glue [-] oslo_messaging_rabbit.rabbit_quorum_max_memory_length = 0 {{(pid=96408) log_opt_values /opt/stack/data/venv/lib/python3.12/site-packages/oslo_config/cfg.py:3253}}
Jul 16 12:35:17.822979 np0000005237 nova-scheduler[96408]: DEBUG cotyledon.oslo_config_glue [-] oslo_messaging_rabbit.rabbit_quorum_queue = False {{(pid=96408) log_opt_values /opt/stack/data/venv/lib/python3.12/site-packages/oslo_config/cfg.py:3253}}
Jul 16 12:35:17.822979 np0000005237 nova-scheduler[96408]: DEBUG cotyledon.oslo_config_glue [-] oslo_messaging_rabbit.rabbit_retry_backoff = 2 {{(pid=96408) log_opt_values /opt/stack/data/venv/lib/python3.12/site-packages/oslo_config/cfg.py:3253}}
Jul 16 12:35:17.822979 np0000005237 nova-scheduler[96408]: DEBUG cotyledon.oslo_config_glue [-] oslo_messaging_rabbit.rabbit_retry_interval = 1 {{(pid=96408) log_opt_values /opt/stack/data/venv/lib/python3.12/site-packages/oslo_config/cfg.py:3253}}
Jul 16 12:35:17.823181 np0000005237 nova-scheduler[96408]: DEBUG cotyledon.oslo_config_glue [-] oslo_messaging_rabbit.rabbit_stream_fanout = False {{(pid=96408) log_opt_values /opt/stack/data/venv/lib/python3.12/site-packages/oslo_config/cfg.py:3253}}
Jul 16 12:35:17.823181 np0000005237 nova-scheduler[96408]: DEBUG cotyledon.oslo_config_glue [-] oslo_messaging_rabbit.rabbit_transient_queues_ttl = 1800 {{(pid=96408) log_opt_values /opt/stack/data/venv/lib/python3.12/site-packages/oslo_config/cfg.py:3253}}
Jul 16 12:35:17.823181 np0000005237 nova-scheduler[96408]: DEBUG cotyledon.oslo_config_glue [-] oslo_messaging_rabbit.rabbit_transient_quorum_queue = False {{(pid=96408) log_opt_values /opt/stack/data/venv/lib/python3.12/site-packages/oslo_config/cfg.py:3253}}
Jul 16 12:35:17.823181 np0000005237 nova-scheduler[96408]: DEBUG cotyledon.oslo_config_glue [-] oslo_messaging_rabbit.rpc_conn_pool_size = 30 {{(pid=96408) log_opt_values /opt/stack/data/venv/lib/python3.12/site-packages/oslo_config/cfg.py:3253}}
Jul 16 12:35:17.823181 np0000005237 nova-scheduler[96408]: DEBUG cotyledon.oslo_config_glue [-] oslo_messaging_rabbit.ssl = False {{(pid=96408) log_opt_values /opt/stack/data/venv/lib/python3.12/site-packages/oslo_config/cfg.py:3253}}
Jul 16 12:35:17.823181 np0000005237 nova-scheduler[96408]: DEBUG cotyledon.oslo_config_glue [-] oslo_messaging_rabbit.ssl_ca_file = {{(pid=96408) log_opt_values /opt/stack/data/venv/lib/python3.12/site-packages/oslo_config/cfg.py:3253}}
Jul 16 12:35:17.823181 np0000005237 nova-scheduler[96408]: DEBUG cotyledon.oslo_config_glue [-] oslo_messaging_rabbit.ssl_cert_file = {{(pid=96408) log_opt_values /opt/stack/data/venv/lib/python3.12/site-packages/oslo_config/cfg.py:3253}}
Jul 16 12:35:17.823181 np0000005237 nova-scheduler[96408]: DEBUG cotyledon.oslo_config_glue [-] oslo_messaging_rabbit.ssl_enforce_fips_mode = False {{(pid=96408) log_opt_values /opt/stack/data/venv/lib/python3.12/site-packages/oslo_config/cfg.py:3253}}
Jul 16 12:35:17.823181 np0000005237 nova-scheduler[96408]: DEBUG cotyledon.oslo_config_glue [-] oslo_messaging_rabbit.ssl_enforce_hostname_verification = True {{(pid=96408) log_opt_values /opt/stack/data/venv/lib/python3.12/site-packages/oslo_config/cfg.py:3253}}
Jul 16 12:35:17.823448 np0000005237 nova-scheduler[96408]: DEBUG cotyledon.oslo_config_glue [-] oslo_messaging_rabbit.ssl_key_file = {{(pid=96408) log_opt_values /opt/stack/data/venv/lib/python3.12/site-packages/oslo_config/cfg.py:3253}}
Jul 16 12:35:17.823448 np0000005237 nova-scheduler[96408]: DEBUG cotyledon.oslo_config_glue [-] oslo_messaging_rabbit.ssl_version = {{(pid=96408) log_opt_values /opt/stack/data/venv/lib/python3.12/site-packages/oslo_config/cfg.py:3253}}
Jul 16 12:35:17.823448 np0000005237 nova-scheduler[96408]: DEBUG cotyledon.oslo_config_glue [-] oslo_messaging_rabbit.use_queue_manager = False {{(pid=96408) log_opt_values /opt/stack/data/venv/lib/python3.12/site-packages/oslo_config/cfg.py:3253}}
Jul 16 12:35:17.823448 np0000005237 nova-scheduler[96408]: DEBUG cotyledon.oslo_config_glue [-] oslo_messaging_notifications.driver = ['messagingv2'] {{(pid=96408) log_opt_values /opt/stack/data/venv/lib/python3.12/site-packages/oslo_config/cfg.py:3253}}
Jul 16 12:35:17.823448 np0000005237 nova-scheduler[96408]: DEBUG cotyledon.oslo_config_glue [-] oslo_messaging_notifications.retry = -1 {{(pid=96408) log_opt_values /opt/stack/data/venv/lib/python3.12/site-packages/oslo_config/cfg.py:3253}}
Jul 16 12:35:17.823448 np0000005237 nova-scheduler[96408]: DEBUG cotyledon.oslo_config_glue [-] oslo_messaging_notifications.topics = ['notifications'] {{(pid=96408) log_opt_values /opt/stack/data/venv/lib/python3.12/site-packages/oslo_config/cfg.py:3253}}
Jul 16 12:35:17.823448 np0000005237 nova-scheduler[96408]: DEBUG cotyledon.oslo_config_glue [-] oslo_messaging_notifications.transport_url = **** {{(pid=96408) log_opt_values /opt/stack/data/venv/lib/python3.12/site-packages/oslo_config/cfg.py:3253}}
Jul 16 12:35:17.823448 np0000005237 nova-scheduler[96408]: DEBUG cotyledon.oslo_config_glue [-] oslo_limit.auth_section = None {{(pid=96408) log_opt_values /opt/stack/data/venv/lib/python3.12/site-packages/oslo_config/cfg.py:3253}}
Jul 16 12:35:17.823448 np0000005237 nova-scheduler[96408]: DEBUG cotyledon.oslo_config_glue [-] oslo_limit.auth_type = None {{(pid=96408) log_opt_values /opt/stack/data/venv/lib/python3.12/site-packages/oslo_config/cfg.py:3253}}
Jul 16 12:35:17.823621 np0000005237 nova-scheduler[96408]: DEBUG cotyledon.oslo_config_glue [-] oslo_limit.cafile = None {{(pid=96408) log_opt_values /opt/stack/data/venv/lib/python3.12/site-packages/oslo_config/cfg.py:3253}}
Jul 16 12:35:17.823621 np0000005237 nova-scheduler[96408]: DEBUG cotyledon.oslo_config_glue [-] oslo_limit.certfile = None {{(pid=96408) log_opt_values /opt/stack/data/venv/lib/python3.12/site-packages/oslo_config/cfg.py:3253}}
Jul 16 12:35:17.823621 np0000005237 nova-scheduler[96408]: DEBUG cotyledon.oslo_config_glue [-] oslo_limit.collect_timing = False {{(pid=96408) log_opt_values /opt/stack/data/venv/lib/python3.12/site-packages/oslo_config/cfg.py:3253}}
Jul 16 12:35:17.823621 np0000005237 nova-scheduler[96408]: DEBUG cotyledon.oslo_config_glue [-] oslo_limit.connect_retries = None {{(pid=96408) log_opt_values /opt/stack/data/venv/lib/python3.12/site-packages/oslo_config/cfg.py:3253}}
Jul 16 12:35:17.823621 np0000005237 nova-scheduler[96408]: DEBUG cotyledon.oslo_config_glue [-] oslo_limit.connect_retry_delay = None {{(pid=96408) log_opt_values /opt/stack/data/venv/lib/python3.12/site-packages/oslo_config/cfg.py:3253}}
Jul 16 12:35:17.823621 np0000005237 nova-scheduler[96408]: DEBUG cotyledon.oslo_config_glue [-] oslo_limit.endpoint_id = None {{(pid=96408) log_opt_values /opt/stack/data/venv/lib/python3.12/site-packages/oslo_config/cfg.py:3253}}
Jul 16 12:35:17.823621 np0000005237 nova-scheduler[96408]: DEBUG cotyledon.oslo_config_glue [-] oslo_limit.endpoint_interface = public {{(pid=96408) log_opt_values /opt/stack/data/venv/lib/python3.12/site-packages/oslo_config/cfg.py:3253}}
Jul 16 12:35:17.823621 np0000005237 nova-scheduler[96408]: DEBUG cotyledon.oslo_config_glue [-] oslo_limit.endpoint_override = None {{(pid=96408) log_opt_values /opt/stack/data/venv/lib/python3.12/site-packages/oslo_config/cfg.py:3253}}
Jul 16 12:35:17.823621 np0000005237 nova-scheduler[96408]: DEBUG cotyledon.oslo_config_glue [-] oslo_limit.endpoint_region_name = None {{(pid=96408) log_opt_values /opt/stack/data/venv/lib/python3.12/site-packages/oslo_config/cfg.py:3253}}
Jul 16 12:35:17.823841 np0000005237 nova-scheduler[96408]: DEBUG cotyledon.oslo_config_glue [-] oslo_limit.endpoint_service_name = None {{(pid=96408) log_opt_values /opt/stack/data/venv/lib/python3.12/site-packages/oslo_config/cfg.py:3253}}
Jul 16 12:35:17.823841 np0000005237 nova-scheduler[96408]: DEBUG cotyledon.oslo_config_glue [-] oslo_limit.endpoint_service_type = None {{(pid=96408) log_opt_values /opt/stack/data/venv/lib/python3.12/site-packages/oslo_config/cfg.py:3253}}
Jul 16 12:35:17.823841 np0000005237 nova-scheduler[96408]: DEBUG cotyledon.oslo_config_glue [-] oslo_limit.insecure = False {{(pid=96408) log_opt_values /opt/stack/data/venv/lib/python3.12/site-packages/oslo_config/cfg.py:3253}}
Jul 16 12:35:17.823841 np0000005237 nova-scheduler[96408]: DEBUG cotyledon.oslo_config_glue [-] oslo_limit.keyfile = None {{(pid=96408) log_opt_values /opt/stack/data/venv/lib/python3.12/site-packages/oslo_config/cfg.py:3253}}
Jul 16 12:35:17.823841 np0000005237 nova-scheduler[96408]: DEBUG cotyledon.oslo_config_glue [-] oslo_limit.max_version = None {{(pid=96408) log_opt_values /opt/stack/data/venv/lib/python3.12/site-packages/oslo_config/cfg.py:3253}}
Jul 16 12:35:17.823841 np0000005237 nova-scheduler[96408]: DEBUG cotyledon.oslo_config_glue [-] oslo_limit.min_version = None {{(pid=96408) log_opt_values /opt/stack/data/venv/lib/python3.12/site-packages/oslo_config/cfg.py:3253}}
Jul 16 12:35:17.823841 np0000005237 nova-scheduler[96408]: DEBUG cotyledon.oslo_config_glue [-] oslo_limit.region_name = None {{(pid=96408) log_opt_values /opt/stack/data/venv/lib/python3.12/site-packages/oslo_config/cfg.py:3253}}
Jul 16 12:35:17.823841 np0000005237 nova-scheduler[96408]: DEBUG cotyledon.oslo_config_glue [-] oslo_limit.retriable_status_codes = None {{(pid=96408) log_opt_values /opt/stack/data/venv/lib/python3.12/site-packages/oslo_config/cfg.py:3253}}
Jul 16 12:35:17.823841 np0000005237 nova-scheduler[96408]: DEBUG cotyledon.oslo_config_glue [-] oslo_limit.service_name = None {{(pid=96408) log_opt_values /opt/stack/data/venv/lib/python3.12/site-packages/oslo_config/cfg.py:3253}}
Jul 16 12:35:17.824211 np0000005237 nova-scheduler[96408]: DEBUG cotyledon.oslo_config_glue [-] oslo_limit.service_type = None {{(pid=96408) log_opt_values /opt/stack/data/venv/lib/python3.12/site-packages/oslo_config/cfg.py:3253}}
Jul 16 12:35:17.824211 np0000005237 nova-scheduler[96408]: DEBUG cotyledon.oslo_config_glue [-] oslo_limit.split_loggers = False {{(pid=96408) log_opt_values /opt/stack/data/venv/lib/python3.12/site-packages/oslo_config/cfg.py:3253}}
Jul 16 12:35:17.824211 np0000005237 nova-scheduler[96408]: DEBUG cotyledon.oslo_config_glue [-] oslo_limit.status_code_retries = None {{(pid=96408) log_opt_values /opt/stack/data/venv/lib/python3.12/site-packages/oslo_config/cfg.py:3253}}
Jul 16 12:35:17.824211 np0000005237 nova-scheduler[96408]: DEBUG cotyledon.oslo_config_glue [-] oslo_limit.status_code_retry_delay = None {{(pid=96408) log_opt_values /opt/stack/data/venv/lib/python3.12/site-packages/oslo_config/cfg.py:3253}}
Jul 16 12:35:17.824211 np0000005237 nova-scheduler[96408]: DEBUG cotyledon.oslo_config_glue [-] oslo_limit.timeout = None {{(pid=96408) log_opt_values /opt/stack/data/venv/lib/python3.12/site-packages/oslo_config/cfg.py:3253}}
Jul 16 12:35:17.824211 np0000005237 nova-scheduler[96408]: DEBUG cotyledon.oslo_config_glue [-] oslo_limit.valid_interfaces = None {{(pid=96408) log_opt_values /opt/stack/data/venv/lib/python3.12/site-packages/oslo_config/cfg.py:3253}}
Jul 16 12:35:17.824211 np0000005237 nova-scheduler[96408]: DEBUG cotyledon.oslo_config_glue [-] oslo_limit.version = None {{(pid=96408) log_opt_values /opt/stack/data/venv/lib/python3.12/site-packages/oslo_config/cfg.py:3253}}
Jul 16 12:35:17.824211 np0000005237 nova-scheduler[96408]: DEBUG cotyledon.oslo_config_glue [-] oslo_reports.file_event_handler = None {{(pid=96408) log_opt_values /opt/stack/data/venv/lib/python3.12/site-packages/oslo_config/cfg.py:3253}}
Jul 16 12:35:17.824211 np0000005237 nova-scheduler[96408]: DEBUG cotyledon.oslo_config_glue [-] oslo_reports.file_event_handler_interval = 1 {{(pid=96408) log_opt_values /opt/stack/data/venv/lib/python3.12/site-packages/oslo_config/cfg.py:3253}}
Jul 16 12:35:17.824493 np0000005237 nova-scheduler[96408]: DEBUG cotyledon.oslo_config_glue [-] oslo_reports.log_dir = None {{(pid=96408) log_opt_values /opt/stack/data/venv/lib/python3.12/site-packages/oslo_config/cfg.py:3253}}
Jul 16 12:35:17.824493 np0000005237 nova-scheduler[96408]: DEBUG cotyledon.oslo_config_glue [-] ******************************************************************************** {{(pid=96408) log_opt_values /opt/stack/data/venv/lib/python3.12/site-packages/oslo_config/cfg.py:3260}}
Jul 16 12:35:17.824493 np0000005237 nova-scheduler[96408]: DEBUG cotyledon._service_worker [-] Run service ServiceWrapper(2) [96408] {{(pid=96408) wait_forever /opt/stack/data/venv/lib/python3.12/site-packages/cotyledon/_service_worker.py:218}}
Jul 16 12:35:17.824493 np0000005237 nova-scheduler[96408]: INFO nova.service [-] Starting scheduler node (version 33.1.0)
Jul 16 12:35:17.824621 np0000005237 nova-scheduler[96404]: DEBUG oslo_db.sqlalchemy.engines [None req-74279fc7-d16f-4d8c-ac3a-861b8170368c None None] MySQL server mode set to STRICT_TRANS_TABLES,STRICT_ALL_TABLES,NO_ZERO_IN_DATE,NO_ZERO_DATE,ERROR_FOR_DIVISION_BY_ZERO,TRADITIONAL,NO_ENGINE_SUBSTITUTION {{(pid=96404) _check_effective_sql_mode /opt/stack/data/venv/lib/python3.12/site-packages/oslo_db/sqlalchemy/engines.py:325}}
Jul 16 12:35:17.824675 np0000005237 nova-scheduler[96408]: INFO dbcounter [None req-c9ebd92f-f365-403f-92f2-2943caaed7df None None] Registered counter for database nova_cell0
Jul 16 12:35:17.824853 np0000005237 nova-scheduler[96406]: DEBUG oslo_db.sqlalchemy.engines [None req-8920563d-9b70-4980-aba3-752a96ebf721 None None] MySQL server mode set to STRICT_TRANS_TABLES,STRICT_ALL_TABLES,NO_ZERO_IN_DATE,NO_ZERO_DATE,ERROR_FOR_DIVISION_BY_ZERO,TRADITIONAL,NO_ENGINE_SUBSTITUTION {{(pid=96406) _check_effective_sql_mode /opt/stack/data/venv/lib/python3.12/site-packages/oslo_db/sqlalchemy/engines.py:325}}
Jul 16 12:35:17.824918 np0000005237 nova-scheduler[96404]: DEBUG dbcounter [-] [96404] Writer thread running {{(pid=96404) stat_writer /opt/stack/data/venv/lib/python3.12/site-packages/dbcounter.py:102}}
Jul 16 12:35:17.825235 np0000005237 nova-scheduler[96406]: DEBUG dbcounter [-] [96406] Writer thread running {{(pid=96406) stat_writer /opt/stack/data/venv/lib/python3.12/site-packages/dbcounter.py:102}}
Jul 16 12:35:17.843574 np0000005237 nova-scheduler[96404]: DEBUG nova.service [None req-74279fc7-d16f-4d8c-ac3a-861b8170368c None None] Creating RPC server for service: nova-scheduler on topic: scheduler {{(pid=96404) start /opt/stack/nova/nova/service.py:196}}
Jul 16 12:35:17.848034 np0000005237 nova-scheduler[96406]: DEBUG nova.service [None req-8920563d-9b70-4980-aba3-752a96ebf721 None None] Creating RPC server for service: nova-scheduler on topic: scheduler {{(pid=96406) start /opt/stack/nova/nova/service.py:196}}
Jul 16 12:35:17.851220 np0000005237 nova-scheduler[96412]: DEBUG oslo_db.sqlalchemy.engines [None req-19e9ff09-28d5-48ec-957a-1475ecdfca34 None None] MySQL server mode set to STRICT_TRANS_TABLES,STRICT_ALL_TABLES,NO_ZERO_IN_DATE,NO_ZERO_DATE,ERROR_FOR_DIVISION_BY_ZERO,TRADITIONAL,NO_ENGINE_SUBSTITUTION {{(pid=96412) _check_effective_sql_mode /opt/stack/data/venv/lib/python3.12/site-packages/oslo_db/sqlalchemy/engines.py:325}}
Jul 16 12:35:17.854405 np0000005237 nova-scheduler[96408]: DEBUG oslo_db.sqlalchemy.engines [None req-c9ebd92f-f365-403f-92f2-2943caaed7df None None] MySQL server mode set to STRICT_TRANS_TABLES,STRICT_ALL_TABLES,NO_ZERO_IN_DATE,NO_ZERO_DATE,ERROR_FOR_DIVISION_BY_ZERO,TRADITIONAL,NO_ENGINE_SUBSTITUTION {{(pid=96408) _check_effective_sql_mode /opt/stack/data/venv/lib/python3.12/site-packages/oslo_db/sqlalchemy/engines.py:325}}
Jul 16 12:35:17.864052 np0000005237 nova-scheduler[96412]: DEBUG dbcounter [-] [96412] Writer thread running {{(pid=96412) stat_writer /opt/stack/data/venv/lib/python3.12/site-packages/dbcounter.py:102}}
Jul 16 12:35:17.864617 np0000005237 nova-scheduler[96408]: DEBUG dbcounter [-] [96408] Writer thread running {{(pid=96408) stat_writer /opt/stack/data/venv/lib/python3.12/site-packages/dbcounter.py:102}}
Jul 16 12:35:17.867129 np0000005237 nova-scheduler[96404]: DEBUG nova.service [None req-74279fc7-d16f-4d8c-ac3a-861b8170368c None None] Join ServiceGroup membership for this service scheduler {{(pid=96404) start /opt/stack/nova/nova/service.py:222}}
Jul 16 12:35:17.867507 np0000005237 nova-scheduler[96404]: DEBUG nova.servicegroup.drivers.db [None req-74279fc7-d16f-4d8c-ac3a-861b8170368c None None] DB_Driver: join new ServiceGroup member np0000005237 to the scheduler group, service = {{(pid=96404) join /opt/stack/nova/nova/servicegroup/drivers/db.py:44}}
Jul 16 12:35:17.867767 np0000005237 nova-scheduler[96408]: DEBUG nova.service [None req-c9ebd92f-f365-403f-92f2-2943caaed7df None None] Creating RPC server for service: nova-scheduler on topic: scheduler {{(pid=96408) start /opt/stack/nova/nova/service.py:196}}
Jul 16 12:35:17.868645 np0000005237 nova-scheduler[96412]: DEBUG nova.service [None req-19e9ff09-28d5-48ec-957a-1475ecdfca34 None None] Creating RPC server for service: nova-scheduler on topic: scheduler {{(pid=96412) start /opt/stack/nova/nova/service.py:196}}
Jul 16 12:35:17.868910 np0000005237 nova-scheduler[96406]: DEBUG nova.service [None req-8920563d-9b70-4980-aba3-752a96ebf721 None None] Join ServiceGroup membership for this service scheduler {{(pid=96406) start /opt/stack/nova/nova/service.py:222}}
Jul 16 12:35:17.869116 np0000005237 nova-scheduler[96406]: DEBUG nova.servicegroup.drivers.db [None req-8920563d-9b70-4980-aba3-752a96ebf721 None None] DB_Driver: join new ServiceGroup member np0000005237 to the scheduler group, service = {{(pid=96406) join /opt/stack/nova/nova/servicegroup/drivers/db.py:44}}
Jul 16 12:35:17.884937 np0000005237 nova-scheduler[96408]: DEBUG nova.service [None req-c9ebd92f-f365-403f-92f2-2943caaed7df None None] Join ServiceGroup membership for this service scheduler {{(pid=96408) start /opt/stack/nova/nova/service.py:222}}
Jul 16 12:35:17.885181 np0000005237 nova-scheduler[96408]: DEBUG nova.servicegroup.drivers.db [None req-c9ebd92f-f365-403f-92f2-2943caaed7df None None] DB_Driver: join new ServiceGroup member np0000005237 to the scheduler group, service = {{(pid=96408) join /opt/stack/nova/nova/servicegroup/drivers/db.py:44}}
Jul 16 12:35:17.886035 np0000005237 nova-scheduler[96412]: DEBUG nova.service [None req-19e9ff09-28d5-48ec-957a-1475ecdfca34 None None] Join ServiceGroup membership for this service scheduler {{(pid=96412) start /opt/stack/nova/nova/service.py:222}}
Jul 16 12:35:17.886336 np0000005237 nova-scheduler[96412]: DEBUG nova.servicegroup.drivers.db [None req-19e9ff09-28d5-48ec-957a-1475ecdfca34 None None] DB_Driver: join new ServiceGroup member np0000005237 to the scheduler group, service = {{(pid=96412) join /opt/stack/nova/nova/servicegroup/drivers/db.py:44}}
Jul 16 12:35:18.870006 np0000005237 nova-scheduler[96404]: DEBUG oslo.service.backend._threading.loopingcall [None req-245b3efb-37ff-4238-abc1-a997e541e346 None None] Dynamic interval looping call 'nova.service.Service.periodic_tasks' sleeping for 60.00 seconds {{(pid=96404) _run_loop /opt/stack/data/venv/lib/python3.12/site-packages/oslo_service/backend/_threading/loopingcall.py:125}}
Jul 16 12:35:21.887727 np0000005237 nova-scheduler[96408]: DEBUG oslo.service.backend._threading.loopingcall [None req-d961eb38-36f7-46fa-a95c-cb4568be73e7 None None] Dynamic interval looping call 'nova.service.Service.periodic_tasks' sleeping for 60.00 seconds {{(pid=96408) _run_loop /opt/stack/data/venv/lib/python3.12/site-packages/oslo_service/backend/_threading/loopingcall.py:125}}
Jul 16 12:35:22.883512 np0000005237 nova-scheduler[96406]: DEBUG oslo.service.backend._threading.loopingcall [-] Fixed interval looping call 'nova.servicegroup.drivers.db.DbDriver._report_state' sleeping for 119.99 seconds {{(pid=96406) _run_loop /opt/stack/data/venv/lib/python3.12/site-packages/oslo_service/backend/_threading/loopingcall.py:125}}
Jul 16 12:35:22.884456 np0000005237 nova-scheduler[96404]: DEBUG oslo.service.backend._threading.loopingcall [-] Fixed interval looping call 'nova.servicegroup.drivers.db.DbDriver._report_state' sleeping for 119.98 seconds {{(pid=96404) _run_loop /opt/stack/data/venv/lib/python3.12/site-packages/oslo_service/backend/_threading/loopingcall.py:125}}
Jul 16 12:35:22.896144 np0000005237 nova-scheduler[96412]: DEBUG oslo.service.backend._threading.loopingcall [-] Fixed interval looping call 'nova.servicegroup.drivers.db.DbDriver._report_state' sleeping for 119.99 seconds {{(pid=96412) _run_loop /opt/stack/data/venv/lib/python3.12/site-packages/oslo_service/backend/_threading/loopingcall.py:125}}
Jul 16 12:35:22.897761 np0000005237 nova-scheduler[96408]: DEBUG oslo.service.backend._threading.loopingcall [-] Fixed interval looping call 'nova.servicegroup.drivers.db.DbDriver._report_state' sleeping for 119.99 seconds {{(pid=96408) _run_loop /opt/stack/data/venv/lib/python3.12/site-packages/oslo_service/backend/_threading/loopingcall.py:125}}
Jul 16 12:35:26.416148 np0000005237 nova-scheduler[95202]: DEBUG dbcounter [-] [95202] Writing DB stats nova_api:SELECT=3 {{(pid=95202) stat_writer /opt/stack/data/venv/lib/python3.12/site-packages/dbcounter.py:115}}
Jul 16 12:35:26.543067 np0000005237 nova-scheduler[95202]: DEBUG dbcounter [-] [95202] Writing DB stats nova_cell1:SELECT=1 {{(pid=95202) stat_writer /opt/stack/data/venv/lib/python3.12/site-packages/dbcounter.py:115}}
Jul 16 12:35:26.547815 np0000005237 nova-scheduler[95202]: DEBUG dbcounter [-] [95202] Writing DB stats nova_cell0:SELECT=1 {{(pid=95202) stat_writer /opt/stack/data/venv/lib/python3.12/site-packages/dbcounter.py:115}}
Jul 16 12:35:26.888268 np0000005237 nova-scheduler[96412]: DEBUG oslo.service.backend._threading.loopingcall [None req-f9fb1695-6c87-4c73-a95e-45395458561d None None] Dynamic interval looping call 'nova.service.Service.periodic_tasks' sleeping for 60.00 seconds {{(pid=96412) _run_loop /opt/stack/data/venv/lib/python3.12/site-packages/oslo_service/backend/_threading/loopingcall.py:125}}
Jul 16 12:35:32.877262 np0000005237 nova-scheduler[96404]: DEBUG dbcounter [-] [96404] Writing DB stats nova_cell0:SELECT=4,nova_cell0:INSERT=1,nova_cell0:UPDATE=1 {{(pid=96404) stat_writer /opt/stack/data/venv/lib/python3.12/site-packages/dbcounter.py:115}}
Jul 16 12:35:32.879966 np0000005237 nova-scheduler[96406]: DEBUG dbcounter [-] [96406] Writing DB stats nova_cell0:SELECT=5,nova_cell0:INSERT=1,nova_cell0:UPDATE=1 {{(pid=96406) stat_writer /opt/stack/data/venv/lib/python3.12/site-packages/dbcounter.py:115}}
Jul 16 12:35:32.894224 np0000005237 nova-scheduler[96408]: DEBUG dbcounter [-] [96408] Writing DB stats nova_cell0:SELECT=3 {{(pid=96408) stat_writer /opt/stack/data/venv/lib/python3.12/site-packages/dbcounter.py:115}}
Jul 16 12:35:32.895608 np0000005237 nova-scheduler[96412]: DEBUG dbcounter [-] [96412] Writing DB stats nova_cell0:SELECT=3 {{(pid=96412) stat_writer /opt/stack/data/venv/lib/python3.12/site-packages/dbcounter.py:115}}
Jul 16 12:36:17.870661 np0000005237 nova-scheduler[96406]: DEBUG oslo.service.backend._threading.loopingcall [None req-a8294716-dd8d-43c6-9b4e-aeab706840b4 None None] Dynamic interval looping call 'nova.service.Service.periodic_tasks' sleeping for 60.00 seconds {{(pid=96406) _run_loop /opt/stack/data/venv/lib/python3.12/site-packages/oslo_service/backend/_threading/loopingcall.py:125}}
Jul 16 12:36:18.870595 np0000005237 nova-scheduler[96404]: DEBUG oslo.service.backend._threading.loopingcall [None req-245b3efb-37ff-4238-abc1-a997e541e346 None None] Dynamic interval looping call 'nova.service.Service.periodic_tasks' sleeping for 60.00 seconds {{(pid=96404) _run_loop /opt/stack/data/venv/lib/python3.12/site-packages/oslo_service/backend/_threading/loopingcall.py:125}}
Jul 16 12:36:21.888536 np0000005237 nova-scheduler[96408]: DEBUG oslo.service.backend._threading.loopingcall [None req-d961eb38-36f7-46fa-a95c-cb4568be73e7 None None] Dynamic interval looping call 'nova.service.Service.periodic_tasks' sleeping for 60.00 seconds {{(pid=96408) _run_loop /opt/stack/data/venv/lib/python3.12/site-packages/oslo_service/backend/_threading/loopingcall.py:125}}
Jul 16 12:36:26.888861 np0000005237 nova-scheduler[96412]: DEBUG oslo.service.backend._threading.loopingcall [None req-f9fb1695-6c87-4c73-a95e-45395458561d None None] Dynamic interval looping call 'nova.service.Service.periodic_tasks' sleeping for 60.00 seconds {{(pid=96412) _run_loop /opt/stack/data/venv/lib/python3.12/site-packages/oslo_service/backend/_threading/loopingcall.py:125}}
Jul 16 12:37:17.871366 np0000005237 nova-scheduler[96406]: DEBUG oslo.service.backend._threading.loopingcall [None req-a8294716-dd8d-43c6-9b4e-aeab706840b4 None None] Dynamic interval looping call 'nova.service.Service.periodic_tasks' sleeping for 60.00 seconds {{(pid=96406) _run_loop /opt/stack/data/venv/lib/python3.12/site-packages/oslo_service/backend/_threading/loopingcall.py:125}}
Jul 16 12:37:18.871287 np0000005237 nova-scheduler[96404]: DEBUG oslo.service.backend._threading.loopingcall [None req-245b3efb-37ff-4238-abc1-a997e541e346 None None] Dynamic interval looping call 'nova.service.Service.periodic_tasks' sleeping for 60.00 seconds {{(pid=96404) _run_loop /opt/stack/data/venv/lib/python3.12/site-packages/oslo_service/backend/_threading/loopingcall.py:125}}
Jul 16 12:37:21.889114 np0000005237 nova-scheduler[96408]: DEBUG oslo.service.backend._threading.loopingcall [None req-d961eb38-36f7-46fa-a95c-cb4568be73e7 None None] Dynamic interval looping call 'nova.service.Service.periodic_tasks' sleeping for 60.00 seconds {{(pid=96408) _run_loop /opt/stack/data/venv/lib/python3.12/site-packages/oslo_service/backend/_threading/loopingcall.py:125}}
Jul 16 12:37:22.874902 np0000005237 nova-scheduler[96404]: DEBUG oslo.service.backend._threading.loopingcall [-] Fixed interval looping call 'nova.servicegroup.drivers.db.DbDriver._report_state' sleeping for 119.99 seconds {{(pid=96404) _run_loop /opt/stack/data/venv/lib/python3.12/site-packages/oslo_service/backend/_threading/loopingcall.py:125}}
Jul 16 12:37:22.877907 np0000005237 nova-scheduler[96406]: DEBUG oslo.service.backend._threading.loopingcall [-] Fixed interval looping call 'nova.servicegroup.drivers.db.DbDriver._report_state' sleeping for 120.00 seconds {{(pid=96406) _run_loop /opt/stack/data/venv/lib/python3.12/site-packages/oslo_service/backend/_threading/loopingcall.py:125}}
Jul 16 12:37:22.890381 np0000005237 nova-scheduler[96412]: DEBUG oslo.service.backend._threading.loopingcall [-] Fixed interval looping call 'nova.servicegroup.drivers.db.DbDriver._report_state' sleeping for 120.00 seconds {{(pid=96412) _run_loop /opt/stack/data/venv/lib/python3.12/site-packages/oslo_service/backend/_threading/loopingcall.py:125}}
Jul 16 12:37:22.893097 np0000005237 nova-scheduler[96408]: DEBUG oslo.service.backend._threading.loopingcall [-] Fixed interval looping call 'nova.servicegroup.drivers.db.DbDriver._report_state' sleeping for 120.00 seconds {{(pid=96408) _run_loop /opt/stack/data/venv/lib/python3.12/site-packages/oslo_service/backend/_threading/loopingcall.py:125}}
Jul 16 12:37:26.889474 np0000005237 nova-scheduler[96412]: DEBUG oslo.service.backend._threading.loopingcall [None req-f9fb1695-6c87-4c73-a95e-45395458561d None None] Dynamic interval looping call 'nova.service.Service.periodic_tasks' sleeping for 60.00 seconds {{(pid=96412) _run_loop /opt/stack/data/venv/lib/python3.12/site-packages/oslo_service/backend/_threading/loopingcall.py:125}}
Jul 16 12:37:32.868226 np0000005237 nova-scheduler[96404]: DEBUG dbcounter [-] [96404] Writing DB stats nova_cell0:SELECT=1,nova_cell0:UPDATE=1 {{(pid=96404) stat_writer /opt/stack/data/venv/lib/python3.12/site-packages/dbcounter.py:115}}
Jul 16 12:37:32.876144 np0000005237 nova-scheduler[96406]: DEBUG dbcounter [-] [96406] Writing DB stats nova_cell0:SELECT=1 {{(pid=96406) stat_writer /opt/stack/data/venv/lib/python3.12/site-packages/dbcounter.py:115}}
Jul 16 12:37:32.888531 np0000005237 nova-scheduler[96412]: DEBUG dbcounter [-] [96412] Writing DB stats nova_cell0:SELECT=1 {{(pid=96412) stat_writer /opt/stack/data/venv/lib/python3.12/site-packages/dbcounter.py:115}}
Jul 16 12:37:32.890887 np0000005237 nova-scheduler[96408]: DEBUG dbcounter [-] [96408] Writing DB stats nova_cell0:SELECT=1 {{(pid=96408) stat_writer /opt/stack/data/venv/lib/python3.12/site-packages/dbcounter.py:115}}
Jul 16 12:37:57.642102 np0000005237 nova-scheduler[96404]: DEBUG nova.scheduler.manager [None req-dd59604c-8c23-4c6d-9563-edd8638520b0 tempest-ServersNegativeTestJSON-617792578 tempest-ServersNegativeTestJSON-617792578-project-member] Starting to schedule for instances: ['3e3ebefe-53c1-4b3a-9945-5d37a9d3f21a'] {{(pid=96404) select_destinations /opt/stack/nova/nova/scheduler/manager.py:209}}
Jul 16 12:37:57.643320 np0000005237 nova-scheduler[96404]: DEBUG nova.scheduler.request_filter [None req-dd59604c-8c23-4c6d-9563-edd8638520b0 tempest-ServersNegativeTestJSON-617792578 tempest-ServersNegativeTestJSON-617792578-project-member] compute_status_filter request filter added forbidden trait COMPUTE_STATUS_DISABLED {{(pid=96404) compute_status_filter /opt/stack/nova/nova/scheduler/request_filter.py:253}}
Jul 16 12:37:57.643581 np0000005237 nova-scheduler[96404]: DEBUG nova.scheduler.request_filter [None req-dd59604c-8c23-4c6d-9563-edd8638520b0 tempest-ServersNegativeTestJSON-617792578 tempest-ServersNegativeTestJSON-617792578-project-member] Request filter 'compute_status_filter' took 0.0 seconds {{(pid=96404) wrapper /opt/stack/nova/nova/scheduler/request_filter.py:46}}
Jul 16 12:37:57.643805 np0000005237 nova-scheduler[96404]: DEBUG nova.scheduler.request_filter [None req-dd59604c-8c23-4c6d-9563-edd8638520b0 tempest-ServersNegativeTestJSON-617792578 tempest-ServersNegativeTestJSON-617792578-project-member] Request filter 'accelerators_filter' took 0.0 seconds {{(pid=96404) wrapper /opt/stack/nova/nova/scheduler/request_filter.py:46}}
Jul 16 12:37:57.644040 np0000005237 nova-scheduler[96404]: DEBUG nova.scheduler.request_filter [None req-dd59604c-8c23-4c6d-9563-edd8638520b0 tempest-ServersNegativeTestJSON-617792578 tempest-ServersNegativeTestJSON-617792578-project-member] Request filter 'packed_virtqueue_filter' took 0.0 seconds {{(pid=96404) wrapper /opt/stack/nova/nova/scheduler/request_filter.py:46}}
Jul 16 12:37:57.644404 np0000005237 nova-scheduler[96404]: DEBUG nova.scheduler.request_filter [None req-dd59604c-8c23-4c6d-9563-edd8638520b0 tempest-ServersNegativeTestJSON-617792578 tempest-ServersNegativeTestJSON-617792578-project-member] Request filter 'remote_managed_ports_filter' took 0.0 seconds {{(pid=96404) wrapper /opt/stack/nova/nova/scheduler/request_filter.py:46}}
Jul 16 12:37:57.644619 np0000005237 nova-scheduler[96404]: DEBUG nova.scheduler.request_filter [None req-dd59604c-8c23-4c6d-9563-edd8638520b0 tempest-ServersNegativeTestJSON-617792578 tempest-ServersNegativeTestJSON-617792578-project-member] ephemeral_encryption_filter skipped {{(pid=96404) ephemeral_encryption_filter /opt/stack/nova/nova/scheduler/request_filter.py:426}}
Jul 16 12:37:57.644851 np0000005237 nova-scheduler[96404]: DEBUG nova.scheduler.request_filter [None req-dd59604c-8c23-4c6d-9563-edd8638520b0 tempest-ServersNegativeTestJSON-617792578 tempest-ServersNegativeTestJSON-617792578-project-member] virtio_sound_filter skipped {{(pid=96404) virtio_sound_filter /opt/stack/nova/nova/scheduler/request_filter.py:460}}
Jul 16 12:37:57.645840 np0000005237 nova-scheduler[96404]: DEBUG nova.scheduler.request_filter [None req-dd59604c-8c23-4c6d-9563-edd8638520b0 tempest-ServersNegativeTestJSON-617792578 tempest-ServersNegativeTestJSON-617792578-project-member] tpm_secret_security_filter skipped {{(pid=96404) tpm_secret_security_filter /opt/stack/nova/nova/scheduler/request_filter.py:477}}
Jul 16 12:37:58.527728 np0000005237 nova-scheduler[96404]: INFO nova.utils [None req-dd59604c-8c23-4c6d-9563-edd8638520b0 tempest-ServersNegativeTestJSON-617792578 tempest-ServersNegativeTestJSON-617792578-project-member] The cell worker thread pool ForkProcess-1.cell_worker is initialized
Jul 16 12:37:58.527728 np0000005237 nova-scheduler[96404]: DEBUG oslo_concurrency.lockutils [None req-dd59604c-8c23-4c6d-9563-edd8638520b0 tempest-ServersNegativeTestJSON-617792578 tempest-ServersNegativeTestJSON-617792578-project-member] Acquiring lock "94623edb-59d5-427e-8060-daf6a5fc8c0b" by "nova.context.set_target_cell..get_or_set_cached_cell_and_set_connections" {{(pid=96404) inner /opt/stack/data/venv/lib/python3.12/site-packages/oslo_concurrency/lockutils.py:512}}
Jul 16 12:37:58.527728 np0000005237 nova-scheduler[96404]: DEBUG oslo_concurrency.lockutils [None req-dd59604c-8c23-4c6d-9563-edd8638520b0 tempest-ServersNegativeTestJSON-617792578 tempest-ServersNegativeTestJSON-617792578-project-member] Lock "94623edb-59d5-427e-8060-daf6a5fc8c0b" acquired by "nova.context.set_target_cell..get_or_set_cached_cell_and_set_connections" :: waited 0.000s {{(pid=96404) inner /opt/stack/data/venv/lib/python3.12/site-packages/oslo_concurrency/lockutils.py:525}}
Jul 16 12:37:58.529075 np0000005237 nova-scheduler[96404]: DEBUG oslo_concurrency.lockutils [None req-dd59604c-8c23-4c6d-9563-edd8638520b0 tempest-ServersNegativeTestJSON-617792578 tempest-ServersNegativeTestJSON-617792578-project-member] Lock "94623edb-59d5-427e-8060-daf6a5fc8c0b" "released" by "nova.context.set_target_cell..get_or_set_cached_cell_and_set_connections" :: held 0.001s {{(pid=96404) inner /opt/stack/data/venv/lib/python3.12/site-packages/oslo_concurrency/lockutils.py:544}}
Jul 16 12:37:58.531023 np0000005237 nova-scheduler[96404]: INFO dbcounter [None req-dd59604c-8c23-4c6d-9563-edd8638520b0 tempest-ServersNegativeTestJSON-617792578 tempest-ServersNegativeTestJSON-617792578-project-member] Registered counter for database nova_cell1
