Jun 26 17:08:55.174787 np0000003770 nova-scheduler[96435]: DEBUG cotyledon.oslo_config_glue [-] profiler.filter_error_trace = False {{(pid=96435) log_opt_values /opt/stack/data/venv/lib/python3.12/site-packages/oslo_config/cfg.py:3253}}
Jun 26 17:08:55.174787 np0000003770 nova-scheduler[96435]: DEBUG cotyledon.oslo_config_glue [-] profiler.hmac_keys = **** {{(pid=96435) log_opt_values /opt/stack/data/venv/lib/python3.12/site-packages/oslo_config/cfg.py:3253}}
Jun 26 17:08:55.174787 np0000003770 nova-scheduler[96435]: DEBUG cotyledon.oslo_config_glue [-] profiler.sentinel_service_name = mymaster {{(pid=96435) log_opt_values /opt/stack/data/venv/lib/python3.12/site-packages/oslo_config/cfg.py:3253}}
Jun 26 17:08:55.174787 np0000003770 nova-scheduler[96435]: DEBUG cotyledon.oslo_config_glue [-] profiler.socket_timeout = 0.1 {{(pid=96435) log_opt_values /opt/stack/data/venv/lib/python3.12/site-packages/oslo_config/cfg.py:3253}}
Jun 26 17:08:55.174957 np0000003770 nova-scheduler[96435]: DEBUG cotyledon.oslo_config_glue [-] profiler.trace_requests = False {{(pid=96435) log_opt_values /opt/stack/data/venv/lib/python3.12/site-packages/oslo_config/cfg.py:3253}}
Jun 26 17:08:55.174957 np0000003770 nova-scheduler[96435]: DEBUG cotyledon.oslo_config_glue [-] profiler.trace_sqlalchemy = False {{(pid=96435) log_opt_values /opt/stack/data/venv/lib/python3.12/site-packages/oslo_config/cfg.py:3253}}
Jun 26 17:08:55.174957 np0000003770 nova-scheduler[96435]: DEBUG cotyledon.oslo_config_glue [-] profiler_jaeger.process_tags = {} {{(pid=96435) log_opt_values /opt/stack/data/venv/lib/python3.12/site-packages/oslo_config/cfg.py:3253}}
Jun 26 17:08:55.174957 np0000003770 nova-scheduler[96435]: DEBUG cotyledon.oslo_config_glue [-] profiler_jaeger.service_name_prefix = None {{(pid=96435) log_opt_values /opt/stack/data/venv/lib/python3.12/site-packages/oslo_config/cfg.py:3253}}
Jun 26 17:08:55.174957 np0000003770 nova-scheduler[96435]: DEBUG cotyledon.oslo_config_glue [-] profiler_otlp.service_name_prefix = None {{(pid=96435) log_opt_values /opt/stack/data/venv/lib/python3.12/site-packages/oslo_config/cfg.py:3253}}
Jun 26 17:08:55.174957 np0000003770 nova-scheduler[96435]: DEBUG cotyledon.oslo_config_glue [-] oslo_messaging_rabbit.amqp_auto_delete = False {{(pid=96435) log_opt_values /opt/stack/data/venv/lib/python3.12/site-packages/oslo_config/cfg.py:3253}}
Jun 26 17:08:55.174957 np0000003770 nova-scheduler[96435]: DEBUG cotyledon.oslo_config_glue [-] oslo_messaging_rabbit.amqp_durable_queues = False {{(pid=96435) log_opt_values /opt/stack/data/venv/lib/python3.12/site-packages/oslo_config/cfg.py:3253}}
Jun 26 17:08:55.174957 np0000003770 nova-scheduler[96435]: DEBUG cotyledon.oslo_config_glue [-] oslo_messaging_rabbit.conn_pool_min_size = 2 {{(pid=96435) log_opt_values /opt/stack/data/venv/lib/python3.12/site-packages/oslo_config/cfg.py:3253}}
Jun 26 17:08:55.174957 np0000003770 nova-scheduler[96435]: DEBUG cotyledon.oslo_config_glue [-] oslo_messaging_rabbit.conn_pool_ttl = 1200 {{(pid=96435) log_opt_values /opt/stack/data/venv/lib/python3.12/site-packages/oslo_config/cfg.py:3253}}
Jun 26 17:08:55.175445 np0000003770 nova-scheduler[96435]: DEBUG cotyledon.oslo_config_glue [-] oslo_messaging_rabbit.direct_mandatory_flag = True {{(pid=96435) log_opt_values /opt/stack/data/venv/lib/python3.12/site-packages/oslo_config/cfg.py:3253}}
Jun 26 17:08:55.175445 np0000003770 nova-scheduler[96435]: DEBUG cotyledon.oslo_config_glue [-] oslo_messaging_rabbit.enable_cancel_on_failover = False {{(pid=96435) log_opt_values /opt/stack/data/venv/lib/python3.12/site-packages/oslo_config/cfg.py:3253}}
Jun 26 17:08:55.175445 np0000003770 nova-scheduler[96435]: DEBUG cotyledon.oslo_config_glue [-] oslo_messaging_rabbit.heartbeat_rate = 3 {{(pid=96435) log_opt_values /opt/stack/data/venv/lib/python3.12/site-packages/oslo_config/cfg.py:3253}}
Jun 26 17:08:55.175445 np0000003770 nova-scheduler[96435]: DEBUG cotyledon.oslo_config_glue [-] oslo_messaging_rabbit.heartbeat_timeout_threshold = 60 {{(pid=96435) log_opt_values /opt/stack/data/venv/lib/python3.12/site-packages/oslo_config/cfg.py:3253}}
Jun 26 17:08:55.175445 np0000003770 nova-scheduler[96435]: DEBUG cotyledon.oslo_config_glue [-] oslo_messaging_rabbit.hostname = np0000003770 {{(pid=96435) log_opt_values /opt/stack/data/venv/lib/python3.12/site-packages/oslo_config/cfg.py:3253}}
Jun 26 17:08:55.175445 np0000003770 nova-scheduler[96435]: DEBUG cotyledon.oslo_config_glue [-] oslo_messaging_rabbit.kombu_compression = None {{(pid=96435) log_opt_values /opt/stack/data/venv/lib/python3.12/site-packages/oslo_config/cfg.py:3253}}
Jun 26 17:08:55.175445 np0000003770 nova-scheduler[96435]: DEBUG cotyledon.oslo_config_glue [-] oslo_messaging_rabbit.kombu_failover_strategy = round-robin {{(pid=96435) log_opt_values /opt/stack/data/venv/lib/python3.12/site-packages/oslo_config/cfg.py:3253}}
Jun 26 17:08:55.175445 np0000003770 nova-scheduler[96435]: DEBUG cotyledon.oslo_config_glue [-] oslo_messaging_rabbit.kombu_missing_consumer_retry_timeout = 60 {{(pid=96435) log_opt_values /opt/stack/data/venv/lib/python3.12/site-packages/oslo_config/cfg.py:3253}}
Jun 26 17:08:55.175445 np0000003770 nova-scheduler[96435]: DEBUG cotyledon.oslo_config_glue [-] oslo_messaging_rabbit.kombu_reconnect_delay = 1.0 {{(pid=96435) log_opt_values /opt/stack/data/venv/lib/python3.12/site-packages/oslo_config/cfg.py:3253}}
Jun 26 17:08:55.175685 np0000003770 nova-scheduler[96435]: DEBUG cotyledon.oslo_config_glue [-] oslo_messaging_rabbit.kombu_reconnect_splay = 0.0 {{(pid=96435) log_opt_values /opt/stack/data/venv/lib/python3.12/site-packages/oslo_config/cfg.py:3253}}
Jun 26 17:08:55.175685 np0000003770 nova-scheduler[96435]: DEBUG cotyledon.oslo_config_glue [-] oslo_messaging_rabbit.processname = nova-scheduler {{(pid=96435) log_opt_values /opt/stack/data/venv/lib/python3.12/site-packages/oslo_config/cfg.py:3253}}
Jun 26 17:08:55.175685 np0000003770 nova-scheduler[96435]: DEBUG cotyledon.oslo_config_glue [-] oslo_messaging_rabbit.rabbit_ha_queues = False {{(pid=96435) log_opt_values /opt/stack/data/venv/lib/python3.12/site-packages/oslo_config/cfg.py:3253}}
Jun 26 17:08:55.175685 np0000003770 nova-scheduler[96435]: DEBUG cotyledon.oslo_config_glue [-] oslo_messaging_rabbit.rabbit_interval_max = 30 {{(pid=96435) log_opt_values /opt/stack/data/venv/lib/python3.12/site-packages/oslo_config/cfg.py:3253}}
Jun 26 17:08:55.175685 np0000003770 nova-scheduler[96435]: DEBUG cotyledon.oslo_config_glue [-] oslo_messaging_rabbit.rabbit_login_method = AMQPLAIN {{(pid=96435) log_opt_values /opt/stack/data/venv/lib/python3.12/site-packages/oslo_config/cfg.py:3253}}
Jun 26 17:08:55.175685 np0000003770 nova-scheduler[96435]: DEBUG cotyledon.oslo_config_glue [-] oslo_messaging_rabbit.rabbit_qos_prefetch_count = 0 {{(pid=96435) log_opt_values /opt/stack/data/venv/lib/python3.12/site-packages/oslo_config/cfg.py:3253}}
Jun 26 17:08:55.175685 np0000003770 nova-scheduler[96435]: DEBUG cotyledon.oslo_config_glue [-] oslo_messaging_rabbit.rabbit_quorum_delivery_limit = 0 {{(pid=96435) log_opt_values /opt/stack/data/venv/lib/python3.12/site-packages/oslo_config/cfg.py:3253}}
Jun 26 17:08:55.175685 np0000003770 nova-scheduler[96435]: DEBUG cotyledon.oslo_config_glue [-] oslo_messaging_rabbit.rabbit_quorum_max_memory_bytes = 0 {{(pid=96435) log_opt_values /opt/stack/data/venv/lib/python3.12/site-packages/oslo_config/cfg.py:3253}}
Jun 26 17:08:55.175685 np0000003770 nova-scheduler[96435]: DEBUG cotyledon.oslo_config_glue [-] oslo_messaging_rabbit.rabbit_quorum_max_memory_length = 0 {{(pid=96435) log_opt_values /opt/stack/data/venv/lib/python3.12/site-packages/oslo_config/cfg.py:3253}}
Jun 26 17:08:55.175958 np0000003770 nova-scheduler[96435]: DEBUG cotyledon.oslo_config_glue [-] oslo_messaging_rabbit.rabbit_quorum_queue = False {{(pid=96435) log_opt_values /opt/stack/data/venv/lib/python3.12/site-packages/oslo_config/cfg.py:3253}}
Jun 26 17:08:55.175958 np0000003770 nova-scheduler[96435]: DEBUG cotyledon.oslo_config_glue [-] oslo_messaging_rabbit.rabbit_retry_backoff = 2 {{(pid=96435) log_opt_values /opt/stack/data/venv/lib/python3.12/site-packages/oslo_config/cfg.py:3253}}
Jun 26 17:08:55.175958 np0000003770 nova-scheduler[96435]: DEBUG cotyledon.oslo_config_glue [-] oslo_messaging_rabbit.rabbit_retry_interval = 1 {{(pid=96435) log_opt_values /opt/stack/data/venv/lib/python3.12/site-packages/oslo_config/cfg.py:3253}}
Jun 26 17:08:55.175958 np0000003770 nova-scheduler[96435]: DEBUG cotyledon.oslo_config_glue [-] oslo_messaging_rabbit.rabbit_stream_fanout = False {{(pid=96435) log_opt_values /opt/stack/data/venv/lib/python3.12/site-packages/oslo_config/cfg.py:3253}}
Jun 26 17:08:55.175958 np0000003770 nova-scheduler[96435]: DEBUG cotyledon.oslo_config_glue [-] oslo_messaging_rabbit.rabbit_transient_queues_ttl = 1800 {{(pid=96435) log_opt_values /opt/stack/data/venv/lib/python3.12/site-packages/oslo_config/cfg.py:3253}}
Jun 26 17:08:55.175958 np0000003770 nova-scheduler[96435]: DEBUG cotyledon.oslo_config_glue [-] oslo_messaging_rabbit.rabbit_transient_quorum_queue = False {{(pid=96435) log_opt_values /opt/stack/data/venv/lib/python3.12/site-packages/oslo_config/cfg.py:3253}}
Jun 26 17:08:55.175958 np0000003770 nova-scheduler[96435]: DEBUG cotyledon.oslo_config_glue [-] oslo_messaging_rabbit.rpc_conn_pool_size = 30 {{(pid=96435) log_opt_values /opt/stack/data/venv/lib/python3.12/site-packages/oslo_config/cfg.py:3253}}
Jun 26 17:08:55.175958 np0000003770 nova-scheduler[96435]: DEBUG cotyledon.oslo_config_glue [-] oslo_messaging_rabbit.ssl = False {{(pid=96435) log_opt_values /opt/stack/data/venv/lib/python3.12/site-packages/oslo_config/cfg.py:3253}}
Jun 26 17:08:55.175958 np0000003770 nova-scheduler[96435]: DEBUG cotyledon.oslo_config_glue [-] oslo_messaging_rabbit.ssl_ca_file = {{(pid=96435) log_opt_values /opt/stack/data/venv/lib/python3.12/site-packages/oslo_config/cfg.py:3253}}
Jun 26 17:08:55.176137 np0000003770 nova-scheduler[96435]: DEBUG cotyledon.oslo_config_glue [-] oslo_messaging_rabbit.ssl_cert_file = {{(pid=96435) log_opt_values /opt/stack/data/venv/lib/python3.12/site-packages/oslo_config/cfg.py:3253}}
Jun 26 17:08:55.176137 np0000003770 nova-scheduler[96435]: DEBUG cotyledon.oslo_config_glue [-] oslo_messaging_rabbit.ssl_enforce_fips_mode = False {{(pid=96435) log_opt_values /opt/stack/data/venv/lib/python3.12/site-packages/oslo_config/cfg.py:3253}}
Jun 26 17:08:55.176137 np0000003770 nova-scheduler[96435]: DEBUG cotyledon.oslo_config_glue [-] oslo_messaging_rabbit.ssl_enforce_hostname_verification = True {{(pid=96435) log_opt_values /opt/stack/data/venv/lib/python3.12/site-packages/oslo_config/cfg.py:3253}}
Jun 26 17:08:55.176137 np0000003770 nova-scheduler[96435]: DEBUG cotyledon.oslo_config_glue [-] oslo_messaging_rabbit.ssl_key_file = {{(pid=96435) log_opt_values /opt/stack/data/venv/lib/python3.12/site-packages/oslo_config/cfg.py:3253}}
Jun 26 17:08:55.176137 np0000003770 nova-scheduler[96435]: DEBUG cotyledon.oslo_config_glue [-] oslo_messaging_rabbit.ssl_version = {{(pid=96435) log_opt_values /opt/stack/data/venv/lib/python3.12/site-packages/oslo_config/cfg.py:3253}}
Jun 26 17:08:55.176137 np0000003770 nova-scheduler[96435]: DEBUG cotyledon.oslo_config_glue [-] oslo_messaging_rabbit.use_queue_manager = False {{(pid=96435) log_opt_values /opt/stack/data/venv/lib/python3.12/site-packages/oslo_config/cfg.py:3253}}
Jun 26 17:08:55.176137 np0000003770 nova-scheduler[96435]: DEBUG cotyledon.oslo_config_glue [-] oslo_messaging_notifications.driver = ['messagingv2'] {{(pid=96435) log_opt_values /opt/stack/data/venv/lib/python3.12/site-packages/oslo_config/cfg.py:3253}}
Jun 26 17:08:55.176137 np0000003770 nova-scheduler[96435]: DEBUG cotyledon.oslo_config_glue [-] oslo_messaging_notifications.retry = -1 {{(pid=96435) log_opt_values /opt/stack/data/venv/lib/python3.12/site-packages/oslo_config/cfg.py:3253}}
Jun 26 17:08:55.176137 np0000003770 nova-scheduler[96435]: DEBUG cotyledon.oslo_config_glue [-] oslo_messaging_notifications.topics = ['notifications'] {{(pid=96435) log_opt_values /opt/stack/data/venv/lib/python3.12/site-packages/oslo_config/cfg.py:3253}}
Jun 26 17:08:55.176305 np0000003770 nova-scheduler[96435]: DEBUG cotyledon.oslo_config_glue [-] oslo_messaging_notifications.transport_url = **** {{(pid=96435) log_opt_values /opt/stack/data/venv/lib/python3.12/site-packages/oslo_config/cfg.py:3253}}
Jun 26 17:08:55.176305 np0000003770 nova-scheduler[96435]: DEBUG cotyledon.oslo_config_glue [-] oslo_limit.auth_section = None {{(pid=96435) log_opt_values /opt/stack/data/venv/lib/python3.12/site-packages/oslo_config/cfg.py:3253}}
Jun 26 17:08:55.176305 np0000003770 nova-scheduler[96435]: DEBUG cotyledon.oslo_config_glue [-] oslo_limit.auth_type = None {{(pid=96435) log_opt_values /opt/stack/data/venv/lib/python3.12/site-packages/oslo_config/cfg.py:3253}}
Jun 26 17:08:55.176305 np0000003770 nova-scheduler[96435]: DEBUG cotyledon.oslo_config_glue [-] oslo_limit.cafile = None {{(pid=96435) log_opt_values /opt/stack/data/venv/lib/python3.12/site-packages/oslo_config/cfg.py:3253}}
Jun 26 17:08:55.176305 np0000003770 nova-scheduler[96435]: DEBUG cotyledon.oslo_config_glue [-] oslo_limit.certfile = None {{(pid=96435) log_opt_values /opt/stack/data/venv/lib/python3.12/site-packages/oslo_config/cfg.py:3253}}
Jun 26 17:08:55.176305 np0000003770 nova-scheduler[96435]: DEBUG cotyledon.oslo_config_glue [-] oslo_limit.collect_timing = False {{(pid=96435) log_opt_values /opt/stack/data/venv/lib/python3.12/site-packages/oslo_config/cfg.py:3253}}
Jun 26 17:08:55.176305 np0000003770 nova-scheduler[96435]: DEBUG cotyledon.oslo_config_glue [-] oslo_limit.connect_retries = None {{(pid=96435) log_opt_values /opt/stack/data/venv/lib/python3.12/site-packages/oslo_config/cfg.py:3253}}
Jun 26 17:08:55.176305 np0000003770 nova-scheduler[96435]: DEBUG cotyledon.oslo_config_glue [-] oslo_limit.connect_retry_delay = None {{(pid=96435) log_opt_values /opt/stack/data/venv/lib/python3.12/site-packages/oslo_config/cfg.py:3253}}
Jun 26 17:08:55.176305 np0000003770 nova-scheduler[96435]: DEBUG cotyledon.oslo_config_glue [-] oslo_limit.endpoint_id = None {{(pid=96435) log_opt_values /opt/stack/data/venv/lib/python3.12/site-packages/oslo_config/cfg.py:3253}}
Jun 26 17:08:55.177244 np0000003770 nova-scheduler[96435]: DEBUG cotyledon.oslo_config_glue [-] oslo_limit.endpoint_interface = public {{(pid=96435) log_opt_values /opt/stack/data/venv/lib/python3.12/site-packages/oslo_config/cfg.py:3253}}
Jun 26 17:08:55.177244 np0000003770 nova-scheduler[96435]: DEBUG cotyledon.oslo_config_glue [-] oslo_limit.endpoint_override = None {{(pid=96435) log_opt_values /opt/stack/data/venv/lib/python3.12/site-packages/oslo_config/cfg.py:3253}}
Jun 26 17:08:55.177244 np0000003770 nova-scheduler[96435]: DEBUG cotyledon.oslo_config_glue [-] oslo_limit.endpoint_region_name = None {{(pid=96435) log_opt_values /opt/stack/data/venv/lib/python3.12/site-packages/oslo_config/cfg.py:3253}}
Jun 26 17:08:55.177244 np0000003770 nova-scheduler[96435]: DEBUG cotyledon.oslo_config_glue [-] oslo_limit.endpoint_service_name = None {{(pid=96435) log_opt_values /opt/stack/data/venv/lib/python3.12/site-packages/oslo_config/cfg.py:3253}}
Jun 26 17:08:55.177244 np0000003770 nova-scheduler[96435]: DEBUG cotyledon.oslo_config_glue [-] oslo_limit.endpoint_service_type = None {{(pid=96435) log_opt_values /opt/stack/data/venv/lib/python3.12/site-packages/oslo_config/cfg.py:3253}}
Jun 26 17:08:55.177244 np0000003770 nova-scheduler[96435]: DEBUG cotyledon.oslo_config_glue [-] oslo_limit.insecure = False {{(pid=96435) log_opt_values /opt/stack/data/venv/lib/python3.12/site-packages/oslo_config/cfg.py:3253}}
Jun 26 17:08:55.177244 np0000003770 nova-scheduler[96435]: DEBUG cotyledon.oslo_config_glue [-] oslo_limit.keyfile = None {{(pid=96435) log_opt_values /opt/stack/data/venv/lib/python3.12/site-packages/oslo_config/cfg.py:3253}}
Jun 26 17:08:55.177244 np0000003770 nova-scheduler[96435]: DEBUG cotyledon.oslo_config_glue [-] oslo_limit.max_version = None {{(pid=96435) log_opt_values /opt/stack/data/venv/lib/python3.12/site-packages/oslo_config/cfg.py:3253}}
Jun 26 17:08:55.177244 np0000003770 nova-scheduler[96435]: DEBUG cotyledon.oslo_config_glue [-] oslo_limit.min_version = None {{(pid=96435) log_opt_values /opt/stack/data/venv/lib/python3.12/site-packages/oslo_config/cfg.py:3253}}
Jun 26 17:08:55.177470 np0000003770 nova-scheduler[96435]: DEBUG cotyledon.oslo_config_glue [-] oslo_limit.region_name = None {{(pid=96435) log_opt_values /opt/stack/data/venv/lib/python3.12/site-packages/oslo_config/cfg.py:3253}}
Jun 26 17:08:55.177470 np0000003770 nova-scheduler[96435]: DEBUG cotyledon.oslo_config_glue [-] oslo_limit.retriable_status_codes = None {{(pid=96435) log_opt_values /opt/stack/data/venv/lib/python3.12/site-packages/oslo_config/cfg.py:3253}}
Jun 26 17:08:55.177470 np0000003770 nova-scheduler[96435]: DEBUG cotyledon.oslo_config_glue [-] oslo_limit.service_name = None {{(pid=96435) log_opt_values /opt/stack/data/venv/lib/python3.12/site-packages/oslo_config/cfg.py:3253}}
Jun 26 17:08:55.177470 np0000003770 nova-scheduler[96435]: DEBUG cotyledon.oslo_config_glue [-] oslo_limit.service_type = None {{(pid=96435) log_opt_values /opt/stack/data/venv/lib/python3.12/site-packages/oslo_config/cfg.py:3253}}
Jun 26 17:08:55.177470 np0000003770 nova-scheduler[96435]: DEBUG cotyledon.oslo_config_glue [-] oslo_limit.split_loggers = False {{(pid=96435) log_opt_values /opt/stack/data/venv/lib/python3.12/site-packages/oslo_config/cfg.py:3253}}
Jun 26 17:08:55.177470 np0000003770 nova-scheduler[96435]: DEBUG cotyledon.oslo_config_glue [-] oslo_limit.status_code_retries = None {{(pid=96435) log_opt_values /opt/stack/data/venv/lib/python3.12/site-packages/oslo_config/cfg.py:3253}}
Jun 26 17:08:55.177470 np0000003770 nova-scheduler[96435]: DEBUG cotyledon.oslo_config_glue [-] oslo_limit.status_code_retry_delay = None {{(pid=96435) log_opt_values /opt/stack/data/venv/lib/python3.12/site-packages/oslo_config/cfg.py:3253}}
Jun 26 17:08:55.177470 np0000003770 nova-scheduler[96435]: DEBUG cotyledon.oslo_config_glue [-] oslo_limit.timeout = None {{(pid=96435) log_opt_values /opt/stack/data/venv/lib/python3.12/site-packages/oslo_config/cfg.py:3253}}
Jun 26 17:08:55.177470 np0000003770 nova-scheduler[96435]: DEBUG cotyledon.oslo_config_glue [-] oslo_limit.valid_interfaces = None {{(pid=96435) log_opt_values /opt/stack/data/venv/lib/python3.12/site-packages/oslo_config/cfg.py:3253}}
Jun 26 17:08:55.177725 np0000003770 nova-scheduler[96435]: DEBUG cotyledon.oslo_config_glue [-] oslo_limit.version = None {{(pid=96435) log_opt_values /opt/stack/data/venv/lib/python3.12/site-packages/oslo_config/cfg.py:3253}}
Jun 26 17:08:55.177725 np0000003770 nova-scheduler[96435]: DEBUG cotyledon.oslo_config_glue [-] oslo_reports.file_event_handler = None {{(pid=96435) log_opt_values /opt/stack/data/venv/lib/python3.12/site-packages/oslo_config/cfg.py:3253}}
Jun 26 17:08:55.177725 np0000003770 nova-scheduler[96435]: DEBUG cotyledon.oslo_config_glue [-] oslo_reports.file_event_handler_interval = 1 {{(pid=96435) log_opt_values /opt/stack/data/venv/lib/python3.12/site-packages/oslo_config/cfg.py:3253}}
Jun 26 17:08:55.177725 np0000003770 nova-scheduler[96435]: DEBUG cotyledon.oslo_config_glue [-] oslo_reports.log_dir = None {{(pid=96435) log_opt_values /opt/stack/data/venv/lib/python3.12/site-packages/oslo_config/cfg.py:3253}}
Jun 26 17:08:55.177725 np0000003770 nova-scheduler[96435]: DEBUG cotyledon.oslo_config_glue [-] ******************************************************************************** {{(pid=96435) log_opt_values /opt/stack/data/venv/lib/python3.12/site-packages/oslo_config/cfg.py:3260}}
Jun 26 17:08:55.177725 np0000003770 nova-scheduler[96435]: DEBUG cotyledon._service_worker [-] Run service ServiceWrapper(3) [96435] {{(pid=96435) wait_forever /opt/stack/data/venv/lib/python3.12/site-packages/cotyledon/_service_worker.py:218}}
Jun 26 17:08:55.177725 np0000003770 nova-scheduler[96435]: INFO nova.service [-] Starting scheduler node (version 33.1.0)
Jun 26 17:08:55.177872 np0000003770 nova-scheduler[96406]: DEBUG oslo_db.sqlalchemy.engines [None req-f147927a-8f26-4b18-8c9e-6c8107932252 None None] MySQL server mode set to STRICT_TRANS_TABLES,STRICT_ALL_TABLES,NO_ZERO_IN_DATE,NO_ZERO_DATE,ERROR_FOR_DIVISION_BY_ZERO,TRADITIONAL,NO_ENGINE_SUBSTITUTION {{(pid=96406) _check_effective_sql_mode /opt/stack/data/venv/lib/python3.12/site-packages/oslo_db/sqlalchemy/engines.py:325}}
Jun 26 17:08:55.177913 np0000003770 nova-scheduler[96435]: INFO dbcounter [None req-ee0b382b-8ae6-495f-b744-954a629bd054 None None] Registered counter for database nova_cell0
Jun 26 17:08:55.177939 np0000003770 nova-scheduler[96406]: DEBUG dbcounter [-] [96406] Writer thread running {{(pid=96406) stat_writer /opt/stack/data/venv/lib/python3.12/site-packages/dbcounter.py:102}}
Jun 26 17:08:55.177971 np0000003770 nova-scheduler[96409]: DEBUG oslo_db.sqlalchemy.engines [None req-56c6652c-8301-46ff-941b-b2c30028066a None None] MySQL server mode set to STRICT_TRANS_TABLES,STRICT_ALL_TABLES,NO_ZERO_IN_DATE,NO_ZERO_DATE,ERROR_FOR_DIVISION_BY_ZERO,TRADITIONAL,NO_ENGINE_SUBSTITUTION {{(pid=96409) _check_effective_sql_mode /opt/stack/data/venv/lib/python3.12/site-packages/oslo_db/sqlalchemy/engines.py:325}}
Jun 26 17:08:55.178004 np0000003770 nova-scheduler[96411]: DEBUG oslo_db.sqlalchemy.engines [None req-6b0d3737-1420-4526-bd5f-fb5fa98011c5 None None] MySQL server mode set to STRICT_TRANS_TABLES,STRICT_ALL_TABLES,NO_ZERO_IN_DATE,NO_ZERO_DATE,ERROR_FOR_DIVISION_BY_ZERO,TRADITIONAL,NO_ENGINE_SUBSTITUTION {{(pid=96411) _check_effective_sql_mode /opt/stack/data/venv/lib/python3.12/site-packages/oslo_db/sqlalchemy/engines.py:325}}
Jun 26 17:08:55.178033 np0000003770 nova-scheduler[96406]: DEBUG nova.service [None req-f147927a-8f26-4b18-8c9e-6c8107932252 None None] Creating RPC server for service: nova-scheduler on topic: scheduler {{(pid=96406) start /opt/stack/nova/nova/service.py:196}}
Jun 26 17:08:55.182121 np0000003770 nova-scheduler[96409]: DEBUG dbcounter [-] [96409] Writer thread running {{(pid=96409) stat_writer /opt/stack/data/venv/lib/python3.12/site-packages/dbcounter.py:102}}
Jun 26 17:08:55.183741 np0000003770 nova-scheduler[96411]: DEBUG dbcounter [-] [96411] Writer thread running {{(pid=96411) stat_writer /opt/stack/data/venv/lib/python3.12/site-packages/dbcounter.py:102}}
Jun 26 17:08:55.185660 np0000003770 nova-scheduler[96409]: DEBUG nova.service [None req-56c6652c-8301-46ff-941b-b2c30028066a None None] Creating RPC server for service: nova-scheduler on topic: scheduler {{(pid=96409) start /opt/stack/nova/nova/service.py:196}}
Jun 26 17:08:55.186829 np0000003770 nova-scheduler[96411]: DEBUG nova.service [None req-6b0d3737-1420-4526-bd5f-fb5fa98011c5 None None] Creating RPC server for service: nova-scheduler on topic: scheduler {{(pid=96411) start /opt/stack/nova/nova/service.py:196}}
Jun 26 17:08:55.197757 np0000003770 nova-scheduler[96435]: DEBUG oslo_db.sqlalchemy.engines [None req-ee0b382b-8ae6-495f-b744-954a629bd054 None None] MySQL server mode set to STRICT_TRANS_TABLES,STRICT_ALL_TABLES,NO_ZERO_IN_DATE,NO_ZERO_DATE,ERROR_FOR_DIVISION_BY_ZERO,TRADITIONAL,NO_ENGINE_SUBSTITUTION {{(pid=96435) _check_effective_sql_mode /opt/stack/data/venv/lib/python3.12/site-packages/oslo_db/sqlalchemy/engines.py:325}}
Jun 26 17:08:55.201554 np0000003770 nova-scheduler[96406]: DEBUG nova.service [None req-f147927a-8f26-4b18-8c9e-6c8107932252 None None] Join ServiceGroup membership for this service scheduler {{(pid=96406) start /opt/stack/nova/nova/service.py:222}}
Jun 26 17:08:55.202330 np0000003770 nova-scheduler[96406]: DEBUG nova.servicegroup.drivers.db [None req-f147927a-8f26-4b18-8c9e-6c8107932252 None None] DB_Driver: join new ServiceGroup member np0000003770 to the scheduler group, service = {{(pid=96406) join /opt/stack/nova/nova/servicegroup/drivers/db.py:44}}
Jun 26 17:08:55.208619 np0000003770 nova-scheduler[96435]: DEBUG dbcounter [-] [96435] Writer thread running {{(pid=96435) stat_writer /opt/stack/data/venv/lib/python3.12/site-packages/dbcounter.py:102}}
Jun 26 17:08:55.209336 np0000003770 nova-scheduler[96411]: DEBUG nova.service [None req-6b0d3737-1420-4526-bd5f-fb5fa98011c5 None None] Join ServiceGroup membership for this service scheduler {{(pid=96411) start /opt/stack/nova/nova/service.py:222}}
Jun 26 17:08:55.209649 np0000003770 nova-scheduler[96411]: DEBUG nova.servicegroup.drivers.db [None req-6b0d3737-1420-4526-bd5f-fb5fa98011c5 None None] DB_Driver: join new ServiceGroup member np0000003770 to the scheduler group, service = {{(pid=96411) join /opt/stack/nova/nova/servicegroup/drivers/db.py:44}}
Jun 26 17:08:55.210540 np0000003770 nova-scheduler[96409]: DEBUG nova.service [None req-56c6652c-8301-46ff-941b-b2c30028066a None None] Join ServiceGroup membership for this service scheduler {{(pid=96409) start /opt/stack/nova/nova/service.py:222}}
Jun 26 17:08:55.210907 np0000003770 nova-scheduler[96409]: DEBUG nova.servicegroup.drivers.db [None req-56c6652c-8301-46ff-941b-b2c30028066a None None] DB_Driver: join new ServiceGroup member np0000003770 to the scheduler group, service = {{(pid=96409) join /opt/stack/nova/nova/servicegroup/drivers/db.py:44}}
Jun 26 17:08:55.212314 np0000003770 nova-scheduler[96435]: DEBUG nova.service [None req-ee0b382b-8ae6-495f-b744-954a629bd054 None None] Creating RPC server for service: nova-scheduler on topic: scheduler {{(pid=96435) start /opt/stack/nova/nova/service.py:196}}
Jun 26 17:08:55.230139 np0000003770 nova-scheduler[96435]: DEBUG nova.service [None req-ee0b382b-8ae6-495f-b744-954a629bd054 None None] Join ServiceGroup membership for this service scheduler {{(pid=96435) start /opt/stack/nova/nova/service.py:222}}
Jun 26 17:08:55.230359 np0000003770 nova-scheduler[96435]: DEBUG nova.servicegroup.drivers.db [None req-ee0b382b-8ae6-495f-b744-954a629bd054 None None] DB_Driver: join new ServiceGroup member np0000003770 to the scheduler group, service = {{(pid=96435) join /opt/stack/nova/nova/servicegroup/drivers/db.py:44}}
Jun 26 17:09:00.217384 np0000003770 nova-scheduler[96406]: DEBUG oslo.service.backend._threading.loopingcall [-] Fixed interval looping call 'nova.servicegroup.drivers.db.DbDriver._report_state' sleeping for 119.99 seconds {{(pid=96406) _run_loop /opt/stack/data/venv/lib/python3.12/site-packages/oslo_service/backend/_threading/loopingcall.py:125}}
Jun 26 17:09:00.221905 np0000003770 nova-scheduler[96409]: DEBUG oslo.service.backend._threading.loopingcall [-] Fixed interval looping call 'nova.servicegroup.drivers.db.DbDriver._report_state' sleeping for 119.99 seconds {{(pid=96409) _run_loop /opt/stack/data/venv/lib/python3.12/site-packages/oslo_service/backend/_threading/loopingcall.py:125}}
Jun 26 17:09:00.224114 np0000003770 nova-scheduler[96411]: DEBUG oslo.service.backend._threading.loopingcall [-] Fixed interval looping call 'nova.servicegroup.drivers.db.DbDriver._report_state' sleeping for 119.99 seconds {{(pid=96411) _run_loop /opt/stack/data/venv/lib/python3.12/site-packages/oslo_service/backend/_threading/loopingcall.py:125}}
Jun 26 17:09:00.241702 np0000003770 nova-scheduler[96435]: DEBUG oslo.service.backend._threading.loopingcall [-] Fixed interval looping call 'nova.servicegroup.drivers.db.DbDriver._report_state' sleeping for 119.99 seconds {{(pid=96435) _run_loop /opt/stack/data/venv/lib/python3.12/site-packages/oslo_service/backend/_threading/loopingcall.py:125}}
Jun 26 17:09:03.785515 np0000003770 nova-scheduler[95211]: DEBUG dbcounter [-] [95211] Writing DB stats nova_api:SELECT=3 {{(pid=95211) stat_writer /opt/stack/data/venv/lib/python3.12/site-packages/dbcounter.py:115}}
Jun 26 17:09:03.908764 np0000003770 nova-scheduler[95211]: DEBUG dbcounter [-] [95211] Writing DB stats nova_cell0:SELECT=1 {{(pid=95211) stat_writer /opt/stack/data/venv/lib/python3.12/site-packages/dbcounter.py:115}}
Jun 26 17:09:03.912806 np0000003770 nova-scheduler[95211]: DEBUG dbcounter [-] [95211] Writing DB stats nova_cell1:SELECT=1 {{(pid=95211) stat_writer /opt/stack/data/venv/lib/python3.12/site-packages/dbcounter.py:115}}
Jun 26 17:09:06.215493 np0000003770 nova-scheduler[96411]: DEBUG oslo.service.backend._threading.loopingcall [None req-700e3eaf-f8c1-4a59-958d-ea76ed388973 None None] Dynamic interval looping call 'nova.service.Service.periodic_tasks' sleeping for 60.00 seconds {{(pid=96411) _run_loop /opt/stack/data/venv/lib/python3.12/site-packages/oslo_service/backend/_threading/loopingcall.py:125}}
Jun 26 17:09:10.212133 np0000003770 nova-scheduler[96406]: DEBUG dbcounter [-] [96406] Writing DB stats nova_cell0:SELECT=4,nova_cell0:INSERT=1,nova_cell0:UPDATE=1 {{(pid=96406) stat_writer /opt/stack/data/venv/lib/python3.12/site-packages/dbcounter.py:115}}
Jun 26 17:09:10.219518 np0000003770 nova-scheduler[96409]: DEBUG dbcounter [-] [96409] Writing DB stats nova_cell0:SELECT=3 {{(pid=96409) stat_writer /opt/stack/data/venv/lib/python3.12/site-packages/dbcounter.py:115}}
Jun 26 17:09:10.221540 np0000003770 nova-scheduler[96411]: DEBUG dbcounter [-] [96411] Writing DB stats nova_cell0:SELECT=3 {{(pid=96411) stat_writer /opt/stack/data/venv/lib/python3.12/site-packages/dbcounter.py:115}}
Jun 26 17:09:10.240721 np0000003770 nova-scheduler[96435]: DEBUG dbcounter [-] [96435] Writing DB stats nova_cell0:SELECT=3 {{(pid=96435) stat_writer /opt/stack/data/venv/lib/python3.12/site-packages/dbcounter.py:115}}
Jun 26 17:09:14.233690 np0000003770 nova-scheduler[96435]: DEBUG oslo.service.backend._threading.loopingcall [None req-6420e0ba-f56d-4926-a15d-22125a676239 None None] Dynamic interval looping call 'nova.service.Service.periodic_tasks' sleeping for 60.00 seconds {{(pid=96435) _run_loop /opt/stack/data/venv/lib/python3.12/site-packages/oslo_service/backend/_threading/loopingcall.py:125}}
Jun 26 17:09:28.204918 np0000003770 nova-scheduler[96406]: DEBUG oslo.service.backend._threading.loopingcall [None req-317ad369-49b4-4fe2-8db3-864b9f6d64d7 None None] Dynamic interval looping call 'nova.service.Service.periodic_tasks' sleeping for 60.00 seconds {{(pid=96406) _run_loop /opt/stack/data/venv/lib/python3.12/site-packages/oslo_service/backend/_threading/loopingcall.py:125}}
Jun 26 17:09:31.214188 np0000003770 nova-scheduler[96409]: DEBUG oslo.service.backend._threading.loopingcall [None req-9e766048-ebd7-457b-a5ae-85ac92dcb1c8 None None] Dynamic interval looping call 'nova.service.Service.periodic_tasks' sleeping for 60.00 seconds {{(pid=96409) _run_loop /opt/stack/data/venv/lib/python3.12/site-packages/oslo_service/backend/_threading/loopingcall.py:125}}
Jun 26 17:10:06.214770 np0000003770 nova-scheduler[96411]: DEBUG oslo.service.backend._threading.loopingcall [None req-700e3eaf-f8c1-4a59-958d-ea76ed388973 None None] Dynamic interval looping call 'nova.service.Service.periodic_tasks' sleeping for 60.00 seconds {{(pid=96411) _run_loop /opt/stack/data/venv/lib/python3.12/site-packages/oslo_service/backend/_threading/loopingcall.py:125}}
Jun 26 17:10:14.234198 np0000003770 nova-scheduler[96435]: DEBUG oslo.service.backend._threading.loopingcall [None req-6420e0ba-f56d-4926-a15d-22125a676239 None None] Dynamic interval looping call 'nova.service.Service.periodic_tasks' sleeping for 60.00 seconds {{(pid=96435) _run_loop /opt/stack/data/venv/lib/python3.12/site-packages/oslo_service/backend/_threading/loopingcall.py:125}}
Jun 26 17:10:28.205515 np0000003770 nova-scheduler[96406]: DEBUG oslo.service.backend._threading.loopingcall [None req-317ad369-49b4-4fe2-8db3-864b9f6d64d7 None None] Dynamic interval looping call 'nova.service.Service.periodic_tasks' sleeping for 60.00 seconds {{(pid=96406) _run_loop /opt/stack/data/venv/lib/python3.12/site-packages/oslo_service/backend/_threading/loopingcall.py:125}}
Jun 26 17:10:31.215937 np0000003770 nova-scheduler[96409]: DEBUG oslo.service.backend._threading.loopingcall [None req-9e766048-ebd7-457b-a5ae-85ac92dcb1c8 None None] Dynamic interval looping call 'nova.service.Service.periodic_tasks' sleeping for 60.00 seconds {{(pid=96409) _run_loop /opt/stack/data/venv/lib/python3.12/site-packages/oslo_service/backend/_threading/loopingcall.py:125}}
Jun 26 17:11:00.217866 np0000003770 nova-scheduler[96406]: DEBUG oslo.service.backend._threading.loopingcall [-] Fixed interval looping call 'nova.servicegroup.drivers.db.DbDriver._report_state' sleeping for 119.99 seconds {{(pid=96406) _run_loop /opt/stack/data/venv/lib/python3.12/site-packages/oslo_service/backend/_threading/loopingcall.py:125}}
Jun 26 17:11:00.218345 np0000003770 nova-scheduler[96411]: DEBUG oslo.service.backend._threading.loopingcall [-] Fixed interval looping call 'nova.servicegroup.drivers.db.DbDriver._report_state' sleeping for 120.00 seconds {{(pid=96411) _run_loop /opt/stack/data/venv/lib/python3.12/site-packages/oslo_service/backend/_threading/loopingcall.py:125}}
Jun 26 17:11:00.219250 np0000003770 nova-scheduler[96409]: DEBUG oslo.service.backend._threading.loopingcall [-] Fixed interval looping call 'nova.servicegroup.drivers.db.DbDriver._report_state' sleeping for 119.99 seconds {{(pid=96409) _run_loop /opt/stack/data/venv/lib/python3.12/site-packages/oslo_service/backend/_threading/loopingcall.py:125}}
Jun 26 17:11:00.236010 np0000003770 nova-scheduler[96435]: DEBUG oslo.service.backend._threading.loopingcall [-] Fixed interval looping call 'nova.servicegroup.drivers.db.DbDriver._report_state' sleeping for 120.00 seconds {{(pid=96435) _run_loop /opt/stack/data/venv/lib/python3.12/site-packages/oslo_service/backend/_threading/loopingcall.py:125}}
Jun 26 17:11:06.215353 np0000003770 nova-scheduler[96411]: DEBUG oslo.service.backend._threading.loopingcall [None req-700e3eaf-f8c1-4a59-958d-ea76ed388973 None None] Dynamic interval looping call 'nova.service.Service.periodic_tasks' sleeping for 60.00 seconds {{(pid=96411) _run_loop /opt/stack/data/venv/lib/python3.12/site-packages/oslo_service/backend/_threading/loopingcall.py:125}}
Jun 26 17:11:10.211597 np0000003770 nova-scheduler[96406]: DEBUG dbcounter [-] [96406] Writing DB stats nova_cell0:SELECT=1,nova_cell0:UPDATE=1 {{(pid=96406) stat_writer /opt/stack/data/venv/lib/python3.12/site-packages/dbcounter.py:115}}
Jun 26 17:11:10.216097 np0000003770 nova-scheduler[96411]: DEBUG dbcounter [-] [96411] Writing DB stats nova_cell0:SELECT=1 {{(pid=96411) stat_writer /opt/stack/data/venv/lib/python3.12/site-packages/dbcounter.py:115}}
Jun 26 17:11:10.217086 np0000003770 nova-scheduler[96409]: DEBUG dbcounter [-] [96409] Writing DB stats nova_cell0:SELECT=1,nova_cell0:UPDATE=1 {{(pid=96409) stat_writer /opt/stack/data/venv/lib/python3.12/site-packages/dbcounter.py:115}}
Jun 26 17:11:10.234508 np0000003770 nova-scheduler[96435]: DEBUG dbcounter [-] [96435] Writing DB stats nova_cell0:SELECT=1 {{(pid=96435) stat_writer /opt/stack/data/venv/lib/python3.12/site-packages/dbcounter.py:115}}
Jun 26 17:11:14.234709 np0000003770 nova-scheduler[96435]: DEBUG oslo.service.backend._threading.loopingcall [None req-6420e0ba-f56d-4926-a15d-22125a676239 None None] Dynamic interval looping call 'nova.service.Service.periodic_tasks' sleeping for 60.00 seconds {{(pid=96435) _run_loop /opt/stack/data/venv/lib/python3.12/site-packages/oslo_service/backend/_threading/loopingcall.py:125}}
Jun 26 17:11:28.206104 np0000003770 nova-scheduler[96406]: DEBUG oslo.service.backend._threading.loopingcall [None req-317ad369-49b4-4fe2-8db3-864b9f6d64d7 None None] Dynamic interval looping call 'nova.service.Service.periodic_tasks' sleeping for 60.00 seconds {{(pid=96406) _run_loop /opt/stack/data/venv/lib/python3.12/site-packages/oslo_service/backend/_threading/loopingcall.py:125}}
Jun 26 17:11:31.215702 np0000003770 nova-scheduler[96409]: DEBUG oslo.service.backend._threading.loopingcall [None req-9e766048-ebd7-457b-a5ae-85ac92dcb1c8 None None] Dynamic interval looping call 'nova.service.Service.periodic_tasks' sleeping for 60.00 seconds {{(pid=96409) _run_loop /opt/stack/data/venv/lib/python3.12/site-packages/oslo_service/backend/_threading/loopingcall.py:125}}
Jun 26 17:11:32.687304 np0000003770 nova-scheduler[96406]: DEBUG nova.scheduler.manager [None req-67546743-90c0-4d81-9e95-2c8e8b0b321f tempest-DeleteServersTestJSON-1589268578 tempest-DeleteServersTestJSON-1589268578-project-member] Starting to schedule for instances: ['0619dc72-6170-4556-a301-20bbd8a173e4'] {{(pid=96406) select_destinations /opt/stack/nova/nova/scheduler/manager.py:210}}
Jun 26 17:11:32.688219 np0000003770 nova-scheduler[96406]: DEBUG nova.scheduler.request_filter [None req-67546743-90c0-4d81-9e95-2c8e8b0b321f tempest-DeleteServersTestJSON-1589268578 tempest-DeleteServersTestJSON-1589268578-project-member] compute_status_filter request filter added forbidden trait COMPUTE_STATUS_DISABLED {{(pid=96406) compute_status_filter /opt/stack/nova/nova/scheduler/request_filter.py:253}}
Jun 26 17:11:32.688470 np0000003770 nova-scheduler[96406]: DEBUG nova.scheduler.request_filter [None req-67546743-90c0-4d81-9e95-2c8e8b0b321f tempest-DeleteServersTestJSON-1589268578 tempest-DeleteServersTestJSON-1589268578-project-member] Request filter 'compute_status_filter' took 0.0 seconds {{(pid=96406) wrapper /opt/stack/nova/nova/scheduler/request_filter.py:46}}
Jun 26 17:11:32.688859 np0000003770 nova-scheduler[96406]: DEBUG nova.scheduler.request_filter [None req-67546743-90c0-4d81-9e95-2c8e8b0b321f tempest-DeleteServersTestJSON-1589268578 tempest-DeleteServersTestJSON-1589268578-project-member] Request filter 'accelerators_filter' took 0.0 seconds {{(pid=96406) wrapper /opt/stack/nova/nova/scheduler/request_filter.py:46}}
Jun 26 17:11:32.689117 np0000003770 nova-scheduler[96406]: DEBUG nova.scheduler.request_filter [None req-67546743-90c0-4d81-9e95-2c8e8b0b321f tempest-DeleteServersTestJSON-1589268578 tempest-DeleteServersTestJSON-1589268578-project-member] Request filter 'packed_virtqueue_filter' took 0.0 seconds {{(pid=96406) wrapper /opt/stack/nova/nova/scheduler/request_filter.py:46}}
Jun 26 17:11:32.690385 np0000003770 nova-scheduler[96406]: DEBUG nova.scheduler.request_filter [None req-67546743-90c0-4d81-9e95-2c8e8b0b321f tempest-DeleteServersTestJSON-1589268578 tempest-DeleteServersTestJSON-1589268578-project-member] Request filter 'remote_managed_ports_filter' took 0.0 seconds {{(pid=96406) wrapper /opt/stack/nova/nova/scheduler/request_filter.py:46}}
Jun 26 17:11:32.690708 np0000003770 nova-scheduler[96406]: DEBUG nova.scheduler.request_filter [None req-67546743-90c0-4d81-9e95-2c8e8b0b321f tempest-DeleteServersTestJSON-1589268578 tempest-DeleteServersTestJSON-1589268578-project-member] ephemeral_encryption_filter skipped {{(pid=96406) ephemeral_encryption_filter /opt/stack/nova/nova/scheduler/request_filter.py:426}}
Jun 26 17:11:32.690941 np0000003770 nova-scheduler[96406]: DEBUG nova.scheduler.request_filter [None req-67546743-90c0-4d81-9e95-2c8e8b0b321f tempest-DeleteServersTestJSON-1589268578 tempest-DeleteServersTestJSON-1589268578-project-member] virtio_sound_filter skipped {{(pid=96406) virtio_sound_filter /opt/stack/nova/nova/scheduler/request_filter.py:460}}
Jun 26 17:11:32.691231 np0000003770 nova-scheduler[96406]: DEBUG nova.scheduler.request_filter [None req-67546743-90c0-4d81-9e95-2c8e8b0b321f tempest-DeleteServersTestJSON-1589268578 tempest-DeleteServersTestJSON-1589268578-project-member] tpm_secret_security_filter skipped {{(pid=96406) tpm_secret_security_filter /opt/stack/nova/nova/scheduler/request_filter.py:477}}
Jun 26 17:11:33.408202 np0000003770 nova-scheduler[96406]: INFO nova.utils [None req-67546743-90c0-4d81-9e95-2c8e8b0b321f tempest-DeleteServersTestJSON-1589268578 tempest-DeleteServersTestJSON-1589268578-project-member] The cell worker thread pool ForkProcess-1.cell_worker is initialized
Jun 26 17:11:33.409339 np0000003770 nova-scheduler[96406]: DEBUG oslo_concurrency.lockutils [None req-67546743-90c0-4d81-9e95-2c8e8b0b321f tempest-DeleteServersTestJSON-1589268578 tempest-DeleteServersTestJSON-1589268578-project-member] Acquiring lock "dd657892-299e-4c56-9885-4db89a0a8e10" by "nova.context.set_target_cell..get_or_set_cached_cell_and_set_connections" {{(pid=96406) inner /opt/stack/data/venv/lib/python3.12/site-packages/oslo_concurrency/lockutils.py:511}}
Jun 26 17:11:33.409339 np0000003770 nova-scheduler[96406]: DEBUG oslo_concurrency.lockutils [None req-67546743-90c0-4d81-9e95-2c8e8b0b321f tempest-DeleteServersTestJSON-1589268578 tempest-DeleteServersTestJSON-1589268578-project-member] Lock "dd657892-299e-4c56-9885-4db89a0a8e10" acquired by "nova.context.set_target_cell..get_or_set_cached_cell_and_set_connections" :: waited 0.000s {{(pid=96406) inner /opt/stack/data/venv/lib/python3.12/site-packages/oslo_concurrency/lockutils.py:524}}
Jun 26 17:11:33.411006 np0000003770 nova-scheduler[96406]: DEBUG oslo_concurrency.lockutils [None req-67546743-90c0-4d81-9e95-2c8e8b0b321f tempest-DeleteServersTestJSON-1589268578 tempest-DeleteServersTestJSON-1589268578-project-member] Lock "dd657892-299e-4c56-9885-4db89a0a8e10" "released" by "nova.context.set_target_cell..get_or_set_cached_cell_and_set_connections" :: held 0.002s {{(pid=96406) inner /opt/stack/data/venv/lib/python3.12/site-packages/oslo_concurrency/lockutils.py:543}}
Jun 26 17:11:33.415005 np0000003770 nova-scheduler[96406]: INFO dbcounter [None req-67546743-90c0-4d81-9e95-2c8e8b0b321f tempest-DeleteServersTestJSON-1589268578 tempest-DeleteServersTestJSON-1589268578-project-member] Registered counter for database nova_cell1
Jun 26 17:11:33.474586 np0000003770 nova-scheduler[96406]: DEBUG oslo_db.sqlalchemy.engines [None req-67546743-90c0-4d81-9e95-2c8e8b0b321f tempest-DeleteServersTestJSON-1589268578 tempest-DeleteServersTestJSON-1589268578-project-member] MySQL server mode set to STRICT_TRANS_TABLES,STRICT_ALL_TABLES,NO_ZERO_IN_DATE,NO_ZERO_DATE,ERROR_FOR_DIVISION_BY_ZERO,TRADITIONAL,NO_ENGINE_SUBSTITUTION {{(pid=96406) _check_effective_sql_mode /opt/stack/data/venv/lib/python3.12/site-packages/oslo_db/sqlalchemy/engines.py:325}}
Jun 26 17:11:33.484768 np0000003770 nova-scheduler[96406]: DEBUG dbcounter [-] [96406] Writer thread running {{(pid=96406) stat_writer /opt/stack/data/venv/lib/python3.12/site-packages/dbcounter.py:102}}
Jun 26 17:11:33.505763 np0000003770 nova-scheduler[96406]: DEBUG oslo_db.sqlalchemy.engines [None req-67546743-90c0-4d81-9e95-2c8e8b0b321f tempest-DeleteServersTestJSON-1589268578 tempest-DeleteServersTestJSON-1589268578-project-member] Parent process 95211 forked (96406) with an open database connection, which is being discarded and recreated. {{(pid=96406) checkout /opt/stack/data/venv/lib/python3.12/site-packages/oslo_db/sqlalchemy/engines.py:402}}
Jun 26 17:11:33.555270 np0000003770 nova-scheduler[96406]: DEBUG dbcounter [-] [96406] Writer thread running {{(pid=96406) stat_writer /opt/stack/data/venv/lib/python3.12/site-packages/dbcounter.py:102}}
Jun 26 17:11:33.561479 np0000003770 nova-scheduler[96406]: DEBUG oslo_concurrency.lockutils [None req-67546743-90c0-4d81-9e95-2c8e8b0b321f tempest-DeleteServersTestJSON-1589268578 tempest-DeleteServersTestJSON-1589268578-project-member] Acquiring lock "dd657892-299e-4c56-9885-4db89a0a8e10" by "nova.context.set_target_cell..get_or_set_cached_cell_and_set_connections" {{(pid=96406) inner /opt/stack/data/venv/lib/python3.12/site-packages/oslo_concurrency/lockutils.py:511}}
Jun 26 17:11:33.561479 np0000003770 nova-scheduler[96406]: DEBUG oslo_concurrency.lockutils [None req-67546743-90c0-4d81-9e95-2c8e8b0b321f tempest-DeleteServersTestJSON-1589268578 tempest-DeleteServersTestJSON-1589268578-project-member] Lock "dd657892-299e-4c56-9885-4db89a0a8e10" acquired by "nova.context.set_target_cell..get_or_set_cached_cell_and_set_connections" :: waited 0.000s {{(pid=96406) inner /opt/stack/data/venv/lib/python3.12/site-packages/oslo_concurrency/lockutils.py:524}}
Jun 26 17:11:33.561479 np0000003770 nova-scheduler[96406]: DEBUG oslo_concurrency.lockutils [None req-67546743-90c0-4d81-9e95-2c8e8b0b321f tempest-DeleteServersTestJSON-1589268578 tempest-DeleteServersTestJSON-1589268578-project-member] Lock "dd657892-299e-4c56-9885-4db89a0a8e10" "released" by "nova.context.set_target_cell..get_or_set_cached_cell_and_set_connections" :: held 0.000s {{(pid=96406) inner /opt/stack/data/venv/lib/python3.12/site-packages/oslo_concurrency/lockutils.py:543}}
Jun 26 17:11:33.564022 np0000003770 nova-scheduler[96406]: DEBUG oslo_concurrency.lockutils [None req-67546743-90c0-4d81-9e95-2c8e8b0b321f tempest-DeleteServersTestJSON-1589268578 tempest-DeleteServersTestJSON-1589268578-project-member] Acquiring lock "('np0000003770', 'np0000003770')" by "nova.scheduler.host_manager.HostState.update.._locked_update" {{(pid=96406) inner /opt/stack/data/venv/lib/python3.12/site-packages/oslo_concurrency/lockutils.py:511}}
Jun 26 17:11:33.564300 np0000003770 nova-scheduler[96406]: DEBUG oslo_concurrency.lockutils [None req-67546743-90c0-4d81-9e95-2c8e8b0b321f tempest-DeleteServersTestJSON-1589268578 tempest-DeleteServersTestJSON-1589268578-project-member] Lock "('np0000003770', 'np0000003770')" acquired by "nova.scheduler.host_manager.HostState.update.._locked_update" :: waited 0.000s {{(pid=96406) inner /opt/stack/data/venv/lib/python3.12/site-packages/oslo_concurrency/lockutils.py:524}}
Jun 26 17:11:33.566336 np0000003770 nova-scheduler[96406]: DEBUG nova.scheduler.host_manager [None req-67546743-90c0-4d81-9e95-2c8e8b0b321f tempest-DeleteServersTestJSON-1589268578 tempest-DeleteServersTestJSON-1589268578-project-member] Update host state from compute node: ComputeNode(cpu_allocation_ratio=4.0,cpu_info='{"arch": "x86_64", "model": "EPYC-Milan", "vendor": "AMD", "topology": {"cells": 1, "sockets": 16, "cores": 1, "threads": 1}, "maxphysaddr": {"mode": "emulate", "bits": 40}, "features": ["arat", "bmi2", "cmov", "stibp", "de", "sse4.1", "flushbyasid", "pat", "pclmuldq", "vaes", "avx", "movbe", "pge", "rdtscp", "mmxext", "mds-no", "lbrv", "ibrs", "sse2", "cmp_legacy", "fxsr_opt", "lfence-always-serializing", "clflush", "v-vmsave-vmload", "adx", "xgetbv1", "pse36", "osvw", "stibp-always-on", "fpu", "smap", "spec-ctrl", "clzero", "fsrm", "f16c", "pfthreshold", "hypervisor", "misalignsse", "npt", "perfctr_core", "sse4.2", "svme-addr-chk", "vgif", "rdctl-no", "lahf_lm", "x2apic", "svm", "msr", "vpclmulqdq", "xsaveopt", "wbnoinvd", "pse", "ssse3", "lm", "tsc-deadline", "bmi1", "virt-ssbd", "rdpid", "mce", "xsave", "mmx", "skip-l1dfl-vmentry", "vmcb-clean", "pdpe1gb", "sha-ni", "fma", "topoext", "sep", "nx", "clflushopt", "null-sel-clr-base", "pni", "avx2", "syscall", "pae", "pcid", "pschange-mc-no", "abm", "fxsr", "apic", "mca", "ssbd", "aes", "tsc", "nrip-save", "xsavec", "tsc-scale", "xsaveerptr", "cr8legacy", "vme", "smep", "tsc_adjust", "ibpb", "cx16", "umip", "cx8", "amd-psfd", "arch-capabilities", "pku", "rdrand", "amd-ssbd", "gds-no", "erms", "mtrr", "invpcid", "fsgsbase", "no-nested-data-bp", "sse", "rdseed", "amd-stibp", "pause-filter", "3dnowprefetch", "clwb", "xsaves", "popcnt", "sse4a"]}',created_at=2026-06-26T17:09:20Z,current_workload=0,deleted=False,deleted_at=None,disk_allocation_ratio=1.0,disk_available_least=74,free_disk_gb=95,free_ram_mb=63789,host='np0000003770',host_ip=10.4.3.30,hypervisor_hostname='np0000003770',hypervisor_type='QEMU',hypervisor_version=8002002,id=1,local_gb=95,local_gb_used=0,mapped=1,memory_mb=64301,memory_mb_used=512,metrics='[]',numa_topology='{"nova_object.name": "NUMATopology", "nova_object.namespace": "nova", "nova_object.version": "1.2", "nova_object.data": {"cells": [{"nova_object.name": "NUMACell", "nova_object.namespace": "nova", "nova_object.version": "1.5", "nova_object.data": {"id": 0, "cpuset": [0, 1, 2, 3, 4, 5, 6, 7, 8, 9, 10, 11, 12, 13, 14, 15], "pcpuset": [0, 1, 2, 3, 4, 5, 6, 7, 8, 9, 10, 11, 12, 13, 14, 15], "memory": 64301, "cpu_usage": 0, "memory_usage": 0, "pinned_cpus": [], "siblings": [[6], [12], [2], [15], [5], [11], [8], [14], [4], [1], [7], [10], [0], [13], [3], [9]], "mempages": [{"nova_object.name": "NUMAPagesTopology", "nova_object.namespace": "nova", "nova_object.version": "1.1", "nova_object.data": {"size_kb": 4, "total": 16461068, "used": 0, "reserved": 0}, "nova_object.changes": ["size_kb", "reserved", "total", "used"]}, {"nova_object.name": "NUMAPagesTopology", "nova_object.namespace": "nova", "nova_object.version": "1.1", "nova_object.data": {"size_kb": 2048, "total": 0, "used": 0, "reserved": 0}, "nova_object.changes": ["size_kb", "reserved", "total", "used"]}, {"nova_object.name": "NUMAPagesTopology", "nova_object.namespace": "nova", "nova_object.version": "1.1", "nova_object.data": {"size_kb": 1048576, "total": 0, "used": 0, "reserved": 0}, "nova_object.changes": ["size_kb", "reserved", "total", "used"]}], "network_metadata": {"nova_object.name": "NetworkMetadata", "nova_object.namespace": "nova", "nova_object.version": "1.0", "nova_object.data": {"physnets": [], "tunneled": false}, "nova_object.changes": ["physnets", "tunneled"]}, "socket": null}, "nova_object.changes": ["pcpuset", "network_metadata", "pinned_cpus", "memory", "socket", "memory_usage", "cpuset", "cpu_usage", "mempages", "siblings", "id"]}]}, "nova_object.changes": ["cells"]}',pci_device_pools=PciDevicePoolList,ram_allocation_ratio=1.0,running_vms=0,service_id=5,stats={failed_builds='0',uptime=' 17:11:06 up 26 min, 2 users, load average: 1.94, 1.78, 1.02
Jun 26 17:11:33.566336 np0000003770 nova-scheduler[96406]: '},supported_hv_specs=[HVSpec,HVSpec,HVSpec,HVSpec,HVSpec,HVSpec,HVSpec,HVSpec,HVSpec,HVSpec,HVSpec,HVSpec,HVSpec,HVSpec,HVSpec,HVSpec,HVSpec,HVSpec,HVSpec,HVSpec,HVSpec,HVSpec,HVSpec,HVSpec,HVSpec],updated_at=2026-06-26T17:11:08Z,uuid=912757a4-6a74-47b8-a2ad-04aac9e32219,vcpus=16,vcpus_used=0) {{(pid=96406) _locked_update /opt/stack/nova/nova/scheduler/host_manager.py:168}}
