May 19 05:29:14.459675 np0000001031 devstack@g-api.service[101563]: [pid: 101563|app: 0|req: 28/77] 127.0.0.1 () {46 vars in 1055 bytes} [Tue May 19 05:29:13 2026] POST /v2/images => generated 649 bytes in 552 msecs (HTTP/1.1 201) 6 headers in 315 bytes (1 switches on core 0)
May 19 05:29:14.471031 np0000001031 devstack@g-api.service[101565]: DEBUG glance.api.middleware.version_negotiation [None req-cc11f221-59fa-4e4a-96b9-5778569e2633 tempest-ServersNegativeTestJSON-1006340388 tempest-ServersNegativeTestJSON-1006340388-project-member] Determining version of request: GET /v2/schemas/image Accept: */* {{(pid=101565) process_request /opt/stack/glance/glance/api/middleware/version_negotiation.py:44}}
May 19 05:29:14.471429 np0000001031 devstack@g-api.service[101565]: DEBUG glance.api.middleware.version_negotiation [None req-cc11f221-59fa-4e4a-96b9-5778569e2633 tempest-ServersNegativeTestJSON-1006340388 tempest-ServersNegativeTestJSON-1006340388-project-member] Using url versioning {{(pid=101565) process_request /opt/stack/glance/glance/api/middleware/version_negotiation.py:57}}
May 19 05:29:14.471483 np0000001031 devstack@g-api.service[101565]: DEBUG glance.api.middleware.version_negotiation [None req-cc11f221-59fa-4e4a-96b9-5778569e2633 tempest-ServersNegativeTestJSON-1006340388 tempest-ServersNegativeTestJSON-1006340388-project-member] Matched version: v2 {{(pid=101565) process_request /opt/stack/glance/glance/api/middleware/version_negotiation.py:69}}
May 19 05:29:14.471624 np0000001031 devstack@g-api.service[101565]: DEBUG glance.api.middleware.version_negotiation [None req-cc11f221-59fa-4e4a-96b9-5778569e2633 tempest-ServersNegativeTestJSON-1006340388 tempest-ServersNegativeTestJSON-1006340388-project-member] new path /v2/schemas/image {{(pid=101565) process_request /opt/stack/glance/glance/api/middleware/version_negotiation.py:70}}
May 19 05:29:14.475029 np0000001031 devstack@g-api.service[101565]: [pid: 101565|app: 0|req: 26/78] 127.0.0.1 () {44 vars in 1055 bytes} [Tue May 19 05:29:14 2026] GET /v2/schemas/image => generated 6083 bytes in 4 msecs (HTTP/1.1 200) 4 headers in 158 bytes (1 switches on core 0)
May 19 05:29:14.501969 np0000001031 devstack@g-api.service[101564]: DEBUG glance.api.middleware.version_negotiation [None req-69373fef-3e80-46a6-ba6e-6ccfabc3b9fc tempest-VolumesActionsTest-103657324 tempest-VolumesActionsTest-103657324-project-member] Determining version of request: GET /v2/images/32b157b2-4680-41b4-8140-de966d60d895 Accept: application/json {{(pid=101564) process_request /opt/stack/glance/glance/api/middleware/version_negotiation.py:44}}
May 19 05:29:14.501969 np0000001031 devstack@g-api.service[101564]: DEBUG glance.api.middleware.version_negotiation [None req-69373fef-3e80-46a6-ba6e-6ccfabc3b9fc tempest-VolumesActionsTest-103657324 tempest-VolumesActionsTest-103657324-project-member] Using url versioning {{(pid=101564) process_request /opt/stack/glance/glance/api/middleware/version_negotiation.py:57}}
May 19 05:29:14.501969 np0000001031 devstack@g-api.service[101564]: DEBUG glance.api.middleware.version_negotiation [None req-69373fef-3e80-46a6-ba6e-6ccfabc3b9fc tempest-VolumesActionsTest-103657324 tempest-VolumesActionsTest-103657324-project-member] Matched version: v2 {{(pid=101564) process_request /opt/stack/glance/glance/api/middleware/version_negotiation.py:69}}
May 19 05:29:14.501969 np0000001031 devstack@g-api.service[101564]: DEBUG glance.api.middleware.version_negotiation [None req-69373fef-3e80-46a6-ba6e-6ccfabc3b9fc tempest-VolumesActionsTest-103657324 tempest-VolumesActionsTest-103657324-project-member] new path /v2/images/32b157b2-4680-41b4-8140-de966d60d895 {{(pid=101564) process_request /opt/stack/glance/glance/api/middleware/version_negotiation.py:70}}
May 19 05:29:14.528394 np0000001031 devstack@g-api.service[101564]: [pid: 101564|app: 0|req: 25/79] 127.0.0.1 () {40 vars in 838 bytes} [Tue May 19 05:29:14 2026] GET /v2/images/32b157b2-4680-41b4-8140-de966d60d895 => generated 649 bytes in 27 msecs (HTTP/1.1 200) 4 headers in 157 bytes (1 switches on core 0)
May 19 05:29:15.540139 np0000001031 devstack@g-api.service[101563]: DEBUG glance.api.middleware.version_negotiation [None req-69373fef-3e80-46a6-ba6e-6ccfabc3b9fc tempest-VolumesActionsTest-103657324 tempest-VolumesActionsTest-103657324-project-member] Determining version of request: GET /v2/images/32b157b2-4680-41b4-8140-de966d60d895 Accept: application/json {{(pid=101563) process_request /opt/stack/glance/glance/api/middleware/version_negotiation.py:44}}
May 19 05:29:15.540512 np0000001031 devstack@g-api.service[101563]: DEBUG glance.api.middleware.version_negotiation [None req-69373fef-3e80-46a6-ba6e-6ccfabc3b9fc tempest-VolumesActionsTest-103657324 tempest-VolumesActionsTest-103657324-project-member] Using url versioning {{(pid=101563) process_request /opt/stack/glance/glance/api/middleware/version_negotiation.py:57}}
May 19 05:29:15.540512 np0000001031 devstack@g-api.service[101563]: DEBUG glance.api.middleware.version_negotiation [None req-69373fef-3e80-46a6-ba6e-6ccfabc3b9fc tempest-VolumesActionsTest-103657324 tempest-VolumesActionsTest-103657324-project-member] Matched version: v2 {{(pid=101563) process_request /opt/stack/glance/glance/api/middleware/version_negotiation.py:69}}
May 19 05:29:15.540610 np0000001031 devstack@g-api.service[101563]: DEBUG glance.api.middleware.version_negotiation [None req-69373fef-3e80-46a6-ba6e-6ccfabc3b9fc tempest-VolumesActionsTest-103657324 tempest-VolumesActionsTest-103657324-project-member] new path /v2/images/32b157b2-4680-41b4-8140-de966d60d895 {{(pid=101563) process_request /opt/stack/glance/glance/api/middleware/version_negotiation.py:70}}
May 19 05:29:15.554817 np0000001031 devstack@g-api.service[101563]: [pid: 101563|app: 0|req: 29/80] 127.0.0.1 () {40 vars in 838 bytes} [Tue May 19 05:29:15 2026] GET /v2/images/32b157b2-4680-41b4-8140-de966d60d895 => generated 649 bytes in 16 msecs (HTTP/1.1 200) 4 headers in 157 bytes (1 switches on core 0)
May 19 05:29:16.565602 np0000001031 devstack@g-api.service[101565]: DEBUG glance.api.middleware.version_negotiation [None req-69373fef-3e80-46a6-ba6e-6ccfabc3b9fc tempest-VolumesActionsTest-103657324 tempest-VolumesActionsTest-103657324-project-member] Determining version of request: GET /v2/images/32b157b2-4680-41b4-8140-de966d60d895 Accept: application/json {{(pid=101565) process_request /opt/stack/glance/glance/api/middleware/version_negotiation.py:44}}
May 19 05:29:16.565956 np0000001031 devstack@g-api.service[101565]: DEBUG glance.api.middleware.version_negotiation [None req-69373fef-3e80-46a6-ba6e-6ccfabc3b9fc tempest-VolumesActionsTest-103657324 tempest-VolumesActionsTest-103657324-project-member] Using url versioning {{(pid=101565) process_request /opt/stack/glance/glance/api/middleware/version_negotiation.py:57}}
May 19 05:29:16.565956 np0000001031 devstack@g-api.service[101565]: DEBUG glance.api.middleware.version_negotiation [None req-69373fef-3e80-46a6-ba6e-6ccfabc3b9fc tempest-VolumesActionsTest-103657324 tempest-VolumesActionsTest-103657324-project-member] Matched version: v2 {{(pid=101565) process_request /opt/stack/glance/glance/api/middleware/version_negotiation.py:69}}
May 19 05:29:16.565956 np0000001031 devstack@g-api.service[101565]: DEBUG glance.api.middleware.version_negotiation [None req-69373fef-3e80-46a6-ba6e-6ccfabc3b9fc tempest-VolumesActionsTest-103657324 tempest-VolumesActionsTest-103657324-project-member] new path /v2/images/32b157b2-4680-41b4-8140-de966d60d895 {{(pid=101565) process_request /opt/stack/glance/glance/api/middleware/version_negotiation.py:70}}
May 19 05:29:16.574252 np0000001031 devstack@g-api.service[101565]: [pid: 101565|app: 0|req: 27/81] 127.0.0.1 () {40 vars in 838 bytes} [Tue May 19 05:29:16 2026] GET /v2/images/32b157b2-4680-41b4-8140-de966d60d895 => generated 649 bytes in 9 msecs (HTTP/1.1 200) 4 headers in 157 bytes (1 switches on core 0)
May 19 05:29:17.582266 np0000001031 devstack@g-api.service[101564]: DEBUG glance.api.middleware.version_negotiation [None req-65f403e8-a385-4f78-a27d-7283474d44f9 tempest-VolumesActionsTest-103657324 tempest-VolumesActionsTest-103657324-project-member] Determining version of request: GET /v2/images/32b157b2-4680-41b4-8140-de966d60d895 Accept: application/json {{(pid=101564) process_request /opt/stack/glance/glance/api/middleware/version_negotiation.py:44}}
May 19 05:29:17.582623 np0000001031 devstack@g-api.service[101564]: DEBUG glance.api.middleware.version_negotiation [None req-65f403e8-a385-4f78-a27d-7283474d44f9 tempest-VolumesActionsTest-103657324 tempest-VolumesActionsTest-103657324-project-member] Using url versioning {{(pid=101564) process_request /opt/stack/glance/glance/api/middleware/version_negotiation.py:57}}
May 19 05:29:17.582623 np0000001031 devstack@g-api.service[101564]: DEBUG glance.api.middleware.version_negotiation [None req-65f403e8-a385-4f78-a27d-7283474d44f9 tempest-VolumesActionsTest-103657324 tempest-VolumesActionsTest-103657324-project-member] Matched version: v2 {{(pid=101564) process_request /opt/stack/glance/glance/api/middleware/version_negotiation.py:69}}
May 19 05:29:17.582623 np0000001031 devstack@g-api.service[101564]: DEBUG glance.api.middleware.version_negotiation [None req-65f403e8-a385-4f78-a27d-7283474d44f9 tempest-VolumesActionsTest-103657324 tempest-VolumesActionsTest-103657324-project-member] new path /v2/images/32b157b2-4680-41b4-8140-de966d60d895 {{(pid=101564) process_request /opt/stack/glance/glance/api/middleware/version_negotiation.py:70}}
May 19 05:29:17.590276 np0000001031 devstack@g-api.service[101564]: [pid: 101564|app: 0|req: 26/82] 127.0.0.1 () {40 vars in 838 bytes} [Tue May 19 05:29:17 2026] GET /v2/images/32b157b2-4680-41b4-8140-de966d60d895 => generated 649 bytes in 8 msecs (HTTP/1.1 200) 4 headers in 157 bytes (1 switches on core 0)
May 19 05:29:18.602663 np0000001031 devstack@g-api.service[101563]: DEBUG glance.api.middleware.version_negotiation [None req-5b205990-cac0-451b-a2e0-002330f96b74 tempest-VolumesActionsTest-103657324 tempest-VolumesActionsTest-103657324-project-member] Determining version of request: GET /v2/images/32b157b2-4680-41b4-8140-de966d60d895 Accept: application/json {{(pid=101563) process_request /opt/stack/glance/glance/api/middleware/version_negotiation.py:44}}
May 19 05:29:18.602959 np0000001031 devstack@g-api.service[101563]: DEBUG glance.api.middleware.version_negotiation [None req-5b205990-cac0-451b-a2e0-002330f96b74 tempest-VolumesActionsTest-103657324 tempest-VolumesActionsTest-103657324-project-member] Using url versioning {{(pid=101563) process_request /opt/stack/glance/glance/api/middleware/version_negotiation.py:57}}
May 19 05:29:18.602959 np0000001031 devstack@g-api.service[101563]: DEBUG glance.api.middleware.version_negotiation [None req-5b205990-cac0-451b-a2e0-002330f96b74 tempest-VolumesActionsTest-103657324 tempest-VolumesActionsTest-103657324-project-member] Matched version: v2 {{(pid=101563) process_request /opt/stack/glance/glance/api/middleware/version_negotiation.py:69}}
May 19 05:29:18.603105 np0000001031 devstack@g-api.service[101563]: DEBUG glance.api.middleware.version_negotiation [None req-5b205990-cac0-451b-a2e0-002330f96b74 tempest-VolumesActionsTest-103657324 tempest-VolumesActionsTest-103657324-project-member] new path /v2/images/32b157b2-4680-41b4-8140-de966d60d895 {{(pid=101563) process_request /opt/stack/glance/glance/api/middleware/version_negotiation.py:70}}
May 19 05:29:18.614775 np0000001031 devstack@g-api.service[101563]: [pid: 101563|app: 0|req: 30/83] 127.0.0.1 () {40 vars in 838 bytes} [Tue May 19 05:29:18 2026] GET /v2/images/32b157b2-4680-41b4-8140-de966d60d895 => generated 649 bytes in 12 msecs (HTTP/1.1 200) 4 headers in 157 bytes (1 switches on core 0)
May 19 05:29:19.626728 np0000001031 devstack@g-api.service[101565]: DEBUG glance.api.middleware.version_negotiation [None req-00e42f62-8268-4491-8aec-6f9c1c8ab09c tempest-VolumesActionsTest-103657324 tempest-VolumesActionsTest-103657324-project-member] Determining version of request: GET /v2/images/32b157b2-4680-41b4-8140-de966d60d895 Accept: application/json {{(pid=101565) process_request /opt/stack/glance/glance/api/middleware/version_negotiation.py:44}}
May 19 05:29:19.627426 np0000001031 devstack@g-api.service[101565]: DEBUG glance.api.middleware.version_negotiation [None req-00e42f62-8268-4491-8aec-6f9c1c8ab09c tempest-VolumesActionsTest-103657324 tempest-VolumesActionsTest-103657324-project-member] Using url versioning {{(pid=101565) process_request /opt/stack/glance/glance/api/middleware/version_negotiation.py:57}}
May 19 05:29:19.627691 np0000001031 devstack@g-api.service[101565]: DEBUG glance.api.middleware.version_negotiation [None req-00e42f62-8268-4491-8aec-6f9c1c8ab09c tempest-VolumesActionsTest-103657324 tempest-VolumesActionsTest-103657324-project-member] Matched version: v2 {{(pid=101565) process_request /opt/stack/glance/glance/api/middleware/version_negotiation.py:69}}
May 19 05:29:19.627912 np0000001031 devstack@g-api.service[101565]: DEBUG glance.api.middleware.version_negotiation [None req-00e42f62-8268-4491-8aec-6f9c1c8ab09c tempest-VolumesActionsTest-103657324 tempest-VolumesActionsTest-103657324-project-member] new path /v2/images/32b157b2-4680-41b4-8140-de966d60d895 {{(pid=101565) process_request /opt/stack/glance/glance/api/middleware/version_negotiation.py:70}}
May 19 05:29:19.639105 np0000001031 devstack@g-api.service[101565]: [pid: 101565|app: 0|req: 28/84] 127.0.0.1 () {40 vars in 838 bytes} [Tue May 19 05:29:19 2026] GET /v2/images/32b157b2-4680-41b4-8140-de966d60d895 => generated 649 bytes in 13 msecs (HTTP/1.1 200) 4 headers in 157 bytes (1 switches on core 0)
May 19 05:29:20.217064 np0000001031 devstack@g-api.service[101564]: DEBUG glance.api.middleware.version_negotiation [None req-1a282a36-ce23-4163-9f67-32d5d0489e41 tempest-VolumesActionsTest-103657324 tempest-VolumesActionsTest-103657324-project-member] Determining version of request: PUT /v2/images/32b157b2-4680-41b4-8140-de966d60d895/file Accept: */* {{(pid=101564) process_request /opt/stack/glance/glance/api/middleware/version_negotiation.py:44}}
May 19 05:29:20.217509 np0000001031 devstack@g-api.service[101564]: DEBUG glance.api.middleware.version_negotiation [None req-1a282a36-ce23-4163-9f67-32d5d0489e41 tempest-VolumesActionsTest-103657324 tempest-VolumesActionsTest-103657324-project-member] Using url versioning {{(pid=101564) process_request /opt/stack/glance/glance/api/middleware/version_negotiation.py:57}}
May 19 05:29:20.217509 np0000001031 devstack@g-api.service[101564]: DEBUG glance.api.middleware.version_negotiation [None req-1a282a36-ce23-4163-9f67-32d5d0489e41 tempest-VolumesActionsTest-103657324 tempest-VolumesActionsTest-103657324-project-member] Matched version: v2 {{(pid=101564) process_request /opt/stack/glance/glance/api/middleware/version_negotiation.py:69}}
May 19 05:29:20.217509 np0000001031 devstack@g-api.service[101564]: DEBUG glance.api.middleware.version_negotiation [None req-1a282a36-ce23-4163-9f67-32d5d0489e41 tempest-VolumesActionsTest-103657324 tempest-VolumesActionsTest-103657324-project-member] new path /v2/images/32b157b2-4680-41b4-8140-de966d60d895/file {{(pid=101564) process_request /opt/stack/glance/glance/api/middleware/version_negotiation.py:70}}
May 19 05:29:20.648883 np0000001031 devstack@g-api.service[101563]: DEBUG glance.api.middleware.version_negotiation [None req-5b9283b9-7643-457e-8922-a8689ba12bc2 tempest-VolumesActionsTest-103657324 tempest-VolumesActionsTest-103657324-project-member] Determining version of request: GET /v2/images/32b157b2-4680-41b4-8140-de966d60d895 Accept: application/json {{(pid=101563) process_request /opt/stack/glance/glance/api/middleware/version_negotiation.py:44}}
May 19 05:29:20.649352 np0000001031 devstack@g-api.service[101563]: DEBUG glance.api.middleware.version_negotiation [None req-5b9283b9-7643-457e-8922-a8689ba12bc2 tempest-VolumesActionsTest-103657324 tempest-VolumesActionsTest-103657324-project-member] Using url versioning {{(pid=101563) process_request /opt/stack/glance/glance/api/middleware/version_negotiation.py:57}}
May 19 05:29:20.649352 np0000001031 devstack@g-api.service[101563]: DEBUG glance.api.middleware.version_negotiation [None req-5b9283b9-7643-457e-8922-a8689ba12bc2 tempest-VolumesActionsTest-103657324 tempest-VolumesActionsTest-103657324-project-member] Matched version: v2 {{(pid=101563) process_request /opt/stack/glance/glance/api/middleware/version_negotiation.py:69}}
May 19 05:29:20.649352 np0000001031 devstack@g-api.service[101563]: DEBUG glance.api.middleware.version_negotiation [None req-5b9283b9-7643-457e-8922-a8689ba12bc2 tempest-VolumesActionsTest-103657324 tempest-VolumesActionsTest-103657324-project-member] new path /v2/images/32b157b2-4680-41b4-8140-de966d60d895 {{(pid=101563) process_request /opt/stack/glance/glance/api/middleware/version_negotiation.py:70}}
May 19 05:29:20.659323 np0000001031 devstack@g-api.service[101563]: [pid: 101563|app: 0|req: 31/85] 127.0.0.1 () {40 vars in 838 bytes} [Tue May 19 05:29:20 2026] GET /v2/images/32b157b2-4680-41b4-8140-de966d60d895 => generated 649 bytes in 11 msecs (HTTP/1.1 200) 4 headers in 157 bytes (1 switches on core 0)
May 19 05:29:20.880952 np0000001031 devstack@g-api.service[101564]: INFO glance.api.v2.image_data [None req-69373fef-3e80-46a6-ba6e-6ccfabc3b9fc tempest-VolumesActionsTest-103657324 tempest-VolumesActionsTest-103657324-project-member] Unable to create trust: no such option collect_timing in group [keystone_authtoken] Use the existing user token.
May 19 05:29:21.565874 np0000001031 devstack@g-api.service[101564]: DEBUG glance.location [None req-69373fef-3e80-46a6-ba6e-6ccfabc3b9fc tempest-VolumesActionsTest-103657324 tempest-VolumesActionsTest-103657324-project-member] Enabling in-flight format inspection for raw {{(pid=101564) set_data /opt/stack/glance/glance/location.py:616}}
May 19 05:29:21.566465 np0000001031 devstack@g-api.service[101564]: DEBUG glance_store.backend [None req-69373fef-3e80-46a6-ba6e-6ccfabc3b9fc tempest-VolumesActionsTest-103657324 tempest-VolumesActionsTest-103657324-project-member] Attempting to import store swift {{(pid=101564) _load_store /opt/stack/data/venv/lib/python3.12/site-packages/glance_store/backend.py:215}}
May 19 05:29:21.567624 np0000001031 devstack@g-api.service[101564]: DEBUG glance_store.capabilities [None req-69373fef-3e80-46a6-ba6e-6ccfabc3b9fc tempest-VolumesActionsTest-103657324 tempest-VolumesActionsTest-103657324-project-member] Store glance_store._drivers.swift.store.SingleTenantStore doesn't support updating dynamic storage capabilities. Please overwrite 'update_capabilities' method of the store to implement updating logics if needed. {{(pid=101564) update_capabilities /opt/stack/data/venv/lib/python3.12/site-packages/glance_store/capabilities.py:91}}
May 19 05:29:21.567737 np0000001031 devstack@g-api.service[101564]: DEBUG glance_store.driver [None req-69373fef-3e80-46a6-ba6e-6ccfabc3b9fc tempest-VolumesActionsTest-103657324 tempest-VolumesActionsTest-103657324-project-member] Late loading location class glance_store._drivers.swift.store.StoreLocation {{(pid=101564) get_store_location_class /opt/stack/data/venv/lib/python3.12/site-packages/glance_store/driver.py:134}}
May 19 05:29:21.567789 np0000001031 devstack@g-api.service[101564]: DEBUG glance_store.location [None req-69373fef-3e80-46a6-ba6e-6ccfabc3b9fc tempest-VolumesActionsTest-103657324 tempest-VolumesActionsTest-103657324-project-member] Registering scheme swift+https with {'store': , 'location_class': , 'store_entry': 'swift'} {{(pid=101564) register_scheme_map /opt/stack/data/venv/lib/python3.12/site-packages/glance_store/location.py:146}}
May 19 05:29:21.567866 np0000001031 devstack@g-api.service[101564]: DEBUG glance_store.location [None req-69373fef-3e80-46a6-ba6e-6ccfabc3b9fc tempest-VolumesActionsTest-103657324 tempest-VolumesActionsTest-103657324-project-member] Registering scheme swift+https with {'store': , 'location_class': , 'store_entry': 'swift'} {{(pid=101564) register_scheme_map /opt/stack/data/venv/lib/python3.12/site-packages/glance_store/location.py:146}}
May 19 05:29:21.567948 np0000001031 devstack@g-api.service[101564]: DEBUG glance_store.location [None req-69373fef-3e80-46a6-ba6e-6ccfabc3b9fc tempest-VolumesActionsTest-103657324 tempest-VolumesActionsTest-103657324-project-member] Registering scheme swift with {'store': , 'location_class': , 'store_entry': 'swift'} {{(pid=101564) register_scheme_map /opt/stack/data/venv/lib/python3.12/site-packages/glance_store/location.py:146}}
May 19 05:29:21.568037 np0000001031 devstack@g-api.service[101564]: DEBUG glance_store.location [None req-69373fef-3e80-46a6-ba6e-6ccfabc3b9fc tempest-VolumesActionsTest-103657324 tempest-VolumesActionsTest-103657324-project-member] Registering scheme swift+https with {'store': , 'location_class': , 'store_entry': 'swift'} {{(pid=101564) register_scheme_map /opt/stack/data/venv/lib/python3.12/site-packages/glance_store/location.py:146}}
May 19 05:29:21.568087 np0000001031 devstack@g-api.service[101564]: DEBUG glance_store.location [None req-69373fef-3e80-46a6-ba6e-6ccfabc3b9fc tempest-VolumesActionsTest-103657324 tempest-VolumesActionsTest-103657324-project-member] Registering scheme swift with {'store': , 'location_class': , 'store_entry': 'swift'} {{(pid=101564) register_scheme_map /opt/stack/data/venv/lib/python3.12/site-packages/glance_store/location.py:146}}
May 19 05:29:21.568132 np0000001031 devstack@g-api.service[101564]: DEBUG glance_store.location [None req-69373fef-3e80-46a6-ba6e-6ccfabc3b9fc tempest-VolumesActionsTest-103657324 tempest-VolumesActionsTest-103657324-project-member] Registering scheme swift+http with {'store': , 'location_class': , 'store_entry': 'swift'} {{(pid=101564) register_scheme_map /opt/stack/data/venv/lib/python3.12/site-packages/glance_store/location.py:146}}
May 19 05:29:21.568210 np0000001031 devstack@g-api.service[101564]: DEBUG glance_store.location [None req-69373fef-3e80-46a6-ba6e-6ccfabc3b9fc tempest-VolumesActionsTest-103657324 tempest-VolumesActionsTest-103657324-project-member] Registering scheme swift+https with {'store': , 'location_class': , 'store_entry': 'swift'} {{(pid=101564) register_scheme_map /opt/stack/data/venv/lib/python3.12/site-packages/glance_store/location.py:146}}
May 19 05:29:21.568275 np0000001031 devstack@g-api.service[101564]: DEBUG glance_store.location [None req-69373fef-3e80-46a6-ba6e-6ccfabc3b9fc tempest-VolumesActionsTest-103657324 tempest-VolumesActionsTest-103657324-project-member] Registering scheme swift with {'store': , 'location_class': , 'store_entry': 'swift'} {{(pid=101564) register_scheme_map /opt/stack/data/venv/lib/python3.12/site-packages/glance_store/location.py:146}}
May 19 05:29:21.568340 np0000001031 devstack@g-api.service[101564]: DEBUG glance_store.location [None req-69373fef-3e80-46a6-ba6e-6ccfabc3b9fc tempest-VolumesActionsTest-103657324 tempest-VolumesActionsTest-103657324-project-member] Registering scheme swift+http with {'store': , 'location_class': , 'store_entry': 'swift'} {{(pid=101564) register_scheme_map /opt/stack/data/venv/lib/python3.12/site-packages/glance_store/location.py:146}}
May 19 05:29:21.568452 np0000001031 devstack@g-api.service[101564]: DEBUG glance_store.location [None req-69373fef-3e80-46a6-ba6e-6ccfabc3b9fc tempest-VolumesActionsTest-103657324 tempest-VolumesActionsTest-103657324-project-member] Registering scheme swift+config with {'store': , 'location_class': , 'store_entry': 'swift'} {{(pid=101564) register_scheme_map /opt/stack/data/venv/lib/python3.12/site-packages/glance_store/location.py:146}}
May 19 05:29:21.666558 np0000001031 devstack@g-api.service[101565]: DEBUG glance.api.middleware.version_negotiation [None req-fe0e843f-48ba-4d6a-9bd8-140d66c982eb tempest-VolumesActionsTest-103657324 tempest-VolumesActionsTest-103657324-project-member] Determining version of request: GET /v2/images/32b157b2-4680-41b4-8140-de966d60d895 Accept: application/json {{(pid=101565) process_request /opt/stack/glance/glance/api/middleware/version_negotiation.py:44}}
May 19 05:29:21.666908 np0000001031 devstack@g-api.service[101565]: DEBUG glance.api.middleware.version_negotiation [None req-fe0e843f-48ba-4d6a-9bd8-140d66c982eb tempest-VolumesActionsTest-103657324 tempest-VolumesActionsTest-103657324-project-member] Using url versioning {{(pid=101565) process_request /opt/stack/glance/glance/api/middleware/version_negotiation.py:57}}
May 19 05:29:21.666908 np0000001031 devstack@g-api.service[101565]: DEBUG glance.api.middleware.version_negotiation [None req-fe0e843f-48ba-4d6a-9bd8-140d66c982eb tempest-VolumesActionsTest-103657324 tempest-VolumesActionsTest-103657324-project-member] Matched version: v2 {{(pid=101565) process_request /opt/stack/glance/glance/api/middleware/version_negotiation.py:69}}
May 19 05:29:21.666908 np0000001031 devstack@g-api.service[101565]: DEBUG glance.api.middleware.version_negotiation [None req-fe0e843f-48ba-4d6a-9bd8-140d66c982eb tempest-VolumesActionsTest-103657324 tempest-VolumesActionsTest-103657324-project-member] new path /v2/images/32b157b2-4680-41b4-8140-de966d60d895 {{(pid=101565) process_request /opt/stack/glance/glance/api/middleware/version_negotiation.py:70}}
May 19 05:29:21.676248 np0000001031 devstack@g-api.service[101565]: [pid: 101565|app: 0|req: 29/86] 127.0.0.1 () {40 vars in 838 bytes} [Tue May 19 05:29:21 2026] GET /v2/images/32b157b2-4680-41b4-8140-de966d60d895 => generated 649 bytes in 10 msecs (HTTP/1.1 200) 4 headers in 157 bytes (1 switches on core 0)
May 19 05:29:21.998144 np0000001031 devstack@g-api.service[101564]: DEBUG swiftclient [None req-69373fef-3e80-46a6-ba6e-6ccfabc3b9fc tempest-VolumesActionsTest-103657324 tempest-VolumesActionsTest-103657324-project-member] REQ: curl -i https://10.4.3.224:8080/v1/AUTH_d1e10319e9e846548623a36de1f467da/glance -I -H "X-Auth-Token: gAAAAABqC_UxELox..." {{(pid=101564) http_log /opt/stack/data/venv/lib/python3.12/site-packages/swiftclient/client.py:160}}
May 19 05:29:21.998241 np0000001031 devstack@g-api.service[101564]: DEBUG swiftclient [None req-69373fef-3e80-46a6-ba6e-6ccfabc3b9fc tempest-VolumesActionsTest-103657324 tempest-VolumesActionsTest-103657324-project-member] RESP STATUS: 204 No Content {{(pid=101564) http_log /opt/stack/data/venv/lib/python3.12/site-packages/swiftclient/client.py:161}}
May 19 05:29:21.998398 np0000001031 devstack@g-api.service[101564]: DEBUG swiftclient [None req-69373fef-3e80-46a6-ba6e-6ccfabc3b9fc tempest-VolumesActionsTest-103657324 tempest-VolumesActionsTest-103657324-project-member] RESP HEADERS: {'Date': 'Tue, 19 May 2026 05:29:21 GMT', 'Server': 'Apache/2.4.58 (Ubuntu)', 'Content-Type': 'text/plain; charset=utf-8', 'X-Container-Object-Count': '5', 'X-Container-Bytes-Used': '86048768', 'X-Timestamp': '1779168328.51955', 'Last-Modified': 'Tue, 19 May 2026 05:25:29 GMT', 'Accept-Ranges': 'bytes', 'X-Storage-Policy': 'Policy-0', 'X-Container-Sharding': 'False', 'Vary': 'Accept', 'X-Trans-Id': 'tx7d2321156a2243da930f4-006a0bf531', 'X-Openstack-Request-Id': 'tx7d2321156a2243da930f4-006a0bf531', 'Connection': 'close'} {{(pid=101564) http_log /opt/stack/data/venv/lib/python3.12/site-packages/swiftclient/client.py:162}}
May 19 05:29:21.998601 np0000001031 devstack@g-api.service[101564]: DEBUG glance_store._drivers.swift.store [None req-69373fef-3e80-46a6-ba6e-6ccfabc3b9fc tempest-VolumesActionsTest-103657324 tempest-VolumesActionsTest-103657324-project-member] Adding image object '32b157b2-4680-41b4-8140-de966d60d895' to Swift {{(pid=101564) add /opt/stack/data/venv/lib/python3.12/site-packages/glance_store/_drivers/swift/store.py:978}}
May 19 05:29:21.998663 np0000001031 devstack@g-api.service[101564]: DEBUG glance_store._drivers.swift.store [None req-69373fef-3e80-46a6-ba6e-6ccfabc3b9fc tempest-VolumesActionsTest-103657324 tempest-VolumesActionsTest-103657324-project-member] Cannot determine image size because it is either not provided in the request or chunked-transfer encoding is used. Adding image as a segmented object to Swift. {{(pid=101564) add /opt/stack/data/venv/lib/python3.12/site-packages/glance_store/_drivers/swift/store.py:1002}}
May 19 05:29:22.004872 np0000001031 devstack@g-api.service[101564]: DEBUG oslo_utils.imageutils.format_inspector [None req-69373fef-3e80-46a6-ba6e-6ccfabc3b9fc tempest-VolumesActionsTest-103657324 tempest-VolumesActionsTest-103657324-project-member] Format inspector for vmdk does not match, excluding from consideration (Signature KDMV not found: b'\x00\x00\x00\x00') {{(pid=101564) _process_chunk /opt/stack/data/venv/lib/python3.12/site-packages/oslo_utils/imageutils/format_inspector.py:1538}}
May 19 05:29:22.010265 np0000001031 devstack@g-api.service[101564]: DEBUG oslo_utils.imageutils.format_inspector [None req-69373fef-3e80-46a6-ba6e-6ccfabc3b9fc tempest-VolumesActionsTest-103657324 tempest-VolumesActionsTest-103657324-project-member] Format inspector for vhdx does not match, excluding from consideration (Region signature not found at 30000) {{(pid=101564) _process_chunk /opt/stack/data/venv/lib/python3.12/site-packages/oslo_utils/imageutils/format_inspector.py:1538}}
May 19 05:29:22.688665 np0000001031 devstack@g-api.service[101563]: DEBUG glance.api.middleware.version_negotiation [None req-93f404a4-cf9c-42df-b1a7-331043715fa6 tempest-VolumesActionsTest-103657324 tempest-VolumesActionsTest-103657324-project-member] Determining version of request: GET /v2/images/32b157b2-4680-41b4-8140-de966d60d895 Accept: application/json {{(pid=101563) process_request /opt/stack/glance/glance/api/middleware/version_negotiation.py:44}}
May 19 05:29:22.688665 np0000001031 devstack@g-api.service[101563]: DEBUG glance.api.middleware.version_negotiation [None req-93f404a4-cf9c-42df-b1a7-331043715fa6 tempest-VolumesActionsTest-103657324 tempest-VolumesActionsTest-103657324-project-member] Using url versioning {{(pid=101563) process_request /opt/stack/glance/glance/api/middleware/version_negotiation.py:57}}
May 19 05:29:22.688665 np0000001031 devstack@g-api.service[101563]: DEBUG glance.api.middleware.version_negotiation [None req-93f404a4-cf9c-42df-b1a7-331043715fa6 tempest-VolumesActionsTest-103657324 tempest-VolumesActionsTest-103657324-project-member] Matched version: v2 {{(pid=101563) process_request /opt/stack/glance/glance/api/middleware/version_negotiation.py:69}}
May 19 05:29:22.688665 np0000001031 devstack@g-api.service[101563]: DEBUG glance.api.middleware.version_negotiation [None req-93f404a4-cf9c-42df-b1a7-331043715fa6 tempest-VolumesActionsTest-103657324 tempest-VolumesActionsTest-103657324-project-member] new path /v2/images/32b157b2-4680-41b4-8140-de966d60d895 {{(pid=101563) process_request /opt/stack/glance/glance/api/middleware/version_negotiation.py:70}}
May 19 05:29:22.699566 np0000001031 devstack@g-api.service[101563]: [pid: 101563|app: 0|req: 32/87] 127.0.0.1 () {40 vars in 838 bytes} [Tue May 19 05:29:22 2026] GET /v2/images/32b157b2-4680-41b4-8140-de966d60d895 => generated 649 bytes in 12 msecs (HTTP/1.1 200) 4 headers in 157 bytes (1 switches on core 0)
May 19 05:29:23.716602 np0000001031 devstack@g-api.service[101565]: DEBUG glance.api.middleware.version_negotiation [None req-e2c066c2-dacc-4cbe-8330-8cf5b2056f16 tempest-VolumesActionsTest-103657324 tempest-VolumesActionsTest-103657324-project-member] Determining version of request: GET /v2/images/32b157b2-4680-41b4-8140-de966d60d895 Accept: application/json {{(pid=101565) process_request /opt/stack/glance/glance/api/middleware/version_negotiation.py:44}}
May 19 05:29:23.717098 np0000001031 devstack@g-api.service[101565]: DEBUG glance.api.middleware.version_negotiation [None req-e2c066c2-dacc-4cbe-8330-8cf5b2056f16 tempest-VolumesActionsTest-103657324 tempest-VolumesActionsTest-103657324-project-member] Using url versioning {{(pid=101565) process_request /opt/stack/glance/glance/api/middleware/version_negotiation.py:57}}
May 19 05:29:23.717098 np0000001031 devstack@g-api.service[101565]: DEBUG glance.api.middleware.version_negotiation [None req-e2c066c2-dacc-4cbe-8330-8cf5b2056f16 tempest-VolumesActionsTest-103657324 tempest-VolumesActionsTest-103657324-project-member] Matched version: v2 {{(pid=101565) process_request /opt/stack/glance/glance/api/middleware/version_negotiation.py:69}}
May 19 05:29:23.717098 np0000001031 devstack@g-api.service[101565]: DEBUG glance.api.middleware.version_negotiation [None req-e2c066c2-dacc-4cbe-8330-8cf5b2056f16 tempest-VolumesActionsTest-103657324 tempest-VolumesActionsTest-103657324-project-member] new path /v2/images/32b157b2-4680-41b4-8140-de966d60d895 {{(pid=101565) process_request /opt/stack/glance/glance/api/middleware/version_negotiation.py:70}}
May 19 05:29:23.740109 np0000001031 devstack@g-api.service[101565]: [pid: 101565|app: 0|req: 30/88] 127.0.0.1 () {40 vars in 838 bytes} [Tue May 19 05:29:23 2026] GET /v2/images/32b157b2-4680-41b4-8140-de966d60d895 => generated 649 bytes in 23 msecs (HTTP/1.1 200) 4 headers in 157 bytes (1 switches on core 0)
May 19 05:29:24.195630 np0000001031 devstack@g-api.service[101564]: DEBUG swiftclient [None req-69373fef-3e80-46a6-ba6e-6ccfabc3b9fc tempest-VolumesActionsTest-103657324 tempest-VolumesActionsTest-103657324-project-member] REQ: curl -i https://10.4.3.224:8080/v1/AUTH_d1e10319e9e846548623a36de1f467da/glance/32b157b2-4680-41b4-8140-de966d60d895-00001 -X PUT -H "X-Auth-Token: gAAAAABqC_UxELox..." {{(pid=101564) http_log /opt/stack/data/venv/lib/python3.12/site-packages/swiftclient/client.py:160}}
May 19 05:29:24.195916 np0000001031 devstack@g-api.service[101564]: DEBUG swiftclient [None req-69373fef-3e80-46a6-ba6e-6ccfabc3b9fc tempest-VolumesActionsTest-103657324 tempest-VolumesActionsTest-103657324-project-member] RESP STATUS: 201 Created {{(pid=101564) http_log /opt/stack/data/venv/lib/python3.12/site-packages/swiftclient/client.py:161}}
May 19 05:29:24.195916 np0000001031 devstack@g-api.service[101564]: DEBUG swiftclient [None req-69373fef-3e80-46a6-ba6e-6ccfabc3b9fc tempest-VolumesActionsTest-103657324 tempest-VolumesActionsTest-103657324-project-member] RESP HEADERS: {'Date': 'Tue, 19 May 2026 05:29:24 GMT', 'Server': 'Apache/2.4.58 (Ubuntu)', 'Content-Type': 'text/html; charset=UTF-8', 'Content-Length': '0', 'Etag': 'eda9a9889837ac4bc81d6387d92c1bec', 'Last-Modified': 'Tue, 19 May 2026 05:29:23 GMT', 'X-Trans-Id': 'txefdbb099d1bd4ec9a0d81-006a0bf532', 'X-Openstack-Request-Id': 'txefdbb099d1bd4ec9a0d81-006a0bf532', 'Connection': 'close'} {{(pid=101564) http_log /opt/stack/data/venv/lib/python3.12/site-packages/swiftclient/client.py:162}}
May 19 05:29:24.196074 np0000001031 devstack@g-api.service[101564]: DEBUG glance_store._drivers.swift.store [None req-69373fef-3e80-46a6-ba6e-6ccfabc3b9fc tempest-VolumesActionsTest-103657324 tempest-VolumesActionsTest-103657324-project-member] Wrote chunk 32b157b2-4680-41b4-8140-de966d60d895-00001 (1/?) of length 204800000 to Swift returning MD5 of content: eda9a9889837ac4bc81d6387d92c1bec {{(pid=101564) add /opt/stack/data/venv/lib/python3.12/site-packages/glance_store/_drivers/swift/store.py:1067}}
May 19 05:29:24.749646 np0000001031 devstack@g-api.service[101563]: DEBUG glance.api.middleware.version_negotiation [None req-0e37005c-a942-4ad0-96a4-400fe55ad176 tempest-VolumesActionsTest-103657324 tempest-VolumesActionsTest-103657324-project-member] Determining version of request: GET /v2/images/32b157b2-4680-41b4-8140-de966d60d895 Accept: application/json {{(pid=101563) process_request /opt/stack/glance/glance/api/middleware/version_negotiation.py:44}}
May 19 05:29:24.751664 np0000001031 devstack@g-api.service[101563]: DEBUG glance.api.middleware.version_negotiation [None req-0e37005c-a942-4ad0-96a4-400fe55ad176 tempest-VolumesActionsTest-103657324 tempest-VolumesActionsTest-103657324-project-member] Using url versioning {{(pid=101563) process_request /opt/stack/glance/glance/api/middleware/version_negotiation.py:57}}
May 19 05:29:24.751664 np0000001031 devstack@g-api.service[101563]: DEBUG glance.api.middleware.version_negotiation [None req-0e37005c-a942-4ad0-96a4-400fe55ad176 tempest-VolumesActionsTest-103657324 tempest-VolumesActionsTest-103657324-project-member] Matched version: v2 {{(pid=101563) process_request /opt/stack/glance/glance/api/middleware/version_negotiation.py:69}}
May 19 05:29:24.751664 np0000001031 devstack@g-api.service[101563]: DEBUG glance.api.middleware.version_negotiation [None req-0e37005c-a942-4ad0-96a4-400fe55ad176 tempest-VolumesActionsTest-103657324 tempest-VolumesActionsTest-103657324-project-member] new path /v2/images/32b157b2-4680-41b4-8140-de966d60d895 {{(pid=101563) process_request /opt/stack/glance/glance/api/middleware/version_negotiation.py:70}}
May 19 05:29:24.763620 np0000001031 devstack@g-api.service[101563]: [pid: 101563|app: 0|req: 33/89] 127.0.0.1 () {40 vars in 838 bytes} [Tue May 19 05:29:24 2026] GET /v2/images/32b157b2-4680-41b4-8140-de966d60d895 => generated 649 bytes in 14 msecs (HTTP/1.1 200) 4 headers in 157 bytes (1 switches on core 0)
May 19 05:29:25.781125 np0000001031 devstack@g-api.service[101565]: DEBUG glance.api.middleware.version_negotiation [None req-4a7ad840-5e93-4b89-a826-364cc85c5355 tempest-VolumesActionsTest-103657324 tempest-VolumesActionsTest-103657324-project-member] Determining version of request: GET /v2/images/32b157b2-4680-41b4-8140-de966d60d895 Accept: application/json {{(pid=101565) process_request /opt/stack/glance/glance/api/middleware/version_negotiation.py:44}}
May 19 05:29:25.782327 np0000001031 devstack@g-api.service[101565]: DEBUG glance.api.middleware.version_negotiation [None req-4a7ad840-5e93-4b89-a826-364cc85c5355 tempest-VolumesActionsTest-103657324 tempest-VolumesActionsTest-103657324-project-member] Using url versioning {{(pid=101565) process_request /opt/stack/glance/glance/api/middleware/version_negotiation.py:57}}
May 19 05:29:25.782327 np0000001031 devstack@g-api.service[101565]: DEBUG glance.api.middleware.version_negotiation [None req-4a7ad840-5e93-4b89-a826-364cc85c5355 tempest-VolumesActionsTest-103657324 tempest-VolumesActionsTest-103657324-project-member] Matched version: v2 {{(pid=101565) process_request /opt/stack/glance/glance/api/middleware/version_negotiation.py:69}}
May 19 05:29:25.782327 np0000001031 devstack@g-api.service[101565]: DEBUG glance.api.middleware.version_negotiation [None req-4a7ad840-5e93-4b89-a826-364cc85c5355 tempest-VolumesActionsTest-103657324 tempest-VolumesActionsTest-103657324-project-member] new path /v2/images/32b157b2-4680-41b4-8140-de966d60d895 {{(pid=101565) process_request /opt/stack/glance/glance/api/middleware/version_negotiation.py:70}}
May 19 05:29:25.801834 np0000001031 devstack@g-api.service[101565]: [pid: 101565|app: 0|req: 31/90] 127.0.0.1 () {40 vars in 838 bytes} [Tue May 19 05:29:25 2026] GET /v2/images/32b157b2-4680-41b4-8140-de966d60d895 => generated 649 bytes in 21 msecs (HTTP/1.1 200) 4 headers in 157 bytes (1 switches on core 0)
May 19 05:29:26.514447 np0000001031 devstack@g-api.service[101564]: DEBUG swiftclient [None req-69373fef-3e80-46a6-ba6e-6ccfabc3b9fc tempest-VolumesActionsTest-103657324 tempest-VolumesActionsTest-103657324-project-member] REQ: curl -i https://10.4.3.224:8080/v1/AUTH_d1e10319e9e846548623a36de1f467da/glance/32b157b2-4680-41b4-8140-de966d60d895-00002 -X PUT -H "X-Auth-Token: gAAAAABqC_UxELox..." {{(pid=101564) http_log /opt/stack/data/venv/lib/python3.12/site-packages/swiftclient/client.py:160}}
May 19 05:29:26.514447 np0000001031 devstack@g-api.service[101564]: DEBUG swiftclient [None req-69373fef-3e80-46a6-ba6e-6ccfabc3b9fc tempest-VolumesActionsTest-103657324 tempest-VolumesActionsTest-103657324-project-member] RESP STATUS: 201 Created {{(pid=101564) http_log /opt/stack/data/venv/lib/python3.12/site-packages/swiftclient/client.py:161}}
May 19 05:29:26.514447 np0000001031 devstack@g-api.service[101564]: DEBUG swiftclient [None req-69373fef-3e80-46a6-ba6e-6ccfabc3b9fc tempest-VolumesActionsTest-103657324 tempest-VolumesActionsTest-103657324-project-member] RESP HEADERS: {'Date': 'Tue, 19 May 2026 05:29:26 GMT', 'Server': 'Apache/2.4.58 (Ubuntu)', 'Content-Type': 'text/html; charset=UTF-8', 'Content-Length': '0', 'Etag': 'eda9a9889837ac4bc81d6387d92c1bec', 'Last-Modified': 'Tue, 19 May 2026 05:29:25 GMT', 'X-Trans-Id': 'txa6abd42b4fe745d0bd5ed-006a0bf534', 'X-Openstack-Request-Id': 'txa6abd42b4fe745d0bd5ed-006a0bf534', 'Connection': 'close'} {{(pid=101564) http_log /opt/stack/data/venv/lib/python3.12/site-packages/swiftclient/client.py:162}}
May 19 05:29:26.514447 np0000001031 devstack@g-api.service[101564]: DEBUG glance_store._drivers.swift.store [None req-69373fef-3e80-46a6-ba6e-6ccfabc3b9fc tempest-VolumesActionsTest-103657324 tempest-VolumesActionsTest-103657324-project-member] Wrote chunk 32b157b2-4680-41b4-8140-de966d60d895-00002 (2/?) of length 204800000 to Swift returning MD5 of content: eda9a9889837ac4bc81d6387d92c1bec {{(pid=101564) add /opt/stack/data/venv/lib/python3.12/site-packages/glance_store/_drivers/swift/store.py:1067}}
May 19 05:29:26.818853 np0000001031 devstack@g-api.service[101563]: DEBUG glance.api.middleware.version_negotiation [None req-2e936378-8669-4682-9373-dbe4af5d1c63 tempest-VolumesActionsTest-103657324 tempest-VolumesActionsTest-103657324-project-member] Determining version of request: GET /v2/images/32b157b2-4680-41b4-8140-de966d60d895 Accept: application/json {{(pid=101563) process_request /opt/stack/glance/glance/api/middleware/version_negotiation.py:44}}
May 19 05:29:26.819311 np0000001031 devstack@g-api.service[101563]: DEBUG glance.api.middleware.version_negotiation [None req-2e936378-8669-4682-9373-dbe4af5d1c63 tempest-VolumesActionsTest-103657324 tempest-VolumesActionsTest-103657324-project-member] Using url versioning {{(pid=101563) process_request /opt/stack/glance/glance/api/middleware/version_negotiation.py:57}}
May 19 05:29:26.819311 np0000001031 devstack@g-api.service[101563]: DEBUG glance.api.middleware.version_negotiation [None req-2e936378-8669-4682-9373-dbe4af5d1c63 tempest-VolumesActionsTest-103657324 tempest-VolumesActionsTest-103657324-project-member] Matched version: v2 {{(pid=101563) process_request /opt/stack/glance/glance/api/middleware/version_negotiation.py:69}}
May 19 05:29:26.819311 np0000001031 devstack@g-api.service[101563]: DEBUG glance.api.middleware.version_negotiation [None req-2e936378-8669-4682-9373-dbe4af5d1c63 tempest-VolumesActionsTest-103657324 tempest-VolumesActionsTest-103657324-project-member] new path /v2/images/32b157b2-4680-41b4-8140-de966d60d895 {{(pid=101563) process_request /opt/stack/glance/glance/api/middleware/version_negotiation.py:70}}
May 19 05:29:26.832034 np0000001031 devstack@g-api.service[101563]: [pid: 101563|app: 0|req: 34/91] 127.0.0.1 () {40 vars in 838 bytes} [Tue May 19 05:29:26 2026] GET /v2/images/32b157b2-4680-41b4-8140-de966d60d895 => generated 649 bytes in 13 msecs (HTTP/1.1 200) 4 headers in 157 bytes (1 switches on core 0)
May 19 05:29:27.848091 np0000001031 devstack@g-api.service[101565]: DEBUG glance.api.middleware.version_negotiation [None req-5c8b3cc2-a094-4c03-a92e-af7a4aa350dd tempest-VolumesActionsTest-103657324 tempest-VolumesActionsTest-103657324-project-member] Determining version of request: GET /v2/images/32b157b2-4680-41b4-8140-de966d60d895 Accept: application/json {{(pid=101565) process_request /opt/stack/glance/glance/api/middleware/version_negotiation.py:44}}
May 19 05:29:27.848553 np0000001031 devstack@g-api.service[101565]: DEBUG glance.api.middleware.version_negotiation [None req-5c8b3cc2-a094-4c03-a92e-af7a4aa350dd tempest-VolumesActionsTest-103657324 tempest-VolumesActionsTest-103657324-project-member] Using url versioning {{(pid=101565) process_request /opt/stack/glance/glance/api/middleware/version_negotiation.py:57}}
May 19 05:29:27.848553 np0000001031 devstack@g-api.service[101565]: DEBUG glance.api.middleware.version_negotiation [None req-5c8b3cc2-a094-4c03-a92e-af7a4aa350dd tempest-VolumesActionsTest-103657324 tempest-VolumesActionsTest-103657324-project-member] Matched version: v2 {{(pid=101565) process_request /opt/stack/glance/glance/api/middleware/version_negotiation.py:69}}
May 19 05:29:27.849063 np0000001031 devstack@g-api.service[101565]: DEBUG glance.api.middleware.version_negotiation [None req-5c8b3cc2-a094-4c03-a92e-af7a4aa350dd tempest-VolumesActionsTest-103657324 tempest-VolumesActionsTest-103657324-project-member] new path /v2/images/32b157b2-4680-41b4-8140-de966d60d895 {{(pid=101565) process_request /opt/stack/glance/glance/api/middleware/version_negotiation.py:70}}
May 19 05:29:27.871108 np0000001031 devstack@g-api.service[101565]: [pid: 101565|app: 0|req: 32/92] 127.0.0.1 () {40 vars in 838 bytes} [Tue May 19 05:29:27 2026] GET /v2/images/32b157b2-4680-41b4-8140-de966d60d895 => generated 649 bytes in 23 msecs (HTTP/1.1 200) 4 headers in 157 bytes (1 switches on core 0)
May 19 05:29:28.880154 np0000001031 devstack@g-api.service[101563]: DEBUG glance.api.middleware.version_negotiation [None req-6a5533f1-b009-4a73-8014-96516b0ad6c6 tempest-VolumesActionsTest-103657324 tempest-VolumesActionsTest-103657324-project-member] Determining version of request: GET /v2/images/32b157b2-4680-41b4-8140-de966d60d895 Accept: application/json {{(pid=101563) process_request /opt/stack/glance/glance/api/middleware/version_negotiation.py:44}}
May 19 05:29:28.880154 np0000001031 devstack@g-api.service[101563]: DEBUG glance.api.middleware.version_negotiation [None req-6a5533f1-b009-4a73-8014-96516b0ad6c6 tempest-VolumesActionsTest-103657324 tempest-VolumesActionsTest-103657324-project-member] Using url versioning {{(pid=101563) process_request /opt/stack/glance/glance/api/middleware/version_negotiation.py:57}}
May 19 05:29:28.880154 np0000001031 devstack@g-api.service[101563]: DEBUG glance.api.middleware.version_negotiation [None req-6a5533f1-b009-4a73-8014-96516b0ad6c6 tempest-VolumesActionsTest-103657324 tempest-VolumesActionsTest-103657324-project-member] Matched version: v2 {{(pid=101563) process_request /opt/stack/glance/glance/api/middleware/version_negotiation.py:69}}
May 19 05:29:28.880511 np0000001031 devstack@g-api.service[101563]: DEBUG glance.api.middleware.version_negotiation [None req-6a5533f1-b009-4a73-8014-96516b0ad6c6 tempest-VolumesActionsTest-103657324 tempest-VolumesActionsTest-103657324-project-member] new path /v2/images/32b157b2-4680-41b4-8140-de966d60d895 {{(pid=101563) process_request /opt/stack/glance/glance/api/middleware/version_negotiation.py:70}}
May 19 05:29:28.885577 np0000001031 devstack@g-api.service[101564]: DEBUG swiftclient [None req-69373fef-3e80-46a6-ba6e-6ccfabc3b9fc tempest-VolumesActionsTest-103657324 tempest-VolumesActionsTest-103657324-project-member] REQ: curl -i https://10.4.3.224:8080/v1/AUTH_d1e10319e9e846548623a36de1f467da/glance/32b157b2-4680-41b4-8140-de966d60d895-00003 -X PUT -H "X-Auth-Token: gAAAAABqC_UxELox..." {{(pid=101564) http_log /opt/stack/data/venv/lib/python3.12/site-packages/swiftclient/client.py:160}}
May 19 05:29:28.885948 np0000001031 devstack@g-api.service[101564]: DEBUG swiftclient [None req-69373fef-3e80-46a6-ba6e-6ccfabc3b9fc tempest-VolumesActionsTest-103657324 tempest-VolumesActionsTest-103657324-project-member] RESP STATUS: 201 Created {{(pid=101564) http_log /opt/stack/data/venv/lib/python3.12/site-packages/swiftclient/client.py:161}}
May 19 05:29:28.888073 np0000001031 devstack@g-api.service[101564]: DEBUG swiftclient [None req-69373fef-3e80-46a6-ba6e-6ccfabc3b9fc tempest-VolumesActionsTest-103657324 tempest-VolumesActionsTest-103657324-project-member] RESP HEADERS: {'Date': 'Tue, 19 May 2026 05:29:28 GMT', 'Server': 'Apache/2.4.58 (Ubuntu)', 'Content-Type': 'text/html; charset=UTF-8', 'Content-Length': '0', 'Etag': 'eda9a9889837ac4bc81d6387d92c1bec', 'Last-Modified': 'Tue, 19 May 2026 05:29:27 GMT', 'X-Trans-Id': 'tx5c1224f00f5045dcaf73e-006a0bf536', 'X-Openstack-Request-Id': 'tx5c1224f00f5045dcaf73e-006a0bf536', 'Connection': 'close'} {{(pid=101564) http_log /opt/stack/data/venv/lib/python3.12/site-packages/swiftclient/client.py:162}}
May 19 05:29:28.888292 np0000001031 devstack@g-api.service[101564]: DEBUG glance_store._drivers.swift.store [None req-69373fef-3e80-46a6-ba6e-6ccfabc3b9fc tempest-VolumesActionsTest-103657324 tempest-VolumesActionsTest-103657324-project-member] Wrote chunk 32b157b2-4680-41b4-8140-de966d60d895-00003 (3/?) of length 204800000 to Swift returning MD5 of content: eda9a9889837ac4bc81d6387d92c1bec {{(pid=101564) add /opt/stack/data/venv/lib/python3.12/site-packages/glance_store/_drivers/swift/store.py:1067}}
May 19 05:29:28.892560 np0000001031 devstack@g-api.service[101563]: [pid: 101563|app: 0|req: 35/93] 127.0.0.1 () {40 vars in 838 bytes} [Tue May 19 05:29:28 2026] GET /v2/images/32b157b2-4680-41b4-8140-de966d60d895 => generated 649 bytes in 13 msecs (HTTP/1.1 200) 4 headers in 157 bytes (1 switches on core 0)
May 19 05:29:29.902154 np0000001031 devstack@g-api.service[101565]: DEBUG glance.api.middleware.version_negotiation [None req-af28a632-47dd-4a3b-a4e8-0f04d3122587 tempest-VolumesActionsTest-103657324 tempest-VolumesActionsTest-103657324-project-member] Determining version of request: GET /v2/images/32b157b2-4680-41b4-8140-de966d60d895 Accept: application/json {{(pid=101565) process_request /opt/stack/glance/glance/api/middleware/version_negotiation.py:44}}
May 19 05:29:29.902661 np0000001031 devstack@g-api.service[101565]: DEBUG glance.api.middleware.version_negotiation [None req-af28a632-47dd-4a3b-a4e8-0f04d3122587 tempest-VolumesActionsTest-103657324 tempest-VolumesActionsTest-103657324-project-member] Using url versioning {{(pid=101565) process_request /opt/stack/glance/glance/api/middleware/version_negotiation.py:57}}
