May 19 05:24:46.396545 np0000001031 devstack@neutron-api.service[89537]: 'QosPolicy': {'1.10'},
May 19 05:24:46.396545 np0000001031 devstack@neutron-api.service[89537]: 'SecurityGroup': {'1.6'},
May 19 05:24:46.396545 np0000001031 devstack@neutron-api.service[89537]: 'SecurityGroupRule': {'1.3'},
May 19 05:24:46.396545 np0000001031 devstack@neutron-api.service[89537]: 'SubPort': {'1.0'},
May 19 05:24:46.396545 np0000001031 devstack@neutron-api.service[89537]: 'Subnet': {'1.2'},
May 19 05:24:46.396545 np0000001031 devstack@neutron-api.service[89537]: 'Trunk': {'1.1'}}
May 19 05:24:46.396545 np0000001031 devstack@neutron-api.service[89537]: consumer versions:
May 19 05:24:46.396545 np0000001031 devstack@neutron-api.service[89537]: { OVN Neutron agent@np0000001031: {},
May 19 05:24:46.396545 np0000001031 devstack@neutron-api.service[89537]: OVN Controller Gateway agent@np0000001031: {}}
May 19 05:24:46.396545 np0000001031 devstack@neutron-api.service[89537]: {{(pid=89537) report /opt/stack/neutron/neutron/api/rpc/callbacks/version_manager.py:183}}
May 19 05:24:46.408793 np0000001031 devstack@neutron-api.service[89537]: INFO neutron.plugins.ml2.drivers.ovn.mech_driver.ovsdb.extensions.qos [None req-304b48a5-9d98-4743-a806-3b45b079d1eb admin admin] Starting OVNClientQosExtension
May 19 05:24:46.408920 np0000001031 devstack@neutron-api.service[89537]: INFO neutron.plugins.ml2.drivers.ovn.mech_driver.ovsdb.extensions.placement [None req-304b48a5-9d98-4743-a806-3b45b079d1eb admin admin] Starting OVNClientPlacementExtension
May 19 05:24:46.444410 np0000001031 devstack@neutron-api.service[89537]: INFO neutron.db.ovn_revision_numbers_db [None req-304b48a5-9d98-4743-a806-3b45b079d1eb admin admin] Successfully bumped revision number for resource d61deafb-617b-4d52-8122-ede4e960db30 (type: subnets) to 0
May 19 05:24:46.445459 np0000001031 devstack@neutron-api.service[89537]: DEBUG neutron.pecan_wsgi.hooks.policy_enforcement [None req-304b48a5-9d98-4743-a806-3b45b079d1eb admin admin] Attributes excluded by policy engine: ['standard_attr_id', 'shared', 'network'] {{(pid=89537) _exclude_attributes_by_policy /opt/stack/neutron/neutron/pecan_wsgi/hooks/policy_enforcement.py:256}}
May 19 05:24:46.445740 np0000001031 devstack@neutron-api.service[89537]: DEBUG neutron_lib.callbacks.manager [None req-304b48a5-9d98-4743-a806-3b45b079d1eb admin admin] Publish callbacks [] for subnet (None), before_response {{(pid=89537) _notify_loop /opt/stack/data/venv/lib/python3.12/site-packages/neutron_lib/callbacks/manager.py:184}}
May 19 05:24:46.453842 np0000001031 devstack@neutron-api.service[89537]: [pid: 89537|app: 0|req: 7/21] 10.4.3.224 () {68 vars in 1324 bytes} [Tue May 19 05:24:46 2026] POST /networking/v2.0/subnets => generated 640 bytes in 265 msecs (HTTP/1.1 201) 4 headers in 162 bytes (1 switches on core 0)
May 19 05:24:46.711320 np0000001031 devstack@neutron-api.service[89536]: DEBUG neutron.api.wsgi [None req-a65024e4-01ef-41a9-bae7-58d3e540233f admin admin] Missing Content-Type {{(pid=89536) get_content_type /opt/stack/neutron/neutron/api/wsgi.py:80}}
May 19 05:24:46.742297 np0000001031 devstack@neutron-api.service[89536]: [pid: 89536|app: 0|req: 7/22] 10.4.3.224 () {64 vars in 1381 bytes} [Tue May 19 05:24:46 2026] GET /networking/v2.0/routers/705937bd-b21a-4324-82f0-fa82aa1a775e => generated 599 bytes in 33 msecs (HTTP/1.1 200) 4 headers in 157 bytes (1 switches on core 0)
May 19 05:24:46.773206 np0000001031 devstack@neutron-api.service[89535]: DEBUG neutron.pecan_wsgi.hooks.policy_enforcement [None req-a17bcd9b-6e4e-4ea3-9c8e-7021babade96 admin admin] Attributes excluded by policy engine: ['standard_attr_id'] {{(pid=89535) _exclude_attributes_by_policy /opt/stack/neutron/neutron/pecan_wsgi/hooks/policy_enforcement.py:256}}
May 19 05:24:46.773826 np0000001031 devstack@neutron-api.service[89535]: [pid: 89535|app: 0|req: 9/23] 10.4.3.224 () {64 vars in 1384 bytes} [Tue May 19 05:24:46 2026] GET /networking/v2.0/networks/719845df-b963-4eb0-b263-a677f30df135 => generated 717 bytes in 24 msecs (HTTP/1.1 200) 4 headers in 157 bytes (1 switches on core 0)
May 19 05:24:46.783417 np0000001031 devstack@neutron-api.service[89537]: DEBUG neutron.api.wsgi [None req-d7bd7c2f-3a12-4bb0-a89a-0b98df509fd2 admin admin] Missing Content-Type {{(pid=89537) get_content_type /opt/stack/neutron/neutron/api/wsgi.py:80}}
May 19 05:24:46.783741 np0000001031 devstack@neutron-api.service[89537]: DEBUG neutron.api.wsgi [None req-d7bd7c2f-3a12-4bb0-a89a-0b98df509fd2 admin admin] https://10.4.3.224/networking/v2.0/extensions/external-gateway-multihoming returned with HTTP 200 {{(pid=89537) __call__ /opt/stack/neutron/neutron/api/wsgi.py:540}}
May 19 05:24:46.784018 np0000001031 devstack@neutron-api.service[89537]: [pid: 89537|app: 0|req: 8/24] 10.4.3.224 () {64 vars in 1366 bytes} [Tue May 19 05:24:46 2026] GET /networking/v2.0/extensions/external-gateway-multihoming => generated 227 bytes in 2 msecs (HTTP/1.1 200) 4 headers in 157 bytes (1 switches on core 0)
May 19 05:24:46.947197 np0000001031 devstack@neutron-api.service[89535]: DEBUG futurist.periodics [-] Submitting periodic callback 'neutron.plugins.ml2.drivers.ovn.mech_driver.ovsdb.maintenance.HashRingHealthCheckPeriodics.touch_hash_ring_node' {{(pid=89535) _process_scheduled /opt/stack/data/venv/lib/python3.12/site-packages/futurist/periodics.py:784}}
May 19 05:24:46.948123 np0000001031 devstack@neutron-api.service[89535]: DEBUG neutron.plugins.ml2.drivers.ovn.mech_driver.ovsdb.maintenance [-] Touching Hash Ring node "8300240e5fd159e894a9471da387a7f0" from periodic health check thread {{(pid=89535) touch_hash_ring_node /opt/stack/neutron/neutron/plugins/ml2/drivers/ovn/mech_driver/ovsdb/maintenance.py:1466}}
May 19 05:24:47.165143 np0000001031 devstack@neutron-api.service[89536]: DEBUG neutron_lib.callbacks.manager [None req-304b629c-cec0-4887-b33d-0d410a54d4b3 admin admin] Publish callbacks [] for router_gateway (705937bd-b21a-4324-82f0-fa82aa1a775e), precommit_update {{(pid=89536) _notify_loop /opt/stack/data/venv/lib/python3.12/site-packages/neutron_lib/callbacks/manager.py:184}}
May 19 05:24:47.224930 np0000001031 devstack@neutron-api.service[89536]: DEBUG neutron_lib.callbacks.manager [None req-304b629c-cec0-4887-b33d-0d410a54d4b3 admin admin] Publish callbacks [] for router_gateway (705937bd-b21a-4324-82f0-fa82aa1a775e), before_create {{(pid=89536) _notify_loop /opt/stack/data/venv/lib/python3.12/site-packages/neutron_lib/callbacks/manager.py:184}}
May 19 05:24:47.241516 np0000001031 devstack@neutron-api.service[89536]: DEBUG neutron_lib.callbacks.manager [None req-304b629c-cec0-4887-b33d-0d410a54d4b3 admin admin] Publish callbacks ['neutron.plugins.ml2.plugin.SecurityGroupDbMixin._ensure_default_security_group_handler-80387'] for port (None), before_create {{(pid=89536) _notify_loop /opt/stack/data/venv/lib/python3.12/site-packages/neutron_lib/callbacks/manager.py:184}}
May 19 05:24:47.279045 np0000001031 devstack@neutron-api.service[89536]: DEBUG neutron.db.db_base_plugin_common [None req-304b629c-cec0-4887-b33d-0d410a54d4b3 admin admin] Allocated IP 172.24.5.194 (719845df-b963-4eb0-b263-a677f30df135/d61deafb-617b-4d52-8122-ede4e960db30/ec7074ac-b01a-48fa-a4a8-c9df010d84dd) {{(pid=89536) _store_ip_allocation /opt/stack/neutron/neutron/db/db_base_plugin_common.py:131}}
May 19 05:24:47.316481 np0000001031 devstack@neutron-api.service[89536]: DEBUG neutron_lib.callbacks.manager [None req-304b629c-cec0-4887-b33d-0d410a54d4b3 admin admin] Publish callbacks ['neutron.plugins.ml2.drivers.ovn.mech_driver.mech_driver.OVNMechanismDriver._validate_allowed_address_pairs-1948843'] for allowed_address_pair (ec7074ac-b01a-48fa-a4a8-c9df010d84dd), before_create {{(pid=89536) _notify_loop /opt/stack/data/venv/lib/python3.12/site-packages/neutron_lib/callbacks/manager.py:184}}
May 19 05:24:47.316933 np0000001031 devstack@neutron-api.service[89536]: DEBUG neutron_lib.callbacks.manager [None req-304b629c-cec0-4887-b33d-0d410a54d4b3 admin admin] Publish callbacks [] for port (ec7074ac-b01a-48fa-a4a8-c9df010d84dd), precommit_create {{(pid=89536) _notify_loop /opt/stack/data/venv/lib/python3.12/site-packages/neutron_lib/callbacks/manager.py:184}}
May 19 05:24:47.317069 np0000001031 devstack@neutron-api.service[89536]: DEBUG neutron.plugins.ml2.drivers.ovn.mech_driver.mech_driver [None req-304b629c-cec0-4887-b33d-0d410a54d4b3 admin admin] No provisioning block for port ec7074ac-b01a-48fa-a4a8-c9df010d84dd since it does not have a host {{(pid=89536) _is_port_provisioning_required /opt/stack/neutron/neutron/plugins/ml2/drivers/ovn/mech_driver/mech_driver.py:894}}
May 19 05:24:47.317164 np0000001031 devstack@neutron-api.service[89536]: DEBUG neutron.db.ovn_revision_numbers_db [None req-304b629c-cec0-4887-b33d-0d410a54d4b3 admin admin] create_initial_revision uuid=ec7074ac-b01a-48fa-a4a8-c9df010d84dd, type=ports, rev=-1 {{(pid=89536) create_initial_revision /opt/stack/neutron/neutron/db/ovn_revision_numbers_db.py:98}}
May 19 05:24:47.364403 np0000001031 devstack@neutron-api.service[89536]: DEBUG neutron.db.ovn_revision_numbers_db [None req-304b629c-cec0-4887-b33d-0d410a54d4b3 admin admin] create_initial_revision uuid=ec7074ac-b01a-48fa-a4a8-c9df010d84dd, type=router_ports, rev=-1 {{(pid=89536) create_initial_revision /opt/stack/neutron/neutron/db/ovn_revision_numbers_db.py:98}}
May 19 05:24:47.385875 np0000001031 devstack@neutron-api.service[89536]: DEBUG neutron_lib.callbacks.manager [None req-304b629c-cec0-4887-b33d-0d410a54d4b3 admin admin] Publish callbacks ['neutron.plugins.ml2.ovo_rpc._ObjectChangeHandler.handle_event-3108701'] for port (ec7074ac-b01a-48fa-a4a8-c9df010d84dd), after_create {{(pid=89536) _notify_loop /opt/stack/data/venv/lib/python3.12/site-packages/neutron_lib/callbacks/manager.py:184}}
May 19 05:24:47.409251 np0000001031 devstack@neutron-api.service[89536]: DEBUG neutron.api.rpc.handlers.resources_rpc [None req-304b629c-cec0-4887-b33d-0d410a54d4b3 admin admin] Pushing event updated for resources: {'Port': ['ID=ec7074ac-b01a-48fa-a4a8-c9df010d84dd,revision_number=1']} {{(pid=89536) push /opt/stack/neutron/neutron/api/rpc/handlers/resources_rpc.py:237}}
May 19 05:24:47.430985 np0000001031 devstack@neutron-api.service[89536]: DEBUG ovsdbapp.backend.ovs_idl.transaction [-] Running txn n=1 command(idx=0): AddLSwitchPortCommand(_result=None, lport=ec7074ac-b01a-48fa-a4a8-c9df010d84dd, lswitch=neutron-719845df-b963-4eb0-b263-a677f30df135, may_exist=True, network_uuid=719845df-b963-4eb0-b263-a677f30df135, columns={'addresses': ['unknown'], 'external_ids': {'neutron:port_name': '', 'neutron:device_id': '705937bd-b21a-4324-82f0-fa82aa1a775e', 'neutron:project_id': '', 'neutron:cidrs': '172.24.5.194/24', 'neutron:device_owner': 'network:router_gateway', 'neutron:subnet_pool_addr_scope4': '', 'neutron:subnet_pool_addr_scope6': '', 'neutron:network_name': 'neutron-719845df-b963-4eb0-b263-a677f30df135', 'neutron:security_group_ids': '', 'neutron:revision_number': '1', 'neutron:vnic_type': 'normal', 'neutron:port_capabilities': '', 'neutron:mtu': ''}, 'parent_name': [], 'tag': [], 'enabled': True, 'options': {}, 'type': '', 'port_security': [], 'dhcpv4_options': [], 'dhcpv6_options': []}) {{(pid=89536) do_commit /opt/stack/data/venv/lib/python3.12/site-packages/ovsdbapp/backend/ovs_idl/transaction.py:89}}
May 19 05:24:47.431316 np0000001031 devstack@neutron-api.service[89536]: DEBUG ovsdbapp.backend.ovs_idl.transaction [-] Running txn n=1 command(idx=1): QoSDelCommand(_result=None, switch=neutron-719845df-b963-4eb0-b263-a677f30df135, conditions=[('direction', '=', 'to-lport'), ('priority', '=', 2002), ('match', '=', 'outport == "ec7074ac-b01a-48fa-a4a8-c9df010d84dd"')], if_exists=True) {{(pid=89536) do_commit /opt/stack/data/venv/lib/python3.12/site-packages/ovsdbapp/backend/ovs_idl/transaction.py:89}}
May 19 05:24:47.431535 np0000001031 devstack@neutron-api.service[89536]: DEBUG ovsdbapp.backend.ovs_idl.transaction [-] Running txn n=1 command(idx=2): QoSDelCommand(_result=None, switch=neutron-719845df-b963-4eb0-b263-a677f30df135, conditions=[('direction', '=', 'from-lport'), ('priority', '=', 2002), ('match', '=', 'inport == "ec7074ac-b01a-48fa-a4a8-c9df010d84dd"')], if_exists=True) {{(pid=89536) do_commit /opt/stack/data/venv/lib/python3.12/site-packages/ovsdbapp/backend/ovs_idl/transaction.py:89}}
May 19 05:24:47.431692 np0000001031 devstack@neutron-api.service[89536]: DEBUG ovsdbapp.backend.ovs_idl.transaction [-] Running txn n=1 command(idx=3): UpdateLSwitchPortQosOptionsCommand(_result=None, lport=AddLSwitchPortCommand(_result=17ced936-3022-4522-ab6b-2a29699b3d28, lport=ec7074ac-b01a-48fa-a4a8-c9df010d84dd, lswitch=neutron-719845df-b963-4eb0-b263-a677f30df135, may_exist=True, network_uuid=719845df-b963-4eb0-b263-a677f30df135, columns={'addresses': ['unknown'], 'external_ids': {'neutron:port_name': '', 'neutron:device_id': '705937bd-b21a-4324-82f0-fa82aa1a775e', 'neutron:project_id': '', 'neutron:cidrs': '172.24.5.194/24', 'neutron:device_owner': 'network:router_gateway', 'neutron:subnet_pool_addr_scope4': '', 'neutron:subnet_pool_addr_scope6': '', 'neutron:network_name': 'neutron-719845df-b963-4eb0-b263-a677f30df135', 'neutron:security_group_ids': '', 'neutron:revision_number': '1', 'neutron:vnic_type': 'normal', 'neutron:port_capabilities': '', 'neutron:mtu': ''}, 'parent_name': [], 'enabled': True, 'options': {}, 'type': '', 'port_security': []}), if_exists=True, qos={'qos_max_rate': None, 'qos_burst': None, 'qos_min_rate': None}) {{(pid=89536) do_commit /opt/stack/data/venv/lib/python3.12/site-packages/ovsdbapp/backend/ovs_idl/transaction.py:89}}
May 19 05:24:47.435203 np0000001031 devstack@neutron-api.service[89537]: DEBUG neutron.plugins.ml2.drivers.ovn.mech_driver.ovsdb.ovsdb_monitor [-] Hash Ring: Node 9fa313ab32e658c09b34e954030c788e (host: np0000001031) handling event "update" for row 719845df-b963-4eb0-b263-a677f30df135 (table: Logical_Switch) {{(pid=89537) notify /opt/stack/neutron/neutron/plugins/ml2/drivers/ovn/mech_driver/ovsdb/ovsdb_monitor.py:942}}
May 19 05:24:47.438062 np0000001031 devstack@neutron-api.service[89535]: DEBUG neutron.plugins.ml2.drivers.ovn.mech_driver.ovsdb.ovsdb_monitor [None req-081d30a7-4f81-441a-a618-657ff3a4604e None None] Touching Hash Ring node "8300240e5fd159e894a9471da387a7f0" from IDL notify handler {{(pid=89535) notify /opt/stack/neutron/neutron/plugins/ml2/drivers/ovn/mech_driver/ovsdb/ovsdb_monitor.py:934}}
May 19 05:24:47.440347 np0000001031 devstack@neutron-api.service[89535]: DEBUG neutron.plugins.ml2.drivers.ovn.mech_driver.ovsdb.ovsdb_monitor [None req-4cb91e33-d613-4b9d-b717-ef277c2fe101 None None] Touching Hash Ring node "8300240e5fd159e894a9471da387a7f0" from IDL notify handler {{(pid=89535) notify /opt/stack/neutron/neutron/plugins/ml2/drivers/ovn/mech_driver/ovsdb/ovsdb_monitor.py:934}}
May 19 05:24:47.442453 np0000001031 devstack@neutron-api.service[89535]: DEBUG neutron.plugins.ml2.drivers.ovn.mech_driver.ovsdb.ovsdb_monitor [None req-081d30a7-4f81-441a-a618-657ff3a4604e None None] Hash Ring: Node 8300240e5fd159e894a9471da387a7f0 (host: np0000001031) handling event "update" for row 719845df-b963-4eb0-b263-a677f30df135 (table: Logical_Switch) {{(pid=89535) notify /opt/stack/neutron/neutron/plugins/ml2/drivers/ovn/mech_driver/ovsdb/ovsdb_monitor.py:942}}
May 19 05:24:47.443910 np0000001031 devstack@neutron-api.service[89535]: DEBUG neutron.plugins.ml2.drivers.ovn.mech_driver.ovsdb.ovsdb_monitor [None req-4cb91e33-d613-4b9d-b717-ef277c2fe101 None None] Hash Ring: Node 8300240e5fd159e894a9471da387a7f0 (host: np0000001031) handling event "create" for row 748dc27c-ba61-4aed-bab5-a7f83053442c (table: Port_Binding) {{(pid=89535) notify /opt/stack/neutron/neutron/plugins/ml2/drivers/ovn/mech_driver/ovsdb/ovsdb_monitor.py:942}}
May 19 05:24:47.444500 np0000001031 devstack@neutron-api.service[89535]: DEBUG neutron.plugins.ml2.drivers.ovn.mech_driver.ovsdb.ovsdb_monitor [None req-081d30a7-4f81-441a-a618-657ff3a4604e None None] Touching Hash Ring node "8300240e5fd159e894a9471da387a7f0" from IDL notify handler {{(pid=89535) notify /opt/stack/neutron/neutron/plugins/ml2/drivers/ovn/mech_driver/ovsdb/ovsdb_monitor.py:934}}
May 19 05:24:47.447057 np0000001031 devstack@neutron-api.service[89535]: DEBUG neutron.plugins.ml2.drivers.ovn.mech_driver.ovsdb.ovsdb_monitor [None req-081d30a7-4f81-441a-a618-657ff3a4604e None None] Hash Ring: Node 8300240e5fd159e894a9471da387a7f0 (host: np0000001031) handling event "create" for row 08d872b5-449f-49df-bd18-e45b732b5664 (table: Logical_Switch_Port) {{(pid=89535) notify /opt/stack/neutron/neutron/plugins/ml2/drivers/ovn/mech_driver/ovsdb/ovsdb_monitor.py:942}}
May 19 05:24:47.448277 np0000001031 devstack@neutron-api.service[89535]: DEBUG ovsdbapp.backend.ovs_idl.event [None req-081d30a7-4f81-441a-a618-657ff3a4604e None None] Matched CREATE: LogicalSwitchPortCreateEvent(events=('create',), table='Logical_Switch_Port', conditions=[], old_conditions=None), priority=20 to row=Logical_Switch_Port(uuid=08d872b5-449f-49df-bd18-e45b732b5664, addresses=['unknown'], dhcpv4_options=[], dhcpv6_options=[], dynamic_addresses=[], enabled=True, external_ids={'neutron:cidrs': '172.24.5.194/24', 'neutron:device_id': '705937bd-b21a-4324-82f0-fa82aa1a775e', 'neutron:device_owner': 'network:router_gateway', 'neutron:mtu': '', 'neutron:network_name': 'neutron-719845df-b963-4eb0-b263-a677f30df135', 'neutron:port_capabilities': '', 'neutron:port_name': '', 'neutron:project_id': '', 'neutron:revision_number': '1', 'neutron:security_group_ids': '', 'neutron:subnet_pool_addr_scope4': '', 'neutron:subnet_pool_addr_scope6': '', 'neutron:vnic_type': 'normal'}, ha_chassis_group=[], mirror_rules=[], name='ec7074ac-b01a-48fa-a4a8-c9df010d84dd', options={}, parent_name=[], port_security=[], tag=[], tag_request=[], type='', up=[]) old= {{(pid=89535) matches /opt/stack/data/venv/lib/python3.12/site-packages/ovsdbapp/backend/ovs_idl/event.py:55}}
May 19 05:24:47.449894 np0000001031 devstack@neutron-api.service[89535]: DEBUG neutron.plugins.ml2.drivers.ovn.mech_driver.ovsdb.ovsdb_monitor [None req-081d30a7-4f81-441a-a618-657ff3a4604e None None] Touching Hash Ring node "8300240e5fd159e894a9471da387a7f0" from IDL notify handler {{(pid=89535) notify /opt/stack/neutron/neutron/plugins/ml2/drivers/ovn/mech_driver/ovsdb/ovsdb_monitor.py:934}}
May 19 05:24:47.452313 np0000001031 devstack@neutron-api.service[89535]: DEBUG neutron.plugins.ml2.drivers.ovn.mech_driver.ovsdb.ovsdb_monitor [None req-081d30a7-4f81-441a-a618-657ff3a4604e None None] Hash Ring: Node 8300240e5fd159e894a9471da387a7f0 (host: np0000001031) handling event "update" for row 08d872b5-449f-49df-bd18-e45b732b5664 (table: Logical_Switch_Port) {{(pid=89535) notify /opt/stack/neutron/neutron/plugins/ml2/drivers/ovn/mech_driver/ovsdb/ovsdb_monitor.py:942}}
May 19 05:24:47.458042 np0000001031 devstack@neutron-api.service[89536]: INFO neutron.db.ovn_revision_numbers_db [None req-304b629c-cec0-4887-b33d-0d410a54d4b3 admin admin] Successfully bumped revision number for resource ec7074ac-b01a-48fa-a4a8-c9df010d84dd (type: ports) to 1
May 19 05:24:47.563112 np0000001031 devstack@neutron-api.service[89536]: DEBUG neutron_lib.callbacks.manager [None req-304b629c-cec0-4887-b33d-0d410a54d4b3 admin admin] Publish callbacks [] for router_gateway (705937bd-b21a-4324-82f0-fa82aa1a775e), after_create {{(pid=89536) _notify_loop /opt/stack/data/venv/lib/python3.12/site-packages/neutron_lib/callbacks/manager.py:184}}
May 19 05:24:47.729974 np0000001031 devstack@neutron-api.service[89536]: DEBUG neutron_lib.callbacks.manager [None req-304b629c-cec0-4887-b33d-0d410a54d4b3 admin admin] Publish callbacks ['neutron.services.ovn_l3.plugin.ExtraGatewaysDbOnlyMixin._process_bfd_ecmp_update-438635', 'neutron.services.ovn_l3.service_providers.driver_controller.DriverController._update_router_provider-461125'] for router (705937bd-b21a-4324-82f0-fa82aa1a775e), precommit_update {{(pid=89536) _notify_loop /opt/stack/data/venv/lib/python3.12/site-packages/neutron_lib/callbacks/manager.py:184}}
May 19 05:24:47.733217 np0000001031 devstack@neutron-api.service[89536]: DEBUG neutron_lib.callbacks.manager [None req-304b629c-cec0-4887-b33d-0d410a54d4b3 admin admin] Publish callbacks ['neutron.services.ovn_l3.service_providers.ovn.OvnDriver._process_router_update-94522'] for router (705937bd-b21a-4324-82f0-fa82aa1a775e), after_update {{(pid=89536) _notify_loop /opt/stack/data/venv/lib/python3.12/site-packages/neutron_lib/callbacks/manager.py:184}}
May 19 05:24:47.788125 np0000001031 devstack@neutron-api.service[89536]: DEBUG futurist.periodics [-] Submitting periodic callback 'neutron.plugins.ml2.drivers.ovn.mech_driver.ovsdb.maintenance.HashRingHealthCheckPeriodics.touch_hash_ring_node' {{(pid=89536) _process_scheduled /opt/stack/data/venv/lib/python3.12/site-packages/futurist/periodics.py:784}}
May 19 05:24:47.790063 np0000001031 devstack@neutron-api.service[89536]: DEBUG neutron.plugins.ml2.drivers.ovn.mech_driver.ovsdb.maintenance [-] Touching Hash Ring node "2d61749254b75b5bb1149ebfba0943d4" from periodic health check thread {{(pid=89536) touch_hash_ring_node /opt/stack/neutron/neutron/plugins/ml2/drivers/ovn/mech_driver/ovsdb/maintenance.py:1466}}
May 19 05:24:47.802845 np0000001031 devstack@neutron-api.service[89537]: DEBUG futurist.periodics [-] Submitting periodic callback 'neutron.plugins.ml2.drivers.ovn.mech_driver.ovsdb.maintenance.HashRingHealthCheckPeriodics.touch_hash_ring_node' {{(pid=89537) _process_scheduled /opt/stack/data/venv/lib/python3.12/site-packages/futurist/periodics.py:784}}
May 19 05:24:47.803730 np0000001031 devstack@neutron-api.service[89537]: DEBUG neutron.plugins.ml2.drivers.ovn.mech_driver.ovsdb.maintenance [-] Touching Hash Ring node "9fa313ab32e658c09b34e954030c788e" from periodic health check thread {{(pid=89537) touch_hash_ring_node /opt/stack/neutron/neutron/plugins/ml2/drivers/ovn/mech_driver/ovsdb/maintenance.py:1466}}
May 19 05:24:48.145090 np0000001031 devstack@neutron-api.service[89536]: DEBUG ovsdbapp.backend.ovs_idl.transaction [-] Running txn n=1 command(idx=0): CheckRevisionNumberCommand(_result=None, name=neutron-705937bd-b21a-4324-82f0-fa82aa1a775e, resource={'id': '705937bd-b21a-4324-82f0-fa82aa1a775e', 'name': 'router1', 'project_id': '9074d02075c845e9a94f86ff5bbece51', 'admin_state_up': True, 'status': 'ACTIVE', 'enable_snat': True, 'external_gateway_info': {'network_id': '719845df-b963-4eb0-b263-a677f30df135', 'external_fixed_ips': [{'subnet_id': 'd61deafb-617b-4d52-8122-ede4e960db30', 'ip_address': '172.24.5.194'}], 'enable_snat': True}, 'gw_port_id': 'ec7074ac-b01a-48fa-a4a8-c9df010d84dd', 'description': '', 'availability_zones': [], 'distributed': False, 'ha': True, 'ha_vr_id': 0, 'availability_zone_hints': [], 'enable_default_route_ecmp': False, 'enable_default_route_bfd': False, 'external_gateways': [{'network_id': '719845df-b963-4eb0-b263-a677f30df135', 'external_fixed_ips': [{'ip_address': '172.24.5.194', 'subnet_id': 'd61deafb-617b-4d52-8122-ede4e960db30'}]}], 'routes': [], 'flavor_id': None, 'tags': [], 'created_at': '2026-05-19T05:24:42Z', 'updated_at': '2026-05-19T05:24:47Z', 'revision_number': 3, 'tenant_id': '9074d02075c845e9a94f86ff5bbece51'}, resource_type=routers, if_exists=True) {{(pid=89536) do_commit /opt/stack/data/venv/lib/python3.12/site-packages/ovsdbapp/backend/ovs_idl/transaction.py:89}}
May 19 05:24:48.145319 np0000001031 devstack@neutron-api.service[89536]: DEBUG ovsdbapp.backend.ovs_idl.transaction [-] Running txn n=1 command(idx=1): DeleteLRouterExtGwCommand(_result=None, lrouter=neutron-705937bd-b21a-4324-82f0-fa82aa1a775e, if_exists=True, maintain_bfd=True) {{(pid=89536) do_commit /opt/stack/data/venv/lib/python3.12/site-packages/ovsdbapp/backend/ovs_idl/transaction.py:89}}
May 19 05:24:48.145663 np0000001031 devstack@neutron-api.service[89536]: DEBUG ovsdbapp.backend.ovs_idl.transaction [-] Running txn n=1 command(idx=2): DeleteNATRuleInLRouterCommand(_result=None, lrouter=neutron-705937bd-b21a-4324-82f0-fa82aa1a775e, type=snat, logical_ip=10.1.0.0/26, external_ip=172.24.5.194, if_exists=True) {{(pid=89536) do_commit /opt/stack/data/venv/lib/python3.12/site-packages/ovsdbapp/backend/ovs_idl/transaction.py:89}}
May 19 05:24:48.145769 np0000001031 devstack@neutron-api.service[89536]: DEBUG ovsdbapp.backend.ovs_idl.transaction [-] Running txn n=1 command(idx=3): DelStaticRoutesCommand(_result=None, lrouter=neutron-705937bd-b21a-4324-82f0-fa82aa1a775e, routes=[('0.0.0.0/0', '172.24.5.1')], if_exists=True) {{(pid=89536) do_commit /opt/stack/data/venv/lib/python3.12/site-packages/ovsdbapp/backend/ovs_idl/transaction.py:89}}
May 19 05:24:48.145867 np0000001031 devstack@neutron-api.service[89536]: DEBUG ovsdbapp.backend.ovs_idl.transaction [-] Running txn n=1 command(idx=4): DelLRouterPortCommand(_result=None, name=lrp-ec7074ac-b01a-48fa-a4a8-c9df010d84dd, lrouter=neutron-705937bd-b21a-4324-82f0-fa82aa1a775e, if_exists=True) {{(pid=89536) do_commit /opt/stack/data/venv/lib/python3.12/site-packages/ovsdbapp/backend/ovs_idl/transaction.py:89}}
May 19 05:24:48.145971 np0000001031 devstack@neutron-api.service[89536]: DEBUG ovsdbapp.backend.ovs_idl.transaction [-] Running txn n=1 command(idx=5): AddLRouterPortCommand(_result=None, name=lrp-ec7074ac-b01a-48fa-a4a8-c9df010d84dd, lrouter=neutron-705937bd-b21a-4324-82f0-fa82aa1a775e, may_exist=True, columns={'mac': 'fa:16:3e:c0:e8:46', 'networks': ['172.24.5.194/24'], 'external_ids': {'neutron:revision_number': '1', 'neutron:subnet_ids': 'd61deafb-617b-4d52-8122-ede4e960db30', 'neutron:network_name': 'neutron-719845df-b963-4eb0-b263-a677f30df135', 'neutron:is_ext_gw': 'True', 'neutron:router_name': 'neutron-705937bd-b21a-4324-82f0-fa82aa1a775e'}, 'options': {'reside-on-redirect-chassis': 'true', 'gateway_mtu': '1372'}}) {{(pid=89536) do_commit /opt/stack/data/venv/lib/python3.12/site-packages/ovsdbapp/backend/ovs_idl/transaction.py:89}}
May 19 05:24:48.146281 np0000001031 devstack@neutron-api.service[89536]: DEBUG ovsdbapp.backend.ovs_idl.transaction [-] Running txn n=1 command(idx=6): ScheduleNewGatewayCommand(_result=None, g_name=lrp-ec7074ac-b01a-48fa-a4a8-c9df010d84dd, sb_api=, lrouter_name=neutron-705937bd-b21a-4324-82f0-fa82aa1a775e, ovn_client=, scheduler=, physnet=public, az_hints=[]) {{(pid=89536) do_commit /opt/stack/data/venv/lib/python3.12/site-packages/ovsdbapp/backend/ovs_idl/transaction.py:89}}
May 19 05:24:48.146738 np0000001031 devstack@neutron-api.service[89536]: DEBUG neutron.plugins.ml2.drivers.ovn.mech_driver.ovsdb.ovn_client [-] Chassis candidates for scheduling gateway router ports for "public" physical network: ['d477f424-2394-44a5-b99e-ca36d0f1be3b'] {{(pid=89536) get_candidates_for_scheduling /opt/stack/neutron/neutron/plugins/ml2/drivers/ovn/mech_driver/ovsdb/ovn_client.py:1715}}
May 19 05:24:48.147068 np0000001031 devstack@neutron-api.service[89536]: DEBUG neutron.scheduler.l3_ovn_scheduler [-] Gateway lrp-ec7074ac-b01a-48fa-a4a8-c9df010d84dd scheduled on chassis ['d477f424-2394-44a5-b99e-ca36d0f1be3b'] {{(pid=89536) _schedule_gateway /opt/stack/neutron/neutron/scheduler/l3_ovn_scheduler.py:88}}
May 19 05:24:48.147342 np0000001031 devstack@neutron-api.service[89536]: DEBUG ovsdbapp.backend.ovs_idl.transaction [-] Running txn n=1 command(idx=7): SetLRouterPortInLSwitchPortCommand(_result=None, lswitch_port=ec7074ac-b01a-48fa-a4a8-c9df010d84dd, lrouter_port=lrp-ec7074ac-b01a-48fa-a4a8-c9df010d84dd, is_gw_port=True, if_exists=True, lsp_address=router) {{(pid=89536) do_commit /opt/stack/data/venv/lib/python3.12/site-packages/ovsdbapp/backend/ovs_idl/transaction.py:89}}
May 19 05:24:48.147563 np0000001031 devstack@neutron-api.service[89536]: DEBUG ovsdbapp.backend.ovs_idl.transaction [-] Running txn n=1 command(idx=8): AddStaticRouteCommand(_result=None, lrouter=neutron-705937bd-b21a-4324-82f0-fa82aa1a775e, maintain_bfd=False, columns={'ip_prefix': '0.0.0.0/0', 'nexthop': '172.24.5.1', 'external_ids': {'neutron:is_ext_gw': 'true', 'neutron:subnet_id': 'd61deafb-617b-4d52-8122-ede4e960db30', 'neutron:is_static_route': 'true'}}) {{(pid=89536) do_commit /opt/stack/data/venv/lib/python3.12/site-packages/ovsdbapp/backend/ovs_idl/transaction.py:89}}
May 19 05:24:48.147727 np0000001031 devstack@neutron-api.service[89536]: DEBUG ovsdbapp.backend.ovs_idl.transaction [-] Running txn n=1 command(idx=9): AddNATRuleInLRouterCommand(_result=None, lrouter=neutron-705937bd-b21a-4324-82f0-fa82aa1a775e, columns={'type': 'snat', 'logical_ip': '10.1.0.0/26', 'external_ip': '172.24.5.194'}) {{(pid=89536) do_commit /opt/stack/data/venv/lib/python3.12/site-packages/ovsdbapp/backend/ovs_idl/transaction.py:89}}
May 19 05:24:48.147877 np0000001031 devstack@neutron-api.service[89536]: DEBUG ovsdbapp.backend.ovs_idl.transaction [-] Running txn n=1 command(idx=10): UpdateLRouterCommand(_result=None, name=neutron-705937bd-b21a-4324-82f0-fa82aa1a775e, columns={'external_ids': {'neutron:router_name': 'router1', 'neutron:revision_number': '3', 'neutron:availability_zone_hints': ''}, 'enabled': True}, if_exists=True) {{(pid=89536) do_commit /opt/stack/data/venv/lib/python3.12/site-packages/ovsdbapp/backend/ovs_idl/transaction.py:89}}
May 19 05:24:48.148029 np0000001031 devstack@neutron-api.service[89536]: DEBUG ovsdbapp.backend.ovs_idl.transaction [-] Running txn n=1 command(idx=11): QoSDelCommand(_result=None, switch=neutron-719845df-b963-4eb0-b263-a677f30df135, conditions=[('direction', '=', 'from-lport'), ('priority', '=', 2002), ('match', '=', 'inport == "ec7074ac-b01a-48fa-a4a8-c9df010d84dd"')], if_exists=True) {{(pid=89536) do_commit /opt/stack/data/venv/lib/python3.12/site-packages/ovsdbapp/backend/ovs_idl/transaction.py:89}}
May 19 05:24:48.148162 np0000001031 devstack@neutron-api.service[89536]: DEBUG ovsdbapp.backend.ovs_idl.transaction [-] Running txn n=1 command(idx=12): QoSDelCommand(_result=None, switch=neutron-719845df-b963-4eb0-b263-a677f30df135, conditions=[('direction', '=', 'to-lport'), ('priority', '=', 2002), ('match', '=', 'outport == "ec7074ac-b01a-48fa-a4a8-c9df010d84dd"')], if_exists=True) {{(pid=89536) do_commit /opt/stack/data/venv/lib/python3.12/site-packages/ovsdbapp/backend/ovs_idl/transaction.py:89}}
May 19 05:24:48.154091 np0000001031 devstack@neutron-api.service[89535]: DEBUG neutron.plugins.ml2.drivers.ovn.mech_driver.ovsdb.ovsdb_monitor [None req-081d30a7-4f81-441a-a618-657ff3a4604e None None] Touching Hash Ring node "8300240e5fd159e894a9471da387a7f0" from IDL notify handler {{(pid=89535) notify /opt/stack/neutron/neutron/plugins/ml2/drivers/ovn/mech_driver/ovsdb/ovsdb_monitor.py:934}}
May 19 05:24:48.158517 np0000001031 devstack@neutron-api.service[89536]: DEBUG neutron.plugins.ml2.drivers.ovn.mech_driver.ovsdb.ovsdb_monitor [None req-6436f520-f1f8-48a1-954c-aaec471deddc None None] Touching Hash Ring node "2d61749254b75b5bb1149ebfba0943d4" from IDL notify handler {{(pid=89536) notify /opt/stack/neutron/neutron/plugins/ml2/drivers/ovn/mech_driver/ovsdb/ovsdb_monitor.py:934}}
May 19 05:24:48.159438 np0000001031 devstack@neutron-api.service[89535]: DEBUG neutron.plugins.ml2.drivers.ovn.mech_driver.ovsdb.ovsdb_monitor [None req-4cb91e33-d613-4b9d-b717-ef277c2fe101 None None] Touching Hash Ring node "8300240e5fd159e894a9471da387a7f0" from IDL notify handler {{(pid=89535) notify /opt/stack/neutron/neutron/plugins/ml2/drivers/ovn/mech_driver/ovsdb/ovsdb_monitor.py:934}}
May 19 05:24:48.161494 np0000001031 devstack@neutron-api.service[89536]: DEBUG neutron.plugins.ml2.drivers.ovn.mech_driver.ovsdb.ovsdb_monitor [None req-0d6e370e-7ddc-404b-bc5b-163ba5eafd12 None None] Touching Hash Ring node "2d61749254b75b5bb1149ebfba0943d4" from IDL notify handler {{(pid=89536) notify /opt/stack/neutron/neutron/plugins/ml2/drivers/ovn/mech_driver/ovsdb/ovsdb_monitor.py:934}}
May 19 05:24:48.163042 np0000001031 devstack@neutron-api.service[89536]: DEBUG neutron.plugins.ml2.drivers.ovn.mech_driver.ovsdb.ovsdb_monitor [None req-6436f520-f1f8-48a1-954c-aaec471deddc None None] Hash Ring: Node 2d61749254b75b5bb1149ebfba0943d4 (host: np0000001031) handling event "create" for row 728635f5-e505-43fa-9ae9-07358ad72cee (table: Port_Binding) {{(pid=89536) notify /opt/stack/neutron/neutron/plugins/ml2/drivers/ovn/mech_driver/ovsdb/ovsdb_monitor.py:942}}
May 19 05:24:48.165057 np0000001031 devstack@neutron-api.service[89535]: DEBUG neutron.plugins.ml2.drivers.ovn.mech_driver.ovsdb.ovsdb_monitor [None req-4cb91e33-d613-4b9d-b717-ef277c2fe101 None None] Hash Ring: Node 8300240e5fd159e894a9471da387a7f0 (host: np0000001031) handling event "create" for row 728635f5-e505-43fa-9ae9-07358ad72cee (table: Port_Binding) {{(pid=89535) notify /opt/stack/neutron/neutron/plugins/ml2/drivers/ovn/mech_driver/ovsdb/ovsdb_monitor.py:942}}
May 19 05:24:48.165738 np0000001031 devstack@neutron-api.service[89536]: DEBUG neutron.plugins.ml2.drivers.ovn.mech_driver.ovsdb.ovsdb_monitor [None req-6436f520-f1f8-48a1-954c-aaec471deddc None None] Touching Hash Ring node "2d61749254b75b5bb1149ebfba0943d4" from IDL notify handler {{(pid=89536) notify /opt/stack/neutron/neutron/plugins/ml2/drivers/ovn/mech_driver/ovsdb/ovsdb_monitor.py:934}}
May 19 05:24:48.166478 np0000001031 devstack@neutron-api.service[89535]: DEBUG neutron.plugins.ml2.drivers.ovn.mech_driver.ovsdb.ovsdb_monitor [None req-081d30a7-4f81-441a-a618-657ff3a4604e None None] Hash Ring: Node 8300240e5fd159e894a9471da387a7f0 (host: np0000001031) handling event "create" for row e4929322-bbf9-4755-8030-de9496fe1e78 (table: HA_Chassis) {{(pid=89535) notify /opt/stack/neutron/neutron/plugins/ml2/drivers/ovn/mech_driver/ovsdb/ovsdb_monitor.py:942}}
May 19 05:24:48.167053 np0000001031 devstack@neutron-api.service[89535]: DEBUG neutron.plugins.ml2.drivers.ovn.mech_driver.ovsdb.ovsdb_monitor [None req-4cb91e33-d613-4b9d-b717-ef277c2fe101 None None] Touching Hash Ring node "8300240e5fd159e894a9471da387a7f0" from IDL notify handler {{(pid=89535) notify /opt/stack/neutron/neutron/plugins/ml2/drivers/ovn/mech_driver/ovsdb/ovsdb_monitor.py:934}}
May 19 05:24:48.168598 np0000001031 devstack@neutron-api.service[89535]: DEBUG neutron.plugins.ml2.drivers.ovn.mech_driver.ovsdb.ovsdb_monitor [None req-081d30a7-4f81-441a-a618-657ff3a4604e None None] Touching Hash Ring node "8300240e5fd159e894a9471da387a7f0" from IDL notify handler {{(pid=89535) notify /opt/stack/neutron/neutron/plugins/ml2/drivers/ovn/mech_driver/ovsdb/ovsdb_monitor.py:934}}
May 19 05:24:48.168735 np0000001031 devstack@neutron-api.service[89536]: DEBUG neutron.plugins.ml2.drivers.ovn.mech_driver.ovsdb.ovsdb_monitor [None req-0d6e370e-7ddc-404b-bc5b-163ba5eafd12 None None] Hash Ring: Node 2d61749254b75b5bb1149ebfba0943d4 (host: np0000001031) handling event "create" for row e4929322-bbf9-4755-8030-de9496fe1e78 (table: HA_Chassis) {{(pid=89536) notify /opt/stack/neutron/neutron/plugins/ml2/drivers/ovn/mech_driver/ovsdb/ovsdb_monitor.py:942}}
May 19 05:24:48.169828 np0000001031 devstack@neutron-api.service[89536]: DEBUG neutron.plugins.ml2.drivers.ovn.mech_driver.ovsdb.ovsdb_monitor [None req-0d6e370e-7ddc-404b-bc5b-163ba5eafd12 None None] Touching Hash Ring node "2d61749254b75b5bb1149ebfba0943d4" from IDL notify handler {{(pid=89536) notify /opt/stack/neutron/neutron/plugins/ml2/drivers/ovn/mech_driver/ovsdb/ovsdb_monitor.py:934}}
May 19 05:24:48.171074 np0000001031 devstack@neutron-api.service[89535]: DEBUG neutron.plugins.ml2.drivers.ovn.mech_driver.ovsdb.ovsdb_monitor [None req-081d30a7-4f81-441a-a618-657ff3a4604e None None] Hash Ring: Node 8300240e5fd159e894a9471da387a7f0 (host: np0000001031) handling event "create" for row a0504572-0580-4260-9da6-b4240dc207c7 (table: HA_Chassis_Group) {{(pid=89535) notify /opt/stack/neutron/neutron/plugins/ml2/drivers/ovn/mech_driver/ovsdb/ovsdb_monitor.py:942}}
May 19 05:24:48.171288 np0000001031 devstack@neutron-api.service[89536]: DEBUG neutron.plugins.ml2.drivers.ovn.mech_driver.ovsdb.ovsdb_monitor [None req-6436f520-f1f8-48a1-954c-aaec471deddc None None] Hash Ring: Node 2d61749254b75b5bb1149ebfba0943d4 (host: np0000001031) handling event "update" for row 728635f5-e505-43fa-9ae9-07358ad72cee (table: Port_Binding) {{(pid=89536) notify /opt/stack/neutron/neutron/plugins/ml2/drivers/ovn/mech_driver/ovsdb/ovsdb_monitor.py:942}}
May 19 05:24:48.172071 np0000001031 devstack@neutron-api.service[89535]: DEBUG neutron.plugins.ml2.drivers.ovn.mech_driver.ovsdb.ovsdb_monitor [None req-4cb91e33-d613-4b9d-b717-ef277c2fe101 None None] Hash Ring: Node 8300240e5fd159e894a9471da387a7f0 (host: np0000001031) handling event "update" for row 748dc27c-ba61-4aed-bab5-a7f83053442c (table: Port_Binding) {{(pid=89535) notify /opt/stack/neutron/neutron/plugins/ml2/drivers/ovn/mech_driver/ovsdb/ovsdb_monitor.py:942}}
May 19 05:24:48.173380 np0000001031 devstack@neutron-api.service[89536]: DEBUG ovsdbapp.backend.ovs_idl.event [None req-6436f520-f1f8-48a1-954c-aaec471deddc None None] Matched UPDATE: PortBindingChassisEvent(events=('update',), table='Port_Binding', conditions=None, old_conditions=None), priority=20 to row=Port_Binding(uuid=728635f5-e505-43fa-9ae9-07358ad72cee, additional_chassis=[], additional_encap=[], chassis=bcc04727-e916-4462-a0f7-bf0a73145670, datapath=12728916-baac-4941-b5e2-75a5aa210aea, encap=[], external_ids={'neutron:is_ext_gw': 'True', 'neutron:network_name': 'neutron-719845df-b963-4eb0-b263-a677f30df135', 'neutron:revision_number': '1', 'neutron:router_name': 'neutron-705937bd-b21a-4324-82f0-fa82aa1a775e', 'neutron:subnet_ids': 'd61deafb-617b-4d52-8122-ede4e960db30'}, gateway_chassis=[], logical_port='cr-lrp-ec7074ac-b01a-48fa-a4a8-c9df010d84dd', mac=['fa:16:3e:c0:e8:46 172.24.5.194/24'], mirror_rules=[], nat_addresses=[], options={'always-redirect': 'true', 'distributed-port': 'lrp-ec7074ac-b01a-48fa-a4a8-c9df010d84dd'}, parent_port=[], port_security=[], requested_additional_chassis=[], requested_chassis=[], tag=[], tunnel_key=3, type='chassisredirect', up=True, virtual_parent=[]) old=Port_Binding(uuid=728635f5-e505-43fa-9ae9-07358ad72cee, chassis=[], up=False) {{(pid=89536) matches /opt/stack/data/venv/lib/python3.12/site-packages/ovsdbapp/backend/ovs_idl/event.py:55}}
May 19 05:24:48.173653 np0000001031 devstack@neutron-api.service[89535]: DEBUG neutron.plugins.ml2.drivers.ovn.mech_driver.ovsdb.ovsdb_monitor [None req-081d30a7-4f81-441a-a618-657ff3a4604e None None] Touching Hash Ring node "8300240e5fd159e894a9471da387a7f0" from IDL notify handler {{(pid=89535) notify /opt/stack/neutron/neutron/plugins/ml2/drivers/ovn/mech_driver/ovsdb/ovsdb_monitor.py:934}}
May 19 05:24:48.174510 np0000001031 devstack@neutron-api.service[89535]: DEBUG neutron.plugins.ml2.drivers.ovn.mech_driver.ovsdb.ovsdb_monitor [None req-4cb91e33-d613-4b9d-b717-ef277c2fe101 None None] Touching Hash Ring node "8300240e5fd159e894a9471da387a7f0" from IDL notify handler {{(pid=89535) notify /opt/stack/neutron/neutron/plugins/ml2/drivers/ovn/mech_driver/ovsdb/ovsdb_monitor.py:934}}
May 19 05:24:48.174760 np0000001031 devstack@neutron-api.service[89536]: INFO neutron.plugins.ml2.drivers.ovn.mech_driver.ovsdb.ovsdb_monitor [-] Router 705937bd-b21a-4324-82f0-fa82aa1a775e is bound to host np0000001031
May 19 05:24:48.177305 np0000001031 devstack@neutron-api.service[89535]: DEBUG neutron.plugins.ml2.drivers.ovn.mech_driver.ovsdb.ovsdb_monitor [None req-081d30a7-4f81-441a-a618-657ff3a4604e None None] Hash Ring: Node 8300240e5fd159e894a9471da387a7f0 (host: np0000001031) handling event "update" for row 708e4617-266c-46e5-aec0-a91a8853cc73 (table: Logical_Router) {{(pid=89535) notify /opt/stack/neutron/neutron/plugins/ml2/drivers/ovn/mech_driver/ovsdb/ovsdb_monitor.py:942}}
May 19 05:24:48.178177 np0000001031 devstack@neutron-api.service[89535]: DEBUG neutron.plugins.ml2.drivers.ovn.mech_driver.ovsdb.ovsdb_monitor [None req-4cb91e33-d613-4b9d-b717-ef277c2fe101 None None] Hash Ring: Node 8300240e5fd159e894a9471da387a7f0 (host: np0000001031) handling event "create" for row b1ee15e6-1ff0-46f7-b333-cf602db3dd5f (table: Port_Binding) {{(pid=89535) notify /opt/stack/neutron/neutron/plugins/ml2/drivers/ovn/mech_driver/ovsdb/ovsdb_monitor.py:942}}
May 19 05:24:48.179972 np0000001031 devstack@neutron-api.service[89535]: DEBUG neutron.plugins.ml2.drivers.ovn.mech_driver.ovsdb.ovsdb_monitor [None req-4cb91e33-d613-4b9d-b717-ef277c2fe101 None None] Touching Hash Ring node "8300240e5fd159e894a9471da387a7f0" from IDL notify handler {{(pid=89535) notify /opt/stack/neutron/neutron/plugins/ml2/drivers/ovn/mech_driver/ovsdb/ovsdb_monitor.py:934}}
May 19 05:24:48.180811 np0000001031 devstack@neutron-api.service[89535]: DEBUG neutron.plugins.ml2.drivers.ovn.mech_driver.ovsdb.ovsdb_monitor [None req-081d30a7-4f81-441a-a618-657ff3a4604e None None] Touching Hash Ring node "8300240e5fd159e894a9471da387a7f0" from IDL notify handler {{(pid=89535) notify /opt/stack/neutron/neutron/plugins/ml2/drivers/ovn/mech_driver/ovsdb/ovsdb_monitor.py:934}}
May 19 05:24:48.182451 np0000001031 devstack@neutron-api.service[89536]: DEBUG neutron.plugins.ml2.drivers.ovn.mech_driver.ovsdb.ovsdb_monitor [None req-0d6e370e-7ddc-404b-bc5b-163ba5eafd12 None None] Hash Ring: Node 2d61749254b75b5bb1149ebfba0943d4 (host: np0000001031) handling event "create" for row a0504572-0580-4260-9da6-b4240dc207c7 (table: HA_Chassis_Group) {{(pid=89536) notify /opt/stack/neutron/neutron/plugins/ml2/drivers/ovn/mech_driver/ovsdb/ovsdb_monitor.py:942}}
May 19 05:24:48.183284 np0000001031 devstack@neutron-api.service[89535]: DEBUG neutron.plugins.ml2.drivers.ovn.mech_driver.ovsdb.ovsdb_monitor [None req-4cb91e33-d613-4b9d-b717-ef277c2fe101 None None] Hash Ring: Node 8300240e5fd159e894a9471da387a7f0 (host: np0000001031) handling event "update" for row 728635f5-e505-43fa-9ae9-07358ad72cee (table: Port_Binding) {{(pid=89535) notify /opt/stack/neutron/neutron/plugins/ml2/drivers/ovn/mech_driver/ovsdb/ovsdb_monitor.py:942}}
May 19 05:24:48.184669 np0000001031 devstack@neutron-api.service[89535]: DEBUG ovsdbapp.backend.ovs_idl.event [None req-4cb91e33-d613-4b9d-b717-ef277c2fe101 None None] Matched UPDATE: PortBindingChassisEvent(events=('update',), table='Port_Binding', conditions=None, old_conditions=None), priority=20 to row=Port_Binding(uuid=728635f5-e505-43fa-9ae9-07358ad72cee, additional_chassis=[], additional_encap=[], chassis=bcc04727-e916-4462-a0f7-bf0a73145670, datapath=12728916-baac-4941-b5e2-75a5aa210aea, encap=[], external_ids={'neutron:is_ext_gw': 'True', 'neutron:network_name': 'neutron-719845df-b963-4eb0-b263-a677f30df135', 'neutron:revision_number': '1', 'neutron:router_name': 'neutron-705937bd-b21a-4324-82f0-fa82aa1a775e', 'neutron:subnet_ids': 'd61deafb-617b-4d52-8122-ede4e960db30'}, gateway_chassis=[], logical_port='cr-lrp-ec7074ac-b01a-48fa-a4a8-c9df010d84dd', mac=['fa:16:3e:c0:e8:46 172.24.5.194/24'], mirror_rules=[], nat_addresses=[], options={'always-redirect': 'true', 'distributed-port': 'lrp-ec7074ac-b01a-48fa-a4a8-c9df010d84dd'}, parent_port=[], port_security=[], requested_additional_chassis=[], requested_chassis=[], tag=[], tunnel_key=3, type='chassisredirect', up=True, virtual_parent=[]) old=Port_Binding(uuid=728635f5-e505-43fa-9ae9-07358ad72cee, chassis=[], up=False) {{(pid=89535) matches /opt/stack/data/venv/lib/python3.12/site-packages/ovsdbapp/backend/ovs_idl/event.py:55}}
May 19 05:24:48.185819 np0000001031 devstack@neutron-api.service[89535]: INFO neutron.plugins.ml2.drivers.ovn.mech_driver.ovsdb.ovsdb_monitor [-] Router 705937bd-b21a-4324-82f0-fa82aa1a775e is bound to host np0000001031
May 19 05:24:48.186245 np0000001031 devstack@neutron-api.service[89535]: DEBUG neutron.plugins.ml2.drivers.ovn.mech_driver.ovsdb.ovsdb_monitor [None req-081d30a7-4f81-441a-a618-657ff3a4604e None None] Hash Ring: Node 8300240e5fd159e894a9471da387a7f0 (host: np0000001031) handling event "create" for row 9fc20347-377d-4573-8553-b7a12d9095b7 (table: Logical_Router_Port) {{(pid=89535) notify /opt/stack/neutron/neutron/plugins/ml2/drivers/ovn/mech_driver/ovsdb/ovsdb_monitor.py:942}}
May 19 05:24:48.187083 np0000001031 devstack@neutron-api.service[89535]: DEBUG ovsdbapp.backend.ovs_idl.event [None req-081d30a7-4f81-441a-a618-657ff3a4604e None None] Matched CREATE: LogicalRouterPortEvent(events=('create', 'delete'), table='Logical_Router_Port', conditions=None, old_conditions=None), priority=20 to row=Logical_Router_Port(uuid=9fc20347-377d-4573-8553-b7a12d9095b7, enabled=[], external_ids={'neutron:is_ext_gw': 'True', 'neutron:network_name': 'neutron-719845df-b963-4eb0-b263-a677f30df135', 'neutron:revision_number': '1', 'neutron:router_name': 'neutron-705937bd-b21a-4324-82f0-fa82aa1a775e', 'neutron:subnet_ids': 'd61deafb-617b-4d52-8122-ede4e960db30'}, gateway_chassis=[], ha_chassis_group=a0504572-0580-4260-9da6-b4240dc207c7, ipv6_prefix=[], ipv6_ra_configs={}, mac='fa:16:3e:c0:e8:46', name='lrp-ec7074ac-b01a-48fa-a4a8-c9df010d84dd', networks=['172.24.5.194/24'], options={'gateway_mtu': '1372', 'reside-on-redirect-chassis': 'true'}, peer=[], status={}) old= {{(pid=89535) matches /opt/stack/data/venv/lib/python3.12/site-packages/ovsdbapp/backend/ovs_idl/event.py:55}}
May 19 05:24:48.188787 np0000001031 devstack@neutron-api.service[89535]: DEBUG neutron.plugins.ml2.drivers.ovn.mech_driver.ovsdb.ovsdb_monitor [None req-081d30a7-4f81-441a-a618-657ff3a4604e None None] Touching Hash Ring node "8300240e5fd159e894a9471da387a7f0" from IDL notify handler {{(pid=89535) notify /opt/stack/neutron/neutron/plugins/ml2/drivers/ovn/mech_driver/ovsdb/ovsdb_monitor.py:934}}
May 19 05:24:48.195254 np0000001031 devstack@neutron-api.service[89536]: DEBUG neutron.plugins.ml2.drivers.ovn.mech_driver.ovsdb.ovsdb_monitor [None req-0d6e370e-7ddc-404b-bc5b-163ba5eafd12 None None] Touching Hash Ring node "2d61749254b75b5bb1149ebfba0943d4" from IDL notify handler {{(pid=89536) notify /opt/stack/neutron/neutron/plugins/ml2/drivers/ovn/mech_driver/ovsdb/ovsdb_monitor.py:934}}
May 19 05:24:48.210212 np0000001031 devstack@neutron-api.service[89536]: DEBUG neutron.plugins.ml2.drivers.ovn.mech_driver.ovsdb.ovsdb_monitor [None req-0d6e370e-7ddc-404b-bc5b-163ba5eafd12 None None] Hash Ring: Node 2d61749254b75b5bb1149ebfba0943d4 (host: np0000001031) handling event "update" for row 708e4617-266c-46e5-aec0-a91a8853cc73 (table: Logical_Router) {{(pid=89536) notify /opt/stack/neutron/neutron/plugins/ml2/drivers/ovn/mech_driver/ovsdb/ovsdb_monitor.py:942}}
May 19 05:24:48.213569 np0000001031 devstack@neutron-api.service[89535]: DEBUG neutron.plugins.ml2.drivers.ovn.mech_driver.ovsdb.ovsdb_monitor [None req-081d30a7-4f81-441a-a618-657ff3a4604e None None] Hash Ring: Node 8300240e5fd159e894a9471da387a7f0 (host: np0000001031) handling event "create" for row 2f636735-8958-4b64-a0c2-d96cccd99ea2 (table: Logical_Router_Static_Route) {{(pid=89535) notify /opt/stack/neutron/neutron/plugins/ml2/drivers/ovn/mech_driver/ovsdb/ovsdb_monitor.py:942}}
May 19 05:24:48.213946 np0000001031 devstack@neutron-api.service[89536]: DEBUG neutron.plugins.ml2.drivers.ovn.mech_driver.ovsdb.ovsdb_monitor [None req-0d6e370e-7ddc-404b-bc5b-163ba5eafd12 None None] Touching Hash Ring node "2d61749254b75b5bb1149ebfba0943d4" from IDL notify handler {{(pid=89536) notify /opt/stack/neutron/neutron/plugins/ml2/drivers/ovn/mech_driver/ovsdb/ovsdb_monitor.py:934}}
May 19 05:24:48.214345 np0000001031 devstack@neutron-api.service[89535]: DEBUG neutron.plugins.ml2.drivers.ovn.mech_driver.ovsdb.ovsdb_monitor [None req-081d30a7-4f81-441a-a618-657ff3a4604e None None] Touching Hash Ring node "8300240e5fd159e894a9471da387a7f0" from IDL notify handler {{(pid=89535) notify /opt/stack/neutron/neutron/plugins/ml2/drivers/ovn/mech_driver/ovsdb/ovsdb_monitor.py:934}}
May 19 05:24:48.221482 np0000001031 devstack@neutron-api.service[89536]: DEBUG neutron.plugins.ml2.drivers.ovn.mech_driver.ovsdb.ovsdb_monitor [None req-0d6e370e-7ddc-404b-bc5b-163ba5eafd12 None None] Hash Ring: Node 2d61749254b75b5bb1149ebfba0943d4 (host: np0000001031) handling event "create" for row 960b11aa-2001-4dec-8d41-2a8d53125ced (table: NAT) {{(pid=89536) notify /opt/stack/neutron/neutron/plugins/ml2/drivers/ovn/mech_driver/ovsdb/ovsdb_monitor.py:942}}
May 19 05:24:48.226434 np0000001031 devstack@neutron-api.service[89535]: DEBUG neutron.plugins.ml2.drivers.ovn.mech_driver.ovsdb.ovsdb_monitor [None req-081d30a7-4f81-441a-a618-657ff3a4604e None None] Hash Ring: Node 8300240e5fd159e894a9471da387a7f0 (host: np0000001031) handling event "update" for row 08d872b5-449f-49df-bd18-e45b732b5664 (table: Logical_Switch_Port) {{(pid=89535) notify /opt/stack/neutron/neutron/plugins/ml2/drivers/ovn/mech_driver/ovsdb/ovsdb_monitor.py:942}}
May 19 05:24:48.234170 np0000001031 devstack@neutron-api.service[89535]: DEBUG neutron.plugins.ml2.drivers.ovn.mech_driver.ovsdb.ovsdb_monitor [None req-081d30a7-4f81-441a-a618-657ff3a4604e None None] Touching Hash Ring node "8300240e5fd159e894a9471da387a7f0" from IDL notify handler {{(pid=89535) notify /opt/stack/neutron/neutron/plugins/ml2/drivers/ovn/mech_driver/ovsdb/ovsdb_monitor.py:934}}
May 19 05:24:48.243068 np0000001031 devstack@neutron-api.service[89535]: DEBUG neutron.plugins.ml2.drivers.ovn.mech_driver.ovsdb.ovsdb_monitor [None req-081d30a7-4f81-441a-a618-657ff3a4604e None None] Hash Ring: Node 8300240e5fd159e894a9471da387a7f0 (host: np0000001031) handling event "create" for row 960b11aa-2001-4dec-8d41-2a8d53125ced (table: NAT) {{(pid=89535) notify /opt/stack/neutron/neutron/plugins/ml2/drivers/ovn/mech_driver/ovsdb/ovsdb_monitor.py:942}}
May 19 05:24:48.247711 np0000001031 devstack@neutron-api.service[89535]: DEBUG neutron.plugins.ml2.drivers.ovn.mech_driver.ovsdb.ovsdb_monitor [None req-081d30a7-4f81-441a-a618-657ff3a4604e None None] Touching Hash Ring node "8300240e5fd159e894a9471da387a7f0" from IDL notify handler {{(pid=89535) notify /opt/stack/neutron/neutron/plugins/ml2/drivers/ovn/mech_driver/ovsdb/ovsdb_monitor.py:934}}
