May 19 05:24:32.974543 np0000001031 neutron-periodic-workers[91553]: DEBUG cotyledon.oslo_config_glue [-] ovn.dns_servers = [] {{(pid=91553) log_opt_values /opt/stack/data/venv/lib/python3.12/site-packages/oslo_config/cfg.py:3006}}
May 19 05:24:32.974543 np0000001031 neutron-periodic-workers[91553]: DEBUG cotyledon.oslo_config_glue [-] ovn.enable_distributed_floating_ip = False {{(pid=91553) log_opt_values /opt/stack/data/venv/lib/python3.12/site-packages/oslo_config/cfg.py:3006}}
May 19 05:24:32.974543 np0000001031 neutron-periodic-workers[91553]: DEBUG cotyledon.oslo_config_glue [-] ovn.fdb_age_threshold = 300 {{(pid=91553) log_opt_values /opt/stack/data/venv/lib/python3.12/site-packages/oslo_config/cfg.py:3006}}
May 19 05:24:32.974543 np0000001031 neutron-periodic-workers[91553]: DEBUG cotyledon.oslo_config_glue [-] ovn.ha_failover_strategy = normal {{(pid=91553) log_opt_values /opt/stack/data/venv/lib/python3.12/site-packages/oslo_config/cfg.py:3006}}
May 19 05:24:32.974543 np0000001031 neutron-periodic-workers[91553]: DEBUG cotyledon.oslo_config_glue [-] ovn.live_migration_activation_strategy = rarp {{(pid=91553) log_opt_values /opt/stack/data/venv/lib/python3.12/site-packages/oslo_config/cfg.py:3006}}
May 19 05:24:32.974967 np0000001031 neutron-periodic-workers[91553]: DEBUG cotyledon.oslo_config_glue [-] ovn.localnet_learn_fdb = False {{(pid=91553) log_opt_values /opt/stack/data/venv/lib/python3.12/site-packages/oslo_config/cfg.py:3006}}
May 19 05:24:32.974967 np0000001031 neutron-periodic-workers[91553]: DEBUG cotyledon.oslo_config_glue [-] ovn.mac_binding_age_threshold = 300 {{(pid=91553) log_opt_values /opt/stack/data/venv/lib/python3.12/site-packages/oslo_config/cfg.py:3006}}
May 19 05:24:32.974967 np0000001031 neutron-periodic-workers[91553]: DEBUG cotyledon.oslo_config_glue [-] ovn.neutron_sync_mode = log {{(pid=91553) log_opt_values /opt/stack/data/venv/lib/python3.12/site-packages/oslo_config/cfg.py:3006}}
May 19 05:24:32.974967 np0000001031 neutron-periodic-workers[91553]: DEBUG cotyledon.oslo_config_glue [-] ovn.ovn_dhcp4_global_options = {} {{(pid=91553) log_opt_values /opt/stack/data/venv/lib/python3.12/site-packages/oslo_config/cfg.py:3006}}
May 19 05:24:32.974967 np0000001031 neutron-periodic-workers[91553]: DEBUG cotyledon.oslo_config_glue [-] ovn.ovn_dhcp6_global_options = {} {{(pid=91553) log_opt_values /opt/stack/data/venv/lib/python3.12/site-packages/oslo_config/cfg.py:3006}}
May 19 05:24:32.974967 np0000001031 neutron-periodic-workers[91553]: DEBUG cotyledon.oslo_config_glue [-] ovn.ovn_l3_scheduler = leastloaded {{(pid=91553) log_opt_values /opt/stack/data/venv/lib/python3.12/site-packages/oslo_config/cfg.py:3006}}
May 19 05:24:32.974967 np0000001031 neutron-periodic-workers[91553]: DEBUG cotyledon.oslo_config_glue [-] ovn.ovn_metadata_enabled = True {{(pid=91553) log_opt_values /opt/stack/data/venv/lib/python3.12/site-packages/oslo_config/cfg.py:3006}}
May 19 05:24:32.974967 np0000001031 neutron-periodic-workers[91553]: DEBUG cotyledon.oslo_config_glue [-] ovn.ovn_nb_ca_cert = /opt/stack/data/CA/int-ca/ca-chain.pem {{(pid=91553) log_opt_values /opt/stack/data/venv/lib/python3.12/site-packages/oslo_config/cfg.py:3006}}
May 19 05:24:32.974967 np0000001031 neutron-periodic-workers[91553]: DEBUG cotyledon.oslo_config_glue [-] ovn.ovn_nb_certificate = /opt/stack/data/CA/int-ca/devstack-cert.crt {{(pid=91553) log_opt_values /opt/stack/data/venv/lib/python3.12/site-packages/oslo_config/cfg.py:3006}}
May 19 05:24:32.975390 np0000001031 neutron-periodic-workers[91553]: DEBUG cotyledon.oslo_config_glue [-] ovn.ovn_nb_connection = ['ssl:10.4.3.224:6641'] {{(pid=91553) log_opt_values /opt/stack/data/venv/lib/python3.12/site-packages/oslo_config/cfg.py:3006}}
May 19 05:24:32.975390 np0000001031 neutron-periodic-workers[91553]: DEBUG cotyledon.oslo_config_glue [-] ovn.ovn_nb_private_key = /opt/stack/data/CA/int-ca/private/devstack-cert.key {{(pid=91553) log_opt_values /opt/stack/data/venv/lib/python3.12/site-packages/oslo_config/cfg.py:3006}}
May 19 05:24:32.975390 np0000001031 neutron-periodic-workers[91553]: DEBUG cotyledon.oslo_config_glue [-] ovn.ovn_router_indirect_snat = False {{(pid=91553) log_opt_values /opt/stack/data/venv/lib/python3.12/site-packages/oslo_config/cfg.py:3006}}
May 19 05:24:32.975390 np0000001031 neutron-periodic-workers[91553]: DEBUG cotyledon.oslo_config_glue [-] ovn.ovn_sb_ca_cert = /opt/stack/data/CA/int-ca/ca-chain.pem {{(pid=91553) log_opt_values /opt/stack/data/venv/lib/python3.12/site-packages/oslo_config/cfg.py:3006}}
May 19 05:24:32.975390 np0000001031 neutron-periodic-workers[91553]: DEBUG cotyledon.oslo_config_glue [-] ovn.ovn_sb_certificate = /opt/stack/data/CA/int-ca/devstack-cert.crt {{(pid=91553) log_opt_values /opt/stack/data/venv/lib/python3.12/site-packages/oslo_config/cfg.py:3006}}
May 19 05:24:32.975390 np0000001031 neutron-periodic-workers[91553]: DEBUG cotyledon.oslo_config_glue [-] ovn.ovn_sb_connection = ['ssl:10.4.3.224:6642'] {{(pid=91553) log_opt_values /opt/stack/data/venv/lib/python3.12/site-packages/oslo_config/cfg.py:3006}}
May 19 05:24:32.975390 np0000001031 neutron-periodic-workers[91553]: DEBUG cotyledon.oslo_config_glue [-] ovn.ovn_sb_private_key = /opt/stack/data/CA/int-ca/private/devstack-cert.key {{(pid=91553) log_opt_values /opt/stack/data/venv/lib/python3.12/site-packages/oslo_config/cfg.py:3006}}
May 19 05:24:32.975390 np0000001031 neutron-periodic-workers[91553]: DEBUG cotyledon.oslo_config_glue [-] ovn.ovs_create_tap = False {{(pid=91553) log_opt_values /opt/stack/data/venv/lib/python3.12/site-packages/oslo_config/cfg.py:3006}}
May 19 05:24:32.975814 np0000001031 neutron-periodic-workers[91553]: DEBUG cotyledon.oslo_config_glue [-] ovn.ovsdb_connection_timeout = 180 {{(pid=91553) log_opt_values /opt/stack/data/venv/lib/python3.12/site-packages/oslo_config/cfg.py:3006}}
May 19 05:24:32.975814 np0000001031 neutron-periodic-workers[91553]: DEBUG cotyledon.oslo_config_glue [-] ovn.ovsdb_log_level = INFO {{(pid=91553) log_opt_values /opt/stack/data/venv/lib/python3.12/site-packages/oslo_config/cfg.py:3006}}
May 19 05:24:32.975814 np0000001031 neutron-periodic-workers[91553]: DEBUG cotyledon.oslo_config_glue [-] ovn.ovsdb_probe_interval = 60000 {{(pid=91553) log_opt_values /opt/stack/data/venv/lib/python3.12/site-packages/oslo_config/cfg.py:3006}}
May 19 05:24:32.975814 np0000001031 neutron-periodic-workers[91553]: DEBUG cotyledon.oslo_config_glue [-] ovn.ovsdb_retry_max_interval = 180 {{(pid=91553) log_opt_values /opt/stack/data/venv/lib/python3.12/site-packages/oslo_config/cfg.py:3006}}
May 19 05:24:32.975814 np0000001031 neutron-periodic-workers[91553]: DEBUG cotyledon.oslo_config_glue [-] ovn.stateless_nat_enabled = False {{(pid=91553) log_opt_values /opt/stack/data/venv/lib/python3.12/site-packages/oslo_config/cfg.py:3006}}
May 19 05:24:32.975814 np0000001031 neutron-periodic-workers[91553]: DEBUG cotyledon.oslo_config_glue [-] ovn.vhost_sock_dir = /var/run/openvswitch {{(pid=91553) log_opt_values /opt/stack/data/venv/lib/python3.12/site-packages/oslo_config/cfg.py:3006}}
May 19 05:24:32.975814 np0000001031 neutron-periodic-workers[91553]: DEBUG cotyledon.oslo_config_glue [-] OVS.bridge_mac_table_size = 50000 {{(pid=91553) log_opt_values /opt/stack/data/venv/lib/python3.12/site-packages/oslo_config/cfg.py:3006}}
May 19 05:24:32.975814 np0000001031 neutron-periodic-workers[91553]: DEBUG cotyledon.oslo_config_glue [-] OVS.igmp_flood = False {{(pid=91553) log_opt_values /opt/stack/data/venv/lib/python3.12/site-packages/oslo_config/cfg.py:3006}}
May 19 05:24:32.975814 np0000001031 neutron-periodic-workers[91553]: DEBUG cotyledon.oslo_config_glue [-] OVS.igmp_flood_reports = True {{(pid=91553) log_opt_values /opt/stack/data/venv/lib/python3.12/site-packages/oslo_config/cfg.py:3006}}
May 19 05:24:32.976253 np0000001031 neutron-periodic-workers[91553]: DEBUG cotyledon.oslo_config_glue [-] OVS.igmp_flood_unregistered = False {{(pid=91553) log_opt_values /opt/stack/data/venv/lib/python3.12/site-packages/oslo_config/cfg.py:3006}}
May 19 05:24:32.976253 np0000001031 neutron-periodic-workers[91553]: DEBUG cotyledon.oslo_config_glue [-] OVS.igmp_snooping_enable = False {{(pid=91553) log_opt_values /opt/stack/data/venv/lib/python3.12/site-packages/oslo_config/cfg.py:3006}}
May 19 05:24:32.976253 np0000001031 neutron-periodic-workers[91553]: DEBUG cotyledon.oslo_config_glue [-] OVS.ovsdb_timeout = 10 {{(pid=91553) log_opt_values /opt/stack/data/venv/lib/python3.12/site-packages/oslo_config/cfg.py:3006}}
May 19 05:24:32.976253 np0000001031 neutron-periodic-workers[91553]: DEBUG cotyledon.oslo_config_glue [-] ovn_nb_global.fdb_removal_limit = 0 {{(pid=91553) log_opt_values /opt/stack/data/venv/lib/python3.12/site-packages/oslo_config/cfg.py:3006}}
May 19 05:24:32.976253 np0000001031 neutron-periodic-workers[91553]: DEBUG cotyledon.oslo_config_glue [-] ovn_nb_global.ignore_lsp_down = False {{(pid=91553) log_opt_values /opt/stack/data/venv/lib/python3.12/site-packages/oslo_config/cfg.py:3006}}
May 19 05:24:32.976253 np0000001031 neutron-periodic-workers[91553]: DEBUG cotyledon.oslo_config_glue [-] ovn_nb_global.mac_binding_removal_limit = 0 {{(pid=91553) log_opt_values /opt/stack/data/venv/lib/python3.12/site-packages/oslo_config/cfg.py:3006}}
May 19 05:24:32.976253 np0000001031 neutron-periodic-workers[91553]: DEBUG cotyledon.oslo_config_glue [-] ******************************************************************************** {{(pid=91553) log_opt_values /opt/stack/data/venv/lib/python3.12/site-packages/oslo_config/cfg.py:3013}}
May 19 05:24:32.976253 np0000001031 neutron-periodic-workers[91553]: DEBUG cotyledon._service_worker [-] Run service ServiceWrapper(0) [91553] {{(pid=91553) wait_forever /opt/stack/data/venv/lib/python3.12/site-packages/cotyledon/_service_worker.py:218}}
May 19 05:24:42.597178 np0000001031 neutron-periodic-workers[90546]: DEBUG dbcounter [-] [90546] Writing DB stats neutron:SELECT=4 {{(pid=90546) stat_writer /opt/stack/data/venv/lib/python3.12/site-packages/dbcounter.py:115}}
May 19 05:25:13.943772 np0000001031 neutron-periodic-workers[91538]: DEBUG oslo_db.sqlalchemy.engines [None req-5c4a3bc9-d6cb-49ea-a240-a8c15ad5bb51 None None] Parent process 90546 forked (91538) with an open database connection, which is being discarded and recreated. {{(pid=91538) checkout /opt/stack/data/venv/lib/python3.12/site-packages/oslo_db/sqlalchemy/engines.py:402}}
May 19 05:25:13.950043 np0000001031 neutron-periodic-workers[91538]: DEBUG dbcounter [-] [91538] Writer thread running {{(pid=91538) stat_writer /opt/stack/data/venv/lib/python3.12/site-packages/dbcounter.py:102}}
May 19 05:25:13.953046 np0000001031 neutron-periodic-workers[91538]: DEBUG neutron.db.agents_db [None req-5c4a3bc9-d6cb-49ea-a240-a8c15ad5bb51 None None] Agent healthcheck: found 0 active agents {{(pid=91538) agent_health_check /opt/stack/neutron/neutron/db/agents_db.py:322}}
May 19 05:25:13.953291 np0000001031 neutron-periodic-workers[91538]: DEBUG oslo.service.backend._threading.loopingcall [None req-5c4a3bc9-d6cb-49ea-a240-a8c15ad5bb51 None None] Fixed interval looping call 'neutron.plugins.ml2.plugin.AgentDbMixin.agent_health_check' sleeping for 36.99 seconds {{(pid=91538) _run_loop /opt/stack/data/venv/lib/python3.12/site-packages/oslo_service/backend/_threading/loopingcall.py:125}}
May 19 05:25:23.950582 np0000001031 neutron-periodic-workers[91538]: DEBUG dbcounter [-] [91538] Writing DB stats neutron:SELECT=1 {{(pid=91538) stat_writer /opt/stack/data/venv/lib/python3.12/site-packages/dbcounter.py:115}}
May 19 05:25:39.924858 np0000001031 neutron-periodic-workers[91528]: DEBUG dbcounter [-] [91528] Writer thread running {{(pid=91528) stat_writer /opt/stack/data/venv/lib/python3.12/site-packages/dbcounter.py:102}}
May 19 05:25:39.935169 np0000001031 neutron-periodic-workers[91528]: DEBUG oslo.service.backend._threading.loopingcall [None req-2b75b31d-25e2-4468-92fc-85664f2aa4d6 None None] Fixed interval looping call 'neutron.plugins.ml2.plugin.DhcpAgentSchedulerDbMixin.remove_networks_from_down_agents' sleeping for 36.98 seconds {{(pid=91528) _run_loop /opt/stack/data/venv/lib/python3.12/site-packages/oslo_service/backend/_threading/loopingcall.py:125}}
May 19 05:25:49.933760 np0000001031 neutron-periodic-workers[91528]: DEBUG dbcounter [-] [91528] Writing DB stats neutron:SELECT=3 {{(pid=91528) stat_writer /opt/stack/data/venv/lib/python3.12/site-packages/dbcounter.py:115}}
May 19 05:25:50.947034 np0000001031 neutron-periodic-workers[91538]: DEBUG neutron.db.agents_db [None req-5c4a3bc9-d6cb-49ea-a240-a8c15ad5bb51 None None] Agent healthcheck: found 0 active agents {{(pid=91538) agent_health_check /opt/stack/neutron/neutron/db/agents_db.py:322}}
May 19 05:25:50.947447 np0000001031 neutron-periodic-workers[91538]: DEBUG oslo.service.backend._threading.loopingcall [None req-5c4a3bc9-d6cb-49ea-a240-a8c15ad5bb51 None None] Fixed interval looping call 'neutron.plugins.ml2.plugin.AgentDbMixin.agent_health_check' sleeping for 37.00 seconds {{(pid=91538) _run_loop /opt/stack/data/venv/lib/python3.12/site-packages/oslo_service/backend/_threading/loopingcall.py:125}}
May 19 05:26:00.946144 np0000001031 neutron-periodic-workers[91538]: DEBUG dbcounter [-] [91538] Writing DB stats neutron:SELECT=1 {{(pid=91538) stat_writer /opt/stack/data/venv/lib/python3.12/site-packages/dbcounter.py:115}}
May 19 05:26:08.008012 np0000001031 neutron-periodic-workers[91553]: DEBUG dbcounter [-] [91553] Writer thread running {{(pid=91553) stat_writer /opt/stack/data/venv/lib/python3.12/site-packages/dbcounter.py:102}}
May 19 05:26:08.020314 np0000001031 neutron-periodic-workers[91553]: DEBUG oslo.service.backend._threading.loopingcall [None req-179d606f-9883-4fc4-b69b-8b3cd7c791cc None None] Fixed interval looping call 'neutron.services.ovn_l3.plugin.L3_NAT_dbonly_mixin._clean_garbage' sleeping for 299.95 seconds {{(pid=91553) _run_loop /opt/stack/data/venv/lib/python3.12/site-packages/oslo_service/backend/_threading/loopingcall.py:125}}
May 19 05:26:16.921712 np0000001031 neutron-periodic-workers[91528]: DEBUG oslo.service.backend._threading.loopingcall [None req-2b75b31d-25e2-4468-92fc-85664f2aa4d6 None None] Fixed interval looping call 'neutron.plugins.ml2.plugin.DhcpAgentSchedulerDbMixin.remove_networks_from_down_agents' sleeping for 36.99 seconds {{(pid=91528) _run_loop /opt/stack/data/venv/lib/python3.12/site-packages/oslo_service/backend/_threading/loopingcall.py:125}}
May 19 05:26:18.008593 np0000001031 neutron-periodic-workers[91553]: DEBUG dbcounter [-] [91553] Writing DB stats neutron:SELECT=1 {{(pid=91553) stat_writer /opt/stack/data/venv/lib/python3.12/site-packages/dbcounter.py:115}}
May 19 05:26:26.921563 np0000001031 neutron-periodic-workers[91528]: DEBUG dbcounter [-] [91528] Writing DB stats neutron:SELECT=3 {{(pid=91528) stat_writer /opt/stack/data/venv/lib/python3.12/site-packages/dbcounter.py:115}}
May 19 05:26:27.950968 np0000001031 neutron-periodic-workers[91538]: DEBUG neutron.db.agents_db [None req-5c4a3bc9-d6cb-49ea-a240-a8c15ad5bb51 None None] Agent healthcheck: found 0 active agents {{(pid=91538) agent_health_check /opt/stack/neutron/neutron/db/agents_db.py:322}}
May 19 05:26:27.951419 np0000001031 neutron-periodic-workers[91538]: DEBUG oslo.service.backend._threading.loopingcall [None req-5c4a3bc9-d6cb-49ea-a240-a8c15ad5bb51 None None] Fixed interval looping call 'neutron.plugins.ml2.plugin.AgentDbMixin.agent_health_check' sleeping for 37.00 seconds {{(pid=91538) _run_loop /opt/stack/data/venv/lib/python3.12/site-packages/oslo_service/backend/_threading/loopingcall.py:125}}
May 19 05:26:32.955710 np0000001031 neutron-periodic-workers[91548]: DEBUG dbcounter [-] [91548] Writer thread running {{(pid=91548) stat_writer /opt/stack/data/venv/lib/python3.12/site-packages/dbcounter.py:102}}
May 19 05:26:32.957273 np0000001031 neutron-periodic-workers[91548]: DEBUG oslo.service.backend._threading.loopingcall [None req-1e69a084-7979-41c7-8f20-24529b0b0c17 None None] Fixed interval looping call 'neutron.db.quota.driver_nolock.DbQuotaNoLockDriver._remove_expired_reservations' sleeping for 119.99 seconds {{(pid=91548) _run_loop /opt/stack/data/venv/lib/python3.12/site-packages/oslo_service/backend/_threading/loopingcall.py:125}}
May 19 05:26:37.949849 np0000001031 neutron-periodic-workers[91538]: DEBUG dbcounter [-] [91538] Writing DB stats neutron:SELECT=1 {{(pid=91538) stat_writer /opt/stack/data/venv/lib/python3.12/site-packages/dbcounter.py:115}}
May 19 05:26:42.956164 np0000001031 neutron-periodic-workers[91548]: DEBUG dbcounter [-] [91548] Writing DB stats neutron:DELETE=1 {{(pid=91548) stat_writer /opt/stack/data/venv/lib/python3.12/site-packages/dbcounter.py:115}}
May 19 05:26:53.918434 np0000001031 neutron-periodic-workers[91528]: DEBUG oslo.service.backend._threading.loopingcall [None req-2b75b31d-25e2-4468-92fc-85664f2aa4d6 None None] Fixed interval looping call 'neutron.plugins.ml2.plugin.DhcpAgentSchedulerDbMixin.remove_networks_from_down_agents' sleeping for 36.99 seconds {{(pid=91528) _run_loop /opt/stack/data/venv/lib/python3.12/site-packages/oslo_service/backend/_threading/loopingcall.py:125}}
May 19 05:27:03.917562 np0000001031 neutron-periodic-workers[91528]: DEBUG dbcounter [-] [91528] Writing DB stats neutron:SELECT=3 {{(pid=91528) stat_writer /opt/stack/data/venv/lib/python3.12/site-packages/dbcounter.py:115}}
May 19 05:27:04.954697 np0000001031 neutron-periodic-workers[91538]: DEBUG neutron.db.agents_db [None req-5c4a3bc9-d6cb-49ea-a240-a8c15ad5bb51 None None] Agent healthcheck: found 0 active agents {{(pid=91538) agent_health_check /opt/stack/neutron/neutron/db/agents_db.py:322}}
May 19 05:27:04.955177 np0000001031 neutron-periodic-workers[91538]: DEBUG oslo.service.backend._threading.loopingcall [None req-5c4a3bc9-d6cb-49ea-a240-a8c15ad5bb51 None None] Fixed interval looping call 'neutron.plugins.ml2.plugin.AgentDbMixin.agent_health_check' sleeping for 37.00 seconds {{(pid=91538) _run_loop /opt/stack/data/venv/lib/python3.12/site-packages/oslo_service/backend/_threading/loopingcall.py:125}}
May 19 05:27:14.953805 np0000001031 neutron-periodic-workers[91538]: DEBUG dbcounter [-] [91538] Writing DB stats neutron:SELECT=1 {{(pid=91538) stat_writer /opt/stack/data/venv/lib/python3.12/site-packages/dbcounter.py:115}}
May 19 05:27:30.915954 np0000001031 neutron-periodic-workers[91528]: DEBUG oslo.service.backend._threading.loopingcall [None req-2b75b31d-25e2-4468-92fc-85664f2aa4d6 None None] Fixed interval looping call 'neutron.plugins.ml2.plugin.DhcpAgentSchedulerDbMixin.remove_networks_from_down_agents' sleeping for 36.99 seconds {{(pid=91528) _run_loop /opt/stack/data/venv/lib/python3.12/site-packages/oslo_service/backend/_threading/loopingcall.py:125}}
May 19 05:27:40.916399 np0000001031 neutron-periodic-workers[91528]: DEBUG dbcounter [-] [91528] Writing DB stats neutron:SELECT=3 {{(pid=91528) stat_writer /opt/stack/data/venv/lib/python3.12/site-packages/dbcounter.py:115}}
May 19 05:27:41.960139 np0000001031 neutron-periodic-workers[91538]: DEBUG neutron.db.agents_db [None req-5c4a3bc9-d6cb-49ea-a240-a8c15ad5bb51 None None] Agent healthcheck: found 0 active agents {{(pid=91538) agent_health_check /opt/stack/neutron/neutron/db/agents_db.py:322}}
May 19 05:27:41.960772 np0000001031 neutron-periodic-workers[91538]: DEBUG oslo.service.backend._threading.loopingcall [None req-5c4a3bc9-d6cb-49ea-a240-a8c15ad5bb51 None None] Fixed interval looping call 'neutron.plugins.ml2.plugin.AgentDbMixin.agent_health_check' sleeping for 36.99 seconds {{(pid=91538) _run_loop /opt/stack/data/venv/lib/python3.12/site-packages/oslo_service/backend/_threading/loopingcall.py:125}}
May 19 05:27:51.958561 np0000001031 neutron-periodic-workers[91538]: DEBUG dbcounter [-] [91538] Writing DB stats neutron:SELECT=1 {{(pid=91538) stat_writer /opt/stack/data/venv/lib/python3.12/site-packages/dbcounter.py:115}}
May 19 05:28:07.915375 np0000001031 neutron-periodic-workers[91528]: DEBUG oslo.service.backend._threading.loopingcall [None req-2b75b31d-25e2-4468-92fc-85664f2aa4d6 None None] Fixed interval looping call 'neutron.plugins.ml2.plugin.DhcpAgentSchedulerDbMixin.remove_networks_from_down_agents' sleeping for 36.99 seconds {{(pid=91528) _run_loop /opt/stack/data/venv/lib/python3.12/site-packages/oslo_service/backend/_threading/loopingcall.py:125}}
May 19 05:28:17.914392 np0000001031 neutron-periodic-workers[91528]: DEBUG dbcounter [-] [91528] Writing DB stats neutron:SELECT=3 {{(pid=91528) stat_writer /opt/stack/data/venv/lib/python3.12/site-packages/dbcounter.py:115}}
May 19 05:28:18.955692 np0000001031 neutron-periodic-workers[91538]: DEBUG neutron.db.agents_db [None req-5c4a3bc9-d6cb-49ea-a240-a8c15ad5bb51 None None] Agent healthcheck: found 0 active agents {{(pid=91538) agent_health_check /opt/stack/neutron/neutron/db/agents_db.py:322}}
May 19 05:28:18.956504 np0000001031 neutron-periodic-workers[91538]: DEBUG oslo.service.backend._threading.loopingcall [None req-5c4a3bc9-d6cb-49ea-a240-a8c15ad5bb51 None None] Fixed interval looping call 'neutron.plugins.ml2.plugin.AgentDbMixin.agent_health_check' sleeping for 37.00 seconds {{(pid=91538) _run_loop /opt/stack/data/venv/lib/python3.12/site-packages/oslo_service/backend/_threading/loopingcall.py:125}}
May 19 05:28:28.957661 np0000001031 neutron-periodic-workers[91538]: DEBUG dbcounter [-] [91538] Writing DB stats neutron:SELECT=1 {{(pid=91538) stat_writer /opt/stack/data/venv/lib/python3.12/site-packages/dbcounter.py:115}}
May 19 05:28:32.951871 np0000001031 neutron-periodic-workers[91548]: DEBUG oslo.service.backend._threading.loopingcall [None req-1e69a084-7979-41c7-8f20-24529b0b0c17 None None] Fixed interval looping call 'neutron.db.quota.driver_nolock.DbQuotaNoLockDriver._remove_expired_reservations' sleeping for 120.00 seconds {{(pid=91548) _run_loop /opt/stack/data/venv/lib/python3.12/site-packages/oslo_service/backend/_threading/loopingcall.py:125}}
May 19 05:28:42.951145 np0000001031 neutron-periodic-workers[91548]: DEBUG dbcounter [-] [91548] Writing DB stats neutron:DELETE=1 {{(pid=91548) stat_writer /opt/stack/data/venv/lib/python3.12/site-packages/dbcounter.py:115}}
May 19 05:28:44.913110 np0000001031 neutron-periodic-workers[91528]: DEBUG oslo.service.backend._threading.loopingcall [None req-2b75b31d-25e2-4468-92fc-85664f2aa4d6 None None] Fixed interval looping call 'neutron.plugins.ml2.plugin.DhcpAgentSchedulerDbMixin.remove_networks_from_down_agents' sleeping for 36.99 seconds {{(pid=91528) _run_loop /opt/stack/data/venv/lib/python3.12/site-packages/oslo_service/backend/_threading/loopingcall.py:125}}
May 19 05:28:54.912220 np0000001031 neutron-periodic-workers[91528]: DEBUG dbcounter [-] [91528] Writing DB stats neutron:SELECT=3 {{(pid=91528) stat_writer /opt/stack/data/venv/lib/python3.12/site-packages/dbcounter.py:115}}
May 19 05:28:55.970468 np0000001031 neutron-periodic-workers[91538]: DEBUG neutron.db.agents_db [None req-5c4a3bc9-d6cb-49ea-a240-a8c15ad5bb51 None None] Agent healthcheck: found 0 active agents {{(pid=91538) agent_health_check /opt/stack/neutron/neutron/db/agents_db.py:322}}
May 19 05:28:55.970853 np0000001031 neutron-periodic-workers[91538]: DEBUG oslo.service.backend._threading.loopingcall [None req-5c4a3bc9-d6cb-49ea-a240-a8c15ad5bb51 None None] Fixed interval looping call 'neutron.plugins.ml2.plugin.AgentDbMixin.agent_health_check' sleeping for 36.99 seconds {{(pid=91538) _run_loop /opt/stack/data/venv/lib/python3.12/site-packages/oslo_service/backend/_threading/loopingcall.py:125}}
May 19 05:29:05.967639 np0000001031 neutron-periodic-workers[91538]: DEBUG dbcounter [-] [91538] Writing DB stats neutron:SELECT=1 {{(pid=91538) stat_writer /opt/stack/data/venv/lib/python3.12/site-packages/dbcounter.py:115}}
May 19 05:29:21.913337 np0000001031 neutron-periodic-workers[91528]: DEBUG oslo.service.backend._threading.loopingcall [None req-2b75b31d-25e2-4468-92fc-85664f2aa4d6 None None] Fixed interval looping call 'neutron.plugins.ml2.plugin.DhcpAgentSchedulerDbMixin.remove_networks_from_down_agents' sleeping for 36.99 seconds {{(pid=91528) _run_loop /opt/stack/data/venv/lib/python3.12/site-packages/oslo_service/backend/_threading/loopingcall.py:125}}
May 19 05:29:31.915345 np0000001031 neutron-periodic-workers[91528]: DEBUG dbcounter [-] [91528] Writing DB stats neutron:SELECT=3 {{(pid=91528) stat_writer /opt/stack/data/venv/lib/python3.12/site-packages/dbcounter.py:115}}
May 19 05:29:32.966307 np0000001031 neutron-periodic-workers[91538]: DEBUG neutron.db.agents_db [None req-5c4a3bc9-d6cb-49ea-a240-a8c15ad5bb51 None None] Agent healthcheck: found 0 active agents {{(pid=91538) agent_health_check /opt/stack/neutron/neutron/db/agents_db.py:322}}
May 19 05:29:32.966692 np0000001031 neutron-periodic-workers[91538]: DEBUG oslo.service.backend._threading.loopingcall [None req-5c4a3bc9-d6cb-49ea-a240-a8c15ad5bb51 None None] Fixed interval looping call 'neutron.plugins.ml2.plugin.AgentDbMixin.agent_health_check' sleeping for 37.00 seconds {{(pid=91538) _run_loop /opt/stack/data/venv/lib/python3.12/site-packages/oslo_service/backend/_threading/loopingcall.py:125}}
May 19 05:29:42.969035 np0000001031 neutron-periodic-workers[91538]: DEBUG dbcounter [-] [91538] Writing DB stats neutron:SELECT=1 {{(pid=91538) stat_writer /opt/stack/data/venv/lib/python3.12/site-packages/dbcounter.py:115}}
May 19 05:29:58.913033 np0000001031 neutron-periodic-workers[91528]: DEBUG oslo.service.backend._threading.loopingcall [None req-2b75b31d-25e2-4468-92fc-85664f2aa4d6 None None] Fixed interval looping call 'neutron.plugins.ml2.plugin.DhcpAgentSchedulerDbMixin.remove_networks_from_down_agents' sleeping for 36.99 seconds {{(pid=91528) _run_loop /opt/stack/data/venv/lib/python3.12/site-packages/oslo_service/backend/_threading/loopingcall.py:125}}
May 19 05:30:08.911884 np0000001031 neutron-periodic-workers[91528]: DEBUG dbcounter [-] [91528] Writing DB stats neutron:SELECT=3 {{(pid=91528) stat_writer /opt/stack/data/venv/lib/python3.12/site-packages/dbcounter.py:115}}
May 19 05:30:09.970186 np0000001031 neutron-periodic-workers[91538]: DEBUG neutron.db.agents_db [None req-5c4a3bc9-d6cb-49ea-a240-a8c15ad5bb51 None None] Agent healthcheck: found 0 active agents {{(pid=91538) agent_health_check /opt/stack/neutron/neutron/db/agents_db.py:322}}
May 19 05:30:09.970639 np0000001031 neutron-periodic-workers[91538]: DEBUG oslo.service.backend._threading.loopingcall [None req-5c4a3bc9-d6cb-49ea-a240-a8c15ad5bb51 None None] Fixed interval looping call 'neutron.plugins.ml2.plugin.AgentDbMixin.agent_health_check' sleeping for 37.00 seconds {{(pid=91538) _run_loop /opt/stack/data/venv/lib/python3.12/site-packages/oslo_service/backend/_threading/loopingcall.py:125}}
May 19 05:30:19.969215 np0000001031 neutron-periodic-workers[91538]: DEBUG dbcounter [-] [91538] Writing DB stats neutron:SELECT=1 {{(pid=91538) stat_writer /opt/stack/data/venv/lib/python3.12/site-packages/dbcounter.py:115}}
May 19 05:30:32.959564 np0000001031 neutron-periodic-workers[91548]: DEBUG oslo.service.backend._threading.loopingcall [None req-1e69a084-7979-41c7-8f20-24529b0b0c17 None None] Fixed interval looping call 'neutron.db.quota.driver_nolock.DbQuotaNoLockDriver._remove_expired_reservations' sleeping for 119.99 seconds {{(pid=91548) _run_loop /opt/stack/data/venv/lib/python3.12/site-packages/oslo_service/backend/_threading/loopingcall.py:125}}
May 19 05:30:35.910145 np0000001031 neutron-periodic-workers[91528]: DEBUG oslo.service.backend._threading.loopingcall [None req-2b75b31d-25e2-4468-92fc-85664f2aa4d6 None None] Fixed interval looping call 'neutron.plugins.ml2.plugin.DhcpAgentSchedulerDbMixin.remove_networks_from_down_agents' sleeping for 36.99 seconds {{(pid=91528) _run_loop /opt/stack/data/venv/lib/python3.12/site-packages/oslo_service/backend/_threading/loopingcall.py:125}}
May 19 05:30:42.958473 np0000001031 neutron-periodic-workers[91548]: DEBUG dbcounter [-] [91548] Writing DB stats neutron:DELETE=1 {{(pid=91548) stat_writer /opt/stack/data/venv/lib/python3.12/site-packages/dbcounter.py:115}}
May 19 05:30:45.910125 np0000001031 neutron-periodic-workers[91528]: DEBUG dbcounter [-] [91528] Writing DB stats neutron:SELECT=3 {{(pid=91528) stat_writer /opt/stack/data/venv/lib/python3.12/site-packages/dbcounter.py:115}}
May 19 05:30:46.979215 np0000001031 neutron-periodic-workers[91538]: DEBUG neutron.db.agents_db [None req-5c4a3bc9-d6cb-49ea-a240-a8c15ad5bb51 None None] Agent healthcheck: found 0 active agents {{(pid=91538) agent_health_check /opt/stack/neutron/neutron/db/agents_db.py:322}}
May 19 05:30:46.979695 np0000001031 neutron-periodic-workers[91538]: DEBUG oslo.service.backend._threading.loopingcall [None req-5c4a3bc9-d6cb-49ea-a240-a8c15ad5bb51 None None] Fixed interval looping call 'neutron.plugins.ml2.plugin.AgentDbMixin.agent_health_check' sleeping for 36.99 seconds {{(pid=91538) _run_loop /opt/stack/data/venv/lib/python3.12/site-packages/oslo_service/backend/_threading/loopingcall.py:125}}
May 19 05:30:56.977009 np0000001031 neutron-periodic-workers[91538]: DEBUG dbcounter [-] [91538] Writing DB stats neutron:SELECT=1 {{(pid=91538) stat_writer /opt/stack/data/venv/lib/python3.12/site-packages/dbcounter.py:115}}
May 19 05:31:07.981465 np0000001031 neutron-periodic-workers[91553]: DEBUG oslo.service.backend._threading.loopingcall [None req-179d606f-9883-4fc4-b69b-8b3cd7c791cc None None] Fixed interval looping call 'neutron.services.ovn_l3.plugin.L3_NAT_dbonly_mixin._clean_garbage' sleeping for 299.99 seconds {{(pid=91553) _run_loop /opt/stack/data/venv/lib/python3.12/site-packages/oslo_service/backend/_threading/loopingcall.py:125}}
May 19 05:31:12.906957 np0000001031 neutron-periodic-workers[91528]: DEBUG oslo.service.backend._threading.loopingcall [None req-2b75b31d-25e2-4468-92fc-85664f2aa4d6 None None] Fixed interval looping call 'neutron.plugins.ml2.plugin.DhcpAgentSchedulerDbMixin.remove_networks_from_down_agents' sleeping for 36.99 seconds {{(pid=91528) _run_loop /opt/stack/data/venv/lib/python3.12/site-packages/oslo_service/backend/_threading/loopingcall.py:125}}
May 19 05:31:17.973013 np0000001031 neutron-periodic-workers[91553]: DEBUG dbcounter [-] [91553] Writing DB stats neutron:SELECT=1 {{(pid=91553) stat_writer /opt/stack/data/venv/lib/python3.12/site-packages/dbcounter.py:115}}
May 19 05:31:22.906034 np0000001031 neutron-periodic-workers[91528]: DEBUG dbcounter [-] [91528] Writing DB stats neutron:SELECT=3 {{(pid=91528) stat_writer /opt/stack/data/venv/lib/python3.12/site-packages/dbcounter.py:115}}
May 19 05:31:23.977336 np0000001031 neutron-periodic-workers[91538]: DEBUG neutron.db.agents_db [None req-5c4a3bc9-d6cb-49ea-a240-a8c15ad5bb51 None None] Agent healthcheck: found 0 active agents {{(pid=91538) agent_health_check /opt/stack/neutron/neutron/db/agents_db.py:322}}
May 19 05:31:23.978103 np0000001031 neutron-periodic-workers[91538]: DEBUG oslo.service.backend._threading.loopingcall [None req-5c4a3bc9-d6cb-49ea-a240-a8c15ad5bb51 None None] Fixed interval looping call 'neutron.plugins.ml2.plugin.AgentDbMixin.agent_health_check' sleeping for 36.99 seconds {{(pid=91538) _run_loop /opt/stack/data/venv/lib/python3.12/site-packages/oslo_service/backend/_threading/loopingcall.py:125}}
May 19 05:31:33.974318 np0000001031 neutron-periodic-workers[91538]: DEBUG dbcounter [-] [91538] Writing DB stats neutron:SELECT=1 {{(pid=91538) stat_writer /opt/stack/data/venv/lib/python3.12/site-packages/dbcounter.py:115}}
May 19 05:31:49.901997 np0000001031 neutron-periodic-workers[91528]: DEBUG oslo.service.backend._threading.loopingcall [None req-2b75b31d-25e2-4468-92fc-85664f2aa4d6 None None] Fixed interval looping call 'neutron.plugins.ml2.plugin.DhcpAgentSchedulerDbMixin.remove_networks_from_down_agents' sleeping for 37.00 seconds {{(pid=91528) _run_loop /opt/stack/data/venv/lib/python3.12/site-packages/oslo_service/backend/_threading/loopingcall.py:125}}
May 19 05:31:59.903593 np0000001031 neutron-periodic-workers[91528]: DEBUG dbcounter [-] [91528] Writing DB stats neutron:SELECT=3 {{(pid=91528) stat_writer /opt/stack/data/venv/lib/python3.12/site-packages/dbcounter.py:115}}
May 19 05:32:00.985476 np0000001031 neutron-periodic-workers[91538]: DEBUG neutron.db.agents_db [None req-5c4a3bc9-d6cb-49ea-a240-a8c15ad5bb51 None None] Agent healthcheck: found 0 active agents {{(pid=91538) agent_health_check /opt/stack/neutron/neutron/db/agents_db.py:322}}
May 19 05:32:00.985476 np0000001031 neutron-periodic-workers[91538]: DEBUG oslo.service.backend._threading.loopingcall [None req-5c4a3bc9-d6cb-49ea-a240-a8c15ad5bb51 None None] Fixed interval looping call 'neutron.plugins.ml2.plugin.AgentDbMixin.agent_health_check' sleeping for 36.98 seconds {{(pid=91538) _run_loop /opt/stack/data/venv/lib/python3.12/site-packages/oslo_service/backend/_threading/loopingcall.py:125}}
May 19 05:32:10.979966 np0000001031 neutron-periodic-workers[91538]: DEBUG dbcounter [-] [91538] Writing DB stats neutron:SELECT=1 {{(pid=91538) stat_writer /opt/stack/data/venv/lib/python3.12/site-packages/dbcounter.py:115}}
May 19 05:32:26.912231 np0000001031 neutron-periodic-workers[91528]: DEBUG oslo.service.backend._threading.loopingcall [None req-2b75b31d-25e2-4468-92fc-85664f2aa4d6 None None] Fixed interval looping call 'neutron.plugins.ml2.plugin.DhcpAgentSchedulerDbMixin.remove_networks_from_down_agents' sleeping for 36.99 seconds {{(pid=91528) _run_loop /opt/stack/data/venv/lib/python3.12/site-packages/oslo_service/backend/_threading/loopingcall.py:125}}
May 19 05:32:32.952613 np0000001031 neutron-periodic-workers[91548]: DEBUG oslo.service.backend._threading.loopingcall [None req-1e69a084-7979-41c7-8f20-24529b0b0c17 None None] Fixed interval looping call 'neutron.db.quota.driver_nolock.DbQuotaNoLockDriver._remove_expired_reservations' sleeping for 120.00 seconds {{(pid=91548) _run_loop /opt/stack/data/venv/lib/python3.12/site-packages/oslo_service/backend/_threading/loopingcall.py:125}}
May 19 05:32:36.910464 np0000001031 neutron-periodic-workers[91528]: DEBUG dbcounter [-] [91528] Writing DB stats neutron:SELECT=3 {{(pid=91528) stat_writer /opt/stack/data/venv/lib/python3.12/site-packages/dbcounter.py:115}}
May 19 05:32:37.969529 np0000001031 neutron-periodic-workers[91538]: DEBUG neutron.db.agents_db [None req-5c4a3bc9-d6cb-49ea-a240-a8c15ad5bb51 None None] Agent healthcheck: found 0 active agents {{(pid=91538) agent_health_check /opt/stack/neutron/neutron/db/agents_db.py:322}}
May 19 05:32:37.969529 np0000001031 neutron-periodic-workers[91538]: DEBUG oslo.service.backend._threading.loopingcall [None req-5c4a3bc9-d6cb-49ea-a240-a8c15ad5bb51 None None] Fixed interval looping call 'neutron.plugins.ml2.plugin.AgentDbMixin.agent_health_check' sleeping for 37.00 seconds {{(pid=91538) _run_loop /opt/stack/data/venv/lib/python3.12/site-packages/oslo_service/backend/_threading/loopingcall.py:125}}
May 19 05:32:42.951786 np0000001031 neutron-periodic-workers[91548]: DEBUG dbcounter [-] [91548] Writing DB stats neutron:DELETE=1 {{(pid=91548) stat_writer /opt/stack/data/venv/lib/python3.12/site-packages/dbcounter.py:115}}
May 19 05:32:47.968544 np0000001031 neutron-periodic-workers[91538]: DEBUG dbcounter [-] [91538] Writing DB stats neutron:SELECT=1 {{(pid=91538) stat_writer /opt/stack/data/venv/lib/python3.12/site-packages/dbcounter.py:115}}
May 19 05:33:03.918531 np0000001031 neutron-periodic-workers[91528]: DEBUG oslo.service.backend._threading.loopingcall [None req-2b75b31d-25e2-4468-92fc-85664f2aa4d6 None None] Fixed interval looping call 'neutron.plugins.ml2.plugin.DhcpAgentSchedulerDbMixin.remove_networks_from_down_agents' sleeping for 36.98 seconds {{(pid=91528) _run_loop /opt/stack/data/venv/lib/python3.12/site-packages/oslo_service/backend/_threading/loopingcall.py:125}}
May 19 05:33:13.915399 np0000001031 neutron-periodic-workers[91528]: DEBUG dbcounter [-] [91528] Writing DB stats neutron:SELECT=3 {{(pid=91528) stat_writer /opt/stack/data/venv/lib/python3.12/site-packages/dbcounter.py:115}}
May 19 05:33:14.972387 np0000001031 neutron-periodic-workers[91538]: DEBUG neutron.db.agents_db [None req-5c4a3bc9-d6cb-49ea-a240-a8c15ad5bb51 None None] Agent healthcheck: found 0 active agents {{(pid=91538) agent_health_check /opt/stack/neutron/neutron/db/agents_db.py:322}}
May 19 05:33:14.972885 np0000001031 neutron-periodic-workers[91538]: DEBUG oslo.service.backend._threading.loopingcall [None req-5c4a3bc9-d6cb-49ea-a240-a8c15ad5bb51 None None] Fixed interval looping call 'neutron.plugins.ml2.plugin.AgentDbMixin.agent_health_check' sleeping for 37.00 seconds {{(pid=91538) _run_loop /opt/stack/data/venv/lib/python3.12/site-packages/oslo_service/backend/_threading/loopingcall.py:125}}
May 19 05:33:24.971563 np0000001031 neutron-periodic-workers[91538]: DEBUG dbcounter [-] [91538] Writing DB stats neutron:SELECT=1 {{(pid=91538) stat_writer /opt/stack/data/venv/lib/python3.12/site-packages/dbcounter.py:115}}
May 19 05:33:40.906960 np0000001031 neutron-periodic-workers[91528]: DEBUG oslo.service.backend._threading.loopingcall [None req-2b75b31d-25e2-4468-92fc-85664f2aa4d6 None None] Fixed interval looping call 'neutron.plugins.ml2.plugin.DhcpAgentSchedulerDbMixin.remove_networks_from_down_agents' sleeping for 36.99 seconds {{(pid=91528) _run_loop /opt/stack/data/venv/lib/python3.12/site-packages/oslo_service/backend/_threading/loopingcall.py:125}}
May 19 05:33:50.905973 np0000001031 neutron-periodic-workers[91528]: DEBUG dbcounter [-] [91528] Writing DB stats neutron:SELECT=3 {{(pid=91528) stat_writer /opt/stack/data/venv/lib/python3.12/site-packages/dbcounter.py:115}}
May 19 05:33:51.976127 np0000001031 neutron-periodic-workers[91538]: DEBUG neutron.db.agents_db [None req-5c4a3bc9-d6cb-49ea-a240-a8c15ad5bb51 None None] Agent healthcheck: found 0 active agents {{(pid=91538) agent_health_check /opt/stack/neutron/neutron/db/agents_db.py:322}}
May 19 05:33:51.976542 np0000001031 neutron-periodic-workers[91538]: DEBUG oslo.service.backend._threading.loopingcall [None req-5c4a3bc9-d6cb-49ea-a240-a8c15ad5bb51 None None] Fixed interval looping call 'neutron.plugins.ml2.plugin.AgentDbMixin.agent_health_check' sleeping for 37.00 seconds {{(pid=91538) _run_loop /opt/stack/data/venv/lib/python3.12/site-packages/oslo_service/backend/_threading/loopingcall.py:125}}
May 19 05:34:01.975343 np0000001031 neutron-periodic-workers[91538]: DEBUG dbcounter [-] [91538] Writing DB stats neutron:SELECT=1 {{(pid=91538) stat_writer /opt/stack/data/venv/lib/python3.12/site-packages/dbcounter.py:115}}
May 19 05:34:17.907390 np0000001031 neutron-periodic-workers[91528]: DEBUG oslo.service.backend._threading.loopingcall [None req-2b75b31d-25e2-4468-92fc-85664f2aa4d6 None None] Fixed interval looping call 'neutron.plugins.ml2.plugin.DhcpAgentSchedulerDbMixin.remove_networks_from_down_agents' sleeping for 36.99 seconds {{(pid=91528) _run_loop /opt/stack/data/venv/lib/python3.12/site-packages/oslo_service/backend/_threading/loopingcall.py:125}}
May 19 05:34:27.904045 np0000001031 neutron-periodic-workers[91528]: DEBUG dbcounter [-] [91528] Writing DB stats neutron:SELECT=3 {{(pid=91528) stat_writer /opt/stack/data/venv/lib/python3.12/site-packages/dbcounter.py:115}}
May 19 05:34:28.980903 np0000001031 neutron-periodic-workers[91538]: DEBUG neutron.db.agents_db [None req-5c4a3bc9-d6cb-49ea-a240-a8c15ad5bb51 None None] Agent healthcheck: found 0 active agents {{(pid=91538) agent_health_check /opt/stack/neutron/neutron/db/agents_db.py:322}}
May 19 05:34:28.980903 np0000001031 neutron-periodic-workers[91538]: DEBUG oslo.service.backend._threading.loopingcall [None req-5c4a3bc9-d6cb-49ea-a240-a8c15ad5bb51 None None] Fixed interval looping call 'neutron.plugins.ml2.plugin.AgentDbMixin.agent_health_check' sleeping for 37.00 seconds {{(pid=91538) _run_loop /opt/stack/data/venv/lib/python3.12/site-packages/oslo_service/backend/_threading/loopingcall.py:125}}
May 19 05:34:32.955353 np0000001031 neutron-periodic-workers[91548]: DEBUG oslo.service.backend._threading.loopingcall [None req-1e69a084-7979-41c7-8f20-24529b0b0c17 None None] Fixed interval looping call 'neutron.db.quota.driver_nolock.DbQuotaNoLockDriver._remove_expired_reservations' sleeping for 120.00 seconds {{(pid=91548) _run_loop /opt/stack/data/venv/lib/python3.12/site-packages/oslo_service/backend/_threading/loopingcall.py:125}}
May 19 05:34:38.979904 np0000001031 neutron-periodic-workers[91538]: DEBUG dbcounter [-] [91538] Writing DB stats neutron:SELECT=1 {{(pid=91538) stat_writer /opt/stack/data/venv/lib/python3.12/site-packages/dbcounter.py:115}}
May 19 05:34:42.954654 np0000001031 neutron-periodic-workers[91548]: DEBUG dbcounter [-] [91548] Writing DB stats neutron:DELETE=1 {{(pid=91548) stat_writer /opt/stack/data/venv/lib/python3.12/site-packages/dbcounter.py:115}}
May 19 05:34:54.907411 np0000001031 neutron-periodic-workers[91528]: DEBUG oslo.service.backend._threading.loopingcall [None req-2b75b31d-25e2-4468-92fc-85664f2aa4d6 None None] Fixed interval looping call 'neutron.plugins.ml2.plugin.DhcpAgentSchedulerDbMixin.remove_networks_from_down_agents' sleeping for 36.99 seconds {{(pid=91528) _run_loop /opt/stack/data/venv/lib/python3.12/site-packages/oslo_service/backend/_threading/loopingcall.py:125}}
May 19 05:35:04.906623 np0000001031 neutron-periodic-workers[91528]: DEBUG dbcounter [-] [91528] Writing DB stats neutron:SELECT=3 {{(pid=91528) stat_writer /opt/stack/data/venv/lib/python3.12/site-packages/dbcounter.py:115}}
May 19 05:35:05.985375 np0000001031 neutron-periodic-workers[91538]: DEBUG neutron.db.agents_db [None req-5c4a3bc9-d6cb-49ea-a240-a8c15ad5bb51 None None] Agent healthcheck: found 0 active agents {{(pid=91538) agent_health_check /opt/stack/neutron/neutron/db/agents_db.py:322}}
May 19 05:35:05.985726 np0000001031 neutron-periodic-workers[91538]: DEBUG oslo.service.backend._threading.loopingcall [None req-5c4a3bc9-d6cb-49ea-a240-a8c15ad5bb51 None None] Fixed interval looping call 'neutron.plugins.ml2.plugin.AgentDbMixin.agent_health_check' sleeping for 37.00 seconds {{(pid=91538) _run_loop /opt/stack/data/venv/lib/python3.12/site-packages/oslo_service/backend/_threading/loopingcall.py:125}}
May 19 05:35:15.984595 np0000001031 neutron-periodic-workers[91538]: DEBUG dbcounter [-] [91538] Writing DB stats neutron:SELECT=1 {{(pid=91538) stat_writer /opt/stack/data/venv/lib/python3.12/site-packages/dbcounter.py:115}}
May 19 05:35:31.903397 np0000001031 neutron-periodic-workers[91528]: DEBUG oslo.service.backend._threading.loopingcall [None req-2b75b31d-25e2-4468-92fc-85664f2aa4d6 None None] Fixed interval looping call 'neutron.plugins.ml2.plugin.DhcpAgentSchedulerDbMixin.remove_networks_from_down_agents' sleeping for 36.99 seconds {{(pid=91528) _run_loop /opt/stack/data/venv/lib/python3.12/site-packages/oslo_service/backend/_threading/loopingcall.py:125}}
May 19 05:35:41.902201 np0000001031 neutron-periodic-workers[91528]: DEBUG dbcounter [-] [91528] Writing DB stats neutron:SELECT=3 {{(pid=91528) stat_writer /opt/stack/data/venv/lib/python3.12/site-packages/dbcounter.py:115}}
May 19 05:35:42.989171 np0000001031 neutron-periodic-workers[91538]: DEBUG neutron.db.agents_db [None req-5c4a3bc9-d6cb-49ea-a240-a8c15ad5bb51 None None] Agent healthcheck: found 0 active agents {{(pid=91538) agent_health_check /opt/stack/neutron/neutron/db/agents_db.py:322}}
May 19 05:35:42.989625 np0000001031 neutron-periodic-workers[91538]: DEBUG oslo.service.backend._threading.loopingcall [None req-5c4a3bc9-d6cb-49ea-a240-a8c15ad5bb51 None None] Fixed interval looping call 'neutron.plugins.ml2.plugin.AgentDbMixin.agent_health_check' sleeping for 37.00 seconds {{(pid=91538) _run_loop /opt/stack/data/venv/lib/python3.12/site-packages/oslo_service/backend/_threading/loopingcall.py:125}}
May 19 05:35:52.988307 np0000001031 neutron-periodic-workers[91538]: DEBUG dbcounter [-] [91538] Writing DB stats neutron:SELECT=1 {{(pid=91538) stat_writer /opt/stack/data/venv/lib/python3.12/site-packages/dbcounter.py:115}}
May 19 05:36:07.977578 np0000001031 neutron-periodic-workers[91553]: DEBUG oslo.service.backend._threading.loopingcall [None req-179d606f-9883-4fc4-b69b-8b3cd7c791cc None None] Fixed interval looping call 'neutron.services.ovn_l3.plugin.L3_NAT_dbonly_mixin._clean_garbage' sleeping for 299.99 seconds {{(pid=91553) _run_loop /opt/stack/data/venv/lib/python3.12/site-packages/oslo_service/backend/_threading/loopingcall.py:125}}
May 19 05:36:08.902320 np0000001031 neutron-periodic-workers[91528]: DEBUG oslo.service.backend._threading.loopingcall [None req-2b75b31d-25e2-4468-92fc-85664f2aa4d6 None None] Fixed interval looping call 'neutron.plugins.ml2.plugin.DhcpAgentSchedulerDbMixin.remove_networks_from_down_agents' sleeping for 36.99 seconds {{(pid=91528) _run_loop /opt/stack/data/venv/lib/python3.12/site-packages/oslo_service/backend/_threading/loopingcall.py:125}}
May 19 05:36:17.977100 np0000001031 neutron-periodic-workers[91553]: DEBUG dbcounter [-] [91553] Writing DB stats neutron:SELECT=1 {{(pid=91553) stat_writer /opt/stack/data/venv/lib/python3.12/site-packages/dbcounter.py:115}}
May 19 05:36:18.901331 np0000001031 neutron-periodic-workers[91528]: DEBUG dbcounter [-] [91528] Writing DB stats neutron:SELECT=3 {{(pid=91528) stat_writer /opt/stack/data/venv/lib/python3.12/site-packages/dbcounter.py:115}}
May 19 05:36:19.993317 np0000001031 neutron-periodic-workers[91538]: DEBUG neutron.db.agents_db [None req-5c4a3bc9-d6cb-49ea-a240-a8c15ad5bb51 None None] Agent healthcheck: found 0 active agents {{(pid=91538) agent_health_check /opt/stack/neutron/neutron/db/agents_db.py:322}}
May 19 05:36:19.993898 np0000001031 neutron-periodic-workers[91538]: DEBUG oslo.service.backend._threading.loopingcall [None req-5c4a3bc9-d6cb-49ea-a240-a8c15ad5bb51 None None] Fixed interval looping call 'neutron.plugins.ml2.plugin.AgentDbMixin.agent_health_check' sleeping for 37.00 seconds {{(pid=91538) _run_loop /opt/stack/data/venv/lib/python3.12/site-packages/oslo_service/backend/_threading/loopingcall.py:125}}
May 19 05:36:29.992348 np0000001031 neutron-periodic-workers[91538]: DEBUG dbcounter [-] [91538] Writing DB stats neutron:SELECT=1 {{(pid=91538) stat_writer /opt/stack/data/venv/lib/python3.12/site-packages/dbcounter.py:115}}
May 19 05:36:32.958251 np0000001031 neutron-periodic-workers[91548]: DEBUG oslo.service.backend._threading.loopingcall [None req-1e69a084-7979-41c7-8f20-24529b0b0c17 None None] Fixed interval looping call 'neutron.db.quota.driver_nolock.DbQuotaNoLockDriver._remove_expired_reservations' sleeping for 120.00 seconds {{(pid=91548) _run_loop /opt/stack/data/venv/lib/python3.12/site-packages/oslo_service/backend/_threading/loopingcall.py:125}}
May 19 05:36:42.957687 np0000001031 neutron-periodic-workers[91548]: DEBUG dbcounter [-] [91548] Writing DB stats neutron:DELETE=1 {{(pid=91548) stat_writer /opt/stack/data/venv/lib/python3.12/site-packages/dbcounter.py:115}}
May 19 05:36:45.902389 np0000001031 neutron-periodic-workers[91528]: DEBUG oslo.service.backend._threading.loopingcall [None req-2b75b31d-25e2-4468-92fc-85664f2aa4d6 None None] Fixed interval looping call 'neutron.plugins.ml2.plugin.DhcpAgentSchedulerDbMixin.remove_networks_from_down_agents' sleeping for 36.99 seconds {{(pid=91528) _run_loop /opt/stack/data/venv/lib/python3.12/site-packages/oslo_service/backend/_threading/loopingcall.py:125}}
May 19 05:36:55.898753 np0000001031 neutron-periodic-workers[91528]: DEBUG dbcounter [-] [91528] Writing DB stats neutron:SELECT=3 {{(pid=91528) stat_writer /opt/stack/data/venv/lib/python3.12/site-packages/dbcounter.py:115}}
May 19 05:36:56.998172 np0000001031 neutron-periodic-workers[91538]: DEBUG neutron.db.agents_db [None req-5c4a3bc9-d6cb-49ea-a240-a8c15ad5bb51 None None] Agent healthcheck: found 0 active agents {{(pid=91538) agent_health_check /opt/stack/neutron/neutron/db/agents_db.py:322}}
May 19 05:36:56.998669 np0000001031 neutron-periodic-workers[91538]: DEBUG oslo.service.backend._threading.loopingcall [None req-5c4a3bc9-d6cb-49ea-a240-a8c15ad5bb51 None None] Fixed interval looping call 'neutron.plugins.ml2.plugin.AgentDbMixin.agent_health_check' sleeping for 37.00 seconds {{(pid=91538) _run_loop /opt/stack/data/venv/lib/python3.12/site-packages/oslo_service/backend/_threading/loopingcall.py:125}}
May 19 05:37:06.997001 np0000001031 neutron-periodic-workers[91538]: DEBUG dbcounter [-] [91538] Writing DB stats neutron:SELECT=1 {{(pid=91538) stat_writer /opt/stack/data/venv/lib/python3.12/site-packages/dbcounter.py:115}}
May 19 05:37:22.902177 np0000001031 neutron-periodic-workers[91528]: DEBUG oslo.service.backend._threading.loopingcall [None req-2b75b31d-25e2-4468-92fc-85664f2aa4d6 None None] Fixed interval looping call 'neutron.plugins.ml2.plugin.DhcpAgentSchedulerDbMixin.remove_networks_from_down_agents' sleeping for 36.99 seconds {{(pid=91528) _run_loop /opt/stack/data/venv/lib/python3.12/site-packages/oslo_service/backend/_threading/loopingcall.py:125}}
May 19 05:37:32.901733 np0000001031 neutron-periodic-workers[91528]: DEBUG dbcounter [-] [91528] Writing DB stats neutron:SELECT=3 {{(pid=91528) stat_writer /opt/stack/data/venv/lib/python3.12/site-packages/dbcounter.py:115}}
May 19 05:37:34.003476 np0000001031 neutron-periodic-workers[91538]: DEBUG neutron.db.agents_db [None req-5c4a3bc9-d6cb-49ea-a240-a8c15ad5bb51 None None] Agent healthcheck: found 0 active agents {{(pid=91538) agent_health_check /opt/stack/neutron/neutron/db/agents_db.py:322}}
May 19 05:37:34.003916 np0000001031 neutron-periodic-workers[91538]: DEBUG oslo.service.backend._threading.loopingcall [None req-5c4a3bc9-d6cb-49ea-a240-a8c15ad5bb51 None None] Fixed interval looping call 'neutron.plugins.ml2.plugin.AgentDbMixin.agent_health_check' sleeping for 37.00 seconds {{(pid=91538) _run_loop /opt/stack/data/venv/lib/python3.12/site-packages/oslo_service/backend/_threading/loopingcall.py:125}}
