Aug 24 09:02:31.672706 np0000007958 devstack@c-api.service[97334]: /opt/stack/data/venv/lib/python3.12/site-packages/oslo_context/context.py:102: DeprecationWarning: Policy enforcement is depending on the value of is_admin. This key is deprecated. Please update your policy file to use the standard policy values.
Aug 24 09:02:31.672706 np0000007958 devstack@c-api.service[97334]: warnings.warn(
Aug 24 09:02:31.674805 np0000007958 devstack@c-api.service[97335]: INFO cinder.volume.api [None req-f2cef7d3-73b6-49cc-8a30-3203172e2599 tempest-VolumesTransfersV357Test-1370732477 tempest-VolumesTransfersV357Test-1370732477-project-member] Availability Zones retrieved successfully.
Aug 24 09:02:31.676561 np0000007958 devstack@c-api.service[97334]: INFO cinder.volume.api [None req-1a5c717c-2ec7-4dad-b857-10162c705185 tempest-VolumesActionsTest-922651388 tempest-VolumesActionsTest-922651388-project-member] Volume info retrieved successfully.
Aug 24 09:02:31.681719 np0000007958 devstack@c-api.service[97335]: DEBUG cinder.volume.api [None req-f2cef7d3-73b6-49cc-8a30-3203172e2599 tempest-VolumesTransfersV357Test-1370732477 tempest-VolumesTransfersV357Test-1370732477-project-member] Flow 'volume_create_api' (ad7b8db6-8bd2-4d92-9341-a01d4363f8bc) transitioned into state 'RUNNING' from state 'PENDING' {{(pid=97335) _flow_receiver /opt/stack/data/venv/lib/python3.12/site-packages/taskflow/listeners/logging.py:160}}
Aug 24 09:02:31.683759 np0000007958 devstack@c-api.service[97334]: INFO cinder.api.openstack.wsgi [None req-1a5c717c-2ec7-4dad-b857-10162c705185 tempest-VolumesActionsTest-922651388 tempest-VolumesActionsTest-922651388-project-member] https://10.4.3.4/volume/v3/volumes/2521c310-801f-499c-853f-51c292007607 returned with HTTP 200
Aug 24 09:02:31.684297 np0000007958 devstack@c-api.service[97334]: [pid: 97334|app: 0|req: 169/498] 10.4.3.4 () {66 vars in 1334 bytes} [Mon Aug 24 09:02:31 2026] GET /volume/v3/volumes/2521c310-801f-499c-853f-51c292007607 => generated 855 bytes in 22 msecs (HTTP/1.1 200) 7 headers in 285 bytes (1 switches on core 0)
Aug 24 09:02:31.685794 np0000007958 devstack@c-api.service[97335]: DEBUG cinder.volume.api [None req-f2cef7d3-73b6-49cc-8a30-3203172e2599 tempest-VolumesTransfersV357Test-1370732477 tempest-VolumesTransfersV357Test-1370732477-project-member] Task 'cinder.volume.flows.api.create_volume.ExtractVolumeRequestTask;volume:create' (e32a25e6-49e3-4190-ac88-3a1e567bc2ba) transitioned into state 'RUNNING' from state 'PENDING' {{(pid=97335) _task_receiver /opt/stack/data/venv/lib/python3.12/site-packages/taskflow/listeners/logging.py:242}}
Aug 24 09:02:31.692305 np0000007958 devstack@c-api.service[97335]: DEBUG cinder.volume.flows.api.create_volume [None req-f2cef7d3-73b6-49cc-8a30-3203172e2599 tempest-VolumesTransfersV357Test-1370732477 tempest-VolumesTransfersV357Test-1370732477-project-member] Validating volume size '1' using validate_int {{(pid=97335) _extract_size /opt/stack/cinder/cinder/volume/flows/api/create_volume.py:226}}
Aug 24 09:02:31.700108 np0000007958 devstack@c-api.service[97336]: DEBUG cinder.api.middleware.request_id [None req-e0ee10d7-40d1-4fbb-bb0c-f4c142f6f6fb None None] RequestId filter calling following filter/app {{(pid=97336) _context_setter /opt/stack/cinder/cinder/api/middleware/request_id.py:62}}
Aug 24 09:02:31.701888 np0000007958 devstack@c-api.service[97336]: INFO cinder.api.openstack.wsgi [None req-e0ee10d7-40d1-4fbb-bb0c-f4c142f6f6fb tempest-VolumesActionsTest-922651388 tempest-VolumesActionsTest-922651388-project-member] POST https://10.4.3.4/volume/v3/volumes/2521c310-801f-499c-853f-51c292007607/action
Aug 24 09:02:31.702334 np0000007958 devstack@c-api.service[97336]: DEBUG cinder.api.openstack.wsgi [None req-e0ee10d7-40d1-4fbb-bb0c-f4c142f6f6fb tempest-VolumesActionsTest-922651388 tempest-VolumesActionsTest-922651388-project-member] Action body: b'{"os-update_readonly_flag": {"readonly": false}}' {{(pid=97336) get_method /opt/stack/cinder/cinder/api/openstack/wsgi.py:993}}
Aug 24 09:02:31.702531 np0000007958 devstack@c-api.service[97336]: DEBUG cinder.api.openstack.wsgi [None req-e0ee10d7-40d1-4fbb-bb0c-f4c142f6f6fb tempest-VolumesActionsTest-922651388 tempest-VolumesActionsTest-922651388-project-member] Action: 'action', calling method: _volume_readonly_update, body: {"os-update_readonly_flag": {"readonly": false}} {{(pid=97336) _process_stack /opt/stack/cinder/cinder/api/openstack/wsgi.py:876}}
Aug 24 09:02:31.711634 np0000007958 devstack@c-api.service[97336]: /opt/stack/data/venv/lib/python3.12/site-packages/oslo_context/context.py:102: DeprecationWarning: Policy enforcement is depending on the value of is_admin. This key is deprecated. Please update your policy file to use the standard policy values.
Aug 24 09:02:31.711634 np0000007958 devstack@c-api.service[97336]: warnings.warn(
Aug 24 09:02:31.712357 np0000007958 devstack@c-api.service[97336]: INFO cinder.volume.api [None req-e0ee10d7-40d1-4fbb-bb0c-f4c142f6f6fb tempest-VolumesActionsTest-922651388 tempest-VolumesActionsTest-922651388-project-member] Volume info retrieved successfully.
Aug 24 09:02:31.723663 np0000007958 devstack@c-api.service[97336]: INFO cinder.volume.api [None req-e0ee10d7-40d1-4fbb-bb0c-f4c142f6f6fb tempest-VolumesActionsTest-922651388 tempest-VolumesActionsTest-922651388-project-member] Update volume admin metadata completed successfully.
Aug 24 09:02:31.723849 np0000007958 devstack@c-api.service[97336]: INFO cinder.volume.api [None req-e0ee10d7-40d1-4fbb-bb0c-f4c142f6f6fb tempest-VolumesActionsTest-922651388 tempest-VolumesActionsTest-922651388-project-member] Update readonly setting on volume completed successfully.
Aug 24 09:02:31.724084 np0000007958 devstack@c-api.service[97336]: INFO cinder.api.openstack.wsgi [None req-e0ee10d7-40d1-4fbb-bb0c-f4c142f6f6fb tempest-VolumesActionsTest-922651388 tempest-VolumesActionsTest-922651388-project-member] https://10.4.3.4/volume/v3/volumes/2521c310-801f-499c-853f-51c292007607/action returned with HTTP 202
Aug 24 09:02:31.724550 np0000007958 devstack@c-api.service[97336]: [pid: 97336|app: 0|req: 161/499] 10.4.3.4 () {68 vars in 1376 bytes} [Mon Aug 24 09:02:31 2026] POST /volume/v3/volumes/2521c310-801f-499c-853f-51c292007607/action => generated 0 bytes in 25 msecs (HTTP/1.1 202) 7 headers in 289 bytes (1 switches on core 0)
Aug 24 09:02:31.732202 np0000007958 devstack@c-api.service[97334]: DEBUG cinder.api.middleware.request_id [None req-867857f6-f7f5-495c-8f00-fdf8420306c7 None None] RequestId filter calling following filter/app {{(pid=97334) _context_setter /opt/stack/cinder/cinder/api/middleware/request_id.py:62}}
Aug 24 09:02:31.734862 np0000007958 devstack@c-api.service[97334]: INFO cinder.api.openstack.wsgi [None req-867857f6-f7f5-495c-8f00-fdf8420306c7 tempest-VolumesActionsTest-922651388 tempest-VolumesActionsTest-922651388-project-member] GET https://10.4.3.4/volume/v3/volumes/2521c310-801f-499c-853f-51c292007607
Aug 24 09:02:31.735135 np0000007958 devstack@c-api.service[97334]: DEBUG cinder.api.openstack.wsgi [None req-867857f6-f7f5-495c-8f00-fdf8420306c7 tempest-VolumesActionsTest-922651388 tempest-VolumesActionsTest-922651388-project-member] Empty body provided in request {{(pid=97334) get_body /opt/stack/cinder/cinder/api/openstack/wsgi.py:725}}
Aug 24 09:02:31.736076 np0000007958 devstack@c-api.service[97334]: DEBUG cinder.api.openstack.wsgi [None req-867857f6-f7f5-495c-8f00-fdf8420306c7 tempest-VolumesActionsTest-922651388 tempest-VolumesActionsTest-922651388-project-member] Calling method 'show' {{(pid=97334) _process_stack /opt/stack/cinder/cinder/api/openstack/wsgi.py:878}}
Aug 24 09:02:31.743217 np0000007958 devstack@c-api.service[97335]: DEBUG cinder.volume.api [None req-f2cef7d3-73b6-49cc-8a30-3203172e2599 tempest-VolumesTransfersV357Test-1370732477 tempest-VolumesTransfersV357Test-1370732477-project-member] Task 'cinder.volume.flows.api.create_volume.ExtractVolumeRequestTask;volume:create' (e32a25e6-49e3-4190-ac88-3a1e567bc2ba) transitioned into state 'SUCCESS' from state 'RUNNING' with result '{'size': 1, 'snapshot_id': None, 'source_volid': None, 'volume_type': VolumeType(created_at=2026-08-24T08:58:47Z,deleted=False,deleted_at=None,description=None,extra_specs={volume_backend_name='storpool'},id=0d4bad4d-4ccd-479e-bd32-824897d7ad3d,is_public=True,name='storpool',projects=[],qos_specs=,qos_specs_id=None,updated_at=None), 'volume_type_id': '0d4bad4d-4ccd-479e-bd32-824897d7ad3d', 'encryption_key_id': None, 'qos_specs': None, 'consistencygroup_id': None, 'cgsnapshot_id': None, 'group_id': None, 'replication_status': 'disabled', 'refresh_az': False, 'backup_id': None, 'multiattach': False, 'availability_zones': ['nova']}' {{(pid=97335) _task_receiver /opt/stack/data/venv/lib/python3.12/site-packages/taskflow/listeners/logging.py:218}}
Aug 24 09:02:31.743961 np0000007958 devstack@c-api.service[97335]: DEBUG cinder.volume.api [None req-f2cef7d3-73b6-49cc-8a30-3203172e2599 tempest-VolumesTransfersV357Test-1370732477 tempest-VolumesTransfersV357Test-1370732477-project-member] Task 'cinder.volume.flows.api.create_volume.QuotaReserveTask;volume:create' (abd6320d-dedb-4b04-aca9-7f13f8b425f9) transitioned into state 'RUNNING' from state 'PENDING' {{(pid=97335) _task_receiver /opt/stack/data/venv/lib/python3.12/site-packages/taskflow/listeners/logging.py:242}}
Aug 24 09:02:31.744904 np0000007958 devstack@c-api.service[97334]: /opt/stack/data/venv/lib/python3.12/site-packages/oslo_context/context.py:102: DeprecationWarning: Policy enforcement is depending on the value of is_admin. This key is deprecated. Please update your policy file to use the standard policy values.
Aug 24 09:02:31.744904 np0000007958 devstack@c-api.service[97334]: warnings.warn(
Aug 24 09:02:31.749548 np0000007958 devstack@c-api.service[97334]: INFO cinder.volume.api [None req-867857f6-f7f5-495c-8f00-fdf8420306c7 tempest-VolumesActionsTest-922651388 tempest-VolumesActionsTest-922651388-project-member] Volume info retrieved successfully.
Aug 24 09:02:31.755612 np0000007958 devstack@c-api.service[97334]: INFO cinder.api.openstack.wsgi [None req-867857f6-f7f5-495c-8f00-fdf8420306c7 tempest-VolumesActionsTest-922651388 tempest-VolumesActionsTest-922651388-project-member] https://10.4.3.4/volume/v3/volumes/2521c310-801f-499c-853f-51c292007607 returned with HTTP 200
Aug 24 09:02:31.756038 np0000007958 devstack@c-api.service[97334]: [pid: 97334|app: 0|req: 170/500] 10.4.3.4 () {66 vars in 1334 bytes} [Mon Aug 24 09:02:31 2026] GET /volume/v3/volumes/2521c310-801f-499c-853f-51c292007607 => generated 856 bytes in 24 msecs (HTTP/1.1 200) 7 headers in 285 bytes (1 switches on core 0)
Aug 24 09:02:31.769843 np0000007958 devstack@c-api.service[97336]: DEBUG cinder.api.middleware.request_id [None req-6d470c57-3f0c-43c0-9f58-e5be8de86b1b None None] RequestId filter calling following filter/app {{(pid=97336) _context_setter /opt/stack/cinder/cinder/api/middleware/request_id.py:62}}
Aug 24 09:02:31.771727 np0000007958 devstack@c-api.service[97336]: INFO cinder.api.openstack.wsgi [None req-6d470c57-3f0c-43c0-9f58-e5be8de86b1b tempest-VolumesActionsTest-922651388 tempest-VolumesActionsTest-922651388-project-member] POST https://10.4.3.4/volume/v3/volumes/2521c310-801f-499c-853f-51c292007607/action
Aug 24 09:02:31.772435 np0000007958 devstack@c-api.service[97336]: DEBUG cinder.api.openstack.wsgi [None req-6d470c57-3f0c-43c0-9f58-e5be8de86b1b tempest-VolumesActionsTest-922651388 tempest-VolumesActionsTest-922651388-project-member] Action body: b'{"os-volume_upload_image": {"image_name": "tempest-VolumesActionsTest-Image-740784682", "disk_format": "raw"}}' {{(pid=97336) get_method /opt/stack/cinder/cinder/api/openstack/wsgi.py:993}}
Aug 24 09:02:31.772629 np0000007958 devstack@c-api.service[97336]: DEBUG cinder.api.openstack.wsgi [None req-6d470c57-3f0c-43c0-9f58-e5be8de86b1b tempest-VolumesActionsTest-922651388 tempest-VolumesActionsTest-922651388-project-member] Action: 'action', calling method: _volume_upload_image, body: {"os-volume_upload_image": {"image_name": "tempest-VolumesActionsTest-Image-740784682", "disk_format": "raw"}} {{(pid=97336) _process_stack /opt/stack/cinder/cinder/api/openstack/wsgi.py:876}}
Aug 24 09:02:31.782703 np0000007958 devstack@c-api.service[97336]: /opt/stack/data/venv/lib/python3.12/site-packages/oslo_context/context.py:102: DeprecationWarning: Policy enforcement is depending on the value of is_admin. This key is deprecated. Please update your policy file to use the standard policy values.
Aug 24 09:02:31.782703 np0000007958 devstack@c-api.service[97336]: warnings.warn(
Aug 24 09:02:31.783747 np0000007958 devstack@c-api.service[97336]: INFO cinder.volume.api [None req-6d470c57-3f0c-43c0-9f58-e5be8de86b1b tempest-VolumesActionsTest-922651388 tempest-VolumesActionsTest-922651388-project-member] Volume info retrieved successfully.
Aug 24 09:02:31.787631 np0000007958 devstack@c-api.service[97335]: DEBUG cinder.quota [None req-f2cef7d3-73b6-49cc-8a30-3203172e2599 tempest-VolumesTransfersV357Test-1370732477 tempest-VolumesTransfersV357Test-1370732477-project-member] Created reservations ['f61bbbe4-84bf-4652-8ab9-cb3c290fedb9', '1f21569f-2ce3-4eb0-8a52-b7ff08e84e0f', '0f4d16fe-1054-46dd-8473-a459915b565c', '08ed47ab-c91e-4047-92bd-a9174070edff'] {{(pid=97335) reserve /opt/stack/cinder/cinder/quota.py:752}}
Aug 24 09:02:31.788422 np0000007958 devstack@c-api.service[97335]: DEBUG cinder.volume.api [None req-f2cef7d3-73b6-49cc-8a30-3203172e2599 tempest-VolumesTransfersV357Test-1370732477 tempest-VolumesTransfersV357Test-1370732477-project-member] Task 'cinder.volume.flows.api.create_volume.QuotaReserveTask;volume:create' (abd6320d-dedb-4b04-aca9-7f13f8b425f9) transitioned into state 'SUCCESS' from state 'RUNNING' with result '{'reservations': ['f61bbbe4-84bf-4652-8ab9-cb3c290fedb9', '1f21569f-2ce3-4eb0-8a52-b7ff08e84e0f', '0f4d16fe-1054-46dd-8473-a459915b565c', '08ed47ab-c91e-4047-92bd-a9174070edff']}' {{(pid=97335) _task_receiver /opt/stack/data/venv/lib/python3.12/site-packages/taskflow/listeners/logging.py:218}}
Aug 24 09:02:31.789103 np0000007958 devstack@c-api.service[97335]: DEBUG cinder.volume.api [None req-f2cef7d3-73b6-49cc-8a30-3203172e2599 tempest-VolumesTransfersV357Test-1370732477 tempest-VolumesTransfersV357Test-1370732477-project-member] Task 'cinder.volume.flows.api.create_volume.EntryCreateTask;volume:create' (3767d64c-5459-4bfb-b7e7-0988fe1c301a) transitioned into state 'RUNNING' from state 'PENDING' {{(pid=97335) _task_receiver /opt/stack/data/venv/lib/python3.12/site-packages/taskflow/listeners/logging.py:242}}
Aug 24 09:02:31.796407 np0000007958 devstack@c-api.service[97336]: /opt/stack/data/venv/lib/python3.12/site-packages/oslo_context/context.py:102: DeprecationWarning: Policy enforcement is depending on the value of is_admin. This key is deprecated. Please update your policy file to use the standard policy values.
Aug 24 09:02:31.796407 np0000007958 devstack@c-api.service[97336]: warnings.warn(
Aug 24 09:02:31.800358 np0000007958 devstack@c-api.service[97336]: DEBUG cinder.image.image_utils [None req-6d470c57-3f0c-43c0-9f58-e5be8de86b1b tempest-VolumesActionsTest-922651388 tempest-VolumesActionsTest-922651388-project-member] The metadata set [{'container_format': 'bare', 'disk_format': 'raw', 'name': 'tempest-VolumesActionsTest-Image-740784682'}] was filtered using the reserved name spaces [['os_glance', 'img_signature', 'signature_verified']], and the result is [{'container_format': 'bare', 'disk_format': 'raw', 'name': 'tempest-VolumesActionsTest-Image-740784682'}]. {{(pid=97336) filter_out_reserved_namespaces_metadata /opt/stack/cinder/cinder/image/image_utils.py:1478}}
Aug 24 09:02:31.814454 np0000007958 devstack@c-api.service[97335]: DEBUG cinder.volume.api [None req-f2cef7d3-73b6-49cc-8a30-3203172e2599 tempest-VolumesTransfersV357Test-1370732477 tempest-VolumesTransfersV357Test-1370732477-project-member] Task 'cinder.volume.flows.api.create_volume.EntryCreateTask;volume:create' (3767d64c-5459-4bfb-b7e7-0988fe1c301a) transitioned into state 'SUCCESS' from state 'RUNNING' with result '{'volume_id': '6f335fd8-2372-4f62-9451-4b6a3a36789d', 'volume_properties': VolumeProperties(attach_status='detached',availability_zone='nova',cgsnapshot_id=None,consistencygroup_id=None,display_description=None,display_name='tempest-VolumesTransfersV357Test-Volume-200651517',encryption_key_id=None,group_id=None,group_type_id=,metadata={},multiattach=False,project_id='82a081160ad74504b610d7213133cc01',qos_specs=None,replication_status=,reservations=['f61bbbe4-84bf-4652-8ab9-cb3c290fedb9','1f21569f-2ce3-4eb0-8a52-b7ff08e84e0f','0f4d16fe-1054-46dd-8473-a459915b565c','08ed47ab-c91e-4047-92bd-a9174070edff'],size=1,snapshot_id=None,source_replicaid=,source_volid=None,status='creating',user_id='2bcf613ad0cd4777ae60ac429cd42b20',volume_type_id=0d4bad4d-4ccd-479e-bd32-824897d7ad3d), 'volume': Volume(_name_id=None,admin_metadata=,attach_status='detached',availability_zone='nova',bootable=False,cluster=,cluster_name=None,consistencygroup=,consistencygroup_id=None,created_at=2026-08-24T09:02:31Z,deleted=False,deleted_at=None,display_description=None,display_name='tempest-VolumesTransfersV357Test-Volume-200651517',ec2_id=None,encryption_key_id=None,glance_metadata=,group=,group_id=None,host=None,id=6f335fd8-2372-4f62-9451-4b6a3a36789d,launched_at=None,metadata={},migration_status=None,multiattach=False,previous_status=None,project_id='82a081160ad74504b610d7213133cc01',provider_auth=None,provider_geometry=None,provider_id=None,provider_location=None,replication_driver_data=None,replication_extended_status=None,replication_status=None,scheduled_at=None,service_uuid=None,shared_targets=True,size=1,snapshot_id=None,snapshots=,source_volid=None,status='creating',terminated_at=None,updated_at=None,use_quota=True,user_id='2bcf613ad0cd4777ae60ac429cd42b20',volume_attachment=VolumeAttachmentList,volume_type=VolumeType(0d4bad4d-4ccd-479e-bd32-824897d7ad3d),volume_type_id=0d4bad4d-4ccd-479e-bd32-824897d7ad3d)}' {{(pid=97335) _task_receiver /opt/stack/data/venv/lib/python3.12/site-packages/taskflow/listeners/logging.py:218}}
Aug 24 09:02:31.815692 np0000007958 devstack@c-api.service[97335]: DEBUG cinder.volume.api [None req-f2cef7d3-73b6-49cc-8a30-3203172e2599 tempest-VolumesTransfersV357Test-1370732477 tempest-VolumesTransfersV357Test-1370732477-project-member] Task 'cinder.volume.flows.api.create_volume.QuotaCommitTask;volume:create' (97cc3c6c-96c4-4871-a8fd-0d7f7ce57d57) transitioned into state 'RUNNING' from state 'PENDING' {{(pid=97335) _task_receiver /opt/stack/data/venv/lib/python3.12/site-packages/taskflow/listeners/logging.py:242}}
Aug 24 09:02:31.839023 np0000007958 devstack@c-api.service[97335]: DEBUG cinder.volume.api [None req-f2cef7d3-73b6-49cc-8a30-3203172e2599 tempest-VolumesTransfersV357Test-1370732477 tempest-VolumesTransfersV357Test-1370732477-project-member] Task 'cinder.volume.flows.api.create_volume.QuotaCommitTask;volume:create' (97cc3c6c-96c4-4871-a8fd-0d7f7ce57d57) transitioned into state 'SUCCESS' from state 'RUNNING' with result '{'volume_properties': VolumeProperties(attach_status='detached',availability_zone='nova',cgsnapshot_id=None,consistencygroup_id=None,display_description=None,display_name='tempest-VolumesTransfersV357Test-Volume-200651517',encryption_key_id=None,group_id=None,group_type_id=,metadata={},multiattach=False,project_id='82a081160ad74504b610d7213133cc01',qos_specs=None,replication_status=,reservations=['f61bbbe4-84bf-4652-8ab9-cb3c290fedb9','1f21569f-2ce3-4eb0-8a52-b7ff08e84e0f','0f4d16fe-1054-46dd-8473-a459915b565c','08ed47ab-c91e-4047-92bd-a9174070edff'],size=1,snapshot_id=None,source_replicaid=,source_volid=None,status='creating',user_id='2bcf613ad0cd4777ae60ac429cd42b20',volume_type_id=0d4bad4d-4ccd-479e-bd32-824897d7ad3d)}' {{(pid=97335) _task_receiver /opt/stack/data/venv/lib/python3.12/site-packages/taskflow/listeners/logging.py:218}}
Aug 24 09:02:31.839814 np0000007958 devstack@c-api.service[97335]: DEBUG cinder.volume.api [None req-f2cef7d3-73b6-49cc-8a30-3203172e2599 tempest-VolumesTransfersV357Test-1370732477 tempest-VolumesTransfersV357Test-1370732477-project-member] Task 'cinder.volume.flows.api.create_volume.VolumeCastTask;volume:create' (0684266d-10d4-4431-9d2b-4f41258eb733) transitioned into state 'RUNNING' from state 'PENDING' {{(pid=97335) _task_receiver /opt/stack/data/venv/lib/python3.12/site-packages/taskflow/listeners/logging.py:242}}
Aug 24 09:02:31.851874 np0000007958 devstack@c-api.service[97335]: DEBUG cinder.volume.api [None req-f2cef7d3-73b6-49cc-8a30-3203172e2599 tempest-VolumesTransfersV357Test-1370732477 tempest-VolumesTransfersV357Test-1370732477-project-member] Task 'cinder.volume.flows.api.create_volume.VolumeCastTask;volume:create' (0684266d-10d4-4431-9d2b-4f41258eb733) transitioned into state 'SUCCESS' from state 'RUNNING' with result 'None' {{(pid=97335) _task_receiver /opt/stack/data/venv/lib/python3.12/site-packages/taskflow/listeners/logging.py:218}}
Aug 24 09:02:31.852715 np0000007958 devstack@c-api.service[97335]: DEBUG cinder.volume.api [None req-f2cef7d3-73b6-49cc-8a30-3203172e2599 tempest-VolumesTransfersV357Test-1370732477 tempest-VolumesTransfersV357Test-1370732477-project-member] Flow 'volume_create_api' (ad7b8db6-8bd2-4d92-9341-a01d4363f8bc) transitioned into state 'SUCCESS' from state 'RUNNING' {{(pid=97335) _flow_receiver /opt/stack/data/venv/lib/python3.12/site-packages/taskflow/listeners/logging.py:160}}
Aug 24 09:02:31.852983 np0000007958 devstack@c-api.service[97335]: INFO cinder.volume.api [None req-f2cef7d3-73b6-49cc-8a30-3203172e2599 tempest-VolumesTransfersV357Test-1370732477 tempest-VolumesTransfersV357Test-1370732477-project-member] Create volume request issued successfully.
Aug 24 09:02:31.853622 np0000007958 devstack@c-api.service[97335]: INFO cinder.api.openstack.wsgi [None req-f2cef7d3-73b6-49cc-8a30-3203172e2599 tempest-VolumesTransfersV357Test-1370732477 tempest-VolumesTransfersV357Test-1370732477-project-member] https://10.4.3.4/volume/v3/volumes returned with HTTP 202
Aug 24 09:02:31.854019 np0000007958 devstack@c-api.service[97335]: [pid: 97335|app: 0|req: 170/501] 10.4.3.4 () {70 vars in 1285 bytes} [Mon Aug 24 09:02:31 2026] POST /volume/v3/volumes => generated 814 bytes in 188 msecs (HTTP/1.1 202) 7 headers in 292 bytes (1 switches on core 0)
Aug 24 09:02:31.867642 np0000007958 devstack@c-api.service[97334]: DEBUG cinder.api.middleware.request_id [None req-76fd4ae1-0c9b-4d31-a6d6-6de9c3719497 None None] RequestId filter calling following filter/app {{(pid=97334) _context_setter /opt/stack/cinder/cinder/api/middleware/request_id.py:62}}
Aug 24 09:02:31.869486 np0000007958 devstack@c-api.service[97334]: INFO cinder.api.openstack.wsgi [None req-76fd4ae1-0c9b-4d31-a6d6-6de9c3719497 tempest-VolumesTransfersV357Test-1370732477 tempest-VolumesTransfersV357Test-1370732477-project-member] GET https://10.4.3.4/volume/v3/volumes/6f335fd8-2372-4f62-9451-4b6a3a36789d
Aug 24 09:02:31.869711 np0000007958 devstack@c-api.service[97334]: DEBUG cinder.api.openstack.wsgi [None req-76fd4ae1-0c9b-4d31-a6d6-6de9c3719497 tempest-VolumesTransfersV357Test-1370732477 tempest-VolumesTransfersV357Test-1370732477-project-member] Empty body provided in request {{(pid=97334) get_body /opt/stack/cinder/cinder/api/openstack/wsgi.py:725}}
Aug 24 09:02:31.869912 np0000007958 devstack@c-api.service[97334]: DEBUG cinder.api.openstack.wsgi [None req-76fd4ae1-0c9b-4d31-a6d6-6de9c3719497 tempest-VolumesTransfersV357Test-1370732477 tempest-VolumesTransfersV357Test-1370732477-project-member] Calling method 'show' {{(pid=97334) _process_stack /opt/stack/cinder/cinder/api/openstack/wsgi.py:878}}
Aug 24 09:02:31.890225 np0000007958 devstack@c-api.service[97334]: /opt/stack/data/venv/lib/python3.12/site-packages/oslo_context/context.py:102: DeprecationWarning: Policy enforcement is depending on the value of is_admin. This key is deprecated. Please update your policy file to use the standard policy values.
Aug 24 09:02:31.890225 np0000007958 devstack@c-api.service[97334]: warnings.warn(
Aug 24 09:02:31.901617 np0000007958 devstack@c-api.service[97334]: INFO cinder.volume.api [None req-76fd4ae1-0c9b-4d31-a6d6-6de9c3719497 tempest-VolumesTransfersV357Test-1370732477 tempest-VolumesTransfersV357Test-1370732477-project-member] Volume info retrieved successfully.
Aug 24 09:02:31.907642 np0000007958 devstack@c-api.service[97334]: INFO cinder.api.openstack.wsgi [None req-76fd4ae1-0c9b-4d31-a6d6-6de9c3719497 tempest-VolumesTransfersV357Test-1370732477 tempest-VolumesTransfersV357Test-1370732477-project-member] https://10.4.3.4/volume/v3/volumes/6f335fd8-2372-4f62-9451-4b6a3a36789d returned with HTTP 200
Aug 24 09:02:31.908164 np0000007958 devstack@c-api.service[97334]: [pid: 97334|app: 0|req: 171/502] 10.4.3.4 () {68 vars in 1375 bytes} [Mon Aug 24 09:02:31 2026] GET /volume/v3/volumes/6f335fd8-2372-4f62-9451-4b6a3a36789d => generated 882 bytes in 41 msecs (HTTP/1.1 200) 7 headers in 286 bytes (1 switches on core 0)
Aug 24 09:02:32.463034 np0000007958 devstack@c-api.service[97336]: INFO cinder.volume.api [None req-6d470c57-3f0c-43c0-9f58-e5be8de86b1b tempest-VolumesActionsTest-922651388 tempest-VolumesActionsTest-922651388-project-member] Copy volume to image completed successfully.
Aug 24 09:02:32.466790 np0000007958 devstack@c-api.service[97336]: INFO cinder.api.openstack.wsgi [None req-6d470c57-3f0c-43c0-9f58-e5be8de86b1b tempest-VolumesActionsTest-922651388 tempest-VolumesActionsTest-922651388-project-member] https://10.4.3.4/volume/v3/volumes/2521c310-801f-499c-853f-51c292007607/action returned with HTTP 202
Aug 24 09:02:32.467414 np0000007958 devstack@c-api.service[97336]: [pid: 97336|app: 0|req: 162/503] 10.4.3.4 () {68 vars in 1377 bytes} [Mon Aug 24 09:02:31 2026] POST /volume/v3/volumes/2521c310-801f-499c-853f-51c292007607/action => generated 686 bytes in 698 msecs (HTTP/1.1 202) 7 headers in 291 bytes (1 switches on core 0)
Aug 24 09:02:32.927403 np0000007958 devstack@c-api.service[97335]: DEBUG cinder.api.middleware.request_id [None req-c064501b-0083-4ab3-8f32-48d372d9e13f None None] RequestId filter calling following filter/app {{(pid=97335) _context_setter /opt/stack/cinder/cinder/api/middleware/request_id.py:62}}
Aug 24 09:02:32.929679 np0000007958 devstack@c-api.service[97335]: INFO cinder.api.openstack.wsgi [None req-c064501b-0083-4ab3-8f32-48d372d9e13f tempest-VolumesTransfersV357Test-1370732477 tempest-VolumesTransfersV357Test-1370732477-project-member] GET https://10.4.3.4/volume/v3/volumes/6f335fd8-2372-4f62-9451-4b6a3a36789d
Aug 24 09:02:32.930179 np0000007958 devstack@c-api.service[97335]: DEBUG cinder.api.openstack.wsgi [None req-c064501b-0083-4ab3-8f32-48d372d9e13f tempest-VolumesTransfersV357Test-1370732477 tempest-VolumesTransfersV357Test-1370732477-project-member] Empty body provided in request {{(pid=97335) get_body /opt/stack/cinder/cinder/api/openstack/wsgi.py:725}}
Aug 24 09:02:32.930470 np0000007958 devstack@c-api.service[97335]: DEBUG cinder.api.openstack.wsgi [None req-c064501b-0083-4ab3-8f32-48d372d9e13f tempest-VolumesTransfersV357Test-1370732477 tempest-VolumesTransfersV357Test-1370732477-project-member] Calling method 'show' {{(pid=97335) _process_stack /opt/stack/cinder/cinder/api/openstack/wsgi.py:878}}
Aug 24 09:02:32.940564 np0000007958 devstack@c-api.service[97335]: /opt/stack/data/venv/lib/python3.12/site-packages/oslo_context/context.py:102: DeprecationWarning: Policy enforcement is depending on the value of is_admin. This key is deprecated. Please update your policy file to use the standard policy values.
Aug 24 09:02:32.940564 np0000007958 devstack@c-api.service[97335]: warnings.warn(
Aug 24 09:02:32.945865 np0000007958 devstack@c-api.service[97335]: INFO cinder.volume.api [None req-c064501b-0083-4ab3-8f32-48d372d9e13f tempest-VolumesTransfersV357Test-1370732477 tempest-VolumesTransfersV357Test-1370732477-project-member] Volume info retrieved successfully.
Aug 24 09:02:32.951021 np0000007958 devstack@c-api.service[97335]: INFO cinder.api.openstack.wsgi [None req-c064501b-0083-4ab3-8f32-48d372d9e13f tempest-VolumesTransfersV357Test-1370732477 tempest-VolumesTransfersV357Test-1370732477-project-member] https://10.4.3.4/volume/v3/volumes/6f335fd8-2372-4f62-9451-4b6a3a36789d returned with HTTP 200
Aug 24 09:02:32.951478 np0000007958 devstack@c-api.service[97335]: [pid: 97335|app: 0|req: 171/504] 10.4.3.4 () {68 vars in 1375 bytes} [Mon Aug 24 09:02:32 2026] GET /volume/v3/volumes/6f335fd8-2372-4f62-9451-4b6a3a36789d => generated 942 bytes in 25 msecs (HTTP/1.1 200) 7 headers in 286 bytes (1 switches on core 0)
Aug 24 09:02:32.973887 np0000007958 devstack@c-api.service[97334]: DEBUG cinder.api.middleware.request_id [None req-678f879c-2426-4f85-be69-df20ebf007fd None None] RequestId filter calling following filter/app {{(pid=97334) _context_setter /opt/stack/cinder/cinder/api/middleware/request_id.py:62}}
Aug 24 09:02:32.976048 np0000007958 devstack@c-api.service[97334]: INFO cinder.api.openstack.wsgi [None req-678f879c-2426-4f85-be69-df20ebf007fd tempest-VolumesTransfersV357Test-1370732477 tempest-VolumesTransfersV357Test-1370732477-project-member] POST https://10.4.3.4/volume/v3/volume-transfers
Aug 24 09:02:32.976440 np0000007958 devstack@c-api.service[97334]: DEBUG cinder.api.openstack.wsgi [None req-678f879c-2426-4f85-be69-df20ebf007fd tempest-VolumesTransfersV357Test-1370732477 tempest-VolumesTransfersV357Test-1370732477-project-member] Action: 'create', calling method: create, body: {"transfer": {"volume_id": "6f335fd8-2372-4f62-9451-4b6a3a36789d"}} {{(pid=97334) _process_stack /opt/stack/cinder/cinder/api/openstack/wsgi.py:876}}
Aug 24 09:02:32.978058 np0000007958 devstack@c-api.service[97334]: DEBUG cinder.api.v3.volume_transfer [None req-678f879c-2426-4f85-be69-df20ebf007fd tempest-VolumesTransfersV357Test-1370732477 tempest-VolumesTransfersV357Test-1370732477-project-member] Creating new volume transfer {'transfer': {'volume_id': '6f335fd8-2372-4f62-9451-4b6a3a36789d'}} {{(pid=97334) create /opt/stack/cinder/cinder/api/v3/volume_transfer.py:85}}
Aug 24 09:02:32.978224 np0000007958 devstack@c-api.service[97334]: INFO cinder.api.v3.volume_transfer [None req-678f879c-2426-4f85-be69-df20ebf007fd tempest-VolumesTransfersV357Test-1370732477 tempest-VolumesTransfersV357Test-1370732477-project-member] Creating transfer of volume 6f335fd8-2372-4f62-9451-4b6a3a36789d
Aug 24 09:02:32.978377 np0000007958 devstack@c-api.service[97334]: INFO cinder.transfer.api [None req-678f879c-2426-4f85-be69-df20ebf007fd tempest-VolumesTransfersV357Test-1370732477 tempest-VolumesTransfersV357Test-1370732477-project-member] Generating transfer record for volume 6f335fd8-2372-4f62-9451-4b6a3a36789d
Aug 24 09:02:32.986767 np0000007958 devstack@c-api.service[97334]: /opt/stack/data/venv/lib/python3.12/site-packages/oslo_context/context.py:102: DeprecationWarning: Policy enforcement is depending on the value of is_admin. This key is deprecated. Please update your policy file to use the standard policy values.
Aug 24 09:02:32.986767 np0000007958 devstack@c-api.service[97334]: warnings.warn(
Aug 24 09:02:33.006021 np0000007958 devstack@c-api.service[97334]: INFO cinder.api.openstack.wsgi [None req-678f879c-2426-4f85-be69-df20ebf007fd tempest-VolumesTransfersV357Test-1370732477 tempest-VolumesTransfersV357Test-1370732477-project-member] https://10.4.3.4/volume/v3/volume-transfers returned with HTTP 202
Aug 24 09:02:33.006419 np0000007958 devstack@c-api.service[97334]: [pid: 97334|app: 0|req: 172/505] 10.4.3.4 () {70 vars in 1312 bytes} [Mon Aug 24 09:02:32 2026] POST /volume/v3/volume-transfers => generated 568 bytes in 33 msecs (HTTP/1.1 202) 7 headers in 292 bytes (1 switches on core 0)
Aug 24 09:02:33.018178 np0000007958 devstack@c-api.service[97336]: DEBUG cinder.api.middleware.request_id [None req-a93d7c24-5599-443f-85b8-61d9726edecd None None] RequestId filter calling following filter/app {{(pid=97336) _context_setter /opt/stack/cinder/cinder/api/middleware/request_id.py:62}}
Aug 24 09:02:33.022387 np0000007958 devstack@c-api.service[97336]: INFO cinder.api.openstack.wsgi [None req-a93d7c24-5599-443f-85b8-61d9726edecd tempest-VolumesTransfersV357Test-1370732477 tempest-VolumesTransfersV357Test-1370732477-project-member] GET https://10.4.3.4/volume/v3/volumes/6f335fd8-2372-4f62-9451-4b6a3a36789d
Aug 24 09:02:33.022715 np0000007958 devstack@c-api.service[97336]: DEBUG cinder.api.openstack.wsgi [None req-a93d7c24-5599-443f-85b8-61d9726edecd tempest-VolumesTransfersV357Test-1370732477 tempest-VolumesTransfersV357Test-1370732477-project-member] Empty body provided in request {{(pid=97336) get_body /opt/stack/cinder/cinder/api/openstack/wsgi.py:725}}
Aug 24 09:02:33.023073 np0000007958 devstack@c-api.service[97336]: DEBUG cinder.api.openstack.wsgi [None req-a93d7c24-5599-443f-85b8-61d9726edecd tempest-VolumesTransfersV357Test-1370732477 tempest-VolumesTransfersV357Test-1370732477-project-member] Calling method 'show' {{(pid=97336) _process_stack /opt/stack/cinder/cinder/api/openstack/wsgi.py:878}}
Aug 24 09:02:33.037979 np0000007958 devstack@c-api.service[97336]: /opt/stack/data/venv/lib/python3.12/site-packages/oslo_context/context.py:102: DeprecationWarning: Policy enforcement is depending on the value of is_admin. This key is deprecated. Please update your policy file to use the standard policy values.
Aug 24 09:02:33.037979 np0000007958 devstack@c-api.service[97336]: warnings.warn(
Aug 24 09:02:33.048047 np0000007958 devstack@c-api.service[97336]: INFO cinder.volume.api [None req-a93d7c24-5599-443f-85b8-61d9726edecd tempest-VolumesTransfersV357Test-1370732477 tempest-VolumesTransfersV357Test-1370732477-project-member] Volume info retrieved successfully.
Aug 24 09:02:33.055725 np0000007958 devstack@c-api.service[97336]: INFO cinder.api.openstack.wsgi [None req-a93d7c24-5599-443f-85b8-61d9726edecd tempest-VolumesTransfersV357Test-1370732477 tempest-VolumesTransfersV357Test-1370732477-project-member] https://10.4.3.4/volume/v3/volumes/6f335fd8-2372-4f62-9451-4b6a3a36789d returned with HTTP 200
Aug 24 09:02:33.056628 np0000007958 devstack@c-api.service[97336]: [pid: 97336|app: 0|req: 163/506] 10.4.3.4 () {68 vars in 1375 bytes} [Mon Aug 24 09:02:33 2026] GET /volume/v3/volumes/6f335fd8-2372-4f62-9451-4b6a3a36789d => generated 950 bytes in 38 msecs (HTTP/1.1 200) 7 headers in 286 bytes (1 switches on core 0)
Aug 24 09:02:33.070754 np0000007958 devstack@c-api.service[97335]: DEBUG cinder.api.middleware.request_id [None req-df196eda-9c48-431e-aa5d-712754bc23c5 None None] RequestId filter calling following filter/app {{(pid=97335) _context_setter /opt/stack/cinder/cinder/api/middleware/request_id.py:62}}
Aug 24 09:02:33.076311 np0000007958 devstack@c-api.service[97335]: INFO cinder.api.openstack.wsgi [None req-df196eda-9c48-431e-aa5d-712754bc23c5 tempest-VolumesTransfersV357Test-1370732477 tempest-VolumesTransfersV357Test-1370732477-project-member] GET https://10.4.3.4/volume/v3/volume-transfers/detail
Aug 24 09:02:33.077021 np0000007958 devstack@c-api.service[97335]: DEBUG cinder.api.openstack.wsgi [None req-df196eda-9c48-431e-aa5d-712754bc23c5 tempest-VolumesTransfersV357Test-1370732477 tempest-VolumesTransfersV357Test-1370732477-project-member] Empty body provided in request {{(pid=97335) get_body /opt/stack/cinder/cinder/api/openstack/wsgi.py:725}}
Aug 24 09:02:33.077021 np0000007958 devstack@c-api.service[97335]: DEBUG cinder.api.openstack.wsgi [None req-df196eda-9c48-431e-aa5d-712754bc23c5 tempest-VolumesTransfersV357Test-1370732477 tempest-VolumesTransfersV357Test-1370732477-project-member] Calling method 'detail' {{(pid=97335) _process_stack /opt/stack/cinder/cinder/api/openstack/wsgi.py:878}}
Aug 24 09:02:33.077138 np0000007958 devstack@c-api.service[97335]: DEBUG cinder.api.v3.volume_transfer [None req-df196eda-9c48-431e-aa5d-712754bc23c5 tempest-VolumesTransfersV357Test-1370732477 tempest-VolumesTransfersV357Test-1370732477-project-member] Listing volume transfers {{(pid=97335) _get_transfers /opt/stack/cinder/cinder/api/v3/volume_transfer.py:51}}
Aug 24 09:02:33.083367 np0000007958 devstack@c-api.service[97335]: INFO cinder.api.openstack.wsgi [None req-df196eda-9c48-431e-aa5d-712754bc23c5 tempest-VolumesTransfersV357Test-1370732477 tempest-VolumesTransfersV357Test-1370732477-project-member] https://10.4.3.4/volume/v3/volume-transfers/detail returned with HTTP 200
Aug 24 09:02:33.083464 np0000007958 devstack@c-api.service[97335]: [pid: 97335|app: 0|req: 172/507] 10.4.3.4 () {68 vars in 1312 bytes} [Mon Aug 24 09:02:33 2026] GET /volume/v3/volume-transfers/detail => generated 539 bytes in 14 msecs (HTTP/1.1 200) 7 headers in 286 bytes (1 switches on core 0)
Aug 24 09:02:33.094057 np0000007958 devstack@c-api.service[97334]: DEBUG cinder.api.middleware.request_id [None req-128090a9-70e6-411c-bf3c-76a20ddc64a9 None None] RequestId filter calling following filter/app {{(pid=97334) _context_setter /opt/stack/cinder/cinder/api/middleware/request_id.py:62}}
Aug 24 09:02:33.094608 np0000007958 devstack@c-api.service[97336]: DEBUG cinder.api.middleware.request_id [None req-ae35ccfc-fc02-403e-99df-ded4366f1038 None None] RequestId filter calling following filter/app {{(pid=97336) _context_setter /opt/stack/cinder/cinder/api/middleware/request_id.py:62}}
Aug 24 09:02:33.095730 np0000007958 devstack@c-api.service[97334]: INFO cinder.api.openstack.wsgi [None req-128090a9-70e6-411c-bf3c-76a20ddc64a9 tempest-ServerActionsV293TestJSON-1309345127 tempest-ServerActionsV293TestJSON-1309345127-project-member] GET https://10.4.3.4/volume/v3/volumes/14df9c99-a518-41aa-affb-9370384bfbca
Aug 24 09:02:33.096184 np0000007958 devstack@c-api.service[97334]: DEBUG cinder.api.openstack.wsgi [None req-128090a9-70e6-411c-bf3c-76a20ddc64a9 tempest-ServerActionsV293TestJSON-1309345127 tempest-ServerActionsV293TestJSON-1309345127-project-member] Empty body provided in request {{(pid=97334) get_body /opt/stack/cinder/cinder/api/openstack/wsgi.py:725}}
Aug 24 09:02:33.096402 np0000007958 devstack@c-api.service[97334]: DEBUG cinder.api.openstack.wsgi [None req-128090a9-70e6-411c-bf3c-76a20ddc64a9 tempest-ServerActionsV293TestJSON-1309345127 tempest-ServerActionsV293TestJSON-1309345127-project-member] Calling method 'show' {{(pid=97334) _process_stack /opt/stack/cinder/cinder/api/openstack/wsgi.py:878}}
Aug 24 09:02:33.096624 np0000007958 devstack@c-api.service[97336]: INFO cinder.api.openstack.wsgi [None req-ae35ccfc-fc02-403e-99df-ded4366f1038 tempest-VolumesTransfersV357Test-1370732477 tempest-VolumesTransfersV357Test-1370732477-project-member] DELETE https://10.4.3.4/volume/v3/volume-transfers/cf731596-c32e-47ce-9e39-32ef1f219951
Aug 24 09:02:33.096903 np0000007958 devstack@c-api.service[97336]: DEBUG cinder.api.openstack.wsgi [None req-ae35ccfc-fc02-403e-99df-ded4366f1038 tempest-VolumesTransfersV357Test-1370732477 tempest-VolumesTransfersV357Test-1370732477-project-member] Empty body provided in request {{(pid=97336) get_body /opt/stack/cinder/cinder/api/openstack/wsgi.py:725}}
Aug 24 09:02:33.097155 np0000007958 devstack@c-api.service[97336]: DEBUG cinder.api.openstack.wsgi [None req-ae35ccfc-fc02-403e-99df-ded4366f1038 tempest-VolumesTransfersV357Test-1370732477 tempest-VolumesTransfersV357Test-1370732477-project-member] Calling method 'delete' {{(pid=97336) _process_stack /opt/stack/cinder/cinder/api/openstack/wsgi.py:878}}
Aug 24 09:02:33.097372 np0000007958 devstack@c-api.service[97336]: INFO cinder.api.contrib.volume_transfer [None req-ae35ccfc-fc02-403e-99df-ded4366f1038 tempest-VolumesTransfersV357Test-1370732477 tempest-VolumesTransfersV357Test-1370732477-project-member] Delete transfer with id: cf731596-c32e-47ce-9e39-32ef1f219951
Aug 24 09:02:33.108153 np0000007958 devstack@c-api.service[97334]: /opt/stack/data/venv/lib/python3.12/site-packages/oslo_context/context.py:102: DeprecationWarning: Policy enforcement is depending on the value of is_admin. This key is deprecated. Please update your policy file to use the standard policy values.
Aug 24 09:02:33.108153 np0000007958 devstack@c-api.service[97334]: warnings.warn(
Aug 24 09:02:33.110727 np0000007958 devstack@c-api.service[97336]: /opt/stack/data/venv/lib/python3.12/site-packages/oslo_context/context.py:102: DeprecationWarning: Policy enforcement is depending on the value of is_admin. This key is deprecated. Please update your policy file to use the standard policy values.
Aug 24 09:02:33.110727 np0000007958 devstack@c-api.service[97336]: warnings.warn(
Aug 24 09:02:33.111819 np0000007958 devstack@c-api.service[97334]: INFO cinder.volume.api [None req-128090a9-70e6-411c-bf3c-76a20ddc64a9 tempest-ServerActionsV293TestJSON-1309345127 tempest-ServerActionsV293TestJSON-1309345127-project-member] Volume info retrieved successfully.
Aug 24 09:02:33.118306 np0000007958 devstack@c-api.service[97334]: INFO cinder.api.openstack.wsgi [None req-128090a9-70e6-411c-bf3c-76a20ddc64a9 tempest-ServerActionsV293TestJSON-1309345127 tempest-ServerActionsV293TestJSON-1309345127-project-member] https://10.4.3.4/volume/v3/volumes/14df9c99-a518-41aa-affb-9370384bfbca returned with HTTP 200
Aug 24 09:02:33.118807 np0000007958 devstack@c-api.service[97334]: [pid: 97334|app: 0|req: 173/508] 10.4.3.4 () {68 vars in 1375 bytes} [Mon Aug 24 09:02:33 2026] GET /volume/v3/volumes/14df9c99-a518-41aa-affb-9370384bfbca => generated 1830 bytes in 25 msecs (HTTP/1.1 200) 7 headers in 287 bytes (1 switches on core 0)
Aug 24 09:02:33.121609 np0000007958 devstack@c-api.service[97336]: INFO cinder.api.openstack.wsgi [None req-ae35ccfc-fc02-403e-99df-ded4366f1038 tempest-VolumesTransfersV357Test-1370732477 tempest-VolumesTransfersV357Test-1370732477-project-member] https://10.4.3.4/volume/v3/volume-transfers/cf731596-c32e-47ce-9e39-32ef1f219951 returned with HTTP 202
Aug 24 09:02:33.122151 np0000007958 devstack@c-api.service[97336]: [pid: 97336|app: 0|req: 164/509] 10.4.3.4 () {68 vars in 1405 bytes} [Mon Aug 24 09:02:33 2026] DELETE /volume/v3/volume-transfers/cf731596-c32e-47ce-9e39-32ef1f219951 => generated 0 bytes in 28 msecs (HTTP/1.1 202) 6 headers in 234 bytes (1 switches on core 0)
Aug 24 09:02:33.130779 np0000007958 devstack@c-api.service[97335]: DEBUG cinder.api.middleware.request_id [None req-e63bda99-2db3-41f6-8b8c-0933f2cc6828 None None] RequestId filter calling following filter/app {{(pid=97335) _context_setter /opt/stack/cinder/cinder/api/middleware/request_id.py:62}}
Aug 24 09:02:33.134522 np0000007958 devstack@c-api.service[97335]: INFO cinder.api.openstack.wsgi [None req-e63bda99-2db3-41f6-8b8c-0933f2cc6828 tempest-VolumesTransfersV357Test-1370732477 tempest-VolumesTransfersV357Test-1370732477-project-member] GET https://10.4.3.4/volume/v3/volumes/6f335fd8-2372-4f62-9451-4b6a3a36789d
Aug 24 09:02:33.135459 np0000007958 devstack@c-api.service[97335]: DEBUG cinder.api.openstack.wsgi [None req-e63bda99-2db3-41f6-8b8c-0933f2cc6828 tempest-VolumesTransfersV357Test-1370732477 tempest-VolumesTransfersV357Test-1370732477-project-member] Empty body provided in request {{(pid=97335) get_body /opt/stack/cinder/cinder/api/openstack/wsgi.py:725}}
Aug 24 09:02:33.135512 np0000007958 devstack@c-api.service[97335]: DEBUG cinder.api.openstack.wsgi [None req-e63bda99-2db3-41f6-8b8c-0933f2cc6828 tempest-VolumesTransfersV357Test-1370732477 tempest-VolumesTransfersV357Test-1370732477-project-member] Calling method 'show' {{(pid=97335) _process_stack /opt/stack/cinder/cinder/api/openstack/wsgi.py:878}}
Aug 24 09:02:33.146413 np0000007958 devstack@c-api.service[97335]: /opt/stack/data/venv/lib/python3.12/site-packages/oslo_context/context.py:102: DeprecationWarning: Policy enforcement is depending on the value of is_admin. This key is deprecated. Please update your policy file to use the standard policy values.
Aug 24 09:02:33.146413 np0000007958 devstack@c-api.service[97335]: warnings.warn(
Aug 24 09:02:33.150267 np0000007958 devstack@c-api.service[97335]: INFO cinder.volume.api [None req-e63bda99-2db3-41f6-8b8c-0933f2cc6828 tempest-VolumesTransfersV357Test-1370732477 tempest-VolumesTransfersV357Test-1370732477-project-member] Volume info retrieved successfully.
Aug 24 09:02:33.154690 np0000007958 devstack@c-api.service[97335]: INFO cinder.api.openstack.wsgi [None req-e63bda99-2db3-41f6-8b8c-0933f2cc6828 tempest-VolumesTransfersV357Test-1370732477 tempest-VolumesTransfersV357Test-1370732477-project-member] https://10.4.3.4/volume/v3/volumes/6f335fd8-2372-4f62-9451-4b6a3a36789d returned with HTTP 200
Aug 24 09:02:33.155075 np0000007958 devstack@c-api.service[97335]: [pid: 97335|app: 0|req: 173/510] 10.4.3.4 () {68 vars in 1375 bytes} [Mon Aug 24 09:02:33 2026] GET /volume/v3/volumes/6f335fd8-2372-4f62-9451-4b6a3a36789d => generated 942 bytes in 26 msecs (HTTP/1.1 200) 7 headers in 286 bytes (1 switches on core 0)
Aug 24 09:02:33.171786 np0000007958 devstack@c-api.service[97334]: DEBUG cinder.api.middleware.request_id [None req-5f5aba8f-d142-45fb-b624-cf95bc9948e1 None None] RequestId filter calling following filter/app {{(pid=97334) _context_setter /opt/stack/cinder/cinder/api/middleware/request_id.py:62}}
Aug 24 09:02:33.171786 np0000007958 devstack@c-api.service[97334]: INFO cinder.api.openstack.wsgi [None req-5f5aba8f-d142-45fb-b624-cf95bc9948e1 tempest-VolumesTransfersV357Test-1370732477 tempest-VolumesTransfersV357Test-1370732477-project-member] DELETE https://10.4.3.4/volume/v3/volume-transfers/cf731596-c32e-47ce-9e39-32ef1f219951
Aug 24 09:02:33.171786 np0000007958 devstack@c-api.service[97334]: DEBUG cinder.api.openstack.wsgi [None req-5f5aba8f-d142-45fb-b624-cf95bc9948e1 tempest-VolumesTransfersV357Test-1370732477 tempest-VolumesTransfersV357Test-1370732477-project-member] Empty body provided in request {{(pid=97334) get_body /opt/stack/cinder/cinder/api/openstack/wsgi.py:725}}
Aug 24 09:02:33.171786 np0000007958 devstack@c-api.service[97334]: DEBUG cinder.api.openstack.wsgi [None req-5f5aba8f-d142-45fb-b624-cf95bc9948e1 tempest-VolumesTransfersV357Test-1370732477 tempest-VolumesTransfersV357Test-1370732477-project-member] Calling method 'delete' {{(pid=97334) _process_stack /opt/stack/cinder/cinder/api/openstack/wsgi.py:878}}
Aug 24 09:02:33.172334 np0000007958 devstack@c-api.service[97334]: INFO cinder.api.contrib.volume_transfer [None req-5f5aba8f-d142-45fb-b624-cf95bc9948e1 tempest-VolumesTransfersV357Test-1370732477 tempest-VolumesTransfersV357Test-1370732477-project-member] Delete transfer with id: cf731596-c32e-47ce-9e39-32ef1f219951
Aug 24 09:02:33.175828 np0000007958 devstack@c-api.service[97334]: INFO cinder.api.openstack.wsgi [None req-5f5aba8f-d142-45fb-b624-cf95bc9948e1 tempest-VolumesTransfersV357Test-1370732477 tempest-VolumesTransfersV357Test-1370732477-project-member] https://10.4.3.4/volume/v3/volume-transfers/cf731596-c32e-47ce-9e39-32ef1f219951 returned with HTTP 404
Aug 24 09:02:33.176412 np0000007958 devstack@c-api.service[97334]: [pid: 97334|app: 0|req: 174/511] 10.4.3.4 () {68 vars in 1405 bytes} [Mon Aug 24 09:02:33 2026] DELETE /volume/v3/volume-transfers/cf731596-c32e-47ce-9e39-32ef1f219951 => generated 111 bytes in 8 msecs (HTTP/1.1 404) 7 headers in 293 bytes (1 switches on core 0)
Aug 24 09:02:33.188012 np0000007958 devstack@c-api.service[97336]: DEBUG cinder.api.middleware.request_id [None req-5bdf33b1-d452-44d0-b536-c126fb7c3f25 None None] RequestId filter calling following filter/app {{(pid=97336) _context_setter /opt/stack/cinder/cinder/api/middleware/request_id.py:62}}
Aug 24 09:02:33.189847 np0000007958 devstack@c-api.service[97336]: INFO cinder.api.openstack.wsgi [None req-5bdf33b1-d452-44d0-b536-c126fb7c3f25 tempest-VolumesTransfersV357Test-1527529480 tempest-VolumesTransfersV357Test-1527529480-project-admin] DELETE https://10.4.3.4/volume/v3/volumes/6f335fd8-2372-4f62-9451-4b6a3a36789d
Aug 24 09:02:33.190102 np0000007958 devstack@c-api.service[97336]: DEBUG cinder.api.openstack.wsgi [None req-5bdf33b1-d452-44d0-b536-c126fb7c3f25 tempest-VolumesTransfersV357Test-1527529480 tempest-VolumesTransfersV357Test-1527529480-project-admin] Empty body provided in request {{(pid=97336) get_body /opt/stack/cinder/cinder/api/openstack/wsgi.py:725}}
Aug 24 09:02:33.190318 np0000007958 devstack@c-api.service[97336]: DEBUG cinder.api.openstack.wsgi [None req-5bdf33b1-d452-44d0-b536-c126fb7c3f25 tempest-VolumesTransfersV357Test-1527529480 tempest-VolumesTransfersV357Test-1527529480-project-admin] Calling method 'delete' {{(pid=97336) _process_stack /opt/stack/cinder/cinder/api/openstack/wsgi.py:878}}
Aug 24 09:02:33.190512 np0000007958 devstack@c-api.service[97336]: INFO cinder.api.v3.volumes [None req-5bdf33b1-d452-44d0-b536-c126fb7c3f25 tempest-VolumesTransfersV357Test-1527529480 tempest-VolumesTransfersV357Test-1527529480-project-admin] Delete volume with id: 6f335fd8-2372-4f62-9451-4b6a3a36789d
Aug 24 09:02:33.200169 np0000007958 devstack@c-api.service[97336]: /opt/stack/data/venv/lib/python3.12/site-packages/oslo_context/context.py:102: DeprecationWarning: Policy enforcement is depending on the value of is_admin. This key is deprecated. Please update your policy file to use the standard policy values.
Aug 24 09:02:33.200169 np0000007958 devstack@c-api.service[97336]: warnings.warn(
Aug 24 09:02:33.200642 np0000007958 devstack@c-api.service[97336]: INFO cinder.volume.api [None req-5bdf33b1-d452-44d0-b536-c126fb7c3f25 tempest-VolumesTransfersV357Test-1527529480 tempest-VolumesTransfersV357Test-1527529480-project-admin] Volume info retrieved successfully.
Aug 24 09:02:33.228823 np0000007958 devstack@c-api.service[97336]: INFO cinder.volume.api [None req-5bdf33b1-d452-44d0-b536-c126fb7c3f25 tempest-VolumesTransfersV357Test-1527529480 tempest-VolumesTransfersV357Test-1527529480-project-admin] Delete volume request issued successfully.
