Aug 24 09:02:20.574532 np0000007958 devstack@c-api.service[97334]: DEBUG cinder.api.openstack.wsgi [req-60f9e4da-2c4c-4f1f-a082-831e77709865 req-8497fe02-3ffb-4ae7-929e-a8197f545406 tempest-TaggedBootDevicesTest_v242-1932110994 tempest-TaggedBootDevicesTest_v242-1932110994-project-member] Calling method 'version_select' {{(pid=97334) _process_stack /opt/stack/cinder/cinder/api/openstack/wsgi.py:878}}
Aug 24 09:02:20.578059 np0000007958 devstack@c-api.service[97336]: INFO cinder.api.openstack.wsgi [None req-881fa036-39af-4f8d-bdaa-3e32d1e7d3ed tempest-SnapshotMetadataTestJSON-1095624814 tempest-SnapshotMetadataTestJSON-1095624814-project-member] GET https://10.4.3.4/volume/v3/snapshots/a912fd6d-6e4c-40d9-8db3-32255743b1a2/metadata/key3
Aug 24 09:02:20.578451 np0000007958 devstack@c-api.service[97336]: DEBUG cinder.api.openstack.wsgi [None req-881fa036-39af-4f8d-bdaa-3e32d1e7d3ed tempest-SnapshotMetadataTestJSON-1095624814 tempest-SnapshotMetadataTestJSON-1095624814-project-member] Empty body provided in request {{(pid=97336) get_body /opt/stack/cinder/cinder/api/openstack/wsgi.py:725}}
Aug 24 09:02:20.578664 np0000007958 devstack@c-api.service[97336]: DEBUG cinder.api.openstack.wsgi [None req-881fa036-39af-4f8d-bdaa-3e32d1e7d3ed tempest-SnapshotMetadataTestJSON-1095624814 tempest-SnapshotMetadataTestJSON-1095624814-project-member] Calling method 'show' {{(pid=97336) _process_stack /opt/stack/cinder/cinder/api/openstack/wsgi.py:878}}
Aug 24 09:02:20.583526 np0000007958 devstack@c-api.service[97334]: /opt/stack/data/venv/lib/python3.12/site-packages/oslo_context/context.py:102: DeprecationWarning: Policy enforcement is depending on the value of is_admin. This key is deprecated. Please update your policy file to use the standard policy values.
Aug 24 09:02:20.583526 np0000007958 devstack@c-api.service[97334]: warnings.warn(
Aug 24 09:02:20.586174 np0000007958 devstack@c-api.service[97336]: /opt/stack/data/venv/lib/python3.12/site-packages/oslo_context/context.py:102: DeprecationWarning: Policy enforcement is depending on the value of is_admin. This key is deprecated. Please update your policy file to use the standard policy values.
Aug 24 09:02:20.586174 np0000007958 devstack@c-api.service[97336]: warnings.warn(
Aug 24 09:02:20.587605 np0000007958 devstack@c-api.service[97336]: INFO cinder.volume.api [None req-881fa036-39af-4f8d-bdaa-3e32d1e7d3ed tempest-SnapshotMetadataTestJSON-1095624814 tempest-SnapshotMetadataTestJSON-1095624814-project-member] Snapshot retrieved successfully.
Aug 24 09:02:20.588053 np0000007958 devstack@c-api.service[97336]: INFO cinder.volume.api [None req-881fa036-39af-4f8d-bdaa-3e32d1e7d3ed tempest-SnapshotMetadataTestJSON-1095624814 tempest-SnapshotMetadataTestJSON-1095624814-project-member] Get snapshot metadata completed successfully.
Aug 24 09:02:20.588330 np0000007958 devstack@c-api.service[97336]: INFO cinder.api.openstack.wsgi [None req-881fa036-39af-4f8d-bdaa-3e32d1e7d3ed tempest-SnapshotMetadataTestJSON-1095624814 tempest-SnapshotMetadataTestJSON-1095624814-project-member] https://10.4.3.4/volume/v3/snapshots/a912fd6d-6e4c-40d9-8db3-32255743b1a2/metadata/key3 returned with HTTP 200
Aug 24 09:02:20.588757 np0000007958 devstack@c-api.service[97336]: [pid: 97336|app: 0|req: 132/413] 10.4.3.4 () {66 vars in 1382 bytes} [Mon Aug 24 09:02:20 2026] GET /volume/v3/snapshots/a912fd6d-6e4c-40d9-8db3-32255743b1a2/metadata/key3 => generated 35 bytes in 18 msecs (HTTP/1.1 200) 7 headers in 284 bytes (1 switches on core 0)
Aug 24 09:02:20.597478 np0000007958 devstack@c-api.service[97335]: DEBUG cinder.api.middleware.request_id [None req-c6694570-dc3a-42d1-8609-5db0fe708f00 None None] RequestId filter calling following filter/app {{(pid=97335) _context_setter /opt/stack/cinder/cinder/api/middleware/request_id.py:62}}
Aug 24 09:02:20.601884 np0000007958 devstack@c-api.service[97335]: INFO cinder.api.openstack.wsgi [None req-c6694570-dc3a-42d1-8609-5db0fe708f00 tempest-SnapshotMetadataTestJSON-1095624814 tempest-SnapshotMetadataTestJSON-1095624814-project-member] GET https://10.4.3.4/volume/v3/snapshots/a912fd6d-6e4c-40d9-8db3-32255743b1a2/metadata
Aug 24 09:02:20.602450 np0000007958 devstack@c-api.service[97335]: DEBUG cinder.api.openstack.wsgi [None req-c6694570-dc3a-42d1-8609-5db0fe708f00 tempest-SnapshotMetadataTestJSON-1095624814 tempest-SnapshotMetadataTestJSON-1095624814-project-member] Empty body provided in request {{(pid=97335) get_body /opt/stack/cinder/cinder/api/openstack/wsgi.py:725}}
Aug 24 09:02:20.603206 np0000007958 devstack@c-api.service[97335]: DEBUG cinder.api.openstack.wsgi [None req-c6694570-dc3a-42d1-8609-5db0fe708f00 tempest-SnapshotMetadataTestJSON-1095624814 tempest-SnapshotMetadataTestJSON-1095624814-project-member] Calling method 'index' {{(pid=97335) _process_stack /opt/stack/cinder/cinder/api/openstack/wsgi.py:878}}
Aug 24 09:02:20.614177 np0000007958 devstack@c-api.service[97335]: /opt/stack/data/venv/lib/python3.12/site-packages/oslo_context/context.py:102: DeprecationWarning: Policy enforcement is depending on the value of is_admin. This key is deprecated. Please update your policy file to use the standard policy values.
Aug 24 09:02:20.614177 np0000007958 devstack@c-api.service[97335]: warnings.warn(
Aug 24 09:02:20.614864 np0000007958 devstack@c-api.service[97335]: INFO cinder.volume.api [None req-c6694570-dc3a-42d1-8609-5db0fe708f00 tempest-SnapshotMetadataTestJSON-1095624814 tempest-SnapshotMetadataTestJSON-1095624814-project-member] Snapshot retrieved successfully.
Aug 24 09:02:20.616595 np0000007958 devstack@c-api.service[97335]: INFO cinder.volume.api [None req-c6694570-dc3a-42d1-8609-5db0fe708f00 tempest-SnapshotMetadataTestJSON-1095624814 tempest-SnapshotMetadataTestJSON-1095624814-project-member] Get snapshot metadata completed successfully.
Aug 24 09:02:20.617031 np0000007958 devstack@c-api.service[97335]: INFO cinder.api.openstack.wsgi [None req-c6694570-dc3a-42d1-8609-5db0fe708f00 tempest-SnapshotMetadataTestJSON-1095624814 tempest-SnapshotMetadataTestJSON-1095624814-project-member] https://10.4.3.4/volume/v3/snapshots/a912fd6d-6e4c-40d9-8db3-32255743b1a2/metadata returned with HTTP 200
Aug 24 09:02:20.617470 np0000007958 devstack@c-api.service[97335]: [pid: 97335|app: 0|req: 143/414] 10.4.3.4 () {66 vars in 1367 bytes} [Mon Aug 24 09:02:20 2026] GET /volume/v3/snapshots/a912fd6d-6e4c-40d9-8db3-32255743b1a2/metadata => generated 75 bytes in 21 msecs (HTTP/1.1 200) 7 headers in 284 bytes (1 switches on core 0)
Aug 24 09:02:20.627027 np0000007958 devstack@c-api.service[97336]: DEBUG cinder.api.middleware.request_id [None req-6f339297-b797-4191-a3c2-d58a8dd204ad None None] RequestId filter calling following filter/app {{(pid=97336) _context_setter /opt/stack/cinder/cinder/api/middleware/request_id.py:62}}
Aug 24 09:02:20.629489 np0000007958 devstack@c-api.service[97334]: INFO cinder.api.openstack.wsgi [req-60f9e4da-2c4c-4f1f-a082-831e77709865 req-8497fe02-3ffb-4ae7-929e-a8197f545406 tempest-TaggedBootDevicesTest_v242-1932110994 tempest-TaggedBootDevicesTest_v242-1932110994-project-member] https://10.4.3.4/volume/v3/attachments/3013c778-4f97-471b-b511-e47d809dfc3f returned with HTTP 200
Aug 24 09:02:20.629947 np0000007958 devstack@c-api.service[97334]: [pid: 97334|app: 0|req: 140/415] 10.4.3.4 () {72 vars in 1659 bytes} [Mon Aug 24 09:02:20 2026] DELETE /volume/v3/attachments/3013c778-4f97-471b-b511-e47d809dfc3f => generated 19 bytes in 60 msecs (HTTP/1.1 200) 7 headers in 285 bytes (1 switches on core 0)
Aug 24 09:02:20.631387 np0000007958 devstack@c-api.service[97336]: INFO cinder.api.openstack.wsgi [None req-6f339297-b797-4191-a3c2-d58a8dd204ad tempest-SnapshotMetadataTestJSON-1095624814 tempest-SnapshotMetadataTestJSON-1095624814-project-member] PUT https://10.4.3.4/volume/v3/snapshots/a912fd6d-6e4c-40d9-8db3-32255743b1a2/metadata
Aug 24 09:02:20.631805 np0000007958 devstack@c-api.service[97336]: DEBUG cinder.api.openstack.wsgi [None req-6f339297-b797-4191-a3c2-d58a8dd204ad tempest-SnapshotMetadataTestJSON-1095624814 tempest-SnapshotMetadataTestJSON-1095624814-project-member] Action: 'update_all', calling method: update_all, body: {"metadata": {}} {{(pid=97336) _process_stack /opt/stack/cinder/cinder/api/openstack/wsgi.py:876}}
Aug 24 09:02:20.639019 np0000007958 devstack@c-api.service[97335]: DEBUG cinder.api.middleware.request_id [req-60f9e4da-2c4c-4f1f-a082-831e77709865 req-20f6a736-d595-4ec7-83ef-84602ec78e26 None None] RequestId filter calling following filter/app {{(pid=97335) _context_setter /opt/stack/cinder/cinder/api/middleware/request_id.py:62}}
Aug 24 09:02:20.643536 np0000007958 devstack@c-api.service[97336]: /opt/stack/data/venv/lib/python3.12/site-packages/oslo_context/context.py:102: DeprecationWarning: Policy enforcement is depending on the value of is_admin. This key is deprecated. Please update your policy file to use the standard policy values.
Aug 24 09:02:20.643536 np0000007958 devstack@c-api.service[97336]: warnings.warn(
Aug 24 09:02:20.643943 np0000007958 devstack@c-api.service[97335]: INFO cinder.api.openstack.wsgi [req-60f9e4da-2c4c-4f1f-a082-831e77709865 req-20f6a736-d595-4ec7-83ef-84602ec78e26 tempest-TaggedBootDevicesTest_v242-1932110994 tempest-TaggedBootDevicesTest_v242-1932110994-project-member] DELETE https://10.4.3.4/volume/v3/attachments/029cf17b-cae9-448a-8b67-f6069d399c22
Aug 24 09:02:20.643990 np0000007958 devstack@c-api.service[97336]: INFO cinder.volume.api [None req-6f339297-b797-4191-a3c2-d58a8dd204ad tempest-SnapshotMetadataTestJSON-1095624814 tempest-SnapshotMetadataTestJSON-1095624814-project-member] Snapshot retrieved successfully.
Aug 24 09:02:20.644330 np0000007958 devstack@c-api.service[97335]: DEBUG cinder.api.openstack.wsgi [req-60f9e4da-2c4c-4f1f-a082-831e77709865 req-20f6a736-d595-4ec7-83ef-84602ec78e26 tempest-TaggedBootDevicesTest_v242-1932110994 tempest-TaggedBootDevicesTest_v242-1932110994-project-member] Empty body provided in request {{(pid=97335) get_body /opt/stack/cinder/cinder/api/openstack/wsgi.py:725}}
Aug 24 09:02:20.644737 np0000007958 devstack@c-api.service[97335]: DEBUG cinder.api.openstack.wsgi [req-60f9e4da-2c4c-4f1f-a082-831e77709865 req-20f6a736-d595-4ec7-83ef-84602ec78e26 tempest-TaggedBootDevicesTest_v242-1932110994 tempest-TaggedBootDevicesTest_v242-1932110994-project-member] Calling method 'version_select' {{(pid=97335) _process_stack /opt/stack/cinder/cinder/api/openstack/wsgi.py:878}}
Aug 24 09:02:20.655088 np0000007958 devstack@c-api.service[97335]: /opt/stack/data/venv/lib/python3.12/site-packages/oslo_context/context.py:102: DeprecationWarning: Policy enforcement is depending on the value of is_admin. This key is deprecated. Please update your policy file to use the standard policy values.
Aug 24 09:02:20.655088 np0000007958 devstack@c-api.service[97335]: warnings.warn(
Aug 24 09:02:20.677357 np0000007958 devstack@c-api.service[97336]: INFO cinder.volume.api [None req-6f339297-b797-4191-a3c2-d58a8dd204ad tempest-SnapshotMetadataTestJSON-1095624814 tempest-SnapshotMetadataTestJSON-1095624814-project-member] Update snapshot metadata completed successfully.
Aug 24 09:02:20.677745 np0000007958 devstack@c-api.service[97336]: INFO cinder.api.openstack.wsgi [None req-6f339297-b797-4191-a3c2-d58a8dd204ad tempest-SnapshotMetadataTestJSON-1095624814 tempest-SnapshotMetadataTestJSON-1095624814-project-member] https://10.4.3.4/volume/v3/snapshots/a912fd6d-6e4c-40d9-8db3-32255743b1a2/metadata returned with HTTP 200
Aug 24 09:02:20.678903 np0000007958 devstack@c-api.service[97336]: [pid: 97336|app: 0|req: 133/416] 10.4.3.4 () {68 vars in 1387 bytes} [Mon Aug 24 09:02:20 2026] PUT /volume/v3/snapshots/a912fd6d-6e4c-40d9-8db3-32255743b1a2/metadata => generated 16 bytes in 52 msecs (HTTP/1.1 200) 7 headers in 284 bytes (1 switches on core 0)
Aug 24 09:02:20.691710 np0000007958 devstack@c-api.service[97334]: DEBUG cinder.api.middleware.request_id [None req-df1558bb-a68c-4b00-87dc-46f023adbeb3 None None] RequestId filter calling following filter/app {{(pid=97334) _context_setter /opt/stack/cinder/cinder/api/middleware/request_id.py:62}}
Aug 24 09:02:20.693892 np0000007958 devstack@c-api.service[97334]: INFO cinder.api.openstack.wsgi [None req-df1558bb-a68c-4b00-87dc-46f023adbeb3 tempest-SnapshotMetadataTestJSON-1095624814 tempest-SnapshotMetadataTestJSON-1095624814-project-member] DELETE https://10.4.3.4/volume/v3/snapshots/a912fd6d-6e4c-40d9-8db3-32255743b1a2
Aug 24 09:02:20.694130 np0000007958 devstack@c-api.service[97334]: DEBUG cinder.api.openstack.wsgi [None req-df1558bb-a68c-4b00-87dc-46f023adbeb3 tempest-SnapshotMetadataTestJSON-1095624814 tempest-SnapshotMetadataTestJSON-1095624814-project-member] Empty body provided in request {{(pid=97334) get_body /opt/stack/cinder/cinder/api/openstack/wsgi.py:725}}
Aug 24 09:02:20.694409 np0000007958 devstack@c-api.service[97334]: DEBUG cinder.api.openstack.wsgi [None req-df1558bb-a68c-4b00-87dc-46f023adbeb3 tempest-SnapshotMetadataTestJSON-1095624814 tempest-SnapshotMetadataTestJSON-1095624814-project-member] Calling method 'delete' {{(pid=97334) _process_stack /opt/stack/cinder/cinder/api/openstack/wsgi.py:878}}
Aug 24 09:02:20.694530 np0000007958 devstack@c-api.service[97334]: INFO cinder.api.v3.snapshots [None req-df1558bb-a68c-4b00-87dc-46f023adbeb3 tempest-SnapshotMetadataTestJSON-1095624814 tempest-SnapshotMetadataTestJSON-1095624814-project-member] Delete snapshot with id: a912fd6d-6e4c-40d9-8db3-32255743b1a2
Aug 24 09:02:20.700109 np0000007958 devstack@c-api.service[97334]: /opt/stack/data/venv/lib/python3.12/site-packages/oslo_context/context.py:102: DeprecationWarning: Policy enforcement is depending on the value of is_admin. This key is deprecated. Please update your policy file to use the standard policy values.
Aug 24 09:02:20.700109 np0000007958 devstack@c-api.service[97334]: warnings.warn(
Aug 24 09:02:20.700715 np0000007958 devstack@c-api.service[97334]: INFO cinder.volume.api [None req-df1558bb-a68c-4b00-87dc-46f023adbeb3 tempest-SnapshotMetadataTestJSON-1095624814 tempest-SnapshotMetadataTestJSON-1095624814-project-member] Snapshot retrieved successfully.
Aug 24 09:02:20.703470 np0000007958 devstack@c-api.service[97336]: DEBUG cinder.api.middleware.request_id [None req-b110628c-aa77-4489-bdb4-6daad698b2b5 None None] RequestId filter calling following filter/app {{(pid=97336) _context_setter /opt/stack/cinder/cinder/api/middleware/request_id.py:62}}
Aug 24 09:02:20.707735 np0000007958 devstack@c-api.service[97336]: INFO cinder.api.openstack.wsgi [None req-b110628c-aa77-4489-bdb4-6daad698b2b5 tempest-ServerActionsTestOtherB-1373872575 tempest-ServerActionsTestOtherB-1373872575-project-member] POST https://10.4.3.4/volume/v3/volumes
Aug 24 09:02:20.708508 np0000007958 devstack@c-api.service[97336]: DEBUG cinder.api.openstack.wsgi [None req-b110628c-aa77-4489-bdb4-6daad698b2b5 tempest-ServerActionsTestOtherB-1373872575 tempest-ServerActionsTestOtherB-1373872575-project-member] Action: 'create', calling method: create, body: {"volume": {"size": 1, "display_name": "tempest-ServerActionsTestOtherB-volume-859725222"}} {{(pid=97336) _process_stack /opt/stack/cinder/cinder/api/openstack/wsgi.py:876}}
Aug 24 09:02:20.710190 np0000007958 devstack@c-api.service[97336]: DEBUG cinder.api.v3.volumes [None req-b110628c-aa77-4489-bdb4-6daad698b2b5 tempest-ServerActionsTestOtherB-1373872575 tempest-ServerActionsTestOtherB-1373872575-project-member] Create volume request body: {'volume': {'size': 1, 'display_name': 'tempest-ServerActionsTestOtherB-volume-859725222'}} {{(pid=97336) create /opt/stack/cinder/cinder/api/v3/volumes.py:368}}
Aug 24 09:02:20.713459 np0000007958 devstack@c-api.service[97336]: INFO cinder.api.v3.volumes [None req-b110628c-aa77-4489-bdb4-6daad698b2b5 tempest-ServerActionsTestOtherB-1373872575 tempest-ServerActionsTestOtherB-1373872575-project-member] Create volume of 1 GB
Aug 24 09:02:20.718484 np0000007958 devstack@c-api.service[97335]: INFO cinder.api.openstack.wsgi [req-60f9e4da-2c4c-4f1f-a082-831e77709865 req-20f6a736-d595-4ec7-83ef-84602ec78e26 tempest-TaggedBootDevicesTest_v242-1932110994 tempest-TaggedBootDevicesTest_v242-1932110994-project-member] https://10.4.3.4/volume/v3/attachments/029cf17b-cae9-448a-8b67-f6069d399c22 returned with HTTP 200
Aug 24 09:02:20.718484 np0000007958 devstack@c-api.service[97335]: [pid: 97335|app: 0|req: 144/417] 10.4.3.4 () {72 vars in 1659 bytes} [Mon Aug 24 09:02:20 2026] DELETE /volume/v3/attachments/029cf17b-cae9-448a-8b67-f6069d399c22 => generated 19 bytes in 78 msecs (HTTP/1.1 200) 7 headers in 285 bytes (1 switches on core 0)
Aug 24 09:02:20.720516 np0000007958 devstack@c-api.service[97336]: INFO cinder.volume.api [None req-b110628c-aa77-4489-bdb4-6daad698b2b5 tempest-ServerActionsTestOtherB-1373872575 tempest-ServerActionsTestOtherB-1373872575-project-member] Availability Zones retrieved successfully.
Aug 24 09:02:20.728168 np0000007958 devstack@c-api.service[97336]: DEBUG cinder.volume.api [None req-b110628c-aa77-4489-bdb4-6daad698b2b5 tempest-ServerActionsTestOtherB-1373872575 tempest-ServerActionsTestOtherB-1373872575-project-member] Flow 'volume_create_api' (be279ee4-b939-4270-8c22-ed982b609a28) transitioned into state 'RUNNING' from state 'PENDING' {{(pid=97336) _flow_receiver /opt/stack/data/venv/lib/python3.12/site-packages/taskflow/listeners/logging.py:160}}
Aug 24 09:02:20.729554 np0000007958 devstack@c-api.service[97336]: DEBUG cinder.volume.api [None req-b110628c-aa77-4489-bdb4-6daad698b2b5 tempest-ServerActionsTestOtherB-1373872575 tempest-ServerActionsTestOtherB-1373872575-project-member] Task 'cinder.volume.flows.api.create_volume.ExtractVolumeRequestTask;volume:create' (2e22c472-afe3-4dbc-b3e9-6babb56239c1) transitioned into state 'RUNNING' from state 'PENDING' {{(pid=97336) _task_receiver /opt/stack/data/venv/lib/python3.12/site-packages/taskflow/listeners/logging.py:242}}
Aug 24 09:02:20.729648 np0000007958 devstack@c-api.service[97334]: INFO cinder.volume.api [None req-df1558bb-a68c-4b00-87dc-46f023adbeb3 tempest-SnapshotMetadataTestJSON-1095624814 tempest-SnapshotMetadataTestJSON-1095624814-project-member] Snapshot delete request issued successfully.
Aug 24 09:02:20.729845 np0000007958 devstack@c-api.service[97334]: INFO cinder.api.openstack.wsgi [None req-df1558bb-a68c-4b00-87dc-46f023adbeb3 tempest-SnapshotMetadataTestJSON-1095624814 tempest-SnapshotMetadataTestJSON-1095624814-project-member] https://10.4.3.4/volume/v3/snapshots/a912fd6d-6e4c-40d9-8db3-32255743b1a2 returned with HTTP 202
Aug 24 09:02:20.730410 np0000007958 devstack@c-api.service[97334]: [pid: 97334|app: 0|req: 141/418] 10.4.3.4 () {66 vars in 1343 bytes} [Mon Aug 24 09:02:20 2026] DELETE /volume/v3/snapshots/a912fd6d-6e4c-40d9-8db3-32255743b1a2 => generated 0 bytes in 39 msecs (HTTP/1.1 202) 6 headers in 233 bytes (1 switches on core 0)
Aug 24 09:02:20.730887 np0000007958 devstack@c-api.service[97336]: DEBUG cinder.volume.flows.api.create_volume [None req-b110628c-aa77-4489-bdb4-6daad698b2b5 tempest-ServerActionsTestOtherB-1373872575 tempest-ServerActionsTestOtherB-1373872575-project-member] Validating volume size '1' using validate_int {{(pid=97336) _extract_size /opt/stack/cinder/cinder/volume/flows/api/create_volume.py:226}}
Aug 24 09:02:20.745164 np0000007958 devstack@c-api.service[97335]: DEBUG cinder.api.middleware.request_id [None req-aea4ac46-d1a6-417d-988f-47da46e682ab None None] RequestId filter calling following filter/app {{(pid=97335) _context_setter /opt/stack/cinder/cinder/api/middleware/request_id.py:62}}
Aug 24 09:02:20.747541 np0000007958 devstack@c-api.service[97335]: INFO cinder.api.openstack.wsgi [None req-aea4ac46-d1a6-417d-988f-47da46e682ab tempest-SnapshotMetadataTestJSON-1095624814 tempest-SnapshotMetadataTestJSON-1095624814-project-member] GET https://10.4.3.4/volume/v3/snapshots/a912fd6d-6e4c-40d9-8db3-32255743b1a2
Aug 24 09:02:20.747819 np0000007958 devstack@c-api.service[97335]: DEBUG cinder.api.openstack.wsgi [None req-aea4ac46-d1a6-417d-988f-47da46e682ab tempest-SnapshotMetadataTestJSON-1095624814 tempest-SnapshotMetadataTestJSON-1095624814-project-member] Empty body provided in request {{(pid=97335) get_body /opt/stack/cinder/cinder/api/openstack/wsgi.py:725}}
Aug 24 09:02:20.749883 np0000007958 devstack@c-api.service[97335]: DEBUG cinder.api.openstack.wsgi [None req-aea4ac46-d1a6-417d-988f-47da46e682ab tempest-SnapshotMetadataTestJSON-1095624814 tempest-SnapshotMetadataTestJSON-1095624814-project-member] Calling method 'show' {{(pid=97335) _process_stack /opt/stack/cinder/cinder/api/openstack/wsgi.py:878}}
Aug 24 09:02:20.756439 np0000007958 devstack@c-api.service[97335]: /opt/stack/data/venv/lib/python3.12/site-packages/oslo_context/context.py:102: DeprecationWarning: Policy enforcement is depending on the value of is_admin. This key is deprecated. Please update your policy file to use the standard policy values.
Aug 24 09:02:20.756439 np0000007958 devstack@c-api.service[97335]: warnings.warn(
Aug 24 09:02:20.757060 np0000007958 devstack@c-api.service[97335]: INFO cinder.volume.api [None req-aea4ac46-d1a6-417d-988f-47da46e682ab tempest-SnapshotMetadataTestJSON-1095624814 tempest-SnapshotMetadataTestJSON-1095624814-project-member] Snapshot retrieved successfully.
Aug 24 09:02:20.758216 np0000007958 devstack@c-api.service[97335]: INFO cinder.api.openstack.wsgi [None req-aea4ac46-d1a6-417d-988f-47da46e682ab tempest-SnapshotMetadataTestJSON-1095624814 tempest-SnapshotMetadataTestJSON-1095624814-project-member] https://10.4.3.4/volume/v3/snapshots/a912fd6d-6e4c-40d9-8db3-32255743b1a2 returned with HTTP 200
Aug 24 09:02:20.758837 np0000007958 devstack@c-api.service[97335]: [pid: 97335|app: 0|req: 145/419] 10.4.3.4 () {66 vars in 1340 bytes} [Mon Aug 24 09:02:20 2026] GET /volume/v3/snapshots/a912fd6d-6e4c-40d9-8db3-32255743b1a2 => generated 468 bytes in 16 msecs (HTTP/1.1 200) 7 headers in 285 bytes (1 switches on core 0)
Aug 24 09:02:20.767408 np0000007958 devstack@c-api.service[97336]: DEBUG cinder.volume.api [None req-b110628c-aa77-4489-bdb4-6daad698b2b5 tempest-ServerActionsTestOtherB-1373872575 tempest-ServerActionsTestOtherB-1373872575-project-member] Task 'cinder.volume.flows.api.create_volume.ExtractVolumeRequestTask;volume:create' (2e22c472-afe3-4dbc-b3e9-6babb56239c1) transitioned into state 'SUCCESS' from state 'RUNNING' with result '{'size': 1, 'snapshot_id': None, 'source_volid': None, 'volume_type': VolumeType(created_at=2026-08-24T08:58:47Z,deleted=False,deleted_at=None,description=None,extra_specs={volume_backend_name='storpool'},id=0d4bad4d-4ccd-479e-bd32-824897d7ad3d,is_public=True,name='storpool',projects=[],qos_specs=,qos_specs_id=None,updated_at=None), 'volume_type_id': '0d4bad4d-4ccd-479e-bd32-824897d7ad3d', 'encryption_key_id': None, 'qos_specs': None, 'consistencygroup_id': None, 'cgsnapshot_id': None, 'group_id': None, 'replication_status': 'disabled', 'refresh_az': False, 'backup_id': None, 'multiattach': False, 'availability_zones': ['nova']}' {{(pid=97336) _task_receiver /opt/stack/data/venv/lib/python3.12/site-packages/taskflow/listeners/logging.py:218}}
Aug 24 09:02:20.768433 np0000007958 devstack@c-api.service[97336]: DEBUG cinder.volume.api [None req-b110628c-aa77-4489-bdb4-6daad698b2b5 tempest-ServerActionsTestOtherB-1373872575 tempest-ServerActionsTestOtherB-1373872575-project-member] Task 'cinder.volume.flows.api.create_volume.QuotaReserveTask;volume:create' (ecaefbc0-99c3-474c-b4e9-764f81b0fd75) transitioned into state 'RUNNING' from state 'PENDING' {{(pid=97336) _task_receiver /opt/stack/data/venv/lib/python3.12/site-packages/taskflow/listeners/logging.py:242}}
Aug 24 09:02:20.849257 np0000007958 devstack@c-api.service[97336]: DEBUG cinder.quota [None req-b110628c-aa77-4489-bdb4-6daad698b2b5 tempest-ServerActionsTestOtherB-1373872575 tempest-ServerActionsTestOtherB-1373872575-project-member] Created reservations ['939d7912-9400-484b-b869-d61eaf23d29d', 'bffd93be-8baf-4e49-a904-10f4828e864a', '36f0fbae-753b-4e23-9ee2-2a9e72b2b1e5', 'dd50fa57-86ff-4fbc-b422-a14131abe519'] {{(pid=97336) reserve /opt/stack/cinder/cinder/quota.py:752}}
Aug 24 09:02:20.850075 np0000007958 devstack@c-api.service[97336]: DEBUG cinder.volume.api [None req-b110628c-aa77-4489-bdb4-6daad698b2b5 tempest-ServerActionsTestOtherB-1373872575 tempest-ServerActionsTestOtherB-1373872575-project-member] Task 'cinder.volume.flows.api.create_volume.QuotaReserveTask;volume:create' (ecaefbc0-99c3-474c-b4e9-764f81b0fd75) transitioned into state 'SUCCESS' from state 'RUNNING' with result '{'reservations': ['939d7912-9400-484b-b869-d61eaf23d29d', 'bffd93be-8baf-4e49-a904-10f4828e864a', '36f0fbae-753b-4e23-9ee2-2a9e72b2b1e5', 'dd50fa57-86ff-4fbc-b422-a14131abe519']}' {{(pid=97336) _task_receiver /opt/stack/data/venv/lib/python3.12/site-packages/taskflow/listeners/logging.py:218}}
Aug 24 09:02:20.850839 np0000007958 devstack@c-api.service[97336]: DEBUG cinder.volume.api [None req-b110628c-aa77-4489-bdb4-6daad698b2b5 tempest-ServerActionsTestOtherB-1373872575 tempest-ServerActionsTestOtherB-1373872575-project-member] Task 'cinder.volume.flows.api.create_volume.EntryCreateTask;volume:create' (2e650bdf-e984-4bee-91b2-13fdd00ced03) transitioned into state 'RUNNING' from state 'PENDING' {{(pid=97336) _task_receiver /opt/stack/data/venv/lib/python3.12/site-packages/taskflow/listeners/logging.py:242}}
Aug 24 09:02:20.873259 np0000007958 devstack@c-api.service[97336]: DEBUG cinder.volume.api [None req-b110628c-aa77-4489-bdb4-6daad698b2b5 tempest-ServerActionsTestOtherB-1373872575 tempest-ServerActionsTestOtherB-1373872575-project-member] Task 'cinder.volume.flows.api.create_volume.EntryCreateTask;volume:create' (2e650bdf-e984-4bee-91b2-13fdd00ced03) transitioned into state 'SUCCESS' from state 'RUNNING' with result '{'volume_id': '04250c9c-91ee-4399-873d-1be61bbffaab', 'volume_properties': VolumeProperties(attach_status='detached',availability_zone='nova',cgsnapshot_id=None,consistencygroup_id=None,display_description=None,display_name='tempest-ServerActionsTestOtherB-volume-859725222',encryption_key_id=None,group_id=None,group_type_id=,metadata={},multiattach=False,project_id='f18db5e41d7343a88ea464e6f15accc5',qos_specs=None,replication_status=,reservations=['939d7912-9400-484b-b869-d61eaf23d29d','bffd93be-8baf-4e49-a904-10f4828e864a','36f0fbae-753b-4e23-9ee2-2a9e72b2b1e5','dd50fa57-86ff-4fbc-b422-a14131abe519'],size=1,snapshot_id=None,source_replicaid=,source_volid=None,status='creating',user_id='05bbbbda62c84eb49cb6218491a1a4d5',volume_type_id=0d4bad4d-4ccd-479e-bd32-824897d7ad3d), 'volume': Volume(_name_id=None,admin_metadata=,attach_status='detached',availability_zone='nova',bootable=False,cluster=,cluster_name=None,consistencygroup=,consistencygroup_id=None,created_at=2026-08-24T09:02:20Z,deleted=False,deleted_at=None,display_description=None,display_name='tempest-ServerActionsTestOtherB-volume-859725222',ec2_id=None,encryption_key_id=None,glance_metadata=,group=,group_id=None,host=None,id=04250c9c-91ee-4399-873d-1be61bbffaab,launched_at=None,metadata={},migration_status=None,multiattach=False,previous_status=None,project_id='f18db5e41d7343a88ea464e6f15accc5',provider_auth=None,provider_geometry=None,provider_id=None,provider_location=None,replication_driver_data=None,replication_extended_status=None,replication_status=None,scheduled_at=None,service_uuid=None,shared_targets=True,size=1,snapshot_id=None,snapshots=,source_volid=None,status='creating',terminated_at=None,updated_at=None,use_quota=True,user_id='05bbbbda62c84eb49cb6218491a1a4d5',volume_attachment=VolumeAttachmentList,volume_type=VolumeType(0d4bad4d-4ccd-479e-bd32-824897d7ad3d),volume_type_id=0d4bad4d-4ccd-479e-bd32-824897d7ad3d)}' {{(pid=97336) _task_receiver /opt/stack/data/venv/lib/python3.12/site-packages/taskflow/listeners/logging.py:218}}
Aug 24 09:02:20.874160 np0000007958 devstack@c-api.service[97336]: DEBUG cinder.volume.api [None req-b110628c-aa77-4489-bdb4-6daad698b2b5 tempest-ServerActionsTestOtherB-1373872575 tempest-ServerActionsTestOtherB-1373872575-project-member] Task 'cinder.volume.flows.api.create_volume.QuotaCommitTask;volume:create' (de355236-cf8c-4240-b1d0-e940c97388d9) transitioned into state 'RUNNING' from state 'PENDING' {{(pid=97336) _task_receiver /opt/stack/data/venv/lib/python3.12/site-packages/taskflow/listeners/logging.py:242}}
Aug 24 09:02:20.898625 np0000007958 devstack@c-api.service[97336]: DEBUG cinder.volume.api [None req-b110628c-aa77-4489-bdb4-6daad698b2b5 tempest-ServerActionsTestOtherB-1373872575 tempest-ServerActionsTestOtherB-1373872575-project-member] Task 'cinder.volume.flows.api.create_volume.QuotaCommitTask;volume:create' (de355236-cf8c-4240-b1d0-e940c97388d9) transitioned into state 'SUCCESS' from state 'RUNNING' with result '{'volume_properties': VolumeProperties(attach_status='detached',availability_zone='nova',cgsnapshot_id=None,consistencygroup_id=None,display_description=None,display_name='tempest-ServerActionsTestOtherB-volume-859725222',encryption_key_id=None,group_id=None,group_type_id=,metadata={},multiattach=False,project_id='f18db5e41d7343a88ea464e6f15accc5',qos_specs=None,replication_status=,reservations=['939d7912-9400-484b-b869-d61eaf23d29d','bffd93be-8baf-4e49-a904-10f4828e864a','36f0fbae-753b-4e23-9ee2-2a9e72b2b1e5','dd50fa57-86ff-4fbc-b422-a14131abe519'],size=1,snapshot_id=None,source_replicaid=,source_volid=None,status='creating',user_id='05bbbbda62c84eb49cb6218491a1a4d5',volume_type_id=0d4bad4d-4ccd-479e-bd32-824897d7ad3d)}' {{(pid=97336) _task_receiver /opt/stack/data/venv/lib/python3.12/site-packages/taskflow/listeners/logging.py:218}}
Aug 24 09:02:20.899480 np0000007958 devstack@c-api.service[97336]: DEBUG cinder.volume.api [None req-b110628c-aa77-4489-bdb4-6daad698b2b5 tempest-ServerActionsTestOtherB-1373872575 tempest-ServerActionsTestOtherB-1373872575-project-member] Task 'cinder.volume.flows.api.create_volume.VolumeCastTask;volume:create' (30ad392b-e8dd-4fac-b46b-056d475536c1) transitioned into state 'RUNNING' from state 'PENDING' {{(pid=97336) _task_receiver /opt/stack/data/venv/lib/python3.12/site-packages/taskflow/listeners/logging.py:242}}
Aug 24 09:02:20.908875 np0000007958 devstack@c-api.service[97336]: DEBUG cinder.volume.api [None req-b110628c-aa77-4489-bdb4-6daad698b2b5 tempest-ServerActionsTestOtherB-1373872575 tempest-ServerActionsTestOtherB-1373872575-project-member] Task 'cinder.volume.flows.api.create_volume.VolumeCastTask;volume:create' (30ad392b-e8dd-4fac-b46b-056d475536c1) transitioned into state 'SUCCESS' from state 'RUNNING' with result 'None' {{(pid=97336) _task_receiver /opt/stack/data/venv/lib/python3.12/site-packages/taskflow/listeners/logging.py:218}}
Aug 24 09:02:20.909725 np0000007958 devstack@c-api.service[97336]: DEBUG cinder.volume.api [None req-b110628c-aa77-4489-bdb4-6daad698b2b5 tempest-ServerActionsTestOtherB-1373872575 tempest-ServerActionsTestOtherB-1373872575-project-member] Flow 'volume_create_api' (be279ee4-b939-4270-8c22-ed982b609a28) transitioned into state 'SUCCESS' from state 'RUNNING' {{(pid=97336) _flow_receiver /opt/stack/data/venv/lib/python3.12/site-packages/taskflow/listeners/logging.py:160}}
Aug 24 09:02:20.910061 np0000007958 devstack@c-api.service[97336]: INFO cinder.volume.api [None req-b110628c-aa77-4489-bdb4-6daad698b2b5 tempest-ServerActionsTestOtherB-1373872575 tempest-ServerActionsTestOtherB-1373872575-project-member] Create volume request issued successfully.
Aug 24 09:02:20.910800 np0000007958 devstack@c-api.service[97336]: INFO cinder.api.openstack.wsgi [None req-b110628c-aa77-4489-bdb4-6daad698b2b5 tempest-ServerActionsTestOtherB-1373872575 tempest-ServerActionsTestOtherB-1373872575-project-member] https://10.4.3.4/volume/v3/volumes returned with HTTP 202
Aug 24 09:02:20.911193 np0000007958 devstack@c-api.service[97336]: [pid: 97336|app: 0|req: 134/420] 10.4.3.4 () {68 vars in 1244 bytes} [Mon Aug 24 09:02:20 2026] POST /volume/v3/volumes => generated 749 bytes in 208 msecs (HTTP/1.1 202) 7 headers in 291 bytes (1 switches on core 0)
Aug 24 09:02:20.926398 np0000007958 devstack@c-api.service[97334]: DEBUG cinder.api.middleware.request_id [None req-881c29be-1a47-437c-bcc7-7602b82f5408 None None] RequestId filter calling following filter/app {{(pid=97334) _context_setter /opt/stack/cinder/cinder/api/middleware/request_id.py:62}}
Aug 24 09:02:20.928384 np0000007958 devstack@c-api.service[97334]: INFO cinder.api.openstack.wsgi [None req-881c29be-1a47-437c-bcc7-7602b82f5408 tempest-ServerActionsTestOtherB-1373872575 tempest-ServerActionsTestOtherB-1373872575-project-member] GET https://10.4.3.4/volume/v3/volumes/04250c9c-91ee-4399-873d-1be61bbffaab
Aug 24 09:02:20.928584 np0000007958 devstack@c-api.service[97334]: DEBUG cinder.api.openstack.wsgi [None req-881c29be-1a47-437c-bcc7-7602b82f5408 tempest-ServerActionsTestOtherB-1373872575 tempest-ServerActionsTestOtherB-1373872575-project-member] Empty body provided in request {{(pid=97334) get_body /opt/stack/cinder/cinder/api/openstack/wsgi.py:725}}
Aug 24 09:02:20.928846 np0000007958 devstack@c-api.service[97334]: DEBUG cinder.api.openstack.wsgi [None req-881c29be-1a47-437c-bcc7-7602b82f5408 tempest-ServerActionsTestOtherB-1373872575 tempest-ServerActionsTestOtherB-1373872575-project-member] Calling method 'show' {{(pid=97334) _process_stack /opt/stack/cinder/cinder/api/openstack/wsgi.py:878}}
Aug 24 09:02:20.937377 np0000007958 devstack@c-api.service[97334]: /opt/stack/data/venv/lib/python3.12/site-packages/oslo_context/context.py:102: DeprecationWarning: Policy enforcement is depending on the value of is_admin. This key is deprecated. Please update your policy file to use the standard policy values.
Aug 24 09:02:20.937377 np0000007958 devstack@c-api.service[97334]: warnings.warn(
Aug 24 09:02:20.942993 np0000007958 devstack@c-api.service[97334]: INFO cinder.volume.api [None req-881c29be-1a47-437c-bcc7-7602b82f5408 tempest-ServerActionsTestOtherB-1373872575 tempest-ServerActionsTestOtherB-1373872575-project-member] Volume info retrieved successfully.
Aug 24 09:02:20.947965 np0000007958 devstack@c-api.service[97334]: INFO cinder.api.openstack.wsgi [None req-881c29be-1a47-437c-bcc7-7602b82f5408 tempest-ServerActionsTestOtherB-1373872575 tempest-ServerActionsTestOtherB-1373872575-project-member] https://10.4.3.4/volume/v3/volumes/04250c9c-91ee-4399-873d-1be61bbffaab returned with HTTP 200
Aug 24 09:02:20.948375 np0000007958 devstack@c-api.service[97334]: [pid: 97334|app: 0|req: 142/421] 10.4.3.4 () {66 vars in 1334 bytes} [Mon Aug 24 09:02:20 2026] GET /volume/v3/volumes/04250c9c-91ee-4399-873d-1be61bbffaab => generated 817 bytes in 23 msecs (HTTP/1.1 200) 7 headers in 285 bytes (1 switches on core 0)
Aug 24 09:02:21.138046 np0000007958 devstack@c-api.service[97335]: DEBUG cinder.api.middleware.request_id [None req-fba3024a-3b7b-43ef-b82e-a01270f43086 None None] RequestId filter calling following filter/app {{(pid=97335) _context_setter /opt/stack/cinder/cinder/api/middleware/request_id.py:62}}
Aug 24 09:02:21.138505 np0000007958 devstack@c-api.service[97335]: INFO cinder.api.openstack.wsgi [None req-fba3024a-3b7b-43ef-b82e-a01270f43086 None None] GET https://10.4.3.4/volume//
Aug 24 09:02:21.138741 np0000007958 devstack@c-api.service[97335]: DEBUG cinder.api.openstack.wsgi [None req-fba3024a-3b7b-43ef-b82e-a01270f43086 None None] Empty body provided in request {{(pid=97335) get_body /opt/stack/cinder/cinder/api/openstack/wsgi.py:725}}
Aug 24 09:02:21.138972 np0000007958 devstack@c-api.service[97335]: DEBUG cinder.api.openstack.wsgi [None req-fba3024a-3b7b-43ef-b82e-a01270f43086 None None] Calling method 'all' {{(pid=97335) _process_stack /opt/stack/cinder/cinder/api/openstack/wsgi.py:878}}
Aug 24 09:02:21.139496 np0000007958 devstack@c-api.service[97335]: INFO cinder.api.openstack.wsgi [None req-fba3024a-3b7b-43ef-b82e-a01270f43086 None None] https://10.4.3.4/volume// returned with HTTP 300
Aug 24 09:02:21.139849 np0000007958 devstack@c-api.service[97335]: [pid: 97335|app: 0|req: 146/422] 10.4.3.4 () {66 vars in 1412 bytes} [Mon Aug 24 09:02:21 2026] GET /volume/ => generated 384 bytes in 2 msecs (HTTP/1.1 300) 7 headers in 299 bytes (1 switches on core 0)
Aug 24 09:02:21.149490 np0000007958 devstack@c-api.service[97336]: DEBUG cinder.api.middleware.request_id [req-f02ac702-163c-472b-bbb4-119d8127f8ff req-a9dad6ae-35b1-416e-a8a2-420ccff61898 None None] RequestId filter calling following filter/app {{(pid=97336) _context_setter /opt/stack/cinder/cinder/api/middleware/request_id.py:62}}
Aug 24 09:02:21.151357 np0000007958 devstack@c-api.service[97336]: INFO cinder.api.openstack.wsgi [req-f02ac702-163c-472b-bbb4-119d8127f8ff req-a9dad6ae-35b1-416e-a8a2-420ccff61898 tempest-ServerActionsV293TestJSON-1309345127 tempest-ServerActionsV293TestJSON-1309345127-project-member] POST https://10.4.3.4/volume/v3/attachments
Aug 24 09:02:21.151756 np0000007958 devstack@c-api.service[97336]: DEBUG cinder.api.openstack.wsgi [req-f02ac702-163c-472b-bbb4-119d8127f8ff req-a9dad6ae-35b1-416e-a8a2-420ccff61898 tempest-ServerActionsV293TestJSON-1309345127 tempest-ServerActionsV293TestJSON-1309345127-project-member] Action: 'create', calling method: version_select, body: {"attachment": {"volume_uuid": "14df9c99-a518-41aa-affb-9370384bfbca", "connector": null, "instance_uuid": "6fb6a2e2-1cca-4d6b-813f-d32c7105a82c"}} {{(pid=97336) _process_stack /opt/stack/cinder/cinder/api/openstack/wsgi.py:876}}
Aug 24 09:02:21.162718 np0000007958 devstack@c-api.service[97336]: /opt/stack/data/venv/lib/python3.12/site-packages/oslo_context/context.py:102: DeprecationWarning: Policy enforcement is depending on the value of is_admin. This key is deprecated. Please update your policy file to use the standard policy values.
Aug 24 09:02:21.162718 np0000007958 devstack@c-api.service[97336]: warnings.warn(
Aug 24 09:02:21.194102 np0000007958 devstack@c-api.service[97336]: INFO cinder.api.openstack.wsgi [req-f02ac702-163c-472b-bbb4-119d8127f8ff req-a9dad6ae-35b1-416e-a8a2-420ccff61898 tempest-ServerActionsV293TestJSON-1309345127 tempest-ServerActionsV293TestJSON-1309345127-project-member] https://10.4.3.4/volume/v3/attachments returned with HTTP 200
Aug 24 09:02:21.194525 np0000007958 devstack@c-api.service[97336]: [pid: 97336|app: 0|req: 135/423] 10.4.3.4 () {74 vars in 1580 bytes} [Mon Aug 24 09:02:21 2026] POST /volume/v3/attachments => generated 273 bytes in 46 msecs (HTTP/1.1 200) 7 headers in 286 bytes (1 switches on core 0)
Aug 24 09:02:21.239029 np0000007958 devstack@c-api.service[97334]: DEBUG cinder.api.middleware.request_id [req-f02ac702-163c-472b-bbb4-119d8127f8ff req-b3fd795a-5cc0-49ca-a03f-cc24c3747f9d None None] RequestId filter calling following filter/app {{(pid=97334) _context_setter /opt/stack/cinder/cinder/api/middleware/request_id.py:62}}
Aug 24 09:02:21.241455 np0000007958 devstack@c-api.service[97334]: INFO cinder.api.openstack.wsgi [req-f02ac702-163c-472b-bbb4-119d8127f8ff req-b3fd795a-5cc0-49ca-a03f-cc24c3747f9d tempest-ServerActionsV293TestJSON-1309345127 tempest-ServerActionsV293TestJSON-1309345127-project-member] DELETE https://10.4.3.4/volume/v3/attachments/d75f7eb8-fd6b-48c1-b286-2ebff3b2c1c0
Aug 24 09:02:21.241571 np0000007958 devstack@c-api.service[97334]: DEBUG cinder.api.openstack.wsgi [req-f02ac702-163c-472b-bbb4-119d8127f8ff req-b3fd795a-5cc0-49ca-a03f-cc24c3747f9d tempest-ServerActionsV293TestJSON-1309345127 tempest-ServerActionsV293TestJSON-1309345127-project-member] Empty body provided in request {{(pid=97334) get_body /opt/stack/cinder/cinder/api/openstack/wsgi.py:725}}
Aug 24 09:02:21.241766 np0000007958 devstack@c-api.service[97334]: DEBUG cinder.api.openstack.wsgi [req-f02ac702-163c-472b-bbb4-119d8127f8ff req-b3fd795a-5cc0-49ca-a03f-cc24c3747f9d tempest-ServerActionsV293TestJSON-1309345127 tempest-ServerActionsV293TestJSON-1309345127-project-member] Calling method 'version_select' {{(pid=97334) _process_stack /opt/stack/cinder/cinder/api/openstack/wsgi.py:878}}
Aug 24 09:02:21.250449 np0000007958 devstack@c-api.service[97334]: /opt/stack/data/venv/lib/python3.12/site-packages/oslo_context/context.py:102: DeprecationWarning: Policy enforcement is depending on the value of is_admin. This key is deprecated. Please update your policy file to use the standard policy values.
Aug 24 09:02:21.250449 np0000007958 devstack@c-api.service[97334]: warnings.warn(
Aug 24 09:02:21.294894 np0000007958 devstack@c-api.service[97334]: INFO cinder.api.openstack.wsgi [req-f02ac702-163c-472b-bbb4-119d8127f8ff req-b3fd795a-5cc0-49ca-a03f-cc24c3747f9d tempest-ServerActionsV293TestJSON-1309345127 tempest-ServerActionsV293TestJSON-1309345127-project-member] https://10.4.3.4/volume/v3/attachments/d75f7eb8-fd6b-48c1-b286-2ebff3b2c1c0 returned with HTTP 200
Aug 24 09:02:21.295448 np0000007958 devstack@c-api.service[97334]: [pid: 97334|app: 0|req: 143/424] 10.4.3.4 () {72 vars in 1659 bytes} [Mon Aug 24 09:02:21 2026] DELETE /volume/v3/attachments/d75f7eb8-fd6b-48c1-b286-2ebff3b2c1c0 => generated 192 bytes in 60 msecs (HTTP/1.1 200) 7 headers in 286 bytes (1 switches on core 0)
Aug 24 09:02:21.409696 np0000007958 devstack@c-api.service[97335]: DEBUG cinder.api.middleware.request_id [None req-408e8505-c9fd-4412-a457-df014a01b592 None None] RequestId filter calling following filter/app {{(pid=97335) _context_setter /opt/stack/cinder/cinder/api/middleware/request_id.py:62}}
Aug 24 09:02:21.410784 np0000007958 devstack@c-api.service[97335]: INFO cinder.api.openstack.wsgi [None req-408e8505-c9fd-4412-a457-df014a01b592 None None] GET https://10.4.3.4/volume//
Aug 24 09:02:21.411078 np0000007958 devstack@c-api.service[97335]: DEBUG cinder.api.openstack.wsgi [None req-408e8505-c9fd-4412-a457-df014a01b592 None None] Empty body provided in request {{(pid=97335) get_body /opt/stack/cinder/cinder/api/openstack/wsgi.py:725}}
Aug 24 09:02:21.411799 np0000007958 devstack@c-api.service[97335]: DEBUG cinder.api.openstack.wsgi [None req-408e8505-c9fd-4412-a457-df014a01b592 None None] Calling method 'all' {{(pid=97335) _process_stack /opt/stack/cinder/cinder/api/openstack/wsgi.py:878}}
Aug 24 09:02:21.412214 np0000007958 devstack@c-api.service[97335]: INFO cinder.api.openstack.wsgi [None req-408e8505-c9fd-4412-a457-df014a01b592 None None] https://10.4.3.4/volume// returned with HTTP 300
Aug 24 09:02:21.412647 np0000007958 devstack@c-api.service[97335]: [pid: 97335|app: 0|req: 147/425] 10.4.3.4 () {66 vars in 1412 bytes} [Mon Aug 24 09:02:21 2026] GET /volume/ => generated 384 bytes in 4 msecs (HTTP/1.1 300) 7 headers in 299 bytes (1 switches on core 0)
Aug 24 09:02:21.420707 np0000007958 devstack@c-api.service[97336]: DEBUG cinder.api.middleware.request_id [req-f02ac702-163c-472b-bbb4-119d8127f8ff req-1be4dfb4-bb8d-4da9-b1f8-55ce328cf9e4 None None] RequestId filter calling following filter/app {{(pid=97336) _context_setter /opt/stack/cinder/cinder/api/middleware/request_id.py:62}}
Aug 24 09:02:21.423310 np0000007958 devstack@c-api.service[97336]: INFO cinder.api.openstack.wsgi [req-f02ac702-163c-472b-bbb4-119d8127f8ff req-1be4dfb4-bb8d-4da9-b1f8-55ce328cf9e4 tempest-ServerActionsV293TestJSON-1309345127 tempest-ServerActionsV293TestJSON-1309345127-project-member] POST https://10.4.3.4/volume/v3/volumes/14df9c99-a518-41aa-affb-9370384bfbca/action
Aug 24 09:02:21.423898 np0000007958 devstack@c-api.service[97336]: DEBUG cinder.api.openstack.wsgi [req-f02ac702-163c-472b-bbb4-119d8127f8ff req-1be4dfb4-bb8d-4da9-b1f8-55ce328cf9e4 tempest-ServerActionsV293TestJSON-1309345127 tempest-ServerActionsV293TestJSON-1309345127-project-member] Action body: b'{"os-reimage": {"image_id": "ee797f89-5d9c-4409-b6c6-f2b574b4c7e8", "reimage_reserved": true}}' {{(pid=97336) get_method /opt/stack/cinder/cinder/api/openstack/wsgi.py:993}}
Aug 24 09:02:21.424812 np0000007958 devstack@c-api.service[97336]: DEBUG cinder.api.openstack.wsgi [req-f02ac702-163c-472b-bbb4-119d8127f8ff req-1be4dfb4-bb8d-4da9-b1f8-55ce328cf9e4 tempest-ServerActionsV293TestJSON-1309345127 tempest-ServerActionsV293TestJSON-1309345127-project-member] Action: 'action', calling method: version_select, body: {"os-reimage": {"image_id": "ee797f89-5d9c-4409-b6c6-f2b574b4c7e8", "reimage_reserved": true}} {{(pid=97336) _process_stack /opt/stack/cinder/cinder/api/openstack/wsgi.py:876}}
Aug 24 09:02:21.438397 np0000007958 devstack@c-api.service[97336]: /opt/stack/data/venv/lib/python3.12/site-packages/oslo_context/context.py:102: DeprecationWarning: Policy enforcement is depending on the value of is_admin. This key is deprecated. Please update your policy file to use the standard policy values.
Aug 24 09:02:21.438397 np0000007958 devstack@c-api.service[97336]: warnings.warn(
Aug 24 09:02:21.438881 np0000007958 devstack@c-api.service[97336]: INFO cinder.volume.api [req-f02ac702-163c-472b-bbb4-119d8127f8ff req-1be4dfb4-bb8d-4da9-b1f8-55ce328cf9e4 tempest-ServerActionsV293TestJSON-1309345127 tempest-ServerActionsV293TestJSON-1309345127-project-member] Volume info retrieved successfully.
Aug 24 09:02:21.566255 np0000007958 devstack@c-api.service[97336]: INFO cinder.api.openstack.wsgi [req-f02ac702-163c-472b-bbb4-119d8127f8ff req-1be4dfb4-bb8d-4da9-b1f8-55ce328cf9e4 tempest-ServerActionsV293TestJSON-1309345127 tempest-ServerActionsV293TestJSON-1309345127-project-member] https://10.4.3.4/volume/v3/volumes/14df9c99-a518-41aa-affb-9370384bfbca/action returned with HTTP 202
Aug 24 09:02:21.566768 np0000007958 devstack@c-api.service[97336]: [pid: 97336|app: 0|req: 136/426] 10.4.3.4 () {74 vars in 1699 bytes} [Mon Aug 24 09:02:21 2026] POST /volume/v3/volumes/14df9c99-a518-41aa-affb-9370384bfbca/action => generated 0 bytes in 147 msecs (HTTP/1.1 202) 7 headers in 290 bytes (1 switches on core 0)
Aug 24 09:02:21.778504 np0000007958 devstack@c-api.service[97334]: DEBUG cinder.api.middleware.request_id [None req-e3ae54d4-a292-4d3a-9de3-97ed14c4c53a None None] RequestId filter calling following filter/app {{(pid=97334) _context_setter /opt/stack/cinder/cinder/api/middleware/request_id.py:62}}
Aug 24 09:02:21.781903 np0000007958 devstack@c-api.service[97334]: INFO cinder.api.openstack.wsgi [None req-e3ae54d4-a292-4d3a-9de3-97ed14c4c53a tempest-SnapshotMetadataTestJSON-1095624814 tempest-SnapshotMetadataTestJSON-1095624814-project-member] GET https://10.4.3.4/volume/v3/snapshots/a912fd6d-6e4c-40d9-8db3-32255743b1a2
Aug 24 09:02:21.781903 np0000007958 devstack@c-api.service[97334]: DEBUG cinder.api.openstack.wsgi [None req-e3ae54d4-a292-4d3a-9de3-97ed14c4c53a tempest-SnapshotMetadataTestJSON-1095624814 tempest-SnapshotMetadataTestJSON-1095624814-project-member] Empty body provided in request {{(pid=97334) get_body /opt/stack/cinder/cinder/api/openstack/wsgi.py:725}}
Aug 24 09:02:21.782200 np0000007958 devstack@c-api.service[97334]: DEBUG cinder.api.openstack.wsgi [None req-e3ae54d4-a292-4d3a-9de3-97ed14c4c53a tempest-SnapshotMetadataTestJSON-1095624814 tempest-SnapshotMetadataTestJSON-1095624814-project-member] Calling method 'show' {{(pid=97334) _process_stack /opt/stack/cinder/cinder/api/openstack/wsgi.py:878}}
Aug 24 09:02:21.786413 np0000007958 devstack@c-api.service[97334]: INFO cinder.api.openstack.wsgi [None req-e3ae54d4-a292-4d3a-9de3-97ed14c4c53a tempest-SnapshotMetadataTestJSON-1095624814 tempest-SnapshotMetadataTestJSON-1095624814-project-member] https://10.4.3.4/volume/v3/snapshots/a912fd6d-6e4c-40d9-8db3-32255743b1a2 returned with HTTP 404
Aug 24 09:02:21.786963 np0000007958 devstack@c-api.service[97334]: [pid: 97334|app: 0|req: 144/427] 10.4.3.4 () {66 vars in 1340 bytes} [Mon Aug 24 09:02:21 2026] GET /volume/v3/snapshots/a912fd6d-6e4c-40d9-8db3-32255743b1a2 => generated 111 bytes in 13 msecs (HTTP/1.1 404) 7 headers in 292 bytes (1 switches on core 0)
Aug 24 09:02:21.795957 np0000007958 devstack@c-api.service[97335]: DEBUG cinder.api.middleware.request_id [None req-176a39c5-e1fc-4d93-ad48-44015ec7d245 None None] RequestId filter calling following filter/app {{(pid=97335) _context_setter /opt/stack/cinder/cinder/api/middleware/request_id.py:62}}
Aug 24 09:02:21.799184 np0000007958 devstack@c-api.service[97335]: INFO cinder.api.openstack.wsgi [None req-176a39c5-e1fc-4d93-ad48-44015ec7d245 tempest-SnapshotMetadataTestJSON-1095624814 tempest-SnapshotMetadataTestJSON-1095624814-project-member] GET https://10.4.3.4/volume/v3/volumes/0d0465af-5f48-437c-9e43-f812131471db
Aug 24 09:02:21.799407 np0000007958 devstack@c-api.service[97335]: DEBUG cinder.api.openstack.wsgi [None req-176a39c5-e1fc-4d93-ad48-44015ec7d245 tempest-SnapshotMetadataTestJSON-1095624814 tempest-SnapshotMetadataTestJSON-1095624814-project-member] Empty body provided in request {{(pid=97335) get_body /opt/stack/cinder/cinder/api/openstack/wsgi.py:725}}
Aug 24 09:02:21.799605 np0000007958 devstack@c-api.service[97335]: DEBUG cinder.api.openstack.wsgi [None req-176a39c5-e1fc-4d93-ad48-44015ec7d245 tempest-SnapshotMetadataTestJSON-1095624814 tempest-SnapshotMetadataTestJSON-1095624814-project-member] Calling method 'show' {{(pid=97335) _process_stack /opt/stack/cinder/cinder/api/openstack/wsgi.py:878}}
Aug 24 09:02:21.809004 np0000007958 devstack@c-api.service[97335]: /opt/stack/data/venv/lib/python3.12/site-packages/oslo_context/context.py:102: DeprecationWarning: Policy enforcement is depending on the value of is_admin. This key is deprecated. Please update your policy file to use the standard policy values.
Aug 24 09:02:21.809004 np0000007958 devstack@c-api.service[97335]: warnings.warn(
Aug 24 09:02:21.813818 np0000007958 devstack@c-api.service[97335]: INFO cinder.volume.api [None req-176a39c5-e1fc-4d93-ad48-44015ec7d245 tempest-SnapshotMetadataTestJSON-1095624814 tempest-SnapshotMetadataTestJSON-1095624814-project-member] Volume info retrieved successfully.
Aug 24 09:02:21.819492 np0000007958 devstack@c-api.service[97335]: INFO cinder.api.openstack.wsgi [None req-176a39c5-e1fc-4d93-ad48-44015ec7d245 tempest-SnapshotMetadataTestJSON-1095624814 tempest-SnapshotMetadataTestJSON-1095624814-project-member] https://10.4.3.4/volume/v3/volumes/0d0465af-5f48-437c-9e43-f812131471db returned with HTTP 200
