Aug 24 09:02:51.776256 np0000007958 devstack@g-api.service[100082]: DEBUG glance.api.middleware.version_negotiation [None req-0bf5613e-75c6-40e6-93b5-d2e020ae4852 tempest-VolumesActionsTest-922651388 tempest-VolumesActionsTest-922651388-project-member] new path /v2/images/045a1936-af93-4fbd-bb4c-61de2cde76f4 {{(pid=100082) process_request /opt/stack/glance/glance/api/middleware/version_negotiation.py:70}}
Aug 24 09:02:51.791176 np0000007958 devstack@g-api.service[100082]: [pid: 100082|app: 0|req: 55/188] 127.0.0.1 () {40 vars in 830 bytes} [Mon Aug 24 09:02:51 2026] GET /v2/images/045a1936-af93-4fbd-bb4c-61de2cde76f4 => generated 652 bytes in 16 msecs (HTTP/1.1 200) 4 headers in 157 bytes (1 switches on core 0)
Aug 24 09:02:52.049809 np0000007958 devstack@g-api.service[100081]: DEBUG glance.api.middleware.version_negotiation [None req-5e083f65-c56b-4ddf-97db-105cd2dd50e2 tempest-ServerBootFromVolumeStableRescueTest-1305176210 tempest-ServerBootFromVolumeStableRescueTest-1305176210-project-member] Determining version of request: PUT /v2/images/045a1936-af93-4fbd-bb4c-61de2cde76f4/file Accept: */* {{(pid=100081) process_request /opt/stack/glance/glance/api/middleware/version_negotiation.py:44}}
Aug 24 09:02:52.049924 np0000007958 devstack@g-api.service[100081]: DEBUG glance.api.middleware.version_negotiation [None req-5e083f65-c56b-4ddf-97db-105cd2dd50e2 tempest-ServerBootFromVolumeStableRescueTest-1305176210 tempest-ServerBootFromVolumeStableRescueTest-1305176210-project-member] Using url versioning {{(pid=100081) process_request /opt/stack/glance/glance/api/middleware/version_negotiation.py:57}}
Aug 24 09:02:52.051223 np0000007958 devstack@g-api.service[100081]: DEBUG glance.api.middleware.version_negotiation [None req-5e083f65-c56b-4ddf-97db-105cd2dd50e2 tempest-ServerBootFromVolumeStableRescueTest-1305176210 tempest-ServerBootFromVolumeStableRescueTest-1305176210-project-member] Matched version: v2 {{(pid=100081) process_request /opt/stack/glance/glance/api/middleware/version_negotiation.py:69}}
Aug 24 09:02:52.051223 np0000007958 devstack@g-api.service[100081]: DEBUG glance.api.middleware.version_negotiation [None req-5e083f65-c56b-4ddf-97db-105cd2dd50e2 tempest-ServerBootFromVolumeStableRescueTest-1305176210 tempest-ServerBootFromVolumeStableRescueTest-1305176210-project-member] new path /v2/images/045a1936-af93-4fbd-bb4c-61de2cde76f4/file {{(pid=100081) process_request /opt/stack/glance/glance/api/middleware/version_negotiation.py:70}}
Aug 24 09:02:52.286725 np0000007958 devstack@g-api.service[100080]: [pid: 100080|app: 0|req: 68/189] 127.0.0.1 () {46 vars in 1047 bytes} [Mon Aug 24 09:02:51 2026] POST /v2/images => generated 1360 bytes in 705 msecs (HTTP/1.1 201) 6 headers in 316 bytes (1 switches on core 0)
Aug 24 09:02:52.349968 np0000007958 devstack@g-api.service[100082]: DEBUG glance.api.middleware.version_negotiation [None req-43b133fb-f063-4788-bba8-521c283e4237 tempest-VolumesActionsTest-922651388 tempest-VolumesActionsTest-922651388-project-member] Determining version of request: GET /v2/images/4f08edd6-073a-47a9-8c55-bcb25b364a1b Accept: application/json {{(pid=100082) process_request /opt/stack/glance/glance/api/middleware/version_negotiation.py:44}}
Aug 24 09:02:52.350126 np0000007958 devstack@g-api.service[100082]: DEBUG glance.api.middleware.version_negotiation [None req-43b133fb-f063-4788-bba8-521c283e4237 tempest-VolumesActionsTest-922651388 tempest-VolumesActionsTest-922651388-project-member] Using url versioning {{(pid=100082) process_request /opt/stack/glance/glance/api/middleware/version_negotiation.py:57}}
Aug 24 09:02:52.350306 np0000007958 devstack@g-api.service[100082]: DEBUG glance.api.middleware.version_negotiation [None req-43b133fb-f063-4788-bba8-521c283e4237 tempest-VolumesActionsTest-922651388 tempest-VolumesActionsTest-922651388-project-member] Matched version: v2 {{(pid=100082) process_request /opt/stack/glance/glance/api/middleware/version_negotiation.py:69}}
Aug 24 09:02:52.350449 np0000007958 devstack@g-api.service[100082]: DEBUG glance.api.middleware.version_negotiation [None req-43b133fb-f063-4788-bba8-521c283e4237 tempest-VolumesActionsTest-922651388 tempest-VolumesActionsTest-922651388-project-member] new path /v2/images/4f08edd6-073a-47a9-8c55-bcb25b364a1b {{(pid=100082) process_request /opt/stack/glance/glance/api/middleware/version_negotiation.py:70}}
Aug 24 09:02:52.366254 np0000007958 devstack@g-api.service[100082]: [pid: 100082|app: 0|req: 56/190] 127.0.0.1 () {40 vars in 830 bytes} [Mon Aug 24 09:02:52 2026] GET /v2/images/4f08edd6-073a-47a9-8c55-bcb25b364a1b => generated 1360 bytes in 16 msecs (HTTP/1.1 200) 4 headers in 158 bytes (1 switches on core 0)
Aug 24 09:02:52.462821 np0000007958 devstack@g-api.service[100080]: DEBUG glance.api.middleware.version_negotiation [None req-5e083f65-c56b-4ddf-97db-105cd2dd50e2 tempest-ServerBootFromVolumeStableRescueTest-1305176210 tempest-ServerBootFromVolumeStableRescueTest-1305176210-project-member] Determining version of request: GET /v2/images/4f08edd6-073a-47a9-8c55-bcb25b364a1b Accept: */* {{(pid=100080) process_request /opt/stack/glance/glance/api/middleware/version_negotiation.py:44}}
Aug 24 09:02:52.462941 np0000007958 devstack@g-api.service[100080]: DEBUG glance.api.middleware.version_negotiation [None req-5e083f65-c56b-4ddf-97db-105cd2dd50e2 tempest-ServerBootFromVolumeStableRescueTest-1305176210 tempest-ServerBootFromVolumeStableRescueTest-1305176210-project-member] Using url versioning {{(pid=100080) process_request /opt/stack/glance/glance/api/middleware/version_negotiation.py:57}}
Aug 24 09:02:52.463046 np0000007958 devstack@g-api.service[100080]: DEBUG glance.api.middleware.version_negotiation [None req-5e083f65-c56b-4ddf-97db-105cd2dd50e2 tempest-ServerBootFromVolumeStableRescueTest-1305176210 tempest-ServerBootFromVolumeStableRescueTest-1305176210-project-member] Matched version: v2 {{(pid=100080) process_request /opt/stack/glance/glance/api/middleware/version_negotiation.py:69}}
Aug 24 09:02:52.463131 np0000007958 devstack@g-api.service[100080]: DEBUG glance.api.middleware.version_negotiation [None req-5e083f65-c56b-4ddf-97db-105cd2dd50e2 tempest-ServerBootFromVolumeStableRescueTest-1305176210 tempest-ServerBootFromVolumeStableRescueTest-1305176210-project-member] new path /v2/images/4f08edd6-073a-47a9-8c55-bcb25b364a1b {{(pid=100080) process_request /opt/stack/glance/glance/api/middleware/version_negotiation.py:70}}
Aug 24 09:02:52.473909 np0000007958 devstack@g-api.service[100080]: [pid: 100080|app: 0|req: 69/191] 127.0.0.1 () {44 vars in 1107 bytes} [Mon Aug 24 09:02:52 2026] GET /v2/images/4f08edd6-073a-47a9-8c55-bcb25b364a1b => generated 1360 bytes in 11 msecs (HTTP/1.1 200) 4 headers in 158 bytes (1 switches on core 0)
Aug 24 09:02:52.500426 np0000007958 devstack@g-api.service[100082]: DEBUG glance.api.middleware.version_negotiation [None req-f950cc4a-c28e-4a3e-ab0a-c81842f17154 tempest-ServerBootFromVolumeStableRescueTest-1305176210 tempest-ServerBootFromVolumeStableRescueTest-1305176210-project-member] Determining version of request: GET /v2/schemas/image Accept: */* {{(pid=100082) process_request /opt/stack/glance/glance/api/middleware/version_negotiation.py:44}}
Aug 24 09:02:52.500570 np0000007958 devstack@g-api.service[100082]: DEBUG glance.api.middleware.version_negotiation [None req-f950cc4a-c28e-4a3e-ab0a-c81842f17154 tempest-ServerBootFromVolumeStableRescueTest-1305176210 tempest-ServerBootFromVolumeStableRescueTest-1305176210-project-member] Using url versioning {{(pid=100082) process_request /opt/stack/glance/glance/api/middleware/version_negotiation.py:57}}
Aug 24 09:02:52.500724 np0000007958 devstack@g-api.service[100082]: DEBUG glance.api.middleware.version_negotiation [None req-f950cc4a-c28e-4a3e-ab0a-c81842f17154 tempest-ServerBootFromVolumeStableRescueTest-1305176210 tempest-ServerBootFromVolumeStableRescueTest-1305176210-project-member] Matched version: v2 {{(pid=100082) process_request /opt/stack/glance/glance/api/middleware/version_negotiation.py:69}}
Aug 24 09:02:52.500840 np0000007958 devstack@g-api.service[100082]: DEBUG glance.api.middleware.version_negotiation [None req-f950cc4a-c28e-4a3e-ab0a-c81842f17154 tempest-ServerBootFromVolumeStableRescueTest-1305176210 tempest-ServerBootFromVolumeStableRescueTest-1305176210-project-member] new path /v2/schemas/image {{(pid=100082) process_request /opt/stack/glance/glance/api/middleware/version_negotiation.py:70}}
Aug 24 09:02:52.508359 np0000007958 devstack@g-api.service[100082]: [pid: 100082|app: 0|req: 57/192] 127.0.0.1 () {44 vars in 1047 bytes} [Mon Aug 24 09:02:52 2026] GET /v2/schemas/image => generated 6083 bytes in 8 msecs (HTTP/1.1 200) 4 headers in 158 bytes (1 switches on core 0)
Aug 24 09:02:52.645973 np0000007958 devstack@g-api.service[100081]: INFO glance.api.v2.image_data [None req-f019562d-3826-4709-b2d9-42c52f3c5674 tempest-VolumesActionsTest-922651388 tempest-VolumesActionsTest-922651388-project-member] Unable to create trust: no such option collect_timing in group [keystone_authtoken] Use the existing user token.
Aug 24 09:02:52.802907 np0000007958 devstack@g-api.service[100080]: DEBUG glance.api.middleware.version_negotiation [None req-5e083f65-c56b-4ddf-97db-105cd2dd50e2 tempest-ServerBootFromVolumeStableRescueTest-1305176210 tempest-ServerBootFromVolumeStableRescueTest-1305176210-project-member] Determining version of request: GET /v2/images/045a1936-af93-4fbd-bb4c-61de2cde76f4 Accept: application/json {{(pid=100080) process_request /opt/stack/glance/glance/api/middleware/version_negotiation.py:44}}
Aug 24 09:02:52.803212 np0000007958 devstack@g-api.service[100080]: DEBUG glance.api.middleware.version_negotiation [None req-5e083f65-c56b-4ddf-97db-105cd2dd50e2 tempest-ServerBootFromVolumeStableRescueTest-1305176210 tempest-ServerBootFromVolumeStableRescueTest-1305176210-project-member] Using url versioning {{(pid=100080) process_request /opt/stack/glance/glance/api/middleware/version_negotiation.py:57}}
Aug 24 09:02:52.803212 np0000007958 devstack@g-api.service[100080]: DEBUG glance.api.middleware.version_negotiation [None req-5e083f65-c56b-4ddf-97db-105cd2dd50e2 tempest-ServerBootFromVolumeStableRescueTest-1305176210 tempest-ServerBootFromVolumeStableRescueTest-1305176210-project-member] Matched version: v2 {{(pid=100080) process_request /opt/stack/glance/glance/api/middleware/version_negotiation.py:69}}
Aug 24 09:02:52.803321 np0000007958 devstack@g-api.service[100080]: DEBUG glance.api.middleware.version_negotiation [None req-5e083f65-c56b-4ddf-97db-105cd2dd50e2 tempest-ServerBootFromVolumeStableRescueTest-1305176210 tempest-ServerBootFromVolumeStableRescueTest-1305176210-project-member] new path /v2/images/045a1936-af93-4fbd-bb4c-61de2cde76f4 {{(pid=100080) process_request /opt/stack/glance/glance/api/middleware/version_negotiation.py:70}}
Aug 24 09:02:52.814973 np0000007958 devstack@g-api.service[100080]: [pid: 100080|app: 0|req: 70/193] 127.0.0.1 () {40 vars in 830 bytes} [Mon Aug 24 09:02:52 2026] GET /v2/images/045a1936-af93-4fbd-bb4c-61de2cde76f4 => generated 652 bytes in 12 msecs (HTTP/1.1 200) 4 headers in 157 bytes (1 switches on core 0)
Aug 24 09:02:53.296779 np0000007958 devstack@g-api.service[100081]: DEBUG glance.location [None req-f019562d-3826-4709-b2d9-42c52f3c5674 tempest-VolumesActionsTest-922651388 tempest-VolumesActionsTest-922651388-project-member] Enabling in-flight format inspection for qcow2 {{(pid=100081) set_data /opt/stack/glance/glance/location.py:596}}
Aug 24 09:02:53.297408 np0000007958 devstack@g-api.service[100081]: DEBUG glance_store.backend [None req-f019562d-3826-4709-b2d9-42c52f3c5674 tempest-VolumesActionsTest-922651388 tempest-VolumesActionsTest-922651388-project-member] Attempting to import store swift {{(pid=100081) _load_store /opt/stack/data/venv/lib/python3.12/site-packages/glance_store/backend.py:215}}
Aug 24 09:02:53.299410 np0000007958 devstack@g-api.service[100081]: DEBUG glance_store.capabilities [None req-f019562d-3826-4709-b2d9-42c52f3c5674 tempest-VolumesActionsTest-922651388 tempest-VolumesActionsTest-922651388-project-member] Store glance_store._drivers.swift.store.SingleTenantStore doesn't support updating dynamic storage capabilities. Please overwrite 'update_capabilities' method of the store to implement updating logics if needed. {{(pid=100081) update_capabilities /opt/stack/data/venv/lib/python3.12/site-packages/glance_store/capabilities.py:91}}
Aug 24 09:02:53.301215 np0000007958 devstack@g-api.service[100081]: DEBUG glance_store.driver [None req-f019562d-3826-4709-b2d9-42c52f3c5674 tempest-VolumesActionsTest-922651388 tempest-VolumesActionsTest-922651388-project-member] Late loading location class glance_store._drivers.swift.store.StoreLocation {{(pid=100081) get_store_location_class /opt/stack/data/venv/lib/python3.12/site-packages/glance_store/driver.py:134}}
Aug 24 09:02:53.301215 np0000007958 devstack@g-api.service[100081]: DEBUG glance_store.location [None req-f019562d-3826-4709-b2d9-42c52f3c5674 tempest-VolumesActionsTest-922651388 tempest-VolumesActionsTest-922651388-project-member] Registering scheme swift+https with {'store': , 'location_class': , 'store_entry': 'swift'} {{(pid=100081) register_scheme_map /opt/stack/data/venv/lib/python3.12/site-packages/glance_store/location.py:146}}
Aug 24 09:02:53.301215 np0000007958 devstack@g-api.service[100081]: DEBUG glance_store.location [None req-f019562d-3826-4709-b2d9-42c52f3c5674 tempest-VolumesActionsTest-922651388 tempest-VolumesActionsTest-922651388-project-member] Registering scheme swift+https with {'store': , 'location_class': , 'store_entry': 'swift'} {{(pid=100081) register_scheme_map /opt/stack/data/venv/lib/python3.12/site-packages/glance_store/location.py:146}}
Aug 24 09:02:53.301215 np0000007958 devstack@g-api.service[100081]: DEBUG glance_store.location [None req-f019562d-3826-4709-b2d9-42c52f3c5674 tempest-VolumesActionsTest-922651388 tempest-VolumesActionsTest-922651388-project-member] Registering scheme swift with {'store': , 'location_class': , 'store_entry': 'swift'} {{(pid=100081) register_scheme_map /opt/stack/data/venv/lib/python3.12/site-packages/glance_store/location.py:146}}
Aug 24 09:02:53.301215 np0000007958 devstack@g-api.service[100081]: DEBUG glance_store.location [None req-f019562d-3826-4709-b2d9-42c52f3c5674 tempest-VolumesActionsTest-922651388 tempest-VolumesActionsTest-922651388-project-member] Registering scheme swift+https with {'store': , 'location_class': , 'store_entry': 'swift'} {{(pid=100081) register_scheme_map /opt/stack/data/venv/lib/python3.12/site-packages/glance_store/location.py:146}}
Aug 24 09:02:53.301215 np0000007958 devstack@g-api.service[100081]: DEBUG glance_store.location [None req-f019562d-3826-4709-b2d9-42c52f3c5674 tempest-VolumesActionsTest-922651388 tempest-VolumesActionsTest-922651388-project-member] Registering scheme swift with {'store': , 'location_class': , 'store_entry': 'swift'} {{(pid=100081) register_scheme_map /opt/stack/data/venv/lib/python3.12/site-packages/glance_store/location.py:146}}
Aug 24 09:02:53.301215 np0000007958 devstack@g-api.service[100081]: DEBUG glance_store.location [None req-f019562d-3826-4709-b2d9-42c52f3c5674 tempest-VolumesActionsTest-922651388 tempest-VolumesActionsTest-922651388-project-member] Registering scheme swift+http with {'store': , 'location_class': , 'store_entry': 'swift'} {{(pid=100081) register_scheme_map /opt/stack/data/venv/lib/python3.12/site-packages/glance_store/location.py:146}}
Aug 24 09:02:53.301215 np0000007958 devstack@g-api.service[100081]: DEBUG glance_store.location [None req-f019562d-3826-4709-b2d9-42c52f3c5674 tempest-VolumesActionsTest-922651388 tempest-VolumesActionsTest-922651388-project-member] Registering scheme swift+https with {'store': , 'location_class': , 'store_entry': 'swift'} {{(pid=100081) register_scheme_map /opt/stack/data/venv/lib/python3.12/site-packages/glance_store/location.py:146}}
Aug 24 09:02:53.301215 np0000007958 devstack@g-api.service[100081]: DEBUG glance_store.location [None req-f019562d-3826-4709-b2d9-42c52f3c5674 tempest-VolumesActionsTest-922651388 tempest-VolumesActionsTest-922651388-project-member] Registering scheme swift with {'store': , 'location_class': , 'store_entry': 'swift'} {{(pid=100081) register_scheme_map /opt/stack/data/venv/lib/python3.12/site-packages/glance_store/location.py:146}}
Aug 24 09:02:53.301215 np0000007958 devstack@g-api.service[100081]: DEBUG glance_store.location [None req-f019562d-3826-4709-b2d9-42c52f3c5674 tempest-VolumesActionsTest-922651388 tempest-VolumesActionsTest-922651388-project-member] Registering scheme swift+http with {'store': , 'location_class': , 'store_entry': 'swift'} {{(pid=100081) register_scheme_map /opt/stack/data/venv/lib/python3.12/site-packages/glance_store/location.py:146}}
Aug 24 09:02:53.301215 np0000007958 devstack@g-api.service[100081]: DEBUG glance_store.location [None req-f019562d-3826-4709-b2d9-42c52f3c5674 tempest-VolumesActionsTest-922651388 tempest-VolumesActionsTest-922651388-project-member] Registering scheme swift+config with {'store': , 'location_class': , 'store_entry': 'swift'} {{(pid=100081) register_scheme_map /opt/stack/data/venv/lib/python3.12/site-packages/glance_store/location.py:146}}
Aug 24 09:02:53.377878 np0000007958 devstack@g-api.service[100082]: DEBUG glance.api.middleware.version_negotiation [None req-5e083f65-c56b-4ddf-97db-105cd2dd50e2 tempest-ServerBootFromVolumeStableRescueTest-1305176210 tempest-ServerBootFromVolumeStableRescueTest-1305176210-project-member] Determining version of request: GET /v2/images/4f08edd6-073a-47a9-8c55-bcb25b364a1b Accept: application/json {{(pid=100082) process_request /opt/stack/glance/glance/api/middleware/version_negotiation.py:44}}
Aug 24 09:02:53.378415 np0000007958 devstack@g-api.service[100082]: DEBUG glance.api.middleware.version_negotiation [None req-5e083f65-c56b-4ddf-97db-105cd2dd50e2 tempest-ServerBootFromVolumeStableRescueTest-1305176210 tempest-ServerBootFromVolumeStableRescueTest-1305176210-project-member] Using url versioning {{(pid=100082) process_request /opt/stack/glance/glance/api/middleware/version_negotiation.py:57}}
Aug 24 09:02:53.378650 np0000007958 devstack@g-api.service[100082]: DEBUG glance.api.middleware.version_negotiation [None req-5e083f65-c56b-4ddf-97db-105cd2dd50e2 tempest-ServerBootFromVolumeStableRescueTest-1305176210 tempest-ServerBootFromVolumeStableRescueTest-1305176210-project-member] Matched version: v2 {{(pid=100082) process_request /opt/stack/glance/glance/api/middleware/version_negotiation.py:69}}
Aug 24 09:02:53.378889 np0000007958 devstack@g-api.service[100082]: DEBUG glance.api.middleware.version_negotiation [None req-5e083f65-c56b-4ddf-97db-105cd2dd50e2 tempest-ServerBootFromVolumeStableRescueTest-1305176210 tempest-ServerBootFromVolumeStableRescueTest-1305176210-project-member] new path /v2/images/4f08edd6-073a-47a9-8c55-bcb25b364a1b {{(pid=100082) process_request /opt/stack/glance/glance/api/middleware/version_negotiation.py:70}}
Aug 24 09:02:53.393438 np0000007958 devstack@g-api.service[100082]: [pid: 100082|app: 0|req: 58/194] 127.0.0.1 () {40 vars in 830 bytes} [Mon Aug 24 09:02:53 2026] GET /v2/images/4f08edd6-073a-47a9-8c55-bcb25b364a1b => generated 1360 bytes in 16 msecs (HTTP/1.1 200) 4 headers in 158 bytes (1 switches on core 0)
Aug 24 09:02:53.522242 np0000007958 devstack@g-api.service[100080]: DEBUG glance.api.middleware.version_negotiation [None req-435e89e7-d02b-4572-b599-8da5835d12b3 tempest-VolumesActionsTest-922651388 tempest-VolumesActionsTest-922651388-project-member] Determining version of request: GET /v2/images/4f08edd6-073a-47a9-8c55-bcb25b364a1b Accept: */* {{(pid=100080) process_request /opt/stack/glance/glance/api/middleware/version_negotiation.py:44}}
Aug 24 09:02:53.522415 np0000007958 devstack@g-api.service[100080]: DEBUG glance.api.middleware.version_negotiation [None req-435e89e7-d02b-4572-b599-8da5835d12b3 tempest-VolumesActionsTest-922651388 tempest-VolumesActionsTest-922651388-project-member] Using url versioning {{(pid=100080) process_request /opt/stack/glance/glance/api/middleware/version_negotiation.py:57}}
Aug 24 09:02:53.522560 np0000007958 devstack@g-api.service[100080]: DEBUG glance.api.middleware.version_negotiation [None req-435e89e7-d02b-4572-b599-8da5835d12b3 tempest-VolumesActionsTest-922651388 tempest-VolumesActionsTest-922651388-project-member] Matched version: v2 {{(pid=100080) process_request /opt/stack/glance/glance/api/middleware/version_negotiation.py:69}}
Aug 24 09:02:53.522675 np0000007958 devstack@g-api.service[100080]: DEBUG glance.api.middleware.version_negotiation [None req-435e89e7-d02b-4572-b599-8da5835d12b3 tempest-VolumesActionsTest-922651388 tempest-VolumesActionsTest-922651388-project-member] new path /v2/images/4f08edd6-073a-47a9-8c55-bcb25b364a1b {{(pid=100080) process_request /opt/stack/glance/glance/api/middleware/version_negotiation.py:70}}
Aug 24 09:02:53.544121 np0000007958 devstack@g-api.service[100080]: [pid: 100080|app: 0|req: 71/195] 127.0.0.1 () {44 vars in 1107 bytes} [Mon Aug 24 09:02:53 2026] GET /v2/images/4f08edd6-073a-47a9-8c55-bcb25b364a1b => generated 1360 bytes in 22 msecs (HTTP/1.1 200) 4 headers in 158 bytes (1 switches on core 0)
Aug 24 09:02:53.587489 np0000007958 devstack@g-api.service[100082]: DEBUG glance.api.middleware.version_negotiation [None req-a8395f09-0fb9-4e09-896d-fef2e61a987f tempest-ServerBootFromVolumeStableRescueTest-1305176210 tempest-ServerBootFromVolumeStableRescueTest-1305176210-project-member] Determining version of request: GET /v2/schemas/image Accept: */* {{(pid=100082) process_request /opt/stack/glance/glance/api/middleware/version_negotiation.py:44}}
Aug 24 09:02:53.587489 np0000007958 devstack@g-api.service[100082]: DEBUG glance.api.middleware.version_negotiation [None req-a8395f09-0fb9-4e09-896d-fef2e61a987f tempest-ServerBootFromVolumeStableRescueTest-1305176210 tempest-ServerBootFromVolumeStableRescueTest-1305176210-project-member] Using url versioning {{(pid=100082) process_request /opt/stack/glance/glance/api/middleware/version_negotiation.py:57}}
Aug 24 09:02:53.587489 np0000007958 devstack@g-api.service[100082]: DEBUG glance.api.middleware.version_negotiation [None req-a8395f09-0fb9-4e09-896d-fef2e61a987f tempest-ServerBootFromVolumeStableRescueTest-1305176210 tempest-ServerBootFromVolumeStableRescueTest-1305176210-project-member] Matched version: v2 {{(pid=100082) process_request /opt/stack/glance/glance/api/middleware/version_negotiation.py:69}}
Aug 24 09:02:53.587489 np0000007958 devstack@g-api.service[100082]: DEBUG glance.api.middleware.version_negotiation [None req-a8395f09-0fb9-4e09-896d-fef2e61a987f tempest-ServerBootFromVolumeStableRescueTest-1305176210 tempest-ServerBootFromVolumeStableRescueTest-1305176210-project-member] new path /v2/schemas/image {{(pid=100082) process_request /opt/stack/glance/glance/api/middleware/version_negotiation.py:70}}
Aug 24 09:02:53.590724 np0000007958 devstack@g-api.service[100082]: [pid: 100082|app: 0|req: 59/196] 127.0.0.1 () {44 vars in 1047 bytes} [Mon Aug 24 09:02:53 2026] GET /v2/schemas/image => generated 6083 bytes in 4 msecs (HTTP/1.1 200) 4 headers in 158 bytes (1 switches on core 0)
Aug 24 09:02:53.627128 np0000007958 devstack@g-api.service[100080]: DEBUG glance.api.middleware.version_negotiation [None req-5e083f65-c56b-4ddf-97db-105cd2dd50e2 tempest-ServerBootFromVolumeStableRescueTest-1305176210 tempest-ServerBootFromVolumeStableRescueTest-1305176210-project-member] Determining version of request: GET /v2/schemas/image Accept: */* {{(pid=100080) process_request /opt/stack/glance/glance/api/middleware/version_negotiation.py:44}}
Aug 24 09:02:53.627128 np0000007958 devstack@g-api.service[100080]: DEBUG glance.api.middleware.version_negotiation [None req-5e083f65-c56b-4ddf-97db-105cd2dd50e2 tempest-ServerBootFromVolumeStableRescueTest-1305176210 tempest-ServerBootFromVolumeStableRescueTest-1305176210-project-member] Using url versioning {{(pid=100080) process_request /opt/stack/glance/glance/api/middleware/version_negotiation.py:57}}
Aug 24 09:02:53.627128 np0000007958 devstack@g-api.service[100080]: DEBUG glance.api.middleware.version_negotiation [None req-5e083f65-c56b-4ddf-97db-105cd2dd50e2 tempest-ServerBootFromVolumeStableRescueTest-1305176210 tempest-ServerBootFromVolumeStableRescueTest-1305176210-project-member] Matched version: v2 {{(pid=100080) process_request /opt/stack/glance/glance/api/middleware/version_negotiation.py:69}}
Aug 24 09:02:53.627128 np0000007958 devstack@g-api.service[100080]: DEBUG glance.api.middleware.version_negotiation [None req-5e083f65-c56b-4ddf-97db-105cd2dd50e2 tempest-ServerBootFromVolumeStableRescueTest-1305176210 tempest-ServerBootFromVolumeStableRescueTest-1305176210-project-member] new path /v2/schemas/image {{(pid=100080) process_request /opt/stack/glance/glance/api/middleware/version_negotiation.py:70}}
Aug 24 09:02:53.630255 np0000007958 devstack@g-api.service[100080]: [pid: 100080|app: 0|req: 72/197] 127.0.0.1 () {44 vars in 1047 bytes} [Mon Aug 24 09:02:53 2026] GET /v2/schemas/image => generated 6083 bytes in 4 msecs (HTTP/1.1 200) 4 headers in 158 bytes (1 switches on core 0)
Aug 24 09:02:53.676304 np0000007958 devstack@g-api.service[100082]: DEBUG glance.api.middleware.version_negotiation [None req-5e083f65-c56b-4ddf-97db-105cd2dd50e2 tempest-ServerBootFromVolumeStableRescueTest-1305176210 tempest-ServerBootFromVolumeStableRescueTest-1305176210-project-member] Determining version of request: PATCH /v2/images/4f08edd6-073a-47a9-8c55-bcb25b364a1b Accept: */* {{(pid=100082) process_request /opt/stack/glance/glance/api/middleware/version_negotiation.py:44}}
Aug 24 09:02:53.676797 np0000007958 devstack@g-api.service[100082]: DEBUG glance.api.middleware.version_negotiation [None req-5e083f65-c56b-4ddf-97db-105cd2dd50e2 tempest-ServerBootFromVolumeStableRescueTest-1305176210 tempest-ServerBootFromVolumeStableRescueTest-1305176210-project-member] Using url versioning {{(pid=100082) process_request /opt/stack/glance/glance/api/middleware/version_negotiation.py:57}}
Aug 24 09:02:53.677772 np0000007958 devstack@g-api.service[100082]: DEBUG glance.api.middleware.version_negotiation [None req-5e083f65-c56b-4ddf-97db-105cd2dd50e2 tempest-ServerBootFromVolumeStableRescueTest-1305176210 tempest-ServerBootFromVolumeStableRescueTest-1305176210-project-member] Matched version: v2 {{(pid=100082) process_request /opt/stack/glance/glance/api/middleware/version_negotiation.py:69}}
Aug 24 09:02:53.677772 np0000007958 devstack@g-api.service[100082]: DEBUG glance.api.middleware.version_negotiation [None req-5e083f65-c56b-4ddf-97db-105cd2dd50e2 tempest-ServerBootFromVolumeStableRescueTest-1305176210 tempest-ServerBootFromVolumeStableRescueTest-1305176210-project-member] new path /v2/images/4f08edd6-073a-47a9-8c55-bcb25b364a1b {{(pid=100082) process_request /opt/stack/glance/glance/api/middleware/version_negotiation.py:70}}
Aug 24 09:02:53.823483 np0000007958 devstack@g-api.service[100080]: DEBUG glance.api.middleware.version_negotiation [None req-5e083f65-c56b-4ddf-97db-105cd2dd50e2 tempest-ServerBootFromVolumeStableRescueTest-1305176210 tempest-ServerBootFromVolumeStableRescueTest-1305176210-project-member] Determining version of request: GET /v2/images/045a1936-af93-4fbd-bb4c-61de2cde76f4 Accept: application/json {{(pid=100080) process_request /opt/stack/glance/glance/api/middleware/version_negotiation.py:44}}
Aug 24 09:02:53.824561 np0000007958 devstack@g-api.service[100080]: DEBUG glance.api.middleware.version_negotiation [None req-5e083f65-c56b-4ddf-97db-105cd2dd50e2 tempest-ServerBootFromVolumeStableRescueTest-1305176210 tempest-ServerBootFromVolumeStableRescueTest-1305176210-project-member] Using url versioning {{(pid=100080) process_request /opt/stack/glance/glance/api/middleware/version_negotiation.py:57}}
Aug 24 09:02:53.824898 np0000007958 devstack@g-api.service[100080]: DEBUG glance.api.middleware.version_negotiation [None req-5e083f65-c56b-4ddf-97db-105cd2dd50e2 tempest-ServerBootFromVolumeStableRescueTest-1305176210 tempest-ServerBootFromVolumeStableRescueTest-1305176210-project-member] Matched version: v2 {{(pid=100080) process_request /opt/stack/glance/glance/api/middleware/version_negotiation.py:69}}
Aug 24 09:02:53.825508 np0000007958 devstack@g-api.service[100080]: DEBUG glance.api.middleware.version_negotiation [None req-5e083f65-c56b-4ddf-97db-105cd2dd50e2 tempest-ServerBootFromVolumeStableRescueTest-1305176210 tempest-ServerBootFromVolumeStableRescueTest-1305176210-project-member] new path /v2/images/045a1936-af93-4fbd-bb4c-61de2cde76f4 {{(pid=100080) process_request /opt/stack/glance/glance/api/middleware/version_negotiation.py:70}}
Aug 24 09:02:53.840385 np0000007958 devstack@g-api.service[100080]: [pid: 100080|app: 0|req: 73/198] 127.0.0.1 () {40 vars in 830 bytes} [Mon Aug 24 09:02:53 2026] GET /v2/images/045a1936-af93-4fbd-bb4c-61de2cde76f4 => generated 652 bytes in 17 msecs (HTTP/1.1 200) 4 headers in 157 bytes (1 switches on core 0)
Aug 24 09:02:53.882574 np0000007958 devstack@g-api.service[100081]: DEBUG swiftclient [None req-f019562d-3826-4709-b2d9-42c52f3c5674 tempest-VolumesActionsTest-922651388 tempest-VolumesActionsTest-922651388-project-member] REQ: curl -i https://10.4.3.4:8080/v1/AUTH_055c2b198d364be79b67779de9323bb1/glance -I -H "X-Auth-Token: gAAAAABqjAi9h_Iu..." {{(pid=100081) http_log /opt/stack/data/venv/lib/python3.12/site-packages/swiftclient/client.py:160}}
Aug 24 09:02:53.883780 np0000007958 devstack@g-api.service[100081]: DEBUG swiftclient [None req-f019562d-3826-4709-b2d9-42c52f3c5674 tempest-VolumesActionsTest-922651388 tempest-VolumesActionsTest-922651388-project-member] RESP STATUS: 204 No Content {{(pid=100081) http_log /opt/stack/data/venv/lib/python3.12/site-packages/swiftclient/client.py:161}}
Aug 24 09:02:53.883780 np0000007958 devstack@g-api.service[100081]: DEBUG swiftclient [None req-f019562d-3826-4709-b2d9-42c52f3c5674 tempest-VolumesActionsTest-922651388 tempest-VolumesActionsTest-922651388-project-member] RESP HEADERS: {'Date': 'Mon, 24 Aug 2026 09:02:53 GMT', 'Server': 'Apache/2.4.58 (Ubuntu)', 'Content-Type': 'text/plain; charset=utf-8', 'X-Container-Object-Count': '10', 'X-Container-Bytes-Used': '1138098176', 'X-Timestamp': '1787561943.88055', 'Last-Modified': 'Mon, 24 Aug 2026 08:59:04 GMT', 'Accept-Ranges': 'bytes', 'X-Storage-Policy': 'Policy-0', 'X-Container-Sharding': 'False', 'Vary': 'Accept', 'X-Trans-Id': 'tx3b6e01f5f5bd423d8b35b-006a8c08bd', 'X-Openstack-Request-Id': 'tx3b6e01f5f5bd423d8b35b-006a8c08bd', 'Connection': 'close'} {{(pid=100081) http_log /opt/stack/data/venv/lib/python3.12/site-packages/swiftclient/client.py:162}}
Aug 24 09:02:53.883780 np0000007958 devstack@g-api.service[100081]: DEBUG glance_store._drivers.swift.store [None req-f019562d-3826-4709-b2d9-42c52f3c5674 tempest-VolumesActionsTest-922651388 tempest-VolumesActionsTest-922651388-project-member] Adding image object '045a1936-af93-4fbd-bb4c-61de2cde76f4' to Swift {{(pid=100081) add /opt/stack/data/venv/lib/python3.12/site-packages/glance_store/_drivers/swift/store.py:970}}
Aug 24 09:02:53.883780 np0000007958 devstack@g-api.service[100081]: DEBUG glance_store._drivers.swift.store [None req-f019562d-3826-4709-b2d9-42c52f3c5674 tempest-VolumesActionsTest-922651388 tempest-VolumesActionsTest-922651388-project-member] Cannot determine image size because it is either not provided in the request or chunked-transfer encoding is used. Adding image as a segmented object to Swift. {{(pid=100081) add /opt/stack/data/venv/lib/python3.12/site-packages/glance_store/_drivers/swift/store.py:994}}
Aug 24 09:02:53.889248 np0000007958 devstack@g-api.service[100082]: [pid: 100082|app: 0|req: 60/199] 127.0.0.1 () {46 vars in 1150 bytes} [Mon Aug 24 09:02:53 2026] PATCH /v2/images/4f08edd6-073a-47a9-8c55-bcb25b364a1b => generated 1471 bytes in 212 msecs (HTTP/1.1 200) 4 headers in 158 bytes (1 switches on core 0)
Aug 24 09:02:53.889358 np0000007958 devstack@g-api.service[100081]: DEBUG oslo_utils.imageutils.format_inspector [None req-f019562d-3826-4709-b2d9-42c52f3c5674 tempest-VolumesActionsTest-922651388 tempest-VolumesActionsTest-922651388-project-member] Format inspector for vmdk does not match, excluding from consideration (Signature KDMV not found: b'QFI\xfb') {{(pid=100081) _process_chunk /opt/stack/data/venv/lib/python3.12/site-packages/oslo_utils/imageutils/format_inspector.py:1758}}
Aug 24 09:02:53.920446 np0000007958 devstack@g-api.service[100081]: DEBUG swiftclient [None req-f019562d-3826-4709-b2d9-42c52f3c5674 tempest-VolumesActionsTest-922651388 tempest-VolumesActionsTest-922651388-project-member] REQ: curl -i https://10.4.3.4:8080/v1/AUTH_055c2b198d364be79b67779de9323bb1/glance/045a1936-af93-4fbd-bb4c-61de2cde76f4-00001 -X PUT -H "X-Auth-Token: gAAAAABqjAi9h_Iu..." {{(pid=100081) http_log /opt/stack/data/venv/lib/python3.12/site-packages/swiftclient/client.py:160}}
Aug 24 09:02:53.920576 np0000007958 devstack@g-api.service[100081]: DEBUG swiftclient [None req-f019562d-3826-4709-b2d9-42c52f3c5674 tempest-VolumesActionsTest-922651388 tempest-VolumesActionsTest-922651388-project-member] RESP STATUS: 201 Created {{(pid=100081) http_log /opt/stack/data/venv/lib/python3.12/site-packages/swiftclient/client.py:161}}
Aug 24 09:02:53.920782 np0000007958 devstack@g-api.service[100081]: DEBUG swiftclient [None req-f019562d-3826-4709-b2d9-42c52f3c5674 tempest-VolumesActionsTest-922651388 tempest-VolumesActionsTest-922651388-project-member] RESP HEADERS: {'Date': 'Mon, 24 Aug 2026 09:02:53 GMT', 'Server': 'Apache/2.4.58 (Ubuntu)', 'Content-Type': 'text/html; charset=UTF-8', 'Content-Length': '0', 'Etag': 'c68439d39a2d449547b4c010d7f01866', 'Last-Modified': 'Mon, 24 Aug 2026 09:02:54 GMT', 'X-Trans-Id': 'tx182ef13d30674825b17df-006a8c08bd', 'X-Openstack-Request-Id': 'tx182ef13d30674825b17df-006a8c08bd', 'Connection': 'close'} {{(pid=100081) http_log /opt/stack/data/venv/lib/python3.12/site-packages/swiftclient/client.py:162}}
Aug 24 09:02:53.920844 np0000007958 devstack@g-api.service[100081]: DEBUG glance_store._drivers.swift.store [None req-f019562d-3826-4709-b2d9-42c52f3c5674 tempest-VolumesActionsTest-922651388 tempest-VolumesActionsTest-922651388-project-member] Wrote chunk 045a1936-af93-4fbd-bb4c-61de2cde76f4-00001 (1/?) of length 197120 to Swift returning MD5 of content: c68439d39a2d449547b4c010d7f01866 {{(pid=100081) add /opt/stack/data/venv/lib/python3.12/site-packages/glance_store/_drivers/swift/store.py:1059}}
Aug 24 09:02:53.921087 np0000007958 devstack@g-api.service[100081]: DEBUG glance_store._drivers.swift.store [None req-f019562d-3826-4709-b2d9-42c52f3c5674 tempest-VolumesActionsTest-922651388 tempest-VolumesActionsTest-922651388-project-member] Not writing zero-length chunk. {{(pid=100081) add /opt/stack/data/venv/lib/python3.12/site-packages/glance_store/_drivers/swift/store.py:1028}}
Aug 24 09:02:53.923598 np0000007958 devstack@g-api.service[100080]: DEBUG glance.api.middleware.version_negotiation [None req-3ca4c7f9-f5d5-443a-bc50-a7f25a8ae334 tempest-VolumesActionsTest-922651388 tempest-VolumesActionsTest-922651388-project-member] Determining version of request: GET /v2/images/4f08edd6-073a-47a9-8c55-bcb25b364a1b Accept: */* {{(pid=100080) process_request /opt/stack/glance/glance/api/middleware/version_negotiation.py:44}}
Aug 24 09:02:53.923740 np0000007958 devstack@g-api.service[100080]: DEBUG glance.api.middleware.version_negotiation [None req-3ca4c7f9-f5d5-443a-bc50-a7f25a8ae334 tempest-VolumesActionsTest-922651388 tempest-VolumesActionsTest-922651388-project-member] Using url versioning {{(pid=100080) process_request /opt/stack/glance/glance/api/middleware/version_negotiation.py:57}}
Aug 24 09:02:53.923852 np0000007958 devstack@g-api.service[100080]: DEBUG glance.api.middleware.version_negotiation [None req-3ca4c7f9-f5d5-443a-bc50-a7f25a8ae334 tempest-VolumesActionsTest-922651388 tempest-VolumesActionsTest-922651388-project-member] Matched version: v2 {{(pid=100080) process_request /opt/stack/glance/glance/api/middleware/version_negotiation.py:69}}
Aug 24 09:02:53.923943 np0000007958 devstack@g-api.service[100080]: DEBUG glance.api.middleware.version_negotiation [None req-3ca4c7f9-f5d5-443a-bc50-a7f25a8ae334 tempest-VolumesActionsTest-922651388 tempest-VolumesActionsTest-922651388-project-member] new path /v2/images/4f08edd6-073a-47a9-8c55-bcb25b364a1b {{(pid=100080) process_request /opt/stack/glance/glance/api/middleware/version_negotiation.py:70}}
Aug 24 09:02:53.935008 np0000007958 devstack@g-api.service[100080]: [pid: 100080|app: 0|req: 74/200] 127.0.0.1 () {44 vars in 1107 bytes} [Mon Aug 24 09:02:53 2026] GET /v2/images/4f08edd6-073a-47a9-8c55-bcb25b364a1b => generated 1471 bytes in 11 msecs (HTTP/1.1 200) 4 headers in 158 bytes (1 switches on core 0)
Aug 24 09:02:53.958428 np0000007958 devstack@g-api.service[100081]: DEBUG swiftclient [None req-f019562d-3826-4709-b2d9-42c52f3c5674 tempest-VolumesActionsTest-922651388 tempest-VolumesActionsTest-922651388-project-member] REQ: curl -i https://10.4.3.4:8080/v1/AUTH_055c2b198d364be79b67779de9323bb1/glance/045a1936-af93-4fbd-bb4c-61de2cde76f4 -X PUT -H "X-Object-Manifest: glance/045a1936-af93-4fbd-bb4c-61de2cde76f4-" -H "X-Auth-Token: gAAAAABqjAi9h_Iu..." -H "Content-Length: 0" {{(pid=100081) http_log /opt/stack/data/venv/lib/python3.12/site-packages/swiftclient/client.py:160}}
Aug 24 09:02:53.958428 np0000007958 devstack@g-api.service[100081]: DEBUG swiftclient [None req-f019562d-3826-4709-b2d9-42c52f3c5674 tempest-VolumesActionsTest-922651388 tempest-VolumesActionsTest-922651388-project-member] RESP STATUS: 201 Created {{(pid=100081) http_log /opt/stack/data/venv/lib/python3.12/site-packages/swiftclient/client.py:161}}
Aug 24 09:02:53.958428 np0000007958 devstack@g-api.service[100081]: DEBUG swiftclient [None req-f019562d-3826-4709-b2d9-42c52f3c5674 tempest-VolumesActionsTest-922651388 tempest-VolumesActionsTest-922651388-project-member] RESP HEADERS: {'Date': 'Mon, 24 Aug 2026 09:02:53 GMT', 'Server': 'Apache/2.4.58 (Ubuntu)', 'Content-Type': 'text/html; charset=UTF-8', 'Content-Length': '0', 'Etag': 'd41d8cd98f00b204e9800998ecf8427e', 'Last-Modified': 'Mon, 24 Aug 2026 09:02:54 GMT', 'X-Trans-Id': 'txcb7cf32d794d4747bd77f-006a8c08bd', 'X-Openstack-Request-Id': 'txcb7cf32d794d4747bd77f-006a8c08bd', 'Connection': 'close'} {{(pid=100081) http_log /opt/stack/data/venv/lib/python3.12/site-packages/swiftclient/client.py:162}}
Aug 24 09:02:53.958823 np0000007958 devstack@g-api.service[100081]: INFO glance.location [None req-f019562d-3826-4709-b2d9-42c52f3c5674 tempest-VolumesActionsTest-922651388 tempest-VolumesActionsTest-922651388-project-member] Image format matched and virtual size computed: 1073741824
Aug 24 09:02:53.966979 np0000007958 devstack@g-api.service[100082]: DEBUG glance.api.middleware.version_negotiation [None req-5e083f65-c56b-4ddf-97db-105cd2dd50e2 tempest-ServerBootFromVolumeStableRescueTest-1305176210 tempest-ServerBootFromVolumeStableRescueTest-1305176210-project-member] Determining version of request: PUT /v2/images/4f08edd6-073a-47a9-8c55-bcb25b364a1b/file Accept: */* {{(pid=100082) process_request /opt/stack/glance/glance/api/middleware/version_negotiation.py:44}}
Aug 24 09:02:53.967147 np0000007958 devstack@g-api.service[100082]: DEBUG glance.api.middleware.version_negotiation [None req-5e083f65-c56b-4ddf-97db-105cd2dd50e2 tempest-ServerBootFromVolumeStableRescueTest-1305176210 tempest-ServerBootFromVolumeStableRescueTest-1305176210-project-member] Using url versioning {{(pid=100082) process_request /opt/stack/glance/glance/api/middleware/version_negotiation.py:57}}
Aug 24 09:02:53.967338 np0000007958 devstack@g-api.service[100082]: DEBUG glance.api.middleware.version_negotiation [None req-5e083f65-c56b-4ddf-97db-105cd2dd50e2 tempest-ServerBootFromVolumeStableRescueTest-1305176210 tempest-ServerBootFromVolumeStableRescueTest-1305176210-project-member] Matched version: v2 {{(pid=100082) process_request /opt/stack/glance/glance/api/middleware/version_negotiation.py:69}}
Aug 24 09:02:53.967512 np0000007958 devstack@g-api.service[100082]: DEBUG glance.api.middleware.version_negotiation [None req-5e083f65-c56b-4ddf-97db-105cd2dd50e2 tempest-ServerBootFromVolumeStableRescueTest-1305176210 tempest-ServerBootFromVolumeStableRescueTest-1305176210-project-member] new path /v2/images/4f08edd6-073a-47a9-8c55-bcb25b364a1b/file {{(pid=100082) process_request /opt/stack/glance/glance/api/middleware/version_negotiation.py:70}}
Aug 24 09:02:53.984230 np0000007958 devstack@g-api.service[100081]: DEBUG glance_store.backend [None req-f019562d-3826-4709-b2d9-42c52f3c5674 tempest-VolumesActionsTest-922651388 tempest-VolumesActionsTest-922651388-project-member] Attempting to import store swift {{(pid=100081) _load_store /opt/stack/data/venv/lib/python3.12/site-packages/glance_store/backend.py:215}}
Aug 24 09:02:53.985625 np0000007958 devstack@g-api.service[100081]: DEBUG glance_store.capabilities [None req-f019562d-3826-4709-b2d9-42c52f3c5674 tempest-VolumesActionsTest-922651388 tempest-VolumesActionsTest-922651388-project-member] Store glance_store._drivers.swift.store.SingleTenantStore doesn't support updating dynamic storage capabilities. Please overwrite 'update_capabilities' method of the store to implement updating logics if needed. {{(pid=100081) update_capabilities /opt/stack/data/venv/lib/python3.12/site-packages/glance_store/capabilities.py:91}}
Aug 24 09:02:53.985754 np0000007958 devstack@g-api.service[100081]: DEBUG glance_store.driver [None req-f019562d-3826-4709-b2d9-42c52f3c5674 tempest-VolumesActionsTest-922651388 tempest-VolumesActionsTest-922651388-project-member] Late loading location class glance_store._drivers.swift.store.StoreLocation {{(pid=100081) get_store_location_class /opt/stack/data/venv/lib/python3.12/site-packages/glance_store/driver.py:134}}
Aug 24 09:02:53.985855 np0000007958 devstack@g-api.service[100081]: DEBUG glance_store.location [None req-f019562d-3826-4709-b2d9-42c52f3c5674 tempest-VolumesActionsTest-922651388 tempest-VolumesActionsTest-922651388-project-member] Registering scheme swift+https with {'store': , 'location_class': , 'store_entry': 'swift'} {{(pid=100081) register_scheme_map /opt/stack/data/venv/lib/python3.12/site-packages/glance_store/location.py:146}}
Aug 24 09:02:53.985956 np0000007958 devstack@g-api.service[100081]: DEBUG glance_store.location [None req-f019562d-3826-4709-b2d9-42c52f3c5674 tempest-VolumesActionsTest-922651388 tempest-VolumesActionsTest-922651388-project-member] Registering scheme swift+https with {'store': , 'location_class': , 'store_entry': 'swift'} {{(pid=100081) register_scheme_map /opt/stack/data/venv/lib/python3.12/site-packages/glance_store/location.py:146}}
Aug 24 09:02:53.986057 np0000007958 devstack@g-api.service[100081]: DEBUG glance_store.location [None req-f019562d-3826-4709-b2d9-42c52f3c5674 tempest-VolumesActionsTest-922651388 tempest-VolumesActionsTest-922651388-project-member] Registering scheme swift with {'store': , 'location_class': , 'store_entry': 'swift'} {{(pid=100081) register_scheme_map /opt/stack/data/venv/lib/python3.12/site-packages/glance_store/location.py:146}}
Aug 24 09:02:53.986146 np0000007958 devstack@g-api.service[100081]: DEBUG glance_store.location [None req-f019562d-3826-4709-b2d9-42c52f3c5674 tempest-VolumesActionsTest-922651388 tempest-VolumesActionsTest-922651388-project-member] Registering scheme swift+https with {'store': , 'location_class': , 'store_entry': 'swift'} {{(pid=100081) register_scheme_map /opt/stack/data/venv/lib/python3.12/site-packages/glance_store/location.py:146}}
Aug 24 09:02:53.986228 np0000007958 devstack@g-api.service[100081]: DEBUG glance_store.location [None req-f019562d-3826-4709-b2d9-42c52f3c5674 tempest-VolumesActionsTest-922651388 tempest-VolumesActionsTest-922651388-project-member] Registering scheme swift with {'store': , 'location_class': , 'store_entry': 'swift'} {{(pid=100081) register_scheme_map /opt/stack/data/venv/lib/python3.12/site-packages/glance_store/location.py:146}}
Aug 24 09:02:53.986343 np0000007958 devstack@g-api.service[100081]: DEBUG glance_store.location [None req-f019562d-3826-4709-b2d9-42c52f3c5674 tempest-VolumesActionsTest-922651388 tempest-VolumesActionsTest-922651388-project-member] Registering scheme swift+http with {'store': , 'location_class': , 'store_entry': 'swift'} {{(pid=100081) register_scheme_map /opt/stack/data/venv/lib/python3.12/site-packages/glance_store/location.py:146}}
Aug 24 09:02:53.986442 np0000007958 devstack@g-api.service[100081]: DEBUG glance_store.location [None req-f019562d-3826-4709-b2d9-42c52f3c5674 tempest-VolumesActionsTest-922651388 tempest-VolumesActionsTest-922651388-project-member] Registering scheme swift+https with {'store': , 'location_class': , 'store_entry': 'swift'} {{(pid=100081) register_scheme_map /opt/stack/data/venv/lib/python3.12/site-packages/glance_store/location.py:146}}
Aug 24 09:02:53.986484 np0000007958 devstack@g-api.service[100081]: DEBUG glance_store.location [None req-f019562d-3826-4709-b2d9-42c52f3c5674 tempest-VolumesActionsTest-922651388 tempest-VolumesActionsTest-922651388-project-member] Registering scheme swift with {'store': , 'location_class': , 'store_entry': 'swift'} {{(pid=100081) register_scheme_map /opt/stack/data/venv/lib/python3.12/site-packages/glance_store/location.py:146}}
Aug 24 09:02:53.986586 np0000007958 devstack@g-api.service[100081]: DEBUG glance_store.location [None req-f019562d-3826-4709-b2d9-42c52f3c5674 tempest-VolumesActionsTest-922651388 tempest-VolumesActionsTest-922651388-project-member] Registering scheme swift+http with {'store': , 'location_class': , 'store_entry': 'swift'} {{(pid=100081) register_scheme_map /opt/stack/data/venv/lib/python3.12/site-packages/glance_store/location.py:146}}
Aug 24 09:02:53.986663 np0000007958 devstack@g-api.service[100081]: DEBUG glance_store.location [None req-f019562d-3826-4709-b2d9-42c52f3c5674 tempest-VolumesActionsTest-922651388 tempest-VolumesActionsTest-922651388-project-member] Registering scheme swift+config with {'store': , 'location_class': , 'store_entry': 'swift'} {{(pid=100081) register_scheme_map /opt/stack/data/venv/lib/python3.12/site-packages/glance_store/location.py:146}}
Aug 24 09:02:53.986747 np0000007958 devstack@g-api.service[100081]: DEBUG glance_store.backend [None req-f019562d-3826-4709-b2d9-42c52f3c5674 tempest-VolumesActionsTest-922651388 tempest-VolumesActionsTest-922651388-project-member] Skipping store.set_acls... not implemented. {{(pid=100081) set_acls /opt/stack/data/venv/lib/python3.12/site-packages/glance_store/backend.py:507}}
Aug 24 09:02:53.988701 np0000007958 devstack@g-api.service[100081]: [pid: 100081|app: 0|req: 67/201] 127.0.0.1 () {46 vars in 1150 bytes} [Mon Aug 24 09:02:52 2026] PUT /v2/images/045a1936-af93-4fbd-bb4c-61de2cde76f4/file => generated 0 bytes in 1939 msecs (HTTP/1.1 204) 4 headers in 171 bytes (1 switches on core 0)
Aug 24 09:02:53.997579 np0000007958 devstack@g-api.service[100080]: DEBUG glance.api.middleware.version_negotiation [None req-5e083f65-c56b-4ddf-97db-105cd2dd50e2 tempest-ServerBootFromVolumeStableRescueTest-1305176210 tempest-ServerBootFromVolumeStableRescueTest-1305176210-project-member] Determining version of request: GET /v2/images/045a1936-af93-4fbd-bb4c-61de2cde76f4 Accept: */* {{(pid=100080) process_request /opt/stack/glance/glance/api/middleware/version_negotiation.py:44}}
Aug 24 09:02:53.997771 np0000007958 devstack@g-api.service[100080]: DEBUG glance.api.middleware.version_negotiation [None req-5e083f65-c56b-4ddf-97db-105cd2dd50e2 tempest-ServerBootFromVolumeStableRescueTest-1305176210 tempest-ServerBootFromVolumeStableRescueTest-1305176210-project-member] Using url versioning {{(pid=100080) process_request /opt/stack/glance/glance/api/middleware/version_negotiation.py:57}}
Aug 24 09:02:53.997917 np0000007958 devstack@g-api.service[100080]: DEBUG glance.api.middleware.version_negotiation [None req-5e083f65-c56b-4ddf-97db-105cd2dd50e2 tempest-ServerBootFromVolumeStableRescueTest-1305176210 tempest-ServerBootFromVolumeStableRescueTest-1305176210-project-member] Matched version: v2 {{(pid=100080) process_request /opt/stack/glance/glance/api/middleware/version_negotiation.py:69}}
Aug 24 09:02:53.998090 np0000007958 devstack@g-api.service[100080]: DEBUG glance.api.middleware.version_negotiation [None req-5e083f65-c56b-4ddf-97db-105cd2dd50e2 tempest-ServerBootFromVolumeStableRescueTest-1305176210 tempest-ServerBootFromVolumeStableRescueTest-1305176210-project-member] new path /v2/images/045a1936-af93-4fbd-bb4c-61de2cde76f4 {{(pid=100080) process_request /opt/stack/glance/glance/api/middleware/version_negotiation.py:70}}
Aug 24 09:02:54.006453 np0000007958 devstack@g-api.service[100080]: [pid: 100080|app: 0|req: 75/202] 127.0.0.1 () {44 vars in 1107 bytes} [Mon Aug 24 09:02:53 2026] GET /v2/images/045a1936-af93-4fbd-bb4c-61de2cde76f4 => generated 820 bytes in 9 msecs (HTTP/1.1 200) 4 headers in 157 bytes (1 switches on core 0)
Aug 24 09:02:54.014386 np0000007958 devstack@g-api.service[100081]: DEBUG glance.api.middleware.version_negotiation [None req-f019562d-3826-4709-b2d9-42c52f3c5674 tempest-VolumesActionsTest-922651388 tempest-VolumesActionsTest-922651388-project-member] Determining version of request: GET /v2/schemas/image Accept: */* {{(pid=100081) process_request /opt/stack/glance/glance/api/middleware/version_negotiation.py:44}}
Aug 24 09:02:54.014386 np0000007958 devstack@g-api.service[100081]: DEBUG glance.api.middleware.version_negotiation [None req-f019562d-3826-4709-b2d9-42c52f3c5674 tempest-VolumesActionsTest-922651388 tempest-VolumesActionsTest-922651388-project-member] Using url versioning {{(pid=100081) process_request /opt/stack/glance/glance/api/middleware/version_negotiation.py:57}}
