Aug 24 09:01:25.120232 np0000007958 devstack@n-api.service[84600]: INFO nova.api.openstack.requestlog [req-a98a27dd-5139-4ec6-9b5b-6814ad2b4142 req-b2768b12-7f20-462d-a601-11d6b9d45f0b service nova] 10.4.3.4 "POST /compute/v2.1/os-server-external-events" status: 200 len: 1038 microversion: 2.1 time: 0.039015
Aug 24 09:01:25.120645 np0000007958 devstack@n-api.service[84600]: [pid: 84600|app: 0|req: 54/137] 10.4.3.4 () {72 vars in 1418 bytes} [Mon Aug 24 09:01:25 2026] POST /compute/v2.1/os-server-external-events => generated 1038 bytes in 40 msecs (HTTP/1.1 200) 9 headers in 358 bytes (1 switches on core 0)
Aug 24 09:01:25.168203 np0000007958 devstack@n-api.service[84598]: DEBUG nova.api.openstack.wsgi [req-4807d2eb-1096-4d8d-bb67-4c15eb1ba414 req-304a215c-5670-49c2-b4cd-5edc2bbbc577 service nova] Action: 'create', calling method: >, body: {"events": [{"server_uuid": "2f3ef7eb-5925-4f1d-8753-bf1561bc948f", "name": "network-vif-plugged", "status": "completed", "tag": "68313c58-7715-4447-963a-6c108ec4ab05"}, {"server_uuid": "2f3ef7eb-5925-4f1d-8753-bf1561bc948f", "name": "network-vif-plugged", "status": "completed", "tag": "6b5afc73-cb19-4c63-b8a4-92235489e212"}, {"server_uuid": "2f3ef7eb-5925-4f1d-8753-bf1561bc948f", "name": "network-vif-plugged", "status": "completed", "tag": "6b5afc73-cb19-4c63-b8a4-92235489e212"}, {"server_uuid": "e5f6d4bb-59be-427e-9356-6a678d57fc09", "name": "network-vif-plugged", "status": "completed", "tag": "edfe9394-220d-451f-b997-76d9be1e45bc"}]} {{(pid=84598) _process_stack /opt/stack/nova/nova/api/openstack/wsgi.py:549}}
Aug 24 09:01:25.178600 np0000007958 devstack@n-api.service[84598]: DEBUG oslo_concurrency.lockutils [req-4807d2eb-1096-4d8d-bb67-4c15eb1ba414 req-304a215c-5670-49c2-b4cd-5edc2bbbc577 service nova] Acquiring lock "3eb53f3f-7b5e-4df3-97aa-abe7523a6dd2" by "nova.context.set_target_cell..get_or_set_cached_cell_and_set_connections" {{(pid=84598) inner /opt/stack/data/venv/lib/python3.12/site-packages/oslo_concurrency/lockutils.py:512}}
Aug 24 09:01:25.179126 np0000007958 devstack@n-api.service[84598]: DEBUG oslo_concurrency.lockutils [req-4807d2eb-1096-4d8d-bb67-4c15eb1ba414 req-304a215c-5670-49c2-b4cd-5edc2bbbc577 service nova] Lock "3eb53f3f-7b5e-4df3-97aa-abe7523a6dd2" acquired by "nova.context.set_target_cell..get_or_set_cached_cell_and_set_connections" :: waited 0.000s {{(pid=84598) inner /opt/stack/data/venv/lib/python3.12/site-packages/oslo_concurrency/lockutils.py:525}}
Aug 24 09:01:25.179126 np0000007958 devstack@n-api.service[84598]: DEBUG oslo_concurrency.lockutils [req-4807d2eb-1096-4d8d-bb67-4c15eb1ba414 req-304a215c-5670-49c2-b4cd-5edc2bbbc577 service nova] Lock "3eb53f3f-7b5e-4df3-97aa-abe7523a6dd2" "released" by "nova.context.set_target_cell..get_or_set_cached_cell_and_set_connections" :: held 0.000s {{(pid=84598) inner /opt/stack/data/venv/lib/python3.12/site-packages/oslo_concurrency/lockutils.py:544}}
Aug 24 09:01:25.190748 np0000007958 devstack@n-api.service[84598]: INFO nova.api.openstack.compute.server_external_events [req-4807d2eb-1096-4d8d-bb67-4c15eb1ba414 req-304a215c-5670-49c2-b4cd-5edc2bbbc577 service nova] Creating event network-vif-plugged:68313c58-7715-4447-963a-6c108ec4ab05 for instance 2f3ef7eb-5925-4f1d-8753-bf1561bc948f on np0000007958
Aug 24 09:01:25.191424 np0000007958 devstack@n-api.service[84598]: INFO nova.api.openstack.compute.server_external_events [req-4807d2eb-1096-4d8d-bb67-4c15eb1ba414 req-304a215c-5670-49c2-b4cd-5edc2bbbc577 service nova] Creating event network-vif-plugged:6b5afc73-cb19-4c63-b8a4-92235489e212 for instance 2f3ef7eb-5925-4f1d-8753-bf1561bc948f on np0000007958
Aug 24 09:01:25.191424 np0000007958 devstack@n-api.service[84598]: INFO nova.api.openstack.compute.server_external_events [req-4807d2eb-1096-4d8d-bb67-4c15eb1ba414 req-304a215c-5670-49c2-b4cd-5edc2bbbc577 service nova] Creating event network-vif-plugged:6b5afc73-cb19-4c63-b8a4-92235489e212 for instance 2f3ef7eb-5925-4f1d-8753-bf1561bc948f on np0000007958
Aug 24 09:01:25.191541 np0000007958 devstack@n-api.service[84598]: INFO nova.api.openstack.compute.server_external_events [req-4807d2eb-1096-4d8d-bb67-4c15eb1ba414 req-304a215c-5670-49c2-b4cd-5edc2bbbc577 service nova] Creating event network-vif-plugged:edfe9394-220d-451f-b997-76d9be1e45bc for instance e5f6d4bb-59be-427e-9356-6a678d57fc09 on np0000007958
Aug 24 09:01:25.192078 np0000007958 devstack@n-api.service[84598]: DEBUG nova.compute.rpcapi [req-4807d2eb-1096-4d8d-bb67-4c15eb1ba414 req-304a215c-5670-49c2-b4cd-5edc2bbbc577 service nova] RPC: Sending the message to topic: compute-alt {{(pid=84598) prepare_for_alt_rpcserver /opt/stack/nova/nova/compute/rpcapi.py:595}}
Aug 24 09:01:25.200670 np0000007958 devstack@n-api.service[84598]: INFO nova.api.openstack.requestlog [req-4807d2eb-1096-4d8d-bb67-4c15eb1ba414 req-304a215c-5670-49c2-b4cd-5edc2bbbc577 service nova] 10.4.3.4 "POST /compute/v2.1/os-server-external-events" status: 200 len: 696 microversion: 2.1 time: 0.036980
Aug 24 09:01:25.201082 np0000007958 devstack@n-api.service[84598]: [pid: 84598|app: 0|req: 40/138] 10.4.3.4 () {72 vars in 1418 bytes} [Mon Aug 24 09:01:25 2026] POST /compute/v2.1/os-server-external-events => generated 696 bytes in 38 msecs (HTTP/1.1 200) 9 headers in 357 bytes (1 switches on core 0)
Aug 24 09:01:25.207927 np0000007958 devstack@n-api.service[84600]: DEBUG nova.api.openstack.wsgi [req-63d50df7-58de-4d2d-9065-67f4314d8ac0 req-d5000eda-8135-407a-a71d-faa9e0d0a5d5 service nova] Action: 'create', calling method: >, body: {"events": [{"server_uuid": "2f3ef7eb-5925-4f1d-8753-bf1561bc948f", "name": "network-vif-plugged", "status": "completed", "tag": "7e52eb01-3b51-4af7-a370-e5e1cbd4f4db"}, {"server_uuid": "e5f6d4bb-59be-427e-9356-6a678d57fc09", "name": "network-vif-plugged", "status": "completed", "tag": "266f5ca4-f3d1-4382-9f49-201e40f1fb21"}, {"server_uuid": "e5f6d4bb-59be-427e-9356-6a678d57fc09", "name": "network-vif-plugged", "status": "completed", "tag": "266f5ca4-f3d1-4382-9f49-201e40f1fb21"}]} {{(pid=84600) _process_stack /opt/stack/nova/nova/api/openstack/wsgi.py:549}}
Aug 24 09:01:25.213649 np0000007958 devstack@n-api.service[84598]: DEBUG nova.api.openstack.wsgi [None req-a13fd97c-1912-4bf9-af3c-ef5ff1aa729f tempest-TaggedBootDevicesTest-1450097013 tempest-TaggedBootDevicesTest-1450097013-project-member] Calling method '>' {{(pid=84598) _process_stack /opt/stack/nova/nova/api/openstack/wsgi.py:551}}
Aug 24 09:01:25.215987 np0000007958 devstack@n-api.service[84598]: DEBUG nova.compute.api [None req-a13fd97c-1912-4bf9-af3c-ef5ff1aa729f tempest-TaggedBootDevicesTest-1450097013 tempest-TaggedBootDevicesTest-1450097013-project-member] [instance: 2f3ef7eb-5925-4f1d-8753-bf1561bc948f] Fetching instance by UUID {{(pid=84598) get /opt/stack/nova/nova/compute/api.py:3068}}
Aug 24 09:01:25.219621 np0000007958 devstack@n-api.service[84600]: DEBUG oslo_concurrency.lockutils [req-63d50df7-58de-4d2d-9065-67f4314d8ac0 req-d5000eda-8135-407a-a71d-faa9e0d0a5d5 service nova] Acquiring lock "3eb53f3f-7b5e-4df3-97aa-abe7523a6dd2" by "nova.context.set_target_cell..get_or_set_cached_cell_and_set_connections" {{(pid=84600) inner /opt/stack/data/venv/lib/python3.12/site-packages/oslo_concurrency/lockutils.py:512}}
Aug 24 09:01:25.220299 np0000007958 devstack@n-api.service[84600]: DEBUG oslo_concurrency.lockutils [req-63d50df7-58de-4d2d-9065-67f4314d8ac0 req-d5000eda-8135-407a-a71d-faa9e0d0a5d5 service nova] Lock "3eb53f3f-7b5e-4df3-97aa-abe7523a6dd2" acquired by "nova.context.set_target_cell..get_or_set_cached_cell_and_set_connections" :: waited 0.000s {{(pid=84600) inner /opt/stack/data/venv/lib/python3.12/site-packages/oslo_concurrency/lockutils.py:525}}
Aug 24 09:01:25.220299 np0000007958 devstack@n-api.service[84600]: DEBUG oslo_concurrency.lockutils [req-63d50df7-58de-4d2d-9065-67f4314d8ac0 req-d5000eda-8135-407a-a71d-faa9e0d0a5d5 service nova] Lock "3eb53f3f-7b5e-4df3-97aa-abe7523a6dd2" "released" by "nova.context.set_target_cell..get_or_set_cached_cell_and_set_connections" :: held 0.000s {{(pid=84600) inner /opt/stack/data/venv/lib/python3.12/site-packages/oslo_concurrency/lockutils.py:544}}
Aug 24 09:01:25.223766 np0000007958 devstack@n-api.service[84598]: DEBUG oslo_concurrency.lockutils [None req-a13fd97c-1912-4bf9-af3c-ef5ff1aa729f tempest-TaggedBootDevicesTest-1450097013 tempest-TaggedBootDevicesTest-1450097013-project-member] Acquiring lock "3eb53f3f-7b5e-4df3-97aa-abe7523a6dd2" by "nova.context.set_target_cell..get_or_set_cached_cell_and_set_connections" {{(pid=84598) inner /opt/stack/data/venv/lib/python3.12/site-packages/oslo_concurrency/lockutils.py:512}}
Aug 24 09:01:25.224098 np0000007958 devstack@n-api.service[84598]: DEBUG oslo_concurrency.lockutils [None req-a13fd97c-1912-4bf9-af3c-ef5ff1aa729f tempest-TaggedBootDevicesTest-1450097013 tempest-TaggedBootDevicesTest-1450097013-project-member] Lock "3eb53f3f-7b5e-4df3-97aa-abe7523a6dd2" acquired by "nova.context.set_target_cell..get_or_set_cached_cell_and_set_connections" :: waited 0.001s {{(pid=84598) inner /opt/stack/data/venv/lib/python3.12/site-packages/oslo_concurrency/lockutils.py:525}}
Aug 24 09:01:25.224407 np0000007958 devstack@n-api.service[84598]: DEBUG oslo_concurrency.lockutils [None req-a13fd97c-1912-4bf9-af3c-ef5ff1aa729f tempest-TaggedBootDevicesTest-1450097013 tempest-TaggedBootDevicesTest-1450097013-project-member] Lock "3eb53f3f-7b5e-4df3-97aa-abe7523a6dd2" "released" by "nova.context.set_target_cell..get_or_set_cached_cell_and_set_connections" :: held 0.000s {{(pid=84598) inner /opt/stack/data/venv/lib/python3.12/site-packages/oslo_concurrency/lockutils.py:544}}
Aug 24 09:01:25.224945 np0000007958 devstack@n-api.service[84598]: DEBUG oslo_concurrency.lockutils [None req-a13fd97c-1912-4bf9-af3c-ef5ff1aa729f tempest-TaggedBootDevicesTest-1450097013 tempest-TaggedBootDevicesTest-1450097013-project-member] Acquiring lock "3eb53f3f-7b5e-4df3-97aa-abe7523a6dd2" by "nova.context.set_target_cell..get_or_set_cached_cell_and_set_connections" {{(pid=84598) inner /opt/stack/data/venv/lib/python3.12/site-packages/oslo_concurrency/lockutils.py:512}}
Aug 24 09:01:25.225397 np0000007958 devstack@n-api.service[84598]: DEBUG oslo_concurrency.lockutils [None req-a13fd97c-1912-4bf9-af3c-ef5ff1aa729f tempest-TaggedBootDevicesTest-1450097013 tempest-TaggedBootDevicesTest-1450097013-project-member] Lock "3eb53f3f-7b5e-4df3-97aa-abe7523a6dd2" acquired by "nova.context.set_target_cell..get_or_set_cached_cell_and_set_connections" :: waited 0.000s {{(pid=84598) inner /opt/stack/data/venv/lib/python3.12/site-packages/oslo_concurrency/lockutils.py:525}}
Aug 24 09:01:25.225796 np0000007958 devstack@n-api.service[84598]: DEBUG oslo_concurrency.lockutils [None req-a13fd97c-1912-4bf9-af3c-ef5ff1aa729f tempest-TaggedBootDevicesTest-1450097013 tempest-TaggedBootDevicesTest-1450097013-project-member] Lock "3eb53f3f-7b5e-4df3-97aa-abe7523a6dd2" "released" by "nova.context.set_target_cell..get_or_set_cached_cell_and_set_connections" :: held 0.000s {{(pid=84598) inner /opt/stack/data/venv/lib/python3.12/site-packages/oslo_concurrency/lockutils.py:544}}
Aug 24 09:01:25.227602 np0000007958 devstack@n-api.service[84600]: INFO nova.api.openstack.compute.server_external_events [req-63d50df7-58de-4d2d-9065-67f4314d8ac0 req-d5000eda-8135-407a-a71d-faa9e0d0a5d5 service nova] Creating event network-vif-plugged:7e52eb01-3b51-4af7-a370-e5e1cbd4f4db for instance 2f3ef7eb-5925-4f1d-8753-bf1561bc948f on np0000007958
Aug 24 09:01:25.227709 np0000007958 devstack@n-api.service[84600]: INFO nova.api.openstack.compute.server_external_events [req-63d50df7-58de-4d2d-9065-67f4314d8ac0 req-d5000eda-8135-407a-a71d-faa9e0d0a5d5 service nova] Creating event network-vif-plugged:266f5ca4-f3d1-4382-9f49-201e40f1fb21 for instance e5f6d4bb-59be-427e-9356-6a678d57fc09 on np0000007958
Aug 24 09:01:25.227911 np0000007958 devstack@n-api.service[84600]: INFO nova.api.openstack.compute.server_external_events [req-63d50df7-58de-4d2d-9065-67f4314d8ac0 req-d5000eda-8135-407a-a71d-faa9e0d0a5d5 service nova] Creating event network-vif-plugged:266f5ca4-f3d1-4382-9f49-201e40f1fb21 for instance e5f6d4bb-59be-427e-9356-6a678d57fc09 on np0000007958
Aug 24 09:01:25.228435 np0000007958 devstack@n-api.service[84600]: DEBUG nova.compute.rpcapi [req-63d50df7-58de-4d2d-9065-67f4314d8ac0 req-d5000eda-8135-407a-a71d-faa9e0d0a5d5 service nova] RPC: Sending the message to topic: compute-alt {{(pid=84600) prepare_for_alt_rpcserver /opt/stack/nova/nova/compute/rpcapi.py:595}}
Aug 24 09:01:25.239598 np0000007958 devstack@n-api.service[84600]: INFO nova.api.openstack.requestlog [req-63d50df7-58de-4d2d-9065-67f4314d8ac0 req-d5000eda-8135-407a-a71d-faa9e0d0a5d5 service nova] 10.4.3.4 "POST /compute/v2.1/os-server-external-events" status: 200 len: 525 microversion: 2.1 time: 0.035460
Aug 24 09:01:25.240141 np0000007958 devstack@n-api.service[84600]: [pid: 84600|app: 0|req: 55/139] 10.4.3.4 () {72 vars in 1418 bytes} [Mon Aug 24 09:01:25 2026] POST /compute/v2.1/os-server-external-events => generated 525 bytes in 36 msecs (HTTP/1.1 200) 9 headers in 357 bytes (1 switches on core 0)
Aug 24 09:01:25.248723 np0000007958 devstack@n-api.service[84598]: WARNING neutronclient.v2_0.client [None req-a13fd97c-1912-4bf9-af3c-ef5ff1aa729f tempest-TaggedBootDevicesTest-1450097013 tempest-TaggedBootDevicesTest-1450097013-project-member] The python binding code in neutronclient is deprecated in favor of OpenstackSDK, please use that as this will be removed in a future release.
Aug 24 09:01:25.436790 np0000007958 devstack@n-api.service[84599]: DEBUG nova.policy [None req-525e6763-a794-4ae9-8d6c-3bb90aab3a0f tempest-TaggedBootDevicesTest_v242-1932110994 tempest-TaggedBootDevicesTest_v242-1932110994-project-member] Policy check for os_compute_api:os-extended-server-attributes failed with credentials {'is_admin': False, 'user_id': '92b563ce56a340c482850480613fa4ab', 'user_domain_id': 'default', 'system_scope': None, 'domain_id': None, 'project_id': '6413e7eb108247f4a7ca6ac1179a49e0', 'project_domain_id': 'default', 'roles': ['reader', 'member'], 'is_admin_project': True, 'service_user_id': None, 'service_user_domain_id': None, 'service_project_id': None, 'service_project_domain_id': None, 'service_roles': []} {{(pid=84599) authorize /opt/stack/nova/nova/policy.py:202}}
Aug 24 09:01:25.443794 np0000007958 devstack@n-api.service[84599]: DEBUG nova.policy [None req-525e6763-a794-4ae9-8d6c-3bb90aab3a0f tempest-TaggedBootDevicesTest_v242-1932110994 tempest-TaggedBootDevicesTest_v242-1932110994-project-member] Policy check for os_compute_api:servers:show:host_status failed with credentials {'is_admin': False, 'user_id': '92b563ce56a340c482850480613fa4ab', 'user_domain_id': 'default', 'system_scope': None, 'domain_id': None, 'project_id': '6413e7eb108247f4a7ca6ac1179a49e0', 'project_domain_id': 'default', 'roles': ['reader', 'member'], 'is_admin_project': True, 'service_user_id': None, 'service_user_domain_id': None, 'service_project_id': None, 'service_project_domain_id': None, 'service_roles': []} {{(pid=84599) authorize /opt/stack/nova/nova/policy.py:202}}
Aug 24 09:01:25.444708 np0000007958 devstack@n-api.service[84599]: DEBUG nova.policy [None req-525e6763-a794-4ae9-8d6c-3bb90aab3a0f tempest-TaggedBootDevicesTest_v242-1932110994 tempest-TaggedBootDevicesTest_v242-1932110994-project-member] Policy check for os_compute_api:servers:show:host_status:unknown-only failed with credentials {'is_admin': False, 'user_id': '92b563ce56a340c482850480613fa4ab', 'user_domain_id': 'default', 'system_scope': None, 'domain_id': None, 'project_id': '6413e7eb108247f4a7ca6ac1179a49e0', 'project_domain_id': 'default', 'roles': ['reader', 'member'], 'is_admin_project': True, 'service_user_id': None, 'service_user_domain_id': None, 'service_project_id': None, 'service_project_domain_id': None, 'service_roles': []} {{(pid=84599) authorize /opt/stack/nova/nova/policy.py:202}}
Aug 24 09:01:25.450506 np0000007958 devstack@n-api.service[84599]: INFO nova.api.openstack.requestlog [None req-525e6763-a794-4ae9-8d6c-3bb90aab3a0f tempest-TaggedBootDevicesTest_v242-1932110994 tempest-TaggedBootDevicesTest_v242-1932110994-project-member] 10.4.3.4 "GET /compute/v2.1/servers/e5f6d4bb-59be-427e-9356-6a678d57fc09" status: 200 len: 1869 microversion: 2.42 time: 0.814348
Aug 24 09:01:25.450506 np0000007958 devstack@n-api.service[84599]: [pid: 84599|app: 0|req: 45/140] 10.4.3.4 () {68 vars in 1381 bytes} [Mon Aug 24 09:01:24 2026] GET /compute/v2.1/servers/e5f6d4bb-59be-427e-9356-6a678d57fc09 => generated 1869 bytes in 817 msecs (HTTP/1.1 200) 9 headers in 360 bytes (1 switches on core 0)
Aug 24 09:01:25.935485 np0000007958 devstack@n-api.service[84598]: DEBUG nova.policy [None req-a13fd97c-1912-4bf9-af3c-ef5ff1aa729f tempest-TaggedBootDevicesTest-1450097013 tempest-TaggedBootDevicesTest-1450097013-project-member] Policy check for os_compute_api:os-extended-server-attributes failed with credentials {'is_admin': False, 'user_id': '5d8a215d51d240aea3ac38f9359b9ed9', 'user_domain_id': 'default', 'system_scope': None, 'domain_id': None, 'project_id': 'd980b32d2d264ab3992f935b11a0c36f', 'project_domain_id': 'default', 'roles': ['reader', 'member'], 'is_admin_project': True, 'service_user_id': None, 'service_user_domain_id': None, 'service_project_id': None, 'service_project_domain_id': None, 'service_roles': []} {{(pid=84598) authorize /opt/stack/nova/nova/policy.py:202}}
Aug 24 09:01:25.941152 np0000007958 devstack@n-api.service[84598]: DEBUG nova.policy [None req-a13fd97c-1912-4bf9-af3c-ef5ff1aa729f tempest-TaggedBootDevicesTest-1450097013 tempest-TaggedBootDevicesTest-1450097013-project-member] Policy check for os_compute_api:servers:show:host_status failed with credentials {'is_admin': False, 'user_id': '5d8a215d51d240aea3ac38f9359b9ed9', 'user_domain_id': 'default', 'system_scope': None, 'domain_id': None, 'project_id': 'd980b32d2d264ab3992f935b11a0c36f', 'project_domain_id': 'default', 'roles': ['reader', 'member'], 'is_admin_project': True, 'service_user_id': None, 'service_user_domain_id': None, 'service_project_id': None, 'service_project_domain_id': None, 'service_roles': []} {{(pid=84598) authorize /opt/stack/nova/nova/policy.py:202}}
Aug 24 09:01:25.941798 np0000007958 devstack@n-api.service[84598]: DEBUG nova.policy [None req-a13fd97c-1912-4bf9-af3c-ef5ff1aa729f tempest-TaggedBootDevicesTest-1450097013 tempest-TaggedBootDevicesTest-1450097013-project-member] Policy check for os_compute_api:servers:show:host_status:unknown-only failed with credentials {'is_admin': False, 'user_id': '5d8a215d51d240aea3ac38f9359b9ed9', 'user_domain_id': 'default', 'system_scope': None, 'domain_id': None, 'project_id': 'd980b32d2d264ab3992f935b11a0c36f', 'project_domain_id': 'default', 'roles': ['reader', 'member'], 'is_admin_project': True, 'service_user_id': None, 'service_user_domain_id': None, 'service_project_id': None, 'service_project_domain_id': None, 'service_roles': []} {{(pid=84598) authorize /opt/stack/nova/nova/policy.py:202}}
Aug 24 09:01:25.947322 np0000007958 devstack@n-api.service[84598]: INFO nova.api.openstack.requestlog [None req-a13fd97c-1912-4bf9-af3c-ef5ff1aa729f tempest-TaggedBootDevicesTest-1450097013 tempest-TaggedBootDevicesTest-1450097013-project-member] 10.4.3.4 "GET /compute/v2.1/servers/2f3ef7eb-5925-4f1d-8753-bf1561bc948f" status: 200 len: 1870 microversion: 2.32 time: 0.737071
Aug 24 09:01:25.947633 np0000007958 devstack@n-api.service[84598]: [pid: 84598|app: 0|req: 41/141] 10.4.3.4 () {68 vars in 1381 bytes} [Mon Aug 24 09:01:25 2026] GET /compute/v2.1/servers/2f3ef7eb-5925-4f1d-8753-bf1561bc948f => generated 1870 bytes in 738 msecs (HTTP/1.1 200) 9 headers in 360 bytes (1 switches on core 0)
Aug 24 09:01:26.473124 np0000007958 devstack@n-api.service[84600]: DEBUG nova.api.openstack.wsgi [None req-91e652e4-11f3-46c2-9ecb-731c3075b3d9 tempest-TaggedBootDevicesTest_v242-1932110994 tempest-TaggedBootDevicesTest_v242-1932110994-project-member] Calling method '>' {{(pid=84600) _process_stack /opt/stack/nova/nova/api/openstack/wsgi.py:551}}
Aug 24 09:01:26.478754 np0000007958 devstack@n-api.service[84600]: DEBUG nova.compute.api [None req-91e652e4-11f3-46c2-9ecb-731c3075b3d9 tempest-TaggedBootDevicesTest_v242-1932110994 tempest-TaggedBootDevicesTest_v242-1932110994-project-member] [instance: e5f6d4bb-59be-427e-9356-6a678d57fc09] Fetching instance by UUID {{(pid=84600) get /opt/stack/nova/nova/compute/api.py:3068}}
Aug 24 09:01:26.490420 np0000007958 devstack@n-api.service[84600]: DEBUG oslo_concurrency.lockutils [None req-91e652e4-11f3-46c2-9ecb-731c3075b3d9 tempest-TaggedBootDevicesTest_v242-1932110994 tempest-TaggedBootDevicesTest_v242-1932110994-project-member] Acquiring lock "3eb53f3f-7b5e-4df3-97aa-abe7523a6dd2" by "nova.context.set_target_cell..get_or_set_cached_cell_and_set_connections" {{(pid=84600) inner /opt/stack/data/venv/lib/python3.12/site-packages/oslo_concurrency/lockutils.py:512}}
Aug 24 09:01:26.491824 np0000007958 devstack@n-api.service[84600]: DEBUG oslo_concurrency.lockutils [None req-91e652e4-11f3-46c2-9ecb-731c3075b3d9 tempest-TaggedBootDevicesTest_v242-1932110994 tempest-TaggedBootDevicesTest_v242-1932110994-project-member] Lock "3eb53f3f-7b5e-4df3-97aa-abe7523a6dd2" acquired by "nova.context.set_target_cell..get_or_set_cached_cell_and_set_connections" :: waited 0.002s {{(pid=84600) inner /opt/stack/data/venv/lib/python3.12/site-packages/oslo_concurrency/lockutils.py:525}}
Aug 24 09:01:26.492115 np0000007958 devstack@n-api.service[84600]: DEBUG oslo_concurrency.lockutils [None req-91e652e4-11f3-46c2-9ecb-731c3075b3d9 tempest-TaggedBootDevicesTest_v242-1932110994 tempest-TaggedBootDevicesTest_v242-1932110994-project-member] Lock "3eb53f3f-7b5e-4df3-97aa-abe7523a6dd2" "released" by "nova.context.set_target_cell..get_or_set_cached_cell_and_set_connections" :: held 0.000s {{(pid=84600) inner /opt/stack/data/venv/lib/python3.12/site-packages/oslo_concurrency/lockutils.py:544}}
Aug 24 09:01:26.492639 np0000007958 devstack@n-api.service[84600]: DEBUG oslo_concurrency.lockutils [None req-91e652e4-11f3-46c2-9ecb-731c3075b3d9 tempest-TaggedBootDevicesTest_v242-1932110994 tempest-TaggedBootDevicesTest_v242-1932110994-project-member] Acquiring lock "3eb53f3f-7b5e-4df3-97aa-abe7523a6dd2" by "nova.context.set_target_cell..get_or_set_cached_cell_and_set_connections" {{(pid=84600) inner /opt/stack/data/venv/lib/python3.12/site-packages/oslo_concurrency/lockutils.py:512}}
Aug 24 09:01:26.492944 np0000007958 devstack@n-api.service[84600]: DEBUG oslo_concurrency.lockutils [None req-91e652e4-11f3-46c2-9ecb-731c3075b3d9 tempest-TaggedBootDevicesTest_v242-1932110994 tempest-TaggedBootDevicesTest_v242-1932110994-project-member] Lock "3eb53f3f-7b5e-4df3-97aa-abe7523a6dd2" acquired by "nova.context.set_target_cell..get_or_set_cached_cell_and_set_connections" :: waited 0.000s {{(pid=84600) inner /opt/stack/data/venv/lib/python3.12/site-packages/oslo_concurrency/lockutils.py:525}}
Aug 24 09:01:26.494688 np0000007958 devstack@n-api.service[84600]: DEBUG oslo_concurrency.lockutils [None req-91e652e4-11f3-46c2-9ecb-731c3075b3d9 tempest-TaggedBootDevicesTest_v242-1932110994 tempest-TaggedBootDevicesTest_v242-1932110994-project-member] Lock "3eb53f3f-7b5e-4df3-97aa-abe7523a6dd2" "released" by "nova.context.set_target_cell..get_or_set_cached_cell_and_set_connections" :: held 0.000s {{(pid=84600) inner /opt/stack/data/venv/lib/python3.12/site-packages/oslo_concurrency/lockutils.py:544}}
Aug 24 09:01:26.524621 np0000007958 devstack@n-api.service[84600]: WARNING neutronclient.v2_0.client [None req-91e652e4-11f3-46c2-9ecb-731c3075b3d9 tempest-TaggedBootDevicesTest_v242-1932110994 tempest-TaggedBootDevicesTest_v242-1932110994-project-member] The python binding code in neutronclient is deprecated in favor of OpenstackSDK, please use that as this will be removed in a future release.
Aug 24 09:01:26.744119 np0000007958 devstack@n-api.service[84600]: DEBUG nova.policy [None req-91e652e4-11f3-46c2-9ecb-731c3075b3d9 tempest-TaggedBootDevicesTest_v242-1932110994 tempest-TaggedBootDevicesTest_v242-1932110994-project-member] Policy check for os_compute_api:os-extended-server-attributes failed with credentials {'is_admin': False, 'user_id': '92b563ce56a340c482850480613fa4ab', 'user_domain_id': 'default', 'system_scope': None, 'domain_id': None, 'project_id': '6413e7eb108247f4a7ca6ac1179a49e0', 'project_domain_id': 'default', 'roles': ['reader', 'member'], 'is_admin_project': True, 'service_user_id': None, 'service_user_domain_id': None, 'service_project_id': None, 'service_project_domain_id': None, 'service_roles': []} {{(pid=84600) authorize /opt/stack/nova/nova/policy.py:202}}
Aug 24 09:01:26.751509 np0000007958 devstack@n-api.service[84600]: DEBUG nova.policy [None req-91e652e4-11f3-46c2-9ecb-731c3075b3d9 tempest-TaggedBootDevicesTest_v242-1932110994 tempest-TaggedBootDevicesTest_v242-1932110994-project-member] Policy check for os_compute_api:servers:show:host_status failed with credentials {'is_admin': False, 'user_id': '92b563ce56a340c482850480613fa4ab', 'user_domain_id': 'default', 'system_scope': None, 'domain_id': None, 'project_id': '6413e7eb108247f4a7ca6ac1179a49e0', 'project_domain_id': 'default', 'roles': ['reader', 'member'], 'is_admin_project': True, 'service_user_id': None, 'service_user_domain_id': None, 'service_project_id': None, 'service_project_domain_id': None, 'service_roles': []} {{(pid=84600) authorize /opt/stack/nova/nova/policy.py:202}}
Aug 24 09:01:26.752956 np0000007958 devstack@n-api.service[84600]: DEBUG nova.policy [None req-91e652e4-11f3-46c2-9ecb-731c3075b3d9 tempest-TaggedBootDevicesTest_v242-1932110994 tempest-TaggedBootDevicesTest_v242-1932110994-project-member] Policy check for os_compute_api:servers:show:host_status:unknown-only failed with credentials {'is_admin': False, 'user_id': '92b563ce56a340c482850480613fa4ab', 'user_domain_id': 'default', 'system_scope': None, 'domain_id': None, 'project_id': '6413e7eb108247f4a7ca6ac1179a49e0', 'project_domain_id': 'default', 'roles': ['reader', 'member'], 'is_admin_project': True, 'service_user_id': None, 'service_user_domain_id': None, 'service_project_id': None, 'service_project_domain_id': None, 'service_roles': []} {{(pid=84600) authorize /opt/stack/nova/nova/policy.py:202}}
Aug 24 09:01:26.759502 np0000007958 devstack@n-api.service[84600]: INFO nova.api.openstack.requestlog [None req-91e652e4-11f3-46c2-9ecb-731c3075b3d9 tempest-TaggedBootDevicesTest_v242-1932110994 tempest-TaggedBootDevicesTest_v242-1932110994-project-member] 10.4.3.4 "GET /compute/v2.1/servers/e5f6d4bb-59be-427e-9356-6a678d57fc09" status: 200 len: 1869 microversion: 2.42 time: 0.291086
Aug 24 09:01:26.759961 np0000007958 devstack@n-api.service[84600]: [pid: 84600|app: 0|req: 56/142] 10.4.3.4 () {68 vars in 1381 bytes} [Mon Aug 24 09:01:26 2026] GET /compute/v2.1/servers/e5f6d4bb-59be-427e-9356-6a678d57fc09 => generated 1869 bytes in 292 msecs (HTTP/1.1 200) 9 headers in 360 bytes (1 switches on core 0)
Aug 24 09:01:26.972443 np0000007958 devstack@n-api.service[84599]: DEBUG nova.api.openstack.wsgi [None req-58f8cb1f-2a7e-48be-8406-f4f7c01e0425 tempest-TaggedBootDevicesTest-1450097013 tempest-TaggedBootDevicesTest-1450097013-project-member] Calling method '>' {{(pid=84599) _process_stack /opt/stack/nova/nova/api/openstack/wsgi.py:551}}
Aug 24 09:01:26.974560 np0000007958 devstack@n-api.service[84599]: DEBUG nova.compute.api [None req-58f8cb1f-2a7e-48be-8406-f4f7c01e0425 tempest-TaggedBootDevicesTest-1450097013 tempest-TaggedBootDevicesTest-1450097013-project-member] [instance: 2f3ef7eb-5925-4f1d-8753-bf1561bc948f] Fetching instance by UUID {{(pid=84599) get /opt/stack/nova/nova/compute/api.py:3068}}
Aug 24 09:01:26.978786 np0000007958 devstack@n-api.service[84599]: DEBUG oslo_concurrency.lockutils [None req-58f8cb1f-2a7e-48be-8406-f4f7c01e0425 tempest-TaggedBootDevicesTest-1450097013 tempest-TaggedBootDevicesTest-1450097013-project-member] Acquiring lock "3eb53f3f-7b5e-4df3-97aa-abe7523a6dd2" by "nova.context.set_target_cell..get_or_set_cached_cell_and_set_connections" {{(pid=84599) inner /opt/stack/data/venv/lib/python3.12/site-packages/oslo_concurrency/lockutils.py:512}}
Aug 24 09:01:26.979116 np0000007958 devstack@n-api.service[84599]: DEBUG oslo_concurrency.lockutils [None req-58f8cb1f-2a7e-48be-8406-f4f7c01e0425 tempest-TaggedBootDevicesTest-1450097013 tempest-TaggedBootDevicesTest-1450097013-project-member] Lock "3eb53f3f-7b5e-4df3-97aa-abe7523a6dd2" acquired by "nova.context.set_target_cell..get_or_set_cached_cell_and_set_connections" :: waited 0.000s {{(pid=84599) inner /opt/stack/data/venv/lib/python3.12/site-packages/oslo_concurrency/lockutils.py:525}}
Aug 24 09:01:26.980436 np0000007958 devstack@n-api.service[84599]: DEBUG oslo_concurrency.lockutils [None req-58f8cb1f-2a7e-48be-8406-f4f7c01e0425 tempest-TaggedBootDevicesTest-1450097013 tempest-TaggedBootDevicesTest-1450097013-project-member] Lock "3eb53f3f-7b5e-4df3-97aa-abe7523a6dd2" "released" by "nova.context.set_target_cell..get_or_set_cached_cell_and_set_connections" :: held 0.000s {{(pid=84599) inner /opt/stack/data/venv/lib/python3.12/site-packages/oslo_concurrency/lockutils.py:544}}
Aug 24 09:01:26.980436 np0000007958 devstack@n-api.service[84599]: DEBUG oslo_concurrency.lockutils [None req-58f8cb1f-2a7e-48be-8406-f4f7c01e0425 tempest-TaggedBootDevicesTest-1450097013 tempest-TaggedBootDevicesTest-1450097013-project-member] Acquiring lock "3eb53f3f-7b5e-4df3-97aa-abe7523a6dd2" by "nova.context.set_target_cell..get_or_set_cached_cell_and_set_connections" {{(pid=84599) inner /opt/stack/data/venv/lib/python3.12/site-packages/oslo_concurrency/lockutils.py:512}}
Aug 24 09:01:26.980436 np0000007958 devstack@n-api.service[84599]: DEBUG oslo_concurrency.lockutils [None req-58f8cb1f-2a7e-48be-8406-f4f7c01e0425 tempest-TaggedBootDevicesTest-1450097013 tempest-TaggedBootDevicesTest-1450097013-project-member] Lock "3eb53f3f-7b5e-4df3-97aa-abe7523a6dd2" acquired by "nova.context.set_target_cell..get_or_set_cached_cell_and_set_connections" :: waited 0.000s {{(pid=84599) inner /opt/stack/data/venv/lib/python3.12/site-packages/oslo_concurrency/lockutils.py:525}}
Aug 24 09:01:26.980746 np0000007958 devstack@n-api.service[84599]: DEBUG oslo_concurrency.lockutils [None req-58f8cb1f-2a7e-48be-8406-f4f7c01e0425 tempest-TaggedBootDevicesTest-1450097013 tempest-TaggedBootDevicesTest-1450097013-project-member] Lock "3eb53f3f-7b5e-4df3-97aa-abe7523a6dd2" "released" by "nova.context.set_target_cell..get_or_set_cached_cell_and_set_connections" :: held 0.000s {{(pid=84599) inner /opt/stack/data/venv/lib/python3.12/site-packages/oslo_concurrency/lockutils.py:544}}
Aug 24 09:01:27.008571 np0000007958 devstack@n-api.service[84599]: WARNING neutronclient.v2_0.client [None req-58f8cb1f-2a7e-48be-8406-f4f7c01e0425 tempest-TaggedBootDevicesTest-1450097013 tempest-TaggedBootDevicesTest-1450097013-project-member] The python binding code in neutronclient is deprecated in favor of OpenstackSDK, please use that as this will be removed in a future release.
Aug 24 09:01:27.205070 np0000007958 devstack@n-api.service[84598]: DEBUG nova.api.openstack.wsgi [req-8d2c787d-68d9-494f-8f3a-e612fa02a894 req-1c0913de-596b-454d-881c-9fd043fc2042 service nova] Action: 'create', calling method: >, body: {"events": [{"server_uuid": "2f3ef7eb-5925-4f1d-8753-bf1561bc948f", "name": "network-vif-plugged", "status": "completed", "tag": "36f81c1e-d82b-48f7-a076-fb8cb8976e5c"}, {"server_uuid": "e5f6d4bb-59be-427e-9356-6a678d57fc09", "name": "network-vif-plugged", "status": "completed", "tag": "e32286b0-d0ab-4ebb-91c7-ca8ab3fbbf0f"}, {"server_uuid": "e5f6d4bb-59be-427e-9356-6a678d57fc09", "name": "network-vif-plugged", "status": "completed", "tag": "e32286b0-d0ab-4ebb-91c7-ca8ab3fbbf0f"}, {"server_uuid": "e5f6d4bb-59be-427e-9356-6a678d57fc09", "name": "network-vif-plugged", "status": "completed", "tag": "bee924eb-c04e-4d83-a5fc-b1ce1af90c4e"}, {"server_uuid": "e5f6d4bb-59be-427e-9356-6a678d57fc09", "name": "network-vif-plugged", "status": "completed", "tag": "bee924eb-c04e-4d83-a5fc-b1ce1af90c4e"}, {"server_uuid": "e5f6d4bb-59be-427e-9356-6a678d57fc09", "name": "network-vif-plugged", "status": "completed", "tag": "201e43c8-7266-492b-a981-d38e9519ed7e"}]} {{(pid=84598) _process_stack /opt/stack/nova/nova/api/openstack/wsgi.py:549}}
Aug 24 09:01:27.209360 np0000007958 devstack@n-api.service[84599]: DEBUG nova.policy [None req-58f8cb1f-2a7e-48be-8406-f4f7c01e0425 tempest-TaggedBootDevicesTest-1450097013 tempest-TaggedBootDevicesTest-1450097013-project-member] Policy check for os_compute_api:os-extended-server-attributes failed with credentials {'is_admin': False, 'user_id': '5d8a215d51d240aea3ac38f9359b9ed9', 'user_domain_id': 'default', 'system_scope': None, 'domain_id': None, 'project_id': 'd980b32d2d264ab3992f935b11a0c36f', 'project_domain_id': 'default', 'roles': ['reader', 'member'], 'is_admin_project': True, 'service_user_id': None, 'service_user_domain_id': None, 'service_project_id': None, 'service_project_domain_id': None, 'service_roles': []} {{(pid=84599) authorize /opt/stack/nova/nova/policy.py:202}}
Aug 24 09:01:27.229920 np0000007958 devstack@n-api.service[84599]: DEBUG nova.policy [None req-58f8cb1f-2a7e-48be-8406-f4f7c01e0425 tempest-TaggedBootDevicesTest-1450097013 tempest-TaggedBootDevicesTest-1450097013-project-member] Policy check for os_compute_api:servers:show:host_status failed with credentials {'is_admin': False, 'user_id': '5d8a215d51d240aea3ac38f9359b9ed9', 'user_domain_id': 'default', 'system_scope': None, 'domain_id': None, 'project_id': 'd980b32d2d264ab3992f935b11a0c36f', 'project_domain_id': 'default', 'roles': ['reader', 'member'], 'is_admin_project': True, 'service_user_id': None, 'service_user_domain_id': None, 'service_project_id': None, 'service_project_domain_id': None, 'service_roles': []} {{(pid=84599) authorize /opt/stack/nova/nova/policy.py:202}}
Aug 24 09:01:27.230638 np0000007958 devstack@n-api.service[84599]: DEBUG nova.policy [None req-58f8cb1f-2a7e-48be-8406-f4f7c01e0425 tempest-TaggedBootDevicesTest-1450097013 tempest-TaggedBootDevicesTest-1450097013-project-member] Policy check for os_compute_api:servers:show:host_status:unknown-only failed with credentials {'is_admin': False, 'user_id': '5d8a215d51d240aea3ac38f9359b9ed9', 'user_domain_id': 'default', 'system_scope': None, 'domain_id': None, 'project_id': 'd980b32d2d264ab3992f935b11a0c36f', 'project_domain_id': 'default', 'roles': ['reader', 'member'], 'is_admin_project': True, 'service_user_id': None, 'service_user_domain_id': None, 'service_project_id': None, 'service_project_domain_id': None, 'service_roles': []} {{(pid=84599) authorize /opt/stack/nova/nova/policy.py:202}}
Aug 24 09:01:27.232970 np0000007958 devstack@n-api.service[84598]: DEBUG oslo_concurrency.lockutils [req-8d2c787d-68d9-494f-8f3a-e612fa02a894 req-1c0913de-596b-454d-881c-9fd043fc2042 service nova] Acquiring lock "3eb53f3f-7b5e-4df3-97aa-abe7523a6dd2" by "nova.context.set_target_cell..get_or_set_cached_cell_and_set_connections" {{(pid=84598) inner /opt/stack/data/venv/lib/python3.12/site-packages/oslo_concurrency/lockutils.py:512}}
Aug 24 09:01:27.233230 np0000007958 devstack@n-api.service[84598]: DEBUG oslo_concurrency.lockutils [req-8d2c787d-68d9-494f-8f3a-e612fa02a894 req-1c0913de-596b-454d-881c-9fd043fc2042 service nova] Lock "3eb53f3f-7b5e-4df3-97aa-abe7523a6dd2" acquired by "nova.context.set_target_cell..get_or_set_cached_cell_and_set_connections" :: waited 0.000s {{(pid=84598) inner /opt/stack/data/venv/lib/python3.12/site-packages/oslo_concurrency/lockutils.py:525}}
Aug 24 09:01:27.234045 np0000007958 devstack@n-api.service[84598]: DEBUG oslo_concurrency.lockutils [req-8d2c787d-68d9-494f-8f3a-e612fa02a894 req-1c0913de-596b-454d-881c-9fd043fc2042 service nova] Lock "3eb53f3f-7b5e-4df3-97aa-abe7523a6dd2" "released" by "nova.context.set_target_cell..get_or_set_cached_cell_and_set_connections" :: held 0.000s {{(pid=84598) inner /opt/stack/data/venv/lib/python3.12/site-packages/oslo_concurrency/lockutils.py:544}}
Aug 24 09:01:27.241076 np0000007958 devstack@n-api.service[84599]: INFO nova.api.openstack.requestlog [None req-58f8cb1f-2a7e-48be-8406-f4f7c01e0425 tempest-TaggedBootDevicesTest-1450097013 tempest-TaggedBootDevicesTest-1450097013-project-member] 10.4.3.4 "GET /compute/v2.1/servers/2f3ef7eb-5925-4f1d-8753-bf1561bc948f" status: 200 len: 2820 microversion: 2.32 time: 0.271259
Aug 24 09:01:27.241214 np0000007958 devstack@n-api.service[84599]: [pid: 84599|app: 0|req: 46/143] 10.4.3.4 () {68 vars in 1381 bytes} [Mon Aug 24 09:01:26 2026] GET /compute/v2.1/servers/2f3ef7eb-5925-4f1d-8753-bf1561bc948f => generated 2820 bytes in 272 msecs (HTTP/1.1 200) 9 headers in 360 bytes (1 switches on core 0)
Aug 24 09:01:27.267215 np0000007958 devstack@n-api.service[84598]: INFO nova.api.openstack.compute.server_external_events [req-8d2c787d-68d9-494f-8f3a-e612fa02a894 req-1c0913de-596b-454d-881c-9fd043fc2042 service nova] Creating event network-vif-plugged:36f81c1e-d82b-48f7-a076-fb8cb8976e5c for instance 2f3ef7eb-5925-4f1d-8753-bf1561bc948f on np0000007958
Aug 24 09:01:27.267215 np0000007958 devstack@n-api.service[84598]: INFO nova.api.openstack.compute.server_external_events [req-8d2c787d-68d9-494f-8f3a-e612fa02a894 req-1c0913de-596b-454d-881c-9fd043fc2042 service nova] Creating event network-vif-plugged:e32286b0-d0ab-4ebb-91c7-ca8ab3fbbf0f for instance e5f6d4bb-59be-427e-9356-6a678d57fc09 on np0000007958
Aug 24 09:01:27.267427 np0000007958 devstack@n-api.service[84598]: INFO nova.api.openstack.compute.server_external_events [req-8d2c787d-68d9-494f-8f3a-e612fa02a894 req-1c0913de-596b-454d-881c-9fd043fc2042 service nova] Creating event network-vif-plugged:e32286b0-d0ab-4ebb-91c7-ca8ab3fbbf0f for instance e5f6d4bb-59be-427e-9356-6a678d57fc09 on np0000007958
Aug 24 09:01:27.267529 np0000007958 devstack@n-api.service[84598]: INFO nova.api.openstack.compute.server_external_events [req-8d2c787d-68d9-494f-8f3a-e612fa02a894 req-1c0913de-596b-454d-881c-9fd043fc2042 service nova] Creating event network-vif-plugged:bee924eb-c04e-4d83-a5fc-b1ce1af90c4e for instance e5f6d4bb-59be-427e-9356-6a678d57fc09 on np0000007958
Aug 24 09:01:27.267818 np0000007958 devstack@n-api.service[84598]: INFO nova.api.openstack.compute.server_external_events [req-8d2c787d-68d9-494f-8f3a-e612fa02a894 req-1c0913de-596b-454d-881c-9fd043fc2042 service nova] Creating event network-vif-plugged:bee924eb-c04e-4d83-a5fc-b1ce1af90c4e for instance e5f6d4bb-59be-427e-9356-6a678d57fc09 on np0000007958
Aug 24 09:01:27.267947 np0000007958 devstack@n-api.service[84598]: INFO nova.api.openstack.compute.server_external_events [req-8d2c787d-68d9-494f-8f3a-e612fa02a894 req-1c0913de-596b-454d-881c-9fd043fc2042 service nova] Creating event network-vif-plugged:201e43c8-7266-492b-a981-d38e9519ed7e for instance e5f6d4bb-59be-427e-9356-6a678d57fc09 on np0000007958
Aug 24 09:01:27.268531 np0000007958 devstack@n-api.service[84598]: DEBUG nova.compute.rpcapi [req-8d2c787d-68d9-494f-8f3a-e612fa02a894 req-1c0913de-596b-454d-881c-9fd043fc2042 service nova] RPC: Sending the message to topic: compute-alt {{(pid=84598) prepare_for_alt_rpcserver /opt/stack/nova/nova/compute/rpcapi.py:595}}
Aug 24 09:01:27.269594 np0000007958 devstack@n-api.service[84600]: DEBUG nova.api.openstack.wsgi [None req-6f119446-4b0e-43b7-a659-774d9b9fff6e tempest-TaggedBootDevicesTest-1450097013 tempest-TaggedBootDevicesTest-1450097013-project-member] Calling method '>' {{(pid=84600) _process_stack /opt/stack/nova/nova/api/openstack/wsgi.py:551}}
Aug 24 09:01:27.274250 np0000007958 devstack@n-api.service[84600]: DEBUG nova.compute.api [None req-6f119446-4b0e-43b7-a659-774d9b9fff6e tempest-TaggedBootDevicesTest-1450097013 tempest-TaggedBootDevicesTest-1450097013-project-member] [instance: 2f3ef7eb-5925-4f1d-8753-bf1561bc948f] Fetching instance by UUID {{(pid=84600) get /opt/stack/nova/nova/compute/api.py:3068}}
Aug 24 09:01:27.280690 np0000007958 devstack@n-api.service[84600]: DEBUG oslo_concurrency.lockutils [None req-6f119446-4b0e-43b7-a659-774d9b9fff6e tempest-TaggedBootDevicesTest-1450097013 tempest-TaggedBootDevicesTest-1450097013-project-member] Acquiring lock "3eb53f3f-7b5e-4df3-97aa-abe7523a6dd2" by "nova.context.set_target_cell..get_or_set_cached_cell_and_set_connections" {{(pid=84600) inner /opt/stack/data/venv/lib/python3.12/site-packages/oslo_concurrency/lockutils.py:512}}
Aug 24 09:01:27.281438 np0000007958 devstack@n-api.service[84598]: INFO nova.api.openstack.requestlog [req-8d2c787d-68d9-494f-8f3a-e612fa02a894 req-1c0913de-596b-454d-881c-9fd043fc2042 service nova] 10.4.3.4 "POST /compute/v2.1/os-server-external-events" status: 200 len: 1038 microversion: 2.1 time: 0.079212
Aug 24 09:01:27.281823 np0000007958 devstack@n-api.service[84600]: DEBUG oslo_concurrency.lockutils [None req-6f119446-4b0e-43b7-a659-774d9b9fff6e tempest-TaggedBootDevicesTest-1450097013 tempest-TaggedBootDevicesTest-1450097013-project-member] Lock "3eb53f3f-7b5e-4df3-97aa-abe7523a6dd2" acquired by "nova.context.set_target_cell..get_or_set_cached_cell_and_set_connections" :: waited 0.001s {{(pid=84600) inner /opt/stack/data/venv/lib/python3.12/site-packages/oslo_concurrency/lockutils.py:525}}
Aug 24 09:01:27.281823 np0000007958 devstack@n-api.service[84600]: DEBUG oslo_concurrency.lockutils [None req-6f119446-4b0e-43b7-a659-774d9b9fff6e tempest-TaggedBootDevicesTest-1450097013 tempest-TaggedBootDevicesTest-1450097013-project-member] Lock "3eb53f3f-7b5e-4df3-97aa-abe7523a6dd2" "released" by "nova.context.set_target_cell..get_or_set_cached_cell_and_set_connections" :: held 0.000s {{(pid=84600) inner /opt/stack/data/venv/lib/python3.12/site-packages/oslo_concurrency/lockutils.py:544}}
Aug 24 09:01:27.282639 np0000007958 devstack@n-api.service[84600]: DEBUG oslo_concurrency.lockutils [None req-6f119446-4b0e-43b7-a659-774d9b9fff6e tempest-TaggedBootDevicesTest-1450097013 tempest-TaggedBootDevicesTest-1450097013-project-member] Acquiring lock "3eb53f3f-7b5e-4df3-97aa-abe7523a6dd2" by "nova.context.set_target_cell..get_or_set_cached_cell_and_set_connections" {{(pid=84600) inner /opt/stack/data/venv/lib/python3.12/site-packages/oslo_concurrency/lockutils.py:512}}
Aug 24 09:01:27.282961 np0000007958 devstack@n-api.service[84600]: DEBUG oslo_concurrency.lockutils [None req-6f119446-4b0e-43b7-a659-774d9b9fff6e tempest-TaggedBootDevicesTest-1450097013 tempest-TaggedBootDevicesTest-1450097013-project-member] Lock "3eb53f3f-7b5e-4df3-97aa-abe7523a6dd2" acquired by "nova.context.set_target_cell..get_or_set_cached_cell_and_set_connections" :: waited 0.000s {{(pid=84600) inner /opt/stack/data/venv/lib/python3.12/site-packages/oslo_concurrency/lockutils.py:525}}
Aug 24 09:01:27.283116 np0000007958 devstack@n-api.service[84600]: DEBUG oslo_concurrency.lockutils [None req-6f119446-4b0e-43b7-a659-774d9b9fff6e tempest-TaggedBootDevicesTest-1450097013 tempest-TaggedBootDevicesTest-1450097013-project-member] Lock "3eb53f3f-7b5e-4df3-97aa-abe7523a6dd2" "released" by "nova.context.set_target_cell..get_or_set_cached_cell_and_set_connections" :: held 0.000s {{(pid=84600) inner /opt/stack/data/venv/lib/python3.12/site-packages/oslo_concurrency/lockutils.py:544}}
Aug 24 09:01:27.284601 np0000007958 devstack@n-api.service[84598]: [pid: 84598|app: 0|req: 42/144] 10.4.3.4 () {72 vars in 1418 bytes} [Mon Aug 24 09:01:27 2026] POST /compute/v2.1/os-server-external-events => generated 1038 bytes in 83 msecs (HTTP/1.1 200) 9 headers in 358 bytes (1 switches on core 0)
Aug 24 09:01:27.291480 np0000007958 devstack@n-api.service[84598]: DEBUG nova.api.openstack.wsgi [req-e1d939f5-06b0-45d3-bc3c-df5541f508ee req-c5152632-eb87-46d9-b6a6-e0b95c58f648 service nova] Action: 'create', calling method: >, body: {"events": [{"server_uuid": "e5f6d4bb-59be-427e-9356-6a678d57fc09", "name": "network-vif-plugged", "status": "completed", "tag": "edfe9394-220d-451f-b997-76d9be1e45bc"}, {"server_uuid": "e5f6d4bb-59be-427e-9356-6a678d57fc09", "name": "network-vif-plugged", "status": "completed", "tag": "108cc3b9-9bc9-4c71-824b-777b68eaccc8"}, {"server_uuid": "e5f6d4bb-59be-427e-9356-6a678d57fc09", "name": "network-vif-plugged", "status": "completed", "tag": "108cc3b9-9bc9-4c71-824b-777b68eaccc8"}]} {{(pid=84598) _process_stack /opt/stack/nova/nova/api/openstack/wsgi.py:549}}
Aug 24 09:01:27.298780 np0000007958 devstack@n-api.service[84599]: DEBUG nova.api.openstack.wsgi [req-b6351342-4445-42db-9765-19addbfb9422 req-ad0606b9-4b66-4a2e-ae89-7b32845ec744 service nova] Action: 'create', calling method: >, body: {"events": [{"server_uuid": "e5f6d4bb-59be-427e-9356-6a678d57fc09", "name": "network-vif-plugged", "status": "completed", "tag": "045bf50e-481c-473a-bc19-bbdba3640354"}, {"server_uuid": "e5f6d4bb-59be-427e-9356-6a678d57fc09", "name": "network-vif-plugged", "status": "completed", "tag": "045bf50e-481c-473a-bc19-bbdba3640354"}]} {{(pid=84599) _process_stack /opt/stack/nova/nova/api/openstack/wsgi.py:549}}
Aug 24 09:01:27.306902 np0000007958 devstack@n-api.service[84598]: DEBUG oslo_concurrency.lockutils [req-e1d939f5-06b0-45d3-bc3c-df5541f508ee req-c5152632-eb87-46d9-b6a6-e0b95c58f648 service nova] Acquiring lock "3eb53f3f-7b5e-4df3-97aa-abe7523a6dd2" by "nova.context.set_target_cell..get_or_set_cached_cell_and_set_connections" {{(pid=84598) inner /opt/stack/data/venv/lib/python3.12/site-packages/oslo_concurrency/lockutils.py:512}}
Aug 24 09:01:27.306902 np0000007958 devstack@n-api.service[84598]: DEBUG oslo_concurrency.lockutils [req-e1d939f5-06b0-45d3-bc3c-df5541f508ee req-c5152632-eb87-46d9-b6a6-e0b95c58f648 service nova] Lock "3eb53f3f-7b5e-4df3-97aa-abe7523a6dd2" acquired by "nova.context.set_target_cell..get_or_set_cached_cell_and_set_connections" :: waited 0.000s {{(pid=84598) inner /opt/stack/data/venv/lib/python3.12/site-packages/oslo_concurrency/lockutils.py:525}}
Aug 24 09:01:27.306902 np0000007958 devstack@n-api.service[84598]: DEBUG oslo_concurrency.lockutils [req-e1d939f5-06b0-45d3-bc3c-df5541f508ee req-c5152632-eb87-46d9-b6a6-e0b95c58f648 service nova] Lock "3eb53f3f-7b5e-4df3-97aa-abe7523a6dd2" "released" by "nova.context.set_target_cell..get_or_set_cached_cell_and_set_connections" :: held 0.000s {{(pid=84598) inner /opt/stack/data/venv/lib/python3.12/site-packages/oslo_concurrency/lockutils.py:544}}
Aug 24 09:01:27.307104 np0000007958 devstack@n-api.service[84599]: DEBUG oslo_concurrency.lockutils [req-b6351342-4445-42db-9765-19addbfb9422 req-ad0606b9-4b66-4a2e-ae89-7b32845ec744 service nova] Acquiring lock "3eb53f3f-7b5e-4df3-97aa-abe7523a6dd2" by "nova.context.set_target_cell..get_or_set_cached_cell_and_set_connections" {{(pid=84599) inner /opt/stack/data/venv/lib/python3.12/site-packages/oslo_concurrency/lockutils.py:512}}
Aug 24 09:01:27.307104 np0000007958 devstack@n-api.service[84599]: DEBUG oslo_concurrency.lockutils [req-b6351342-4445-42db-9765-19addbfb9422 req-ad0606b9-4b66-4a2e-ae89-7b32845ec744 service nova] Lock "3eb53f3f-7b5e-4df3-97aa-abe7523a6dd2" acquired by "nova.context.set_target_cell..get_or_set_cached_cell_and_set_connections" :: waited 0.000s {{(pid=84599) inner /opt/stack/data/venv/lib/python3.12/site-packages/oslo_concurrency/lockutils.py:525}}
Aug 24 09:01:27.307104 np0000007958 devstack@n-api.service[84599]: DEBUG oslo_concurrency.lockutils [req-b6351342-4445-42db-9765-19addbfb9422 req-ad0606b9-4b66-4a2e-ae89-7b32845ec744 service nova] Lock "3eb53f3f-7b5e-4df3-97aa-abe7523a6dd2" "released" by "nova.context.set_target_cell..get_or_set_cached_cell_and_set_connections" :: held 0.000s {{(pid=84599) inner /opt/stack/data/venv/lib/python3.12/site-packages/oslo_concurrency/lockutils.py:544}}
Aug 24 09:01:27.309145 np0000007958 devstack@n-api.service[84600]: WARNING neutronclient.v2_0.client [None req-6f119446-4b0e-43b7-a659-774d9b9fff6e tempest-TaggedBootDevicesTest-1450097013 tempest-TaggedBootDevicesTest-1450097013-project-member] The python binding code in neutronclient is deprecated in favor of OpenstackSDK, please use that as this will be removed in a future release.
Aug 24 09:01:27.313243 np0000007958 devstack@n-api.service[84598]: INFO nova.api.openstack.compute.server_external_events [req-e1d939f5-06b0-45d3-bc3c-df5541f508ee req-c5152632-eb87-46d9-b6a6-e0b95c58f648 service nova] Creating event network-vif-plugged:edfe9394-220d-451f-b997-76d9be1e45bc for instance e5f6d4bb-59be-427e-9356-6a678d57fc09 on np0000007958
Aug 24 09:01:27.313376 np0000007958 devstack@n-api.service[84598]: INFO nova.api.openstack.compute.server_external_events [req-e1d939f5-06b0-45d3-bc3c-df5541f508ee req-c5152632-eb87-46d9-b6a6-e0b95c58f648 service nova] Creating event network-vif-plugged:108cc3b9-9bc9-4c71-824b-777b68eaccc8 for instance e5f6d4bb-59be-427e-9356-6a678d57fc09 on np0000007958
Aug 24 09:01:27.313601 np0000007958 devstack@n-api.service[84598]: INFO nova.api.openstack.compute.server_external_events [req-e1d939f5-06b0-45d3-bc3c-df5541f508ee req-c5152632-eb87-46d9-b6a6-e0b95c58f648 service nova] Creating event network-vif-plugged:108cc3b9-9bc9-4c71-824b-777b68eaccc8 for instance e5f6d4bb-59be-427e-9356-6a678d57fc09 on np0000007958
Aug 24 09:01:27.314120 np0000007958 devstack@n-api.service[84598]: DEBUG nova.compute.rpcapi [req-e1d939f5-06b0-45d3-bc3c-df5541f508ee req-c5152632-eb87-46d9-b6a6-e0b95c58f648 service nova] RPC: Sending the message to topic: compute-alt {{(pid=84598) prepare_for_alt_rpcserver /opt/stack/nova/nova/compute/rpcapi.py:595}}
Aug 24 09:01:27.320255 np0000007958 devstack@n-api.service[84598]: INFO nova.api.openstack.requestlog [req-e1d939f5-06b0-45d3-bc3c-df5541f508ee req-c5152632-eb87-46d9-b6a6-e0b95c58f648 service nova] 10.4.3.4 "POST /compute/v2.1/os-server-external-events" status: 200 len: 525 microversion: 2.1 time: 0.033360
