Aug 19 16:51:30.591129 np0000007793 devstack@g-api.service[103143]: DEBUG glance.api.middleware.version_negotiation [None req-8ae20ca4-3bd1-4b54-873c-53485601f657 tempest-AttachVolumeMultiAttachTest-2130280952 tempest-AttachVolumeMultiAttachTest-2130280952-project-member] Using url versioning {{(pid=103143) process_request /opt/stack/glance/glance/api/middleware/version_negotiation.py:57}}
Aug 19 16:51:30.591129 np0000007793 devstack@g-api.service[103143]: DEBUG glance.api.middleware.version_negotiation [None req-8ae20ca4-3bd1-4b54-873c-53485601f657 tempest-AttachVolumeMultiAttachTest-2130280952 tempest-AttachVolumeMultiAttachTest-2130280952-project-member] Matched version: v2 {{(pid=103143) process_request /opt/stack/glance/glance/api/middleware/version_negotiation.py:69}}
Aug 19 16:51:30.591129 np0000007793 devstack@g-api.service[103143]: DEBUG glance.api.middleware.version_negotiation [None req-8ae20ca4-3bd1-4b54-873c-53485601f657 tempest-AttachVolumeMultiAttachTest-2130280952 tempest-AttachVolumeMultiAttachTest-2130280952-project-member] new path /v2/images/035726c9-e2b7-4fe6-9f1b-914aa2877be4 {{(pid=103143) process_request /opt/stack/glance/glance/api/middleware/version_negotiation.py:70}}
Aug 19 16:51:30.604442 np0000007793 devstack@g-api.service[103143]: WARNING glance.api.v2.images [None req-65a32e77-19ad-46bd-91e9-5a44dd4061f8 tempest-AttachSCSIVolumeTestJSON-2128751290 tempest-AttachSCSIVolumeTestJSON-2128751290-project-admin] After upload to backend, deletion of staged image data has failed because it cannot be found at /tmp/staging//035726c9-e2b7-4fe6-9f1b-914aa2877be4
Aug 19 16:51:30.605189 np0000007793 devstack@g-api.service[103143]: DEBUG glance_store.backend [None req-65a32e77-19ad-46bd-91e9-5a44dd4061f8 tempest-AttachSCSIVolumeTestJSON-2128751290 tempest-AttachSCSIVolumeTestJSON-2128751290-project-admin] Attempting to import store swift {{(pid=103143) _load_store /opt/stack/data/venv/lib/python3.12/site-packages/glance_store/backend.py:215}}
Aug 19 16:51:30.607961 np0000007793 devstack@g-api.service[103143]: DEBUG glance_store.capabilities [None req-65a32e77-19ad-46bd-91e9-5a44dd4061f8 tempest-AttachSCSIVolumeTestJSON-2128751290 tempest-AttachSCSIVolumeTestJSON-2128751290-project-admin] Store glance_store._drivers.swift.store.SingleTenantStore doesn't support updating dynamic storage capabilities. Please overwrite 'update_capabilities' method of the store to implement updating logics if needed. {{(pid=103143) update_capabilities /opt/stack/data/venv/lib/python3.12/site-packages/glance_store/capabilities.py:91}}
Aug 19 16:51:30.608255 np0000007793 devstack@g-api.service[103143]: DEBUG glance_store.driver [None req-65a32e77-19ad-46bd-91e9-5a44dd4061f8 tempest-AttachSCSIVolumeTestJSON-2128751290 tempest-AttachSCSIVolumeTestJSON-2128751290-project-admin] Late loading location class glance_store._drivers.swift.store.StoreLocation {{(pid=103143) get_store_location_class /opt/stack/data/venv/lib/python3.12/site-packages/glance_store/driver.py:134}}
Aug 19 16:51:30.608255 np0000007793 devstack@g-api.service[103143]: DEBUG glance_store.location [None req-65a32e77-19ad-46bd-91e9-5a44dd4061f8 tempest-AttachSCSIVolumeTestJSON-2128751290 tempest-AttachSCSIVolumeTestJSON-2128751290-project-admin] Registering scheme swift+https with {'store': , 'location_class': , 'store_entry': 'swift'} {{(pid=103143) register_scheme_map /opt/stack/data/venv/lib/python3.12/site-packages/glance_store/location.py:146}}
Aug 19 16:51:30.608468 np0000007793 devstack@g-api.service[103143]: DEBUG glance_store.location [None req-65a32e77-19ad-46bd-91e9-5a44dd4061f8 tempest-AttachSCSIVolumeTestJSON-2128751290 tempest-AttachSCSIVolumeTestJSON-2128751290-project-admin] Registering scheme swift+https with {'store': , 'location_class': , 'store_entry': 'swift'} {{(pid=103143) register_scheme_map /opt/stack/data/venv/lib/python3.12/site-packages/glance_store/location.py:146}}
Aug 19 16:51:30.608616 np0000007793 devstack@g-api.service[103143]: DEBUG glance_store.location [None req-65a32e77-19ad-46bd-91e9-5a44dd4061f8 tempest-AttachSCSIVolumeTestJSON-2128751290 tempest-AttachSCSIVolumeTestJSON-2128751290-project-admin] Registering scheme swift with {'store': , 'location_class': , 'store_entry': 'swift'} {{(pid=103143) register_scheme_map /opt/stack/data/venv/lib/python3.12/site-packages/glance_store/location.py:146}}
Aug 19 16:51:30.609097 np0000007793 devstack@g-api.service[103143]: DEBUG glance_store.location [None req-65a32e77-19ad-46bd-91e9-5a44dd4061f8 tempest-AttachSCSIVolumeTestJSON-2128751290 tempest-AttachSCSIVolumeTestJSON-2128751290-project-admin] Registering scheme swift+https with {'store': , 'location_class': , 'store_entry': 'swift'} {{(pid=103143) register_scheme_map /opt/stack/data/venv/lib/python3.12/site-packages/glance_store/location.py:146}}
Aug 19 16:51:30.609097 np0000007793 devstack@g-api.service[103143]: DEBUG glance_store.location [None req-65a32e77-19ad-46bd-91e9-5a44dd4061f8 tempest-AttachSCSIVolumeTestJSON-2128751290 tempest-AttachSCSIVolumeTestJSON-2128751290-project-admin] Registering scheme swift with {'store': , 'location_class': , 'store_entry': 'swift'} {{(pid=103143) register_scheme_map /opt/stack/data/venv/lib/python3.12/site-packages/glance_store/location.py:146}}
Aug 19 16:51:30.609218 np0000007793 devstack@g-api.service[103143]: DEBUG glance_store.location [None req-65a32e77-19ad-46bd-91e9-5a44dd4061f8 tempest-AttachSCSIVolumeTestJSON-2128751290 tempest-AttachSCSIVolumeTestJSON-2128751290-project-admin] Registering scheme swift+http with {'store': , 'location_class': , 'store_entry': 'swift'} {{(pid=103143) register_scheme_map /opt/stack/data/venv/lib/python3.12/site-packages/glance_store/location.py:146}}
Aug 19 16:51:30.609883 np0000007793 devstack@g-api.service[103143]: DEBUG glance_store.location [None req-65a32e77-19ad-46bd-91e9-5a44dd4061f8 tempest-AttachSCSIVolumeTestJSON-2128751290 tempest-AttachSCSIVolumeTestJSON-2128751290-project-admin] Registering scheme swift+https with {'store': , 'location_class': , 'store_entry': 'swift'} {{(pid=103143) register_scheme_map /opt/stack/data/venv/lib/python3.12/site-packages/glance_store/location.py:146}}
Aug 19 16:51:30.609883 np0000007793 devstack@g-api.service[103143]: DEBUG glance_store.location [None req-65a32e77-19ad-46bd-91e9-5a44dd4061f8 tempest-AttachSCSIVolumeTestJSON-2128751290 tempest-AttachSCSIVolumeTestJSON-2128751290-project-admin] Registering scheme swift with {'store': , 'location_class': , 'store_entry': 'swift'} {{(pid=103143) register_scheme_map /opt/stack/data/venv/lib/python3.12/site-packages/glance_store/location.py:146}}
Aug 19 16:51:30.609883 np0000007793 devstack@g-api.service[103143]: DEBUG glance_store.location [None req-65a32e77-19ad-46bd-91e9-5a44dd4061f8 tempest-AttachSCSIVolumeTestJSON-2128751290 tempest-AttachSCSIVolumeTestJSON-2128751290-project-admin] Registering scheme swift+http with {'store': , 'location_class': , 'store_entry': 'swift'} {{(pid=103143) register_scheme_map /opt/stack/data/venv/lib/python3.12/site-packages/glance_store/location.py:146}}
Aug 19 16:51:30.610122 np0000007793 devstack@g-api.service[103143]: DEBUG glance_store.location [None req-65a32e77-19ad-46bd-91e9-5a44dd4061f8 tempest-AttachSCSIVolumeTestJSON-2128751290 tempest-AttachSCSIVolumeTestJSON-2128751290-project-admin] Registering scheme swift+config with {'store': , 'location_class': , 'store_entry': 'swift'} {{(pid=103143) register_scheme_map /opt/stack/data/venv/lib/python3.12/site-packages/glance_store/location.py:146}}
Aug 19 16:51:30.611354 np0000007793 devstack@g-api.service[103143]: DEBUG keystoneclient.auth.identity.v3.base [None req-65a32e77-19ad-46bd-91e9-5a44dd4061f8 tempest-AttachSCSIVolumeTestJSON-2128751290 tempest-AttachSCSIVolumeTestJSON-2128751290-project-admin] Making authentication request to https://10.4.3.107/identity/v3/auth/tokens {{(pid=103143) get_auth_ref /opt/stack/data/venv/lib/python3.12/site-packages/keystoneclient/auth/identity/v3/base.py:185}}
Aug 19 16:51:30.625841 np0000007793 devstack@g-api.service[103144]: [pid: 103144|app: 0|req: 26/97] 127.0.0.1 () {44 vars in 1115 bytes} [Wed Aug 19 16:51:29 2026] GET /v2/images/f94ca9fe-3440-4391-a73f-5b3f9a105c40 => generated 1044 bytes in 637 msecs (HTTP/1.1 200) 4 headers in 158 bytes (1 switches on core 0)
Aug 19 16:51:30.642355 np0000007793 devstack@g-api.service[103145]: DEBUG glance.api.middleware.version_negotiation [None req-75095e6f-489a-4a31-af1f-e2e20493207c tempest-AttachVolumeMultiAttachTest-2130280952 tempest-AttachVolumeMultiAttachTest-2130280952-project-member] Determining version of request: GET /v2/schemas/image Accept: */* {{(pid=103145) process_request /opt/stack/glance/glance/api/middleware/version_negotiation.py:44}}
Aug 19 16:51:30.643492 np0000007793 devstack@g-api.service[103145]: DEBUG glance.api.middleware.version_negotiation [None req-75095e6f-489a-4a31-af1f-e2e20493207c tempest-AttachVolumeMultiAttachTest-2130280952 tempest-AttachVolumeMultiAttachTest-2130280952-project-member] Using url versioning {{(pid=103145) process_request /opt/stack/glance/glance/api/middleware/version_negotiation.py:57}}
Aug 19 16:51:30.643492 np0000007793 devstack@g-api.service[103145]: DEBUG glance.api.middleware.version_negotiation [None req-75095e6f-489a-4a31-af1f-e2e20493207c tempest-AttachVolumeMultiAttachTest-2130280952 tempest-AttachVolumeMultiAttachTest-2130280952-project-member] Matched version: v2 {{(pid=103145) process_request /opt/stack/glance/glance/api/middleware/version_negotiation.py:69}}
Aug 19 16:51:30.643492 np0000007793 devstack@g-api.service[103145]: DEBUG glance.api.middleware.version_negotiation [None req-75095e6f-489a-4a31-af1f-e2e20493207c tempest-AttachVolumeMultiAttachTest-2130280952 tempest-AttachVolumeMultiAttachTest-2130280952-project-member] new path /v2/schemas/image {{(pid=103145) process_request /opt/stack/glance/glance/api/middleware/version_negotiation.py:70}}
Aug 19 16:51:30.648307 np0000007793 devstack@g-api.service[103145]: [pid: 103145|app: 0|req: 25/98] 127.0.0.1 () {44 vars in 1055 bytes} [Wed Aug 19 16:51:30 2026] GET /v2/schemas/image => generated 6083 bytes in 6 msecs (HTTP/1.1 200) 4 headers in 158 bytes (1 switches on core 0)
Aug 19 16:51:30.658762 np0000007793 devstack@g-api.service[103146]: DEBUG glance.api.middleware.version_negotiation [None req-75095e6f-489a-4a31-af1f-e2e20493207c tempest-AttachVolumeMultiAttachTest-2130280952 tempest-AttachVolumeMultiAttachTest-2130280952-project-member] Determining version of request: GET /v2/schemas/image Accept: */* {{(pid=103146) process_request /opt/stack/glance/glance/api/middleware/version_negotiation.py:44}}
Aug 19 16:51:30.659207 np0000007793 devstack@g-api.service[103146]: DEBUG glance.api.middleware.version_negotiation [None req-75095e6f-489a-4a31-af1f-e2e20493207c tempest-AttachVolumeMultiAttachTest-2130280952 tempest-AttachVolumeMultiAttachTest-2130280952-project-member] Using url versioning {{(pid=103146) process_request /opt/stack/glance/glance/api/middleware/version_negotiation.py:57}}
Aug 19 16:51:30.659207 np0000007793 devstack@g-api.service[103146]: DEBUG glance.api.middleware.version_negotiation [None req-75095e6f-489a-4a31-af1f-e2e20493207c tempest-AttachVolumeMultiAttachTest-2130280952 tempest-AttachVolumeMultiAttachTest-2130280952-project-member] Matched version: v2 {{(pid=103146) process_request /opt/stack/glance/glance/api/middleware/version_negotiation.py:69}}
Aug 19 16:51:30.659207 np0000007793 devstack@g-api.service[103146]: DEBUG glance.api.middleware.version_negotiation [None req-75095e6f-489a-4a31-af1f-e2e20493207c tempest-AttachVolumeMultiAttachTest-2130280952 tempest-AttachVolumeMultiAttachTest-2130280952-project-member] new path /v2/schemas/image {{(pid=103146) process_request /opt/stack/glance/glance/api/middleware/version_negotiation.py:70}}
Aug 19 16:51:30.662329 np0000007793 devstack@g-api.service[103146]: [pid: 103146|app: 0|req: 25/99] 127.0.0.1 () {44 vars in 1055 bytes} [Wed Aug 19 16:51:30 2026] GET /v2/schemas/image => generated 6083 bytes in 4 msecs (HTTP/1.1 200) 4 headers in 158 bytes (1 switches on core 0)
Aug 19 16:51:30.672448 np0000007793 devstack@g-api.service[103144]: DEBUG glance.api.middleware.version_negotiation [None req-145329f3-096a-4adc-8375-9cf0d33c2840 tempest-TaggedBootDevicesTest_v242-645678872 tempest-TaggedBootDevicesTest_v242-645678872-project-member] Determining version of request: GET /v2/images/f94ca9fe-3440-4391-a73f-5b3f9a105c40 Accept: */* {{(pid=103144) process_request /opt/stack/glance/glance/api/middleware/version_negotiation.py:44}}
Aug 19 16:51:30.672649 np0000007793 devstack@g-api.service[103144]: DEBUG glance.api.middleware.version_negotiation [None req-145329f3-096a-4adc-8375-9cf0d33c2840 tempest-TaggedBootDevicesTest_v242-645678872 tempest-TaggedBootDevicesTest_v242-645678872-project-member] Using url versioning {{(pid=103144) process_request /opt/stack/glance/glance/api/middleware/version_negotiation.py:57}}
Aug 19 16:51:30.672776 np0000007793 devstack@g-api.service[103144]: DEBUG glance.api.middleware.version_negotiation [None req-145329f3-096a-4adc-8375-9cf0d33c2840 tempest-TaggedBootDevicesTest_v242-645678872 tempest-TaggedBootDevicesTest_v242-645678872-project-member] Matched version: v2 {{(pid=103144) process_request /opt/stack/glance/glance/api/middleware/version_negotiation.py:69}}
Aug 19 16:51:30.672875 np0000007793 devstack@g-api.service[103144]: DEBUG glance.api.middleware.version_negotiation [None req-145329f3-096a-4adc-8375-9cf0d33c2840 tempest-TaggedBootDevicesTest_v242-645678872 tempest-TaggedBootDevicesTest_v242-645678872-project-member] new path /v2/images/f94ca9fe-3440-4391-a73f-5b3f9a105c40 {{(pid=103144) process_request /opt/stack/glance/glance/api/middleware/version_negotiation.py:70}}
Aug 19 16:51:30.700045 np0000007793 devstack@g-api.service[103144]: [pid: 103144|app: 0|req: 27/100] 127.0.0.1 () {44 vars in 1115 bytes} [Wed Aug 19 16:51:30 2026] GET /v2/images/f94ca9fe-3440-4391-a73f-5b3f9a105c40 => generated 1044 bytes in 28 msecs (HTTP/1.1 200) 4 headers in 158 bytes (1 switches on core 0)
Aug 19 16:51:30.712503 np0000007793 devstack@g-api.service[103145]: DEBUG glance.api.middleware.version_negotiation [None req-145329f3-096a-4adc-8375-9cf0d33c2840 tempest-TaggedBootDevicesTest_v242-645678872 tempest-TaggedBootDevicesTest_v242-645678872-project-member] Determining version of request: GET /v2/schemas/image Accept: */* {{(pid=103145) process_request /opt/stack/glance/glance/api/middleware/version_negotiation.py:44}}
Aug 19 16:51:30.712794 np0000007793 devstack@g-api.service[103145]: DEBUG glance.api.middleware.version_negotiation [None req-145329f3-096a-4adc-8375-9cf0d33c2840 tempest-TaggedBootDevicesTest_v242-645678872 tempest-TaggedBootDevicesTest_v242-645678872-project-member] Using url versioning {{(pid=103145) process_request /opt/stack/glance/glance/api/middleware/version_negotiation.py:57}}
Aug 19 16:51:30.712916 np0000007793 devstack@g-api.service[103145]: DEBUG glance.api.middleware.version_negotiation [None req-145329f3-096a-4adc-8375-9cf0d33c2840 tempest-TaggedBootDevicesTest_v242-645678872 tempest-TaggedBootDevicesTest_v242-645678872-project-member] Matched version: v2 {{(pid=103145) process_request /opt/stack/glance/glance/api/middleware/version_negotiation.py:69}}
Aug 19 16:51:30.713799 np0000007793 devstack@g-api.service[103145]: DEBUG glance.api.middleware.version_negotiation [None req-145329f3-096a-4adc-8375-9cf0d33c2840 tempest-TaggedBootDevicesTest_v242-645678872 tempest-TaggedBootDevicesTest_v242-645678872-project-member] new path /v2/schemas/image {{(pid=103145) process_request /opt/stack/glance/glance/api/middleware/version_negotiation.py:70}}
Aug 19 16:51:30.719531 np0000007793 devstack@g-api.service[103145]: [pid: 103145|app: 0|req: 26/101] 127.0.0.1 () {44 vars in 1055 bytes} [Wed Aug 19 16:51:30 2026] GET /v2/schemas/image => generated 6083 bytes in 7 msecs (HTTP/1.1 200) 4 headers in 158 bytes (1 switches on core 0)
Aug 19 16:51:30.733752 np0000007793 devstack@g-api.service[103146]: DEBUG glance.api.middleware.version_negotiation [None req-145329f3-096a-4adc-8375-9cf0d33c2840 tempest-TaggedBootDevicesTest_v242-645678872 tempest-TaggedBootDevicesTest_v242-645678872-project-member] Determining version of request: GET /v2/schemas/image Accept: */* {{(pid=103146) process_request /opt/stack/glance/glance/api/middleware/version_negotiation.py:44}}
Aug 19 16:51:30.733959 np0000007793 devstack@g-api.service[103146]: DEBUG glance.api.middleware.version_negotiation [None req-145329f3-096a-4adc-8375-9cf0d33c2840 tempest-TaggedBootDevicesTest_v242-645678872 tempest-TaggedBootDevicesTest_v242-645678872-project-member] Using url versioning {{(pid=103146) process_request /opt/stack/glance/glance/api/middleware/version_negotiation.py:57}}
Aug 19 16:51:30.734083 np0000007793 devstack@g-api.service[103146]: DEBUG glance.api.middleware.version_negotiation [None req-145329f3-096a-4adc-8375-9cf0d33c2840 tempest-TaggedBootDevicesTest_v242-645678872 tempest-TaggedBootDevicesTest_v242-645678872-project-member] Matched version: v2 {{(pid=103146) process_request /opt/stack/glance/glance/api/middleware/version_negotiation.py:69}}
Aug 19 16:51:30.734317 np0000007793 devstack@g-api.service[103146]: DEBUG glance.api.middleware.version_negotiation [None req-145329f3-096a-4adc-8375-9cf0d33c2840 tempest-TaggedBootDevicesTest_v242-645678872 tempest-TaggedBootDevicesTest_v242-645678872-project-member] new path /v2/schemas/image {{(pid=103146) process_request /opt/stack/glance/glance/api/middleware/version_negotiation.py:70}}
Aug 19 16:51:30.737339 np0000007793 devstack@g-api.service[103146]: [pid: 103146|app: 0|req: 26/102] 127.0.0.1 () {44 vars in 1055 bytes} [Wed Aug 19 16:51:30 2026] GET /v2/schemas/image => generated 6083 bytes in 4 msecs (HTTP/1.1 200) 4 headers in 158 bytes (1 switches on core 0)
Aug 19 16:51:30.779424 np0000007793 devstack@g-api.service[103144]: DEBUG glance.api.middleware.version_negotiation [None req-145329f3-096a-4adc-8375-9cf0d33c2840 tempest-TaggedBootDevicesTest_v242-645678872 tempest-TaggedBootDevicesTest_v242-645678872-project-member] Determining version of request: GET /v2/images/f94ca9fe-3440-4391-a73f-5b3f9a105c40 Accept: */* {{(pid=103144) process_request /opt/stack/glance/glance/api/middleware/version_negotiation.py:44}}
Aug 19 16:51:30.779424 np0000007793 devstack@g-api.service[103144]: DEBUG glance.api.middleware.version_negotiation [None req-145329f3-096a-4adc-8375-9cf0d33c2840 tempest-TaggedBootDevicesTest_v242-645678872 tempest-TaggedBootDevicesTest_v242-645678872-project-member] Using url versioning {{(pid=103144) process_request /opt/stack/glance/glance/api/middleware/version_negotiation.py:57}}
Aug 19 16:51:30.779424 np0000007793 devstack@g-api.service[103144]: DEBUG glance.api.middleware.version_negotiation [None req-145329f3-096a-4adc-8375-9cf0d33c2840 tempest-TaggedBootDevicesTest_v242-645678872 tempest-TaggedBootDevicesTest_v242-645678872-project-member] Matched version: v2 {{(pid=103144) process_request /opt/stack/glance/glance/api/middleware/version_negotiation.py:69}}
Aug 19 16:51:30.779424 np0000007793 devstack@g-api.service[103144]: DEBUG glance.api.middleware.version_negotiation [None req-145329f3-096a-4adc-8375-9cf0d33c2840 tempest-TaggedBootDevicesTest_v242-645678872 tempest-TaggedBootDevicesTest_v242-645678872-project-member] new path /v2/images/f94ca9fe-3440-4391-a73f-5b3f9a105c40 {{(pid=103144) process_request /opt/stack/glance/glance/api/middleware/version_negotiation.py:70}}
Aug 19 16:51:30.802001 np0000007793 devstack@g-api.service[103144]: [pid: 103144|app: 0|req: 28/103] 127.0.0.1 () {44 vars in 1115 bytes} [Wed Aug 19 16:51:30 2026] GET /v2/images/f94ca9fe-3440-4391-a73f-5b3f9a105c40 => generated 1044 bytes in 24 msecs (HTTP/1.1 200) 4 headers in 158 bytes (1 switches on core 0)
Aug 19 16:51:30.815635 np0000007793 devstack@g-api.service[103145]: DEBUG glance.api.middleware.version_negotiation [None req-145329f3-096a-4adc-8375-9cf0d33c2840 tempest-TaggedBootDevicesTest_v242-645678872 tempest-TaggedBootDevicesTest_v242-645678872-project-member] Determining version of request: GET /v2/schemas/image Accept: */* {{(pid=103145) process_request /opt/stack/glance/glance/api/middleware/version_negotiation.py:44}}
Aug 19 16:51:30.816645 np0000007793 devstack@g-api.service[103145]: DEBUG glance.api.middleware.version_negotiation [None req-145329f3-096a-4adc-8375-9cf0d33c2840 tempest-TaggedBootDevicesTest_v242-645678872 tempest-TaggedBootDevicesTest_v242-645678872-project-member] Using url versioning {{(pid=103145) process_request /opt/stack/glance/glance/api/middleware/version_negotiation.py:57}}
Aug 19 16:51:30.817276 np0000007793 devstack@g-api.service[103145]: DEBUG glance.api.middleware.version_negotiation [None req-145329f3-096a-4adc-8375-9cf0d33c2840 tempest-TaggedBootDevicesTest_v242-645678872 tempest-TaggedBootDevicesTest_v242-645678872-project-member] Matched version: v2 {{(pid=103145) process_request /opt/stack/glance/glance/api/middleware/version_negotiation.py:69}}
Aug 19 16:51:30.817276 np0000007793 devstack@g-api.service[103145]: DEBUG glance.api.middleware.version_negotiation [None req-145329f3-096a-4adc-8375-9cf0d33c2840 tempest-TaggedBootDevicesTest_v242-645678872 tempest-TaggedBootDevicesTest_v242-645678872-project-member] new path /v2/schemas/image {{(pid=103145) process_request /opt/stack/glance/glance/api/middleware/version_negotiation.py:70}}
Aug 19 16:51:30.824293 np0000007793 devstack@g-api.service[103145]: [pid: 103145|app: 0|req: 27/104] 127.0.0.1 () {44 vars in 1055 bytes} [Wed Aug 19 16:51:30 2026] GET /v2/schemas/image => generated 6083 bytes in 9 msecs (HTTP/1.1 200) 4 headers in 158 bytes (1 switches on core 0)
Aug 19 16:51:30.837043 np0000007793 devstack@g-api.service[103146]: DEBUG glance.api.middleware.version_negotiation [None req-145329f3-096a-4adc-8375-9cf0d33c2840 tempest-TaggedBootDevicesTest_v242-645678872 tempest-TaggedBootDevicesTest_v242-645678872-project-member] Determining version of request: GET /v2/schemas/image Accept: */* {{(pid=103146) process_request /opt/stack/glance/glance/api/middleware/version_negotiation.py:44}}
Aug 19 16:51:30.837665 np0000007793 devstack@g-api.service[103146]: DEBUG glance.api.middleware.version_negotiation [None req-145329f3-096a-4adc-8375-9cf0d33c2840 tempest-TaggedBootDevicesTest_v242-645678872 tempest-TaggedBootDevicesTest_v242-645678872-project-member] Using url versioning {{(pid=103146) process_request /opt/stack/glance/glance/api/middleware/version_negotiation.py:57}}
Aug 19 16:51:30.837665 np0000007793 devstack@g-api.service[103146]: DEBUG glance.api.middleware.version_negotiation [None req-145329f3-096a-4adc-8375-9cf0d33c2840 tempest-TaggedBootDevicesTest_v242-645678872 tempest-TaggedBootDevicesTest_v242-645678872-project-member] Matched version: v2 {{(pid=103146) process_request /opt/stack/glance/glance/api/middleware/version_negotiation.py:69}}
Aug 19 16:51:30.837734 np0000007793 devstack@g-api.service[103146]: DEBUG glance.api.middleware.version_negotiation [None req-145329f3-096a-4adc-8375-9cf0d33c2840 tempest-TaggedBootDevicesTest_v242-645678872 tempest-TaggedBootDevicesTest_v242-645678872-project-member] new path /v2/schemas/image {{(pid=103146) process_request /opt/stack/glance/glance/api/middleware/version_negotiation.py:70}}
Aug 19 16:51:30.843502 np0000007793 devstack@g-api.service[103146]: [pid: 103146|app: 0|req: 27/105] 127.0.0.1 () {44 vars in 1055 bytes} [Wed Aug 19 16:51:30 2026] GET /v2/schemas/image => generated 6083 bytes in 7 msecs (HTTP/1.1 200) 4 headers in 158 bytes (1 switches on core 0)
Aug 19 16:51:30.867156 np0000007793 devstack@g-api.service[103143]: DEBUG keystoneclient.auth.identity.v3.base [None req-65a32e77-19ad-46bd-91e9-5a44dd4061f8 tempest-AttachSCSIVolumeTestJSON-2128751290 tempest-AttachSCSIVolumeTestJSON-2128751290-project-admin] {"token": {"methods": ["password"], "user": {"domain": {"id": "default", "name": "Default"}, "id": "cd19ceec77724a5b9f110fad2e73aea0", "name": "glance-swift", "password_expires_at": null}, "audit_ids": ["j-oYQ1EBSP-QCw7l-7lUNg"], "expires_at": "2026-08-19T17:51:30.000000Z", "issued_at": "2026-08-19T16:51:30.000000Z", "project": {"domain": {"id": "default", "name": "Default"}, "id": "ce4564b8550c4befa3493cc592f0dc41", "name": "service"}, "is_domain": false, "roles": [{"id": "3876ef820bfd4ee1a45d3977248b0c4f", "name": "ResellerAdmin"}, {"id": "5d3ae2a3a6fa436d836853f2c827399f", "name": "service"}], "catalog": [{"endpoints": [{"id": "77db9218a5e14549a1a17437d08539b6", "interface": "public", "region_id": "RegionOne", "url": "https://10.4.3.107:8080/v1/AUTH_ce4564b8550c4befa3493cc592f0dc41", "region": "RegionOne"}, {"id": "ca975a6ccc344826b4f5c77847465c46", "interface": "admin", "region_id": "RegionOne", "url": "https://10.4.3.107:8080", "region": "RegionOne"}], "id": "1446c4b46af548e398aecfd09cf070e2", "type": "object-store", "name": "swift"}, {"endpoints": [{"id": "945701aa1f0e4421be828d7d006cc9af", "interface": "public", "region_id": "RegionOne", "url": "https://10.4.3.107/image", "region": "RegionOne"}], "id": "18848f739f0b4f608a42f5234d8b8324", "type": "image", "name": "glance"}, {"endpoints": [{"id": "182d1d36754b41e59fa6e746ab8b2453", "interface": "public", "region_id": "RegionOne", "url": "https://10.4.3.107/placement", "region": "RegionOne"}], "id": "7e193859749f42f3abcb7e39b3d6bb3b", "type": "placement", "name": "placement"}, {"endpoints": [{"id": "ff5d7049bd824ebaaae8cdd9c532d81c", "interface": "public", "region_id": "RegionOne", "url": "https://10.4.3.107/volume/v3", "region": "RegionOne"}], "id": "7f17d596ba264c3b950274c893dd1be3", "type": "block-storage", "name": "cinder"}, {"endpoints": [{"id": "82f1fdb1ff6347488db880da1cdc17cb", "interface": "public", "region_id": "RegionOne", "url": "https://10.4.3.107/identity", "region": "RegionOne"}], "id": "bd06a612f9924df58d4d244ab9780a7b", "type": "identity", "name": "keystone"}, {"endpoints": [{"id": "ae65dc3f1b0148518ebb68c6a7ac4354", "interface": "public", "region_id": "RegionOne", "url": "https://10.4.3.107/compute/v2/ce4564b8550c4befa3493cc592f0dc41", "region": "RegionOne"}], "id": "e0072d5919c945aca744cba3f13a6b0d", "type": "compute_legacy", "name": "nova_legacy"}, {"endpoints": [{"id": "8bd44046abd64e6f90c6e46de87b300c", "interface": "public", "region_id": "RegionOne", "url": "https://10.4.3.107/compute/v2.1", "region": "RegionOne"}], "id": "e9886c47c00f4007969ddcc13915f14b", "type": "compute", "name": "nova"}, {"endpoints": [{"id": "75dad8eda40047d98418bd35336b14cf", "interface": "public", "region_id": "RegionOne", "url": "https://10.4.3.107/networking", "region": "RegionOne"}], "id": "eae375f2bc1a4c389825883e240924a3", "type": "network", "name": "neutron"}]}} {{(pid=103143) get_auth_ref /opt/stack/data/venv/lib/python3.12/site-packages/keystoneclient/auth/identity/v3/base.py:190}}
Aug 19 16:51:30.871880 np0000007793 devstack@g-api.service[103143]: DEBUG keystoneclient.httpclient [None req-65a32e77-19ad-46bd-91e9-5a44dd4061f8 tempest-AttachSCSIVolumeTestJSON-2128751290 tempest-AttachSCSIVolumeTestJSON-2128751290-project-admin] Failed to find endpoint for management url admin endpoint for identity service not found {{(pid=103143) _process_management_url /opt/stack/data/venv/lib/python3.12/site-packages/keystoneclient/httpclient.py:670}}
Aug 19 16:51:31.470548 np0000007793 devstack@g-api.service[103143]: DEBUG swiftclient [None req-65a32e77-19ad-46bd-91e9-5a44dd4061f8 tempest-AttachSCSIVolumeTestJSON-2128751290 tempest-AttachSCSIVolumeTestJSON-2128751290-project-admin] REQ: curl -i https://10.4.3.107:8080/v1/AUTH_ce4564b8550c4befa3493cc592f0dc41/glance/035726c9-e2b7-4fe6-9f1b-914aa2877be4 -I -H "X-Auth-Token: gAAAAABqhd8SG8RI..." {{(pid=103143) http_log /opt/stack/data/venv/lib/python3.12/site-packages/swiftclient/client.py:160}}
Aug 19 16:51:31.470812 np0000007793 devstack@g-api.service[103143]: DEBUG swiftclient [None req-65a32e77-19ad-46bd-91e9-5a44dd4061f8 tempest-AttachSCSIVolumeTestJSON-2128751290 tempest-AttachSCSIVolumeTestJSON-2128751290-project-admin] RESP STATUS: 200 OK {{(pid=103143) http_log /opt/stack/data/venv/lib/python3.12/site-packages/swiftclient/client.py:161}}
Aug 19 16:51:31.471034 np0000007793 devstack@g-api.service[103143]: DEBUG swiftclient [None req-65a32e77-19ad-46bd-91e9-5a44dd4061f8 tempest-AttachSCSIVolumeTestJSON-2128751290 tempest-AttachSCSIVolumeTestJSON-2128751290-project-admin] RESP HEADERS: {'Date': 'Wed, 19 Aug 2026 16:51:31 GMT', 'Server': 'Apache/2.4.58 (Ubuntu)', 'Content-Type': 'application/octet-stream', 'Content-Length': '21692416', 'X-Object-Manifest': 'glance/035726c9-e2b7-4fe6-9f1b-914aa2877be4-', 'Last-Modified': 'Wed, 19 Aug 2026 16:50:10 GMT', 'X-Timestamp': '1787158209.42264', 'Accept-Ranges': 'bytes', 'Etag': '"737c2a37dd3f91e374c48cad70137398"', 'X-Trans-Id': 'tx859f3d98ebed4f54ad8d8-006a85df12', 'X-Openstack-Request-Id': 'tx859f3d98ebed4f54ad8d8-006a85df12', 'Connection': 'close'} {{(pid=103143) http_log /opt/stack/data/venv/lib/python3.12/site-packages/swiftclient/client.py:162}}
Aug 19 16:51:31.506585 np0000007793 devstack@g-api.service[103143]: DEBUG swiftclient [None req-65a32e77-19ad-46bd-91e9-5a44dd4061f8 tempest-AttachSCSIVolumeTestJSON-2128751290 tempest-AttachSCSIVolumeTestJSON-2128751290-project-admin] REQ: curl -i https://10.4.3.107:8080/v1/AUTH_ce4564b8550c4befa3493cc592f0dc41/glance?format=json&prefix=035726c9-e2b7-4fe6-9f1b-914aa2877be4- -X GET -H "X-Auth-Token: gAAAAABqhd8SG8RI..." -H "Accept-Encoding: gzip" {{(pid=103143) http_log /opt/stack/data/venv/lib/python3.12/site-packages/swiftclient/client.py:160}}
Aug 19 16:51:31.506800 np0000007793 devstack@g-api.service[103143]: DEBUG swiftclient [None req-65a32e77-19ad-46bd-91e9-5a44dd4061f8 tempest-AttachSCSIVolumeTestJSON-2128751290 tempest-AttachSCSIVolumeTestJSON-2128751290-project-admin] RESP STATUS: 200 OK {{(pid=103143) http_log /opt/stack/data/venv/lib/python3.12/site-packages/swiftclient/client.py:161}}
Aug 19 16:51:31.507448 np0000007793 devstack@g-api.service[103143]: DEBUG swiftclient [None req-65a32e77-19ad-46bd-91e9-5a44dd4061f8 tempest-AttachSCSIVolumeTestJSON-2128751290 tempest-AttachSCSIVolumeTestJSON-2128751290-project-admin] RESP HEADERS: {'Date': 'Wed, 19 Aug 2026 16:51:31 GMT', 'Server': 'Apache/2.4.58 (Ubuntu)', 'Content-Type': 'application/json; charset=utf-8', 'Content-Length': '210', 'X-Container-Object-Count': '5', 'X-Container-Bytes-Used': '86048768', 'X-Timestamp': '1787158079.17704', 'Last-Modified': 'Wed, 19 Aug 2026 16:48:00 GMT', 'Accept-Ranges': 'bytes', 'X-Storage-Policy': 'Policy-0', 'X-Container-Sharding': 'False', 'X-Trans-Id': 'tx9fc5cf85173b4edf9da72-006a85df13', 'X-Openstack-Request-Id': 'tx9fc5cf85173b4edf9da72-006a85df13', 'Connection': 'close'} {{(pid=103143) http_log /opt/stack/data/venv/lib/python3.12/site-packages/swiftclient/client.py:162}}
Aug 19 16:51:31.510080 np0000007793 devstack@g-api.service[103143]: DEBUG swiftclient [None req-65a32e77-19ad-46bd-91e9-5a44dd4061f8 tempest-AttachSCSIVolumeTestJSON-2128751290 tempest-AttachSCSIVolumeTestJSON-2128751290-project-admin] RESP BODY: b'[{"bytes": 21692416, "hash": "87617e24a5e30cb3b87fda8c0764838f", "name": "035726c9-e2b7-4fe6-9f1b-914aa2877be4-00001", "content_type": "application/octet-stream", "last_modified": "2026-08-19T16:50:09.110400"}]' {{(pid=103143) http_log /opt/stack/data/venv/lib/python3.12/site-packages/swiftclient/client.py:166}}
Aug 19 16:51:31.561795 np0000007793 devstack@g-api.service[103143]: DEBUG swiftclient [None req-65a32e77-19ad-46bd-91e9-5a44dd4061f8 tempest-AttachSCSIVolumeTestJSON-2128751290 tempest-AttachSCSIVolumeTestJSON-2128751290-project-admin] REQ: curl -i https://10.4.3.107:8080/v1/AUTH_ce4564b8550c4befa3493cc592f0dc41/glance/035726c9-e2b7-4fe6-9f1b-914aa2877be4-00001 DELETE -H "X-Auth-Token: gAAAAABqhd8SG8RI..." {{(pid=103143) http_log /opt/stack/data/venv/lib/python3.12/site-packages/swiftclient/client.py:160}}
Aug 19 16:51:31.561795 np0000007793 devstack@g-api.service[103143]: DEBUG swiftclient [None req-65a32e77-19ad-46bd-91e9-5a44dd4061f8 tempest-AttachSCSIVolumeTestJSON-2128751290 tempest-AttachSCSIVolumeTestJSON-2128751290-project-admin] RESP STATUS: 204 No Content {{(pid=103143) http_log /opt/stack/data/venv/lib/python3.12/site-packages/swiftclient/client.py:161}}
Aug 19 16:51:31.561795 np0000007793 devstack@g-api.service[103143]: DEBUG swiftclient [None req-65a32e77-19ad-46bd-91e9-5a44dd4061f8 tempest-AttachSCSIVolumeTestJSON-2128751290 tempest-AttachSCSIVolumeTestJSON-2128751290-project-admin] RESP HEADERS: {'Date': 'Wed, 19 Aug 2026 16:51:31 GMT', 'Server': 'Apache/2.4.58 (Ubuntu)', 'Content-Type': 'text/html; charset=UTF-8', 'X-Trans-Id': 'txe5d99108ce514cbeb6c7f-006a85df13', 'X-Openstack-Request-Id': 'txe5d99108ce514cbeb6c7f-006a85df13', 'Connection': 'close'} {{(pid=103143) http_log /opt/stack/data/venv/lib/python3.12/site-packages/swiftclient/client.py:162}}
Aug 19 16:51:31.606857 np0000007793 devstack@g-api.service[103143]: DEBUG swiftclient [None req-65a32e77-19ad-46bd-91e9-5a44dd4061f8 tempest-AttachSCSIVolumeTestJSON-2128751290 tempest-AttachSCSIVolumeTestJSON-2128751290-project-admin] REQ: curl -i https://10.4.3.107:8080/v1/AUTH_ce4564b8550c4befa3493cc592f0dc41/glance/035726c9-e2b7-4fe6-9f1b-914aa2877be4 DELETE -H "X-Auth-Token: gAAAAABqhd8SG8RI..." {{(pid=103143) http_log /opt/stack/data/venv/lib/python3.12/site-packages/swiftclient/client.py:160}}
Aug 19 16:51:31.606857 np0000007793 devstack@g-api.service[103143]: DEBUG swiftclient [None req-65a32e77-19ad-46bd-91e9-5a44dd4061f8 tempest-AttachSCSIVolumeTestJSON-2128751290 tempest-AttachSCSIVolumeTestJSON-2128751290-project-admin] RESP STATUS: 204 No Content {{(pid=103143) http_log /opt/stack/data/venv/lib/python3.12/site-packages/swiftclient/client.py:161}}
Aug 19 16:51:31.606857 np0000007793 devstack@g-api.service[103143]: DEBUG swiftclient [None req-65a32e77-19ad-46bd-91e9-5a44dd4061f8 tempest-AttachSCSIVolumeTestJSON-2128751290 tempest-AttachSCSIVolumeTestJSON-2128751290-project-admin] RESP HEADERS: {'Date': 'Wed, 19 Aug 2026 16:51:31 GMT', 'Server': 'Apache/2.4.58 (Ubuntu)', 'Content-Type': 'text/html; charset=UTF-8', 'X-Trans-Id': 'txc8c59e1b936747e89ff51-006a85df13', 'X-Openstack-Request-Id': 'txc8c59e1b936747e89ff51-006a85df13', 'Connection': 'close'} {{(pid=103143) http_log /opt/stack/data/venv/lib/python3.12/site-packages/swiftclient/client.py:162}}
Aug 19 16:51:31.627027 np0000007793 devstack@g-api.service[103144]: DEBUG glance.api.middleware.version_negotiation [None req-145329f3-096a-4adc-8375-9cf0d33c2840 tempest-TaggedBootDevicesTest_v242-645678872 tempest-TaggedBootDevicesTest_v242-645678872-project-member] Determining version of request: GET /versions Accept: */* {{(pid=103144) process_request /opt/stack/glance/glance/api/middleware/version_negotiation.py:44}}
Aug 19 16:51:31.627470 np0000007793 devstack@g-api.service[103144]: [pid: 103144|app: 0|req: 29/106] 127.0.0.1 () {44 vars in 1039 bytes} [Wed Aug 19 16:51:31 2026] GET /versions => generated 1515 bytes in 1 msecs (HTTP/1.1 200) 3 headers in 92 bytes (1 switches on core 0)
Aug 19 16:51:31.643443 np0000007793 devstack@g-api.service[103145]: DEBUG glance.api.middleware.version_negotiation [None req-145329f3-096a-4adc-8375-9cf0d33c2840 tempest-TaggedBootDevicesTest_v242-645678872 tempest-TaggedBootDevicesTest_v242-645678872-project-member] Determining version of request: GET /v2/images/f94ca9fe-3440-4391-a73f-5b3f9a105c40/locations Accept: */* {{(pid=103145) process_request /opt/stack/glance/glance/api/middleware/version_negotiation.py:44}}
Aug 19 16:51:31.644499 np0000007793 devstack@g-api.service[103145]: DEBUG glance.api.middleware.version_negotiation [None req-145329f3-096a-4adc-8375-9cf0d33c2840 tempest-TaggedBootDevicesTest_v242-645678872 tempest-TaggedBootDevicesTest_v242-645678872-project-member] Using url versioning {{(pid=103145) process_request /opt/stack/glance/glance/api/middleware/version_negotiation.py:57}}
Aug 19 16:51:31.644499 np0000007793 devstack@g-api.service[103145]: DEBUG glance.api.middleware.version_negotiation [None req-145329f3-096a-4adc-8375-9cf0d33c2840 tempest-TaggedBootDevicesTest_v242-645678872 tempest-TaggedBootDevicesTest_v242-645678872-project-member] Matched version: v2 {{(pid=103145) process_request /opt/stack/glance/glance/api/middleware/version_negotiation.py:69}}
Aug 19 16:51:31.644499 np0000007793 devstack@g-api.service[103145]: DEBUG glance.api.middleware.version_negotiation [None req-145329f3-096a-4adc-8375-9cf0d33c2840 tempest-TaggedBootDevicesTest_v242-645678872 tempest-TaggedBootDevicesTest_v242-645678872-project-member] new path /v2/images/f94ca9fe-3440-4391-a73f-5b3f9a105c40/locations {{(pid=103145) process_request /opt/stack/glance/glance/api/middleware/version_negotiation.py:70}}
Aug 19 16:51:31.743926 np0000007793 devstack@g-api.service[103143]: DEBUG glance.api.middleware.cache [None req-65a32e77-19ad-46bd-91e9-5a44dd4061f8 tempest-AttachSCSIVolumeTestJSON-2128751290 tempest-AttachSCSIVolumeTestJSON-2128751290-project-admin] Removing image 035726c9-e2b7-4fe6-9f1b-914aa2877be4 from cache {{(pid=103143) _process_DELETE_response /opt/stack/glance/glance/api/middleware/cache.py:264}}
Aug 19 16:51:31.744297 np0000007793 devstack@g-api.service[103143]: DEBUG glance.image_cache.drivers.centralized_db [None req-65a32e77-19ad-46bd-91e9-5a44dd4061f8 tempest-AttachSCSIVolumeTestJSON-2128751290 tempest-AttachSCSIVolumeTestJSON-2128751290-project-admin] Deleting image cache file '/opt/stack/data/glance/cache/035726c9-e2b7-4fe6-9f1b-914aa2877be4' {{(pid=103143) delete_cached_file /opt/stack/glance/glance/image_cache/drivers/centralized_db.py:400}}
Aug 19 16:51:31.762922 np0000007793 devstack@g-api.service[103143]: [pid: 103143|app: 0|req: 24/107] 127.0.0.1 () {40 vars in 841 bytes} [Wed Aug 19 16:51:30 2026] DELETE /v2/images/035726c9-e2b7-4fe6-9f1b-914aa2877be4 => generated 0 bytes in 1172 msecs (HTTP/1.1 204) 4 headers in 171 bytes (1 switches on core 0)
Aug 19 16:51:31.776978 np0000007793 devstack@g-api.service[103146]: DEBUG glance.api.middleware.version_negotiation [None req-145329f3-096a-4adc-8375-9cf0d33c2840 tempest-TaggedBootDevicesTest_v242-645678872 tempest-TaggedBootDevicesTest_v242-645678872-project-member] Determining version of request: GET /v2/images/035726c9-e2b7-4fe6-9f1b-914aa2877be4 Accept: application/json {{(pid=103146) process_request /opt/stack/glance/glance/api/middleware/version_negotiation.py:44}}
Aug 19 16:51:31.776978 np0000007793 devstack@g-api.service[103146]: DEBUG glance.api.middleware.version_negotiation [None req-145329f3-096a-4adc-8375-9cf0d33c2840 tempest-TaggedBootDevicesTest_v242-645678872 tempest-TaggedBootDevicesTest_v242-645678872-project-member] Using url versioning {{(pid=103146) process_request /opt/stack/glance/glance/api/middleware/version_negotiation.py:57}}
Aug 19 16:51:31.776978 np0000007793 devstack@g-api.service[103146]: DEBUG glance.api.middleware.version_negotiation [None req-145329f3-096a-4adc-8375-9cf0d33c2840 tempest-TaggedBootDevicesTest_v242-645678872 tempest-TaggedBootDevicesTest_v242-645678872-project-member] Matched version: v2 {{(pid=103146) process_request /opt/stack/glance/glance/api/middleware/version_negotiation.py:69}}
Aug 19 16:51:31.776978 np0000007793 devstack@g-api.service[103146]: DEBUG glance.api.middleware.version_negotiation [None req-145329f3-096a-4adc-8375-9cf0d33c2840 tempest-TaggedBootDevicesTest_v242-645678872 tempest-TaggedBootDevicesTest_v242-645678872-project-member] new path /v2/images/035726c9-e2b7-4fe6-9f1b-914aa2877be4 {{(pid=103146) process_request /opt/stack/glance/glance/api/middleware/version_negotiation.py:70}}
Aug 19 16:51:31.786316 np0000007793 devstack@g-api.service[103146]: DEBUG glance.db.sqlalchemy.api [None req-9cb65fd0-99ed-4161-bd41-8e84e5a8b34b tempest-AttachSCSIVolumeTestJSON-171538967 tempest-AttachSCSIVolumeTestJSON-171538967-project-reader] No image found with ID 035726c9-e2b7-4fe6-9f1b-914aa2877be4 {{(pid=103146) _image_get /opt/stack/glance/glance/db/sqlalchemy/api.py:301}}
Aug 19 16:51:31.788054 np0000007793 devstack@g-api.service[103146]: [pid: 103146|app: 0|req: 28/108] 127.0.0.1 () {40 vars in 838 bytes} [Wed Aug 19 16:51:31 2026] GET /v2/images/035726c9-e2b7-4fe6-9f1b-914aa2877be4 => generated 139 bytes in 12 msecs (HTTP/1.1 404) 4 headers in 164 bytes (1 switches on core 0)
Aug 19 16:51:31.948999 np0000007793 devstack@g-api.service[103145]: [pid: 103145|app: 0|req: 28/109] 127.0.0.1 () {44 vars in 1135 bytes} [Wed Aug 19 16:51:31 2026] GET /v2/images/f94ca9fe-3440-4391-a73f-5b3f9a105c40/locations => generated 92 bytes in 306 msecs (HTTP/1.1 200) 4 headers in 156 bytes (1 switches on core 0)
Aug 19 16:51:31.960933 np0000007793 devstack@g-api.service[103144]: DEBUG glance.api.middleware.version_negotiation [None req-145329f3-096a-4adc-8375-9cf0d33c2840 tempest-TaggedBootDevicesTest_v242-645678872 tempest-TaggedBootDevicesTest_v242-645678872-project-member] Determining version of request: GET /v2/images/f94ca9fe-3440-4391-a73f-5b3f9a105c40 Accept: */* {{(pid=103144) process_request /opt/stack/glance/glance/api/middleware/version_negotiation.py:44}}
Aug 19 16:51:31.961127 np0000007793 devstack@g-api.service[103144]: DEBUG glance.api.middleware.version_negotiation [None req-145329f3-096a-4adc-8375-9cf0d33c2840 tempest-TaggedBootDevicesTest_v242-645678872 tempest-TaggedBootDevicesTest_v242-645678872-project-member] Using url versioning {{(pid=103144) process_request /opt/stack/glance/glance/api/middleware/version_negotiation.py:57}}
Aug 19 16:51:31.961322 np0000007793 devstack@g-api.service[103144]: DEBUG glance.api.middleware.version_negotiation [None req-145329f3-096a-4adc-8375-9cf0d33c2840 tempest-TaggedBootDevicesTest_v242-645678872 tempest-TaggedBootDevicesTest_v242-645678872-project-member] Matched version: v2 {{(pid=103144) process_request /opt/stack/glance/glance/api/middleware/version_negotiation.py:69}}
Aug 19 16:51:31.961463 np0000007793 devstack@g-api.service[103144]: DEBUG glance.api.middleware.version_negotiation [None req-145329f3-096a-4adc-8375-9cf0d33c2840 tempest-TaggedBootDevicesTest_v242-645678872 tempest-TaggedBootDevicesTest_v242-645678872-project-member] new path /v2/images/f94ca9fe-3440-4391-a73f-5b3f9a105c40 {{(pid=103144) process_request /opt/stack/glance/glance/api/middleware/version_negotiation.py:70}}
Aug 19 16:51:31.975628 np0000007793 devstack@g-api.service[103144]: [pid: 103144|app: 0|req: 30/110] 127.0.0.1 () {44 vars in 1115 bytes} [Wed Aug 19 16:51:31 2026] GET /v2/images/f94ca9fe-3440-4391-a73f-5b3f9a105c40 => generated 1044 bytes in 16 msecs (HTTP/1.1 200) 4 headers in 158 bytes (1 switches on core 0)
Aug 19 16:51:31.985256 np0000007793 devstack@g-api.service[103143]: DEBUG glance.api.middleware.version_negotiation [None req-65a32e77-19ad-46bd-91e9-5a44dd4061f8 tempest-AttachSCSIVolumeTestJSON-2128751290 tempest-AttachSCSIVolumeTestJSON-2128751290-project-admin] Determining version of request: GET /v2/schemas/image Accept: */* {{(pid=103143) process_request /opt/stack/glance/glance/api/middleware/version_negotiation.py:44}}
Aug 19 16:51:31.985784 np0000007793 devstack@g-api.service[103143]: DEBUG glance.api.middleware.version_negotiation [None req-65a32e77-19ad-46bd-91e9-5a44dd4061f8 tempest-AttachSCSIVolumeTestJSON-2128751290 tempest-AttachSCSIVolumeTestJSON-2128751290-project-admin] Using url versioning {{(pid=103143) process_request /opt/stack/glance/glance/api/middleware/version_negotiation.py:57}}
Aug 19 16:51:31.986280 np0000007793 devstack@g-api.service[103143]: DEBUG glance.api.middleware.version_negotiation [None req-65a32e77-19ad-46bd-91e9-5a44dd4061f8 tempest-AttachSCSIVolumeTestJSON-2128751290 tempest-AttachSCSIVolumeTestJSON-2128751290-project-admin] Matched version: v2 {{(pid=103143) process_request /opt/stack/glance/glance/api/middleware/version_negotiation.py:69}}
Aug 19 16:51:31.986280 np0000007793 devstack@g-api.service[103143]: DEBUG glance.api.middleware.version_negotiation [None req-65a32e77-19ad-46bd-91e9-5a44dd4061f8 tempest-AttachSCSIVolumeTestJSON-2128751290 tempest-AttachSCSIVolumeTestJSON-2128751290-project-admin] new path /v2/schemas/image {{(pid=103143) process_request /opt/stack/glance/glance/api/middleware/version_negotiation.py:70}}
Aug 19 16:51:31.989286 np0000007793 devstack@g-api.service[103143]: [pid: 103143|app: 0|req: 25/111] 127.0.0.1 () {44 vars in 1055 bytes} [Wed Aug 19 16:51:31 2026] GET /v2/schemas/image => generated 6083 bytes in 4 msecs (HTTP/1.1 200) 4 headers in 158 bytes (1 switches on core 0)
Aug 19 16:51:32.005090 np0000007793 devstack@g-api.service[103146]: DEBUG glance.api.middleware.version_negotiation [None req-9cb65fd0-99ed-4161-bd41-8e84e5a8b34b tempest-AttachSCSIVolumeTestJSON-171538967 tempest-AttachSCSIVolumeTestJSON-171538967-project-reader] Determining version of request: GET /v2/schemas/image Accept: */* {{(pid=103146) process_request /opt/stack/glance/glance/api/middleware/version_negotiation.py:44}}
Aug 19 16:51:32.005090 np0000007793 devstack@g-api.service[103146]: DEBUG glance.api.middleware.version_negotiation [None req-9cb65fd0-99ed-4161-bd41-8e84e5a8b34b tempest-AttachSCSIVolumeTestJSON-171538967 tempest-AttachSCSIVolumeTestJSON-171538967-project-reader] Using url versioning {{(pid=103146) process_request /opt/stack/glance/glance/api/middleware/version_negotiation.py:57}}
Aug 19 16:51:32.005983 np0000007793 devstack@g-api.service[103146]: DEBUG glance.api.middleware.version_negotiation [None req-9cb65fd0-99ed-4161-bd41-8e84e5a8b34b tempest-AttachSCSIVolumeTestJSON-171538967 tempest-AttachSCSIVolumeTestJSON-171538967-project-reader] Matched version: v2 {{(pid=103146) process_request /opt/stack/glance/glance/api/middleware/version_negotiation.py:69}}
Aug 19 16:51:32.006043 np0000007793 devstack@g-api.service[103146]: DEBUG glance.api.middleware.version_negotiation [None req-9cb65fd0-99ed-4161-bd41-8e84e5a8b34b tempest-AttachSCSIVolumeTestJSON-171538967 tempest-AttachSCSIVolumeTestJSON-171538967-project-reader] new path /v2/schemas/image {{(pid=103146) process_request /opt/stack/glance/glance/api/middleware/version_negotiation.py:70}}
Aug 19 16:51:32.009211 np0000007793 devstack@g-api.service[103146]: [pid: 103146|app: 0|req: 29/112] 127.0.0.1 () {44 vars in 1055 bytes} [Wed Aug 19 16:51:32 2026] GET /v2/schemas/image => generated 6083 bytes in 6 msecs (HTTP/1.1 200) 4 headers in 158 bytes (1 switches on core 0)
Aug 19 16:51:41.757056 np0000007793 devstack@g-api.service[103143]: DEBUG dbcounter [-] [103143] Writing DB stats glance:SELECT=12,glance:UPDATE=9,glance:DELETE=1 {{(pid=103143) stat_writer /opt/stack/data/venv/lib/python3.12/site-packages/dbcounter.py:115}}
Aug 19 16:51:41.786918 np0000007793 devstack@g-api.service[103146]: DEBUG dbcounter [-] [103146] Writing DB stats glance:SELECT=1 {{(pid=103146) stat_writer /opt/stack/data/venv/lib/python3.12/site-packages/dbcounter.py:115}}
Aug 19 16:51:41.948805 np0000007793 devstack@g-api.service[103145]: DEBUG dbcounter [-] [103145] Writing DB stats glance:SELECT=4 {{(pid=103145) stat_writer /opt/stack/data/venv/lib/python3.12/site-packages/dbcounter.py:115}}
Aug 19 16:51:41.973260 np0000007793 devstack@g-api.service[103144]: DEBUG dbcounter [-] [103144] Writing DB stats glance:SELECT=8 {{(pid=103144) stat_writer /opt/stack/data/venv/lib/python3.12/site-packages/dbcounter.py:115}}
Aug 19 16:51:42.159373 np0000007793 devstack@g-api.service[103145]: DEBUG glance.api.middleware.version_negotiation [None req-145329f3-096a-4adc-8375-9cf0d33c2840 service glance] Determining version of request: GET /v2/images/f94ca9fe-3440-4391-a73f-5b3f9a105c40 Accept: */* {{(pid=103145) process_request /opt/stack/glance/glance/api/middleware/version_negotiation.py:44}}
Aug 19 16:51:42.160186 np0000007793 devstack@g-api.service[103145]: DEBUG glance.api.middleware.version_negotiation [None req-145329f3-096a-4adc-8375-9cf0d33c2840 service glance] Using url versioning {{(pid=103145) process_request /opt/stack/glance/glance/api/middleware/version_negotiation.py:57}}
Aug 19 16:51:42.160186 np0000007793 devstack@g-api.service[103145]: DEBUG glance.api.middleware.version_negotiation [None req-145329f3-096a-4adc-8375-9cf0d33c2840 service glance] Matched version: v2 {{(pid=103145) process_request /opt/stack/glance/glance/api/middleware/version_negotiation.py:69}}
Aug 19 16:51:42.160186 np0000007793 devstack@g-api.service[103145]: DEBUG glance.api.middleware.version_negotiation [None req-145329f3-096a-4adc-8375-9cf0d33c2840 service glance] new path /v2/images/f94ca9fe-3440-4391-a73f-5b3f9a105c40 {{(pid=103145) process_request /opt/stack/glance/glance/api/middleware/version_negotiation.py:70}}
Aug 19 16:51:42.182059 np0000007793 devstack@g-api.service[103145]: [pid: 103145|app: 0|req: 29/113] 127.0.0.1 () {44 vars in 1115 bytes} [Wed Aug 19 16:51:42 2026] GET /v2/images/f94ca9fe-3440-4391-a73f-5b3f9a105c40 => generated 1044 bytes in 23 msecs (HTTP/1.1 200) 4 headers in 158 bytes (1 switches on core 0)
Aug 19 16:51:42.236051 np0000007793 devstack@g-api.service[103144]: DEBUG glance.api.middleware.version_negotiation [None req-145329f3-096a-4adc-8375-9cf0d33c2840 tempest-TaggedBootDevicesTest_v242-645678872 tempest-TaggedBootDevicesTest_v242-645678872-project-member] Determining version of request: GET /v2/schemas/image Accept: */* {{(pid=103144) process_request /opt/stack/glance/glance/api/middleware/version_negotiation.py:44}}
Aug 19 16:51:42.236051 np0000007793 devstack@g-api.service[103144]: DEBUG glance.api.middleware.version_negotiation [None req-145329f3-096a-4adc-8375-9cf0d33c2840 tempest-TaggedBootDevicesTest_v242-645678872 tempest-TaggedBootDevicesTest_v242-645678872-project-member] Using url versioning {{(pid=103144) process_request /opt/stack/glance/glance/api/middleware/version_negotiation.py:57}}
