Aug 19 16:47:25.049970 np0000007793 nova-scheduler[96711]: DEBUG cotyledon.oslo_config_glue [-] workarounds.libvirt_disable_apic = False {{(pid=96711) log_opt_values /opt/stack/data/venv/lib/python3.12/site-packages/oslo_config/cfg.py:3560}}
Aug 19 16:47:25.049970 np0000007793 nova-scheduler[96711]: DEBUG cotyledon.oslo_config_glue [-] workarounds.never_download_image_if_on_rbd = False {{(pid=96711) log_opt_values /opt/stack/data/venv/lib/python3.12/site-packages/oslo_config/cfg.py:3560}}
Aug 19 16:47:25.049970 np0000007793 nova-scheduler[96711]: DEBUG cotyledon.oslo_config_glue [-] workarounds.qemu_monitor_announce_self_count = 3 {{(pid=96711) log_opt_values /opt/stack/data/venv/lib/python3.12/site-packages/oslo_config/cfg.py:3560}}
Aug 19 16:47:25.049970 np0000007793 nova-scheduler[96711]: DEBUG cotyledon.oslo_config_glue [-] workarounds.qemu_monitor_announce_self_interval = 1 {{(pid=96711) log_opt_values /opt/stack/data/venv/lib/python3.12/site-packages/oslo_config/cfg.py:3560}}
Aug 19 16:47:25.049970 np0000007793 nova-scheduler[96711]: DEBUG cotyledon.oslo_config_glue [-] workarounds.reserve_disk_resource_for_image_cache = False {{(pid=96711) log_opt_values /opt/stack/data/venv/lib/python3.12/site-packages/oslo_config/cfg.py:3560}}
Aug 19 16:47:25.050231 np0000007793 nova-scheduler[96711]: DEBUG cotyledon.oslo_config_glue [-] workarounds.skip_cpu_compare_at_startup = False {{(pid=96711) log_opt_values /opt/stack/data/venv/lib/python3.12/site-packages/oslo_config/cfg.py:3560}}
Aug 19 16:47:25.050231 np0000007793 nova-scheduler[96711]: DEBUG cotyledon.oslo_config_glue [-] workarounds.skip_cpu_compare_on_dest = False {{(pid=96711) log_opt_values /opt/stack/data/venv/lib/python3.12/site-packages/oslo_config/cfg.py:3560}}
Aug 19 16:47:25.050231 np0000007793 nova-scheduler[96711]: DEBUG cotyledon.oslo_config_glue [-] workarounds.skip_hypervisor_version_check_on_lm = False {{(pid=96711) log_opt_values /opt/stack/data/venv/lib/python3.12/site-packages/oslo_config/cfg.py:3560}}
Aug 19 16:47:25.050231 np0000007793 nova-scheduler[96711]: DEBUG cotyledon.oslo_config_glue [-] workarounds.skip_reserve_in_use_ironic_nodes = False {{(pid=96711) log_opt_values /opt/stack/data/venv/lib/python3.12/site-packages/oslo_config/cfg.py:3560}}
Aug 19 16:47:25.050231 np0000007793 nova-scheduler[96711]: DEBUG cotyledon.oslo_config_glue [-] workarounds.unified_limits_count_pcpu_as_vcpu = False {{(pid=96711) log_opt_values /opt/stack/data/venv/lib/python3.12/site-packages/oslo_config/cfg.py:3560}}
Aug 19 16:47:25.050231 np0000007793 nova-scheduler[96711]: DEBUG cotyledon.oslo_config_glue [-] workarounds.wait_for_vif_plugged_event_during_hard_reboot = [] {{(pid=96711) log_opt_values /opt/stack/data/venv/lib/python3.12/site-packages/oslo_config/cfg.py:3560}}
Aug 19 16:47:25.050231 np0000007793 nova-scheduler[96711]: DEBUG cotyledon.oslo_config_glue [-] wsgi.api_paste_config = /etc/nova/api-paste.ini {{(pid=96711) log_opt_values /opt/stack/data/venv/lib/python3.12/site-packages/oslo_config/cfg.py:3560}}
Aug 19 16:47:25.050231 np0000007793 nova-scheduler[96711]: DEBUG cotyledon.oslo_config_glue [-] wsgi.secure_proxy_ssl_header = None {{(pid=96711) log_opt_values /opt/stack/data/venv/lib/python3.12/site-packages/oslo_config/cfg.py:3560}}
Aug 19 16:47:25.050231 np0000007793 nova-scheduler[96711]: DEBUG cotyledon.oslo_config_glue [-] zvm.ca_file = None {{(pid=96711) log_opt_values /opt/stack/data/venv/lib/python3.12/site-packages/oslo_config/cfg.py:3560}}
Aug 19 16:47:25.050465 np0000007793 nova-scheduler[96711]: DEBUG cotyledon.oslo_config_glue [-] zvm.cloud_connector_url = None {{(pid=96711) log_opt_values /opt/stack/data/venv/lib/python3.12/site-packages/oslo_config/cfg.py:3560}}
Aug 19 16:47:25.050465 np0000007793 nova-scheduler[96711]: DEBUG cotyledon.oslo_config_glue [-] zvm.image_tmp_path = /opt/stack/data/nova/images {{(pid=96711) log_opt_values /opt/stack/data/venv/lib/python3.12/site-packages/oslo_config/cfg.py:3560}}
Aug 19 16:47:25.050465 np0000007793 nova-scheduler[96711]: DEBUG cotyledon.oslo_config_glue [-] zvm.reachable_timeout = 300 {{(pid=96711) log_opt_values /opt/stack/data/venv/lib/python3.12/site-packages/oslo_config/cfg.py:3560}}
Aug 19 16:47:25.050465 np0000007793 nova-scheduler[96711]: DEBUG cotyledon.oslo_config_glue [-] oslo_versionedobjects.fatal_exception_format_errors = False {{(pid=96711) log_opt_values /opt/stack/data/venv/lib/python3.12/site-packages/oslo_config/cfg.py:3560}}
Aug 19 16:47:25.050465 np0000007793 nova-scheduler[96711]: DEBUG cotyledon.oslo_config_glue [-] oslo_middleware.http_basic_auth_user_file = /etc/htpasswd {{(pid=96711) log_opt_values /opt/stack/data/venv/lib/python3.12/site-packages/oslo_config/cfg.py:3560}}
Aug 19 16:47:25.050465 np0000007793 nova-scheduler[96711]: DEBUG cotyledon.oslo_config_glue [-] oslo_messaging_metrics.metrics_buffer_size = 1000 {{(pid=96711) log_opt_values /opt/stack/data/venv/lib/python3.12/site-packages/oslo_config/cfg.py:3560}}
Aug 19 16:47:25.050465 np0000007793 nova-scheduler[96711]: DEBUG cotyledon.oslo_config_glue [-] oslo_messaging_metrics.metrics_enabled = False {{(pid=96711) log_opt_values /opt/stack/data/venv/lib/python3.12/site-packages/oslo_config/cfg.py:3560}}
Aug 19 16:47:25.050465 np0000007793 nova-scheduler[96711]: DEBUG cotyledon.oslo_config_glue [-] oslo_messaging_metrics.metrics_process_name = {{(pid=96711) log_opt_values /opt/stack/data/venv/lib/python3.12/site-packages/oslo_config/cfg.py:3560}}
Aug 19 16:47:25.050715 np0000007793 nova-scheduler[96711]: DEBUG cotyledon.oslo_config_glue [-] oslo_messaging_metrics.metrics_socket_file = /var/tmp/metrics_collector.sock {{(pid=96711) log_opt_values /opt/stack/data/venv/lib/python3.12/site-packages/oslo_config/cfg.py:3560}}
Aug 19 16:47:25.050715 np0000007793 nova-scheduler[96711]: DEBUG cotyledon.oslo_config_glue [-] oslo_messaging_metrics.metrics_thread_stop_timeout = 10 {{(pid=96711) log_opt_values /opt/stack/data/venv/lib/python3.12/site-packages/oslo_config/cfg.py:3560}}
Aug 19 16:47:25.050715 np0000007793 nova-scheduler[96711]: DEBUG cotyledon.oslo_config_glue [-] profiler.connection_string = messaging:// {{(pid=96711) log_opt_values /opt/stack/data/venv/lib/python3.12/site-packages/oslo_config/cfg.py:3560}}
Aug 19 16:47:25.050715 np0000007793 nova-scheduler[96711]: DEBUG cotyledon.oslo_config_glue [-] profiler.enabled = False {{(pid=96711) log_opt_values /opt/stack/data/venv/lib/python3.12/site-packages/oslo_config/cfg.py:3560}}
Aug 19 16:47:25.050715 np0000007793 nova-scheduler[96711]: DEBUG cotyledon.oslo_config_glue [-] profiler.es_doc_type = notification {{(pid=96711) log_opt_values /opt/stack/data/venv/lib/python3.12/site-packages/oslo_config/cfg.py:3560}}
Aug 19 16:47:25.050715 np0000007793 nova-scheduler[96711]: DEBUG cotyledon.oslo_config_glue [-] profiler.es_scroll_size = 10000 {{(pid=96711) log_opt_values /opt/stack/data/venv/lib/python3.12/site-packages/oslo_config/cfg.py:3560}}
Aug 19 16:47:25.050715 np0000007793 nova-scheduler[96711]: DEBUG cotyledon.oslo_config_glue [-] profiler.es_scroll_time = 2m {{(pid=96711) log_opt_values /opt/stack/data/venv/lib/python3.12/site-packages/oslo_config/cfg.py:3560}}
Aug 19 16:47:25.050715 np0000007793 nova-scheduler[96711]: DEBUG cotyledon.oslo_config_glue [-] profiler.filter_error_trace = False {{(pid=96711) log_opt_values /opt/stack/data/venv/lib/python3.12/site-packages/oslo_config/cfg.py:3560}}
Aug 19 16:47:25.050715 np0000007793 nova-scheduler[96711]: DEBUG cotyledon.oslo_config_glue [-] profiler.hmac_keys = **** {{(pid=96711) log_opt_values /opt/stack/data/venv/lib/python3.12/site-packages/oslo_config/cfg.py:3560}}
Aug 19 16:47:25.050962 np0000007793 nova-scheduler[96711]: DEBUG cotyledon.oslo_config_glue [-] profiler.sentinel_service_name = mymaster {{(pid=96711) log_opt_values /opt/stack/data/venv/lib/python3.12/site-packages/oslo_config/cfg.py:3560}}
Aug 19 16:47:25.050962 np0000007793 nova-scheduler[96711]: DEBUG cotyledon.oslo_config_glue [-] profiler.socket_timeout = 0.1 {{(pid=96711) log_opt_values /opt/stack/data/venv/lib/python3.12/site-packages/oslo_config/cfg.py:3560}}
Aug 19 16:47:25.050962 np0000007793 nova-scheduler[96711]: DEBUG cotyledon.oslo_config_glue [-] profiler.trace_requests = False {{(pid=96711) log_opt_values /opt/stack/data/venv/lib/python3.12/site-packages/oslo_config/cfg.py:3560}}
Aug 19 16:47:25.050962 np0000007793 nova-scheduler[96711]: DEBUG cotyledon.oslo_config_glue [-] profiler.trace_sqlalchemy = False {{(pid=96711) log_opt_values /opt/stack/data/venv/lib/python3.12/site-packages/oslo_config/cfg.py:3560}}
Aug 19 16:47:25.050962 np0000007793 nova-scheduler[96711]: DEBUG cotyledon.oslo_config_glue [-] profiler_jaeger.process_tags = {} {{(pid=96711) log_opt_values /opt/stack/data/venv/lib/python3.12/site-packages/oslo_config/cfg.py:3560}}
Aug 19 16:47:25.050962 np0000007793 nova-scheduler[96711]: DEBUG cotyledon.oslo_config_glue [-] profiler_jaeger.service_name_prefix = None {{(pid=96711) log_opt_values /opt/stack/data/venv/lib/python3.12/site-packages/oslo_config/cfg.py:3560}}
Aug 19 16:47:25.050962 np0000007793 nova-scheduler[96711]: DEBUG cotyledon.oslo_config_glue [-] profiler_otlp.service_name_prefix = None {{(pid=96711) log_opt_values /opt/stack/data/venv/lib/python3.12/site-packages/oslo_config/cfg.py:3560}}
Aug 19 16:47:25.050962 np0000007793 nova-scheduler[96711]: DEBUG cotyledon.oslo_config_glue [-] oslo_messaging_rabbit.amqp_auto_delete = False {{(pid=96711) log_opt_values /opt/stack/data/venv/lib/python3.12/site-packages/oslo_config/cfg.py:3560}}
Aug 19 16:47:25.050962 np0000007793 nova-scheduler[96711]: DEBUG cotyledon.oslo_config_glue [-] oslo_messaging_rabbit.amqp_durable_queues = False {{(pid=96711) log_opt_values /opt/stack/data/venv/lib/python3.12/site-packages/oslo_config/cfg.py:3560}}
Aug 19 16:47:25.051218 np0000007793 nova-scheduler[96711]: DEBUG cotyledon.oslo_config_glue [-] oslo_messaging_rabbit.conn_pool_min_size = 2 {{(pid=96711) log_opt_values /opt/stack/data/venv/lib/python3.12/site-packages/oslo_config/cfg.py:3560}}
Aug 19 16:47:25.051218 np0000007793 nova-scheduler[96711]: DEBUG cotyledon.oslo_config_glue [-] oslo_messaging_rabbit.conn_pool_ttl = 1200 {{(pid=96711) log_opt_values /opt/stack/data/venv/lib/python3.12/site-packages/oslo_config/cfg.py:3560}}
Aug 19 16:47:25.051218 np0000007793 nova-scheduler[96711]: DEBUG cotyledon.oslo_config_glue [-] oslo_messaging_rabbit.direct_mandatory_flag = True {{(pid=96711) log_opt_values /opt/stack/data/venv/lib/python3.12/site-packages/oslo_config/cfg.py:3560}}
Aug 19 16:47:25.051218 np0000007793 nova-scheduler[96711]: DEBUG cotyledon.oslo_config_glue [-] oslo_messaging_rabbit.enable_cancel_on_failover = False {{(pid=96711) log_opt_values /opt/stack/data/venv/lib/python3.12/site-packages/oslo_config/cfg.py:3560}}
Aug 19 16:47:25.051218 np0000007793 nova-scheduler[96711]: DEBUG cotyledon.oslo_config_glue [-] oslo_messaging_rabbit.heartbeat_rate = 3 {{(pid=96711) log_opt_values /opt/stack/data/venv/lib/python3.12/site-packages/oslo_config/cfg.py:3560}}
Aug 19 16:47:25.051218 np0000007793 nova-scheduler[96711]: DEBUG cotyledon.oslo_config_glue [-] oslo_messaging_rabbit.heartbeat_timeout_threshold = 60 {{(pid=96711) log_opt_values /opt/stack/data/venv/lib/python3.12/site-packages/oslo_config/cfg.py:3560}}
Aug 19 16:47:25.051218 np0000007793 nova-scheduler[96711]: DEBUG cotyledon.oslo_config_glue [-] oslo_messaging_rabbit.hostname = np0000007793 {{(pid=96711) log_opt_values /opt/stack/data/venv/lib/python3.12/site-packages/oslo_config/cfg.py:3560}}
Aug 19 16:47:25.051218 np0000007793 nova-scheduler[96711]: DEBUG cotyledon.oslo_config_glue [-] oslo_messaging_rabbit.kombu_compression = None {{(pid=96711) log_opt_values /opt/stack/data/venv/lib/python3.12/site-packages/oslo_config/cfg.py:3560}}
Aug 19 16:47:25.051218 np0000007793 nova-scheduler[96711]: DEBUG cotyledon.oslo_config_glue [-] oslo_messaging_rabbit.kombu_failover_strategy = round-robin {{(pid=96711) log_opt_values /opt/stack/data/venv/lib/python3.12/site-packages/oslo_config/cfg.py:3560}}
Aug 19 16:47:25.051480 np0000007793 nova-scheduler[96711]: DEBUG cotyledon.oslo_config_glue [-] oslo_messaging_rabbit.kombu_missing_consumer_retry_timeout = 60 {{(pid=96711) log_opt_values /opt/stack/data/venv/lib/python3.12/site-packages/oslo_config/cfg.py:3560}}
Aug 19 16:47:25.051480 np0000007793 nova-scheduler[96711]: DEBUG cotyledon.oslo_config_glue [-] oslo_messaging_rabbit.kombu_reconnect_delay = 1.0 {{(pid=96711) log_opt_values /opt/stack/data/venv/lib/python3.12/site-packages/oslo_config/cfg.py:3560}}
Aug 19 16:47:25.051480 np0000007793 nova-scheduler[96711]: DEBUG cotyledon.oslo_config_glue [-] oslo_messaging_rabbit.kombu_reconnect_splay = 0.0 {{(pid=96711) log_opt_values /opt/stack/data/venv/lib/python3.12/site-packages/oslo_config/cfg.py:3560}}
Aug 19 16:47:25.051480 np0000007793 nova-scheduler[96711]: DEBUG cotyledon.oslo_config_glue [-] oslo_messaging_rabbit.processname = nova-scheduler {{(pid=96711) log_opt_values /opt/stack/data/venv/lib/python3.12/site-packages/oslo_config/cfg.py:3560}}
Aug 19 16:47:25.051480 np0000007793 nova-scheduler[96711]: DEBUG cotyledon.oslo_config_glue [-] oslo_messaging_rabbit.rabbit_ha_queues = False {{(pid=96711) log_opt_values /opt/stack/data/venv/lib/python3.12/site-packages/oslo_config/cfg.py:3560}}
Aug 19 16:47:25.051480 np0000007793 nova-scheduler[96711]: DEBUG cotyledon.oslo_config_glue [-] oslo_messaging_rabbit.rabbit_interval_max = 30 {{(pid=96711) log_opt_values /opt/stack/data/venv/lib/python3.12/site-packages/oslo_config/cfg.py:3560}}
Aug 19 16:47:25.051480 np0000007793 nova-scheduler[96711]: DEBUG cotyledon.oslo_config_glue [-] oslo_messaging_rabbit.rabbit_login_method = AMQPLAIN {{(pid=96711) log_opt_values /opt/stack/data/venv/lib/python3.12/site-packages/oslo_config/cfg.py:3560}}
Aug 19 16:47:25.051480 np0000007793 nova-scheduler[96711]: DEBUG cotyledon.oslo_config_glue [-] oslo_messaging_rabbit.rabbit_qos_prefetch_count = 0 {{(pid=96711) log_opt_values /opt/stack/data/venv/lib/python3.12/site-packages/oslo_config/cfg.py:3560}}
Aug 19 16:47:25.051480 np0000007793 nova-scheduler[96711]: DEBUG cotyledon.oslo_config_glue [-] oslo_messaging_rabbit.rabbit_quorum_delivery_limit = 0 {{(pid=96711) log_opt_values /opt/stack/data/venv/lib/python3.12/site-packages/oslo_config/cfg.py:3560}}
Aug 19 16:47:25.051750 np0000007793 nova-scheduler[96711]: DEBUG cotyledon.oslo_config_glue [-] oslo_messaging_rabbit.rabbit_quorum_max_memory_bytes = 0 {{(pid=96711) log_opt_values /opt/stack/data/venv/lib/python3.12/site-packages/oslo_config/cfg.py:3560}}
Aug 19 16:47:25.051750 np0000007793 nova-scheduler[96711]: DEBUG cotyledon.oslo_config_glue [-] oslo_messaging_rabbit.rabbit_quorum_max_memory_length = 0 {{(pid=96711) log_opt_values /opt/stack/data/venv/lib/python3.12/site-packages/oslo_config/cfg.py:3560}}
Aug 19 16:47:25.051750 np0000007793 nova-scheduler[96711]: DEBUG cotyledon.oslo_config_glue [-] oslo_messaging_rabbit.rabbit_quorum_queue = False {{(pid=96711) log_opt_values /opt/stack/data/venv/lib/python3.12/site-packages/oslo_config/cfg.py:3560}}
Aug 19 16:47:25.051750 np0000007793 nova-scheduler[96711]: DEBUG cotyledon.oslo_config_glue [-] oslo_messaging_rabbit.rabbit_retry_backoff = 2 {{(pid=96711) log_opt_values /opt/stack/data/venv/lib/python3.12/site-packages/oslo_config/cfg.py:3560}}
Aug 19 16:47:25.051750 np0000007793 nova-scheduler[96711]: DEBUG cotyledon.oslo_config_glue [-] oslo_messaging_rabbit.rabbit_retry_interval = 1 {{(pid=96711) log_opt_values /opt/stack/data/venv/lib/python3.12/site-packages/oslo_config/cfg.py:3560}}
Aug 19 16:47:25.051750 np0000007793 nova-scheduler[96711]: DEBUG cotyledon.oslo_config_glue [-] oslo_messaging_rabbit.rabbit_stream_fanout = False {{(pid=96711) log_opt_values /opt/stack/data/venv/lib/python3.12/site-packages/oslo_config/cfg.py:3560}}
Aug 19 16:47:25.051750 np0000007793 nova-scheduler[96711]: DEBUG cotyledon.oslo_config_glue [-] oslo_messaging_rabbit.rabbit_transient_queues_ttl = 1800 {{(pid=96711) log_opt_values /opt/stack/data/venv/lib/python3.12/site-packages/oslo_config/cfg.py:3560}}
Aug 19 16:47:25.051750 np0000007793 nova-scheduler[96711]: DEBUG cotyledon.oslo_config_glue [-] oslo_messaging_rabbit.rabbit_transient_quorum_queue = False {{(pid=96711) log_opt_values /opt/stack/data/venv/lib/python3.12/site-packages/oslo_config/cfg.py:3560}}
Aug 19 16:47:25.051964 np0000007793 nova-scheduler[96711]: DEBUG cotyledon.oslo_config_glue [-] oslo_messaging_rabbit.rpc_conn_pool_size = 30 {{(pid=96711) log_opt_values /opt/stack/data/venv/lib/python3.12/site-packages/oslo_config/cfg.py:3560}}
Aug 19 16:47:25.051964 np0000007793 nova-scheduler[96711]: DEBUG cotyledon.oslo_config_glue [-] oslo_messaging_rabbit.ssl = False {{(pid=96711) log_opt_values /opt/stack/data/venv/lib/python3.12/site-packages/oslo_config/cfg.py:3560}}
Aug 19 16:47:25.051964 np0000007793 nova-scheduler[96711]: DEBUG cotyledon.oslo_config_glue [-] oslo_messaging_rabbit.ssl_ca_file = {{(pid=96711) log_opt_values /opt/stack/data/venv/lib/python3.12/site-packages/oslo_config/cfg.py:3560}}
Aug 19 16:47:25.051964 np0000007793 nova-scheduler[96711]: DEBUG cotyledon.oslo_config_glue [-] oslo_messaging_rabbit.ssl_cert_file = {{(pid=96711) log_opt_values /opt/stack/data/venv/lib/python3.12/site-packages/oslo_config/cfg.py:3560}}
Aug 19 16:47:25.051964 np0000007793 nova-scheduler[96711]: DEBUG cotyledon.oslo_config_glue [-] oslo_messaging_rabbit.ssl_enforce_fips_mode = False {{(pid=96711) log_opt_values /opt/stack/data/venv/lib/python3.12/site-packages/oslo_config/cfg.py:3560}}
Aug 19 16:47:25.051964 np0000007793 nova-scheduler[96711]: DEBUG cotyledon.oslo_config_glue [-] oslo_messaging_rabbit.ssl_enforce_hostname_verification = True {{(pid=96711) log_opt_values /opt/stack/data/venv/lib/python3.12/site-packages/oslo_config/cfg.py:3560}}
Aug 19 16:47:25.051964 np0000007793 nova-scheduler[96711]: DEBUG cotyledon.oslo_config_glue [-] oslo_messaging_rabbit.ssl_key_file = {{(pid=96711) log_opt_values /opt/stack/data/venv/lib/python3.12/site-packages/oslo_config/cfg.py:3560}}
Aug 19 16:47:25.051964 np0000007793 nova-scheduler[96711]: DEBUG cotyledon.oslo_config_glue [-] oslo_messaging_rabbit.ssl_version = {{(pid=96711) log_opt_values /opt/stack/data/venv/lib/python3.12/site-packages/oslo_config/cfg.py:3560}}
Aug 19 16:47:25.051964 np0000007793 nova-scheduler[96711]: DEBUG cotyledon.oslo_config_glue [-] oslo_messaging_rabbit.use_queue_manager = False {{(pid=96711) log_opt_values /opt/stack/data/venv/lib/python3.12/site-packages/oslo_config/cfg.py:3560}}
Aug 19 16:47:25.053235 np0000007793 nova-scheduler[96711]: DEBUG cotyledon.oslo_config_glue [-] oslo_messaging_notifications.driver = ['messagingv2'] {{(pid=96711) log_opt_values /opt/stack/data/venv/lib/python3.12/site-packages/oslo_config/cfg.py:3560}}
Aug 19 16:47:25.053235 np0000007793 nova-scheduler[96711]: DEBUG cotyledon.oslo_config_glue [-] oslo_messaging_notifications.retry = -1 {{(pid=96711) log_opt_values /opt/stack/data/venv/lib/python3.12/site-packages/oslo_config/cfg.py:3560}}
Aug 19 16:47:25.053235 np0000007793 nova-scheduler[96711]: DEBUG cotyledon.oslo_config_glue [-] oslo_messaging_notifications.topics = ['notifications'] {{(pid=96711) log_opt_values /opt/stack/data/venv/lib/python3.12/site-packages/oslo_config/cfg.py:3560}}
Aug 19 16:47:25.053235 np0000007793 nova-scheduler[96711]: DEBUG cotyledon.oslo_config_glue [-] oslo_messaging_notifications.transport_url = **** {{(pid=96711) log_opt_values /opt/stack/data/venv/lib/python3.12/site-packages/oslo_config/cfg.py:3560}}
Aug 19 16:47:25.053235 np0000007793 nova-scheduler[96711]: DEBUG cotyledon.oslo_config_glue [-] oslo_limit.auth_section = None {{(pid=96711) log_opt_values /opt/stack/data/venv/lib/python3.12/site-packages/oslo_config/cfg.py:3560}}
Aug 19 16:47:25.053235 np0000007793 nova-scheduler[96711]: DEBUG cotyledon.oslo_config_glue [-] oslo_limit.auth_type = None {{(pid=96711) log_opt_values /opt/stack/data/venv/lib/python3.12/site-packages/oslo_config/cfg.py:3560}}
Aug 19 16:47:25.053235 np0000007793 nova-scheduler[96711]: DEBUG cotyledon.oslo_config_glue [-] oslo_limit.cafile = None {{(pid=96711) log_opt_values /opt/stack/data/venv/lib/python3.12/site-packages/oslo_config/cfg.py:3560}}
Aug 19 16:47:25.053235 np0000007793 nova-scheduler[96711]: DEBUG cotyledon.oslo_config_glue [-] oslo_limit.certfile = None {{(pid=96711) log_opt_values /opt/stack/data/venv/lib/python3.12/site-packages/oslo_config/cfg.py:3560}}
Aug 19 16:47:25.053235 np0000007793 nova-scheduler[96711]: DEBUG cotyledon.oslo_config_glue [-] oslo_limit.collect_timing = False {{(pid=96711) log_opt_values /opt/stack/data/venv/lib/python3.12/site-packages/oslo_config/cfg.py:3560}}
Aug 19 16:47:25.053542 np0000007793 nova-scheduler[96711]: DEBUG cotyledon.oslo_config_glue [-] oslo_limit.connect_retries = None {{(pid=96711) log_opt_values /opt/stack/data/venv/lib/python3.12/site-packages/oslo_config/cfg.py:3560}}
Aug 19 16:47:25.053542 np0000007793 nova-scheduler[96711]: DEBUG cotyledon.oslo_config_glue [-] oslo_limit.connect_retry_delay = None {{(pid=96711) log_opt_values /opt/stack/data/venv/lib/python3.12/site-packages/oslo_config/cfg.py:3560}}
Aug 19 16:47:25.053542 np0000007793 nova-scheduler[96711]: DEBUG cotyledon.oslo_config_glue [-] oslo_limit.endpoint_id = None {{(pid=96711) log_opt_values /opt/stack/data/venv/lib/python3.12/site-packages/oslo_config/cfg.py:3560}}
Aug 19 16:47:25.053542 np0000007793 nova-scheduler[96711]: DEBUG cotyledon.oslo_config_glue [-] oslo_limit.endpoint_interface = public {{(pid=96711) log_opt_values /opt/stack/data/venv/lib/python3.12/site-packages/oslo_config/cfg.py:3560}}
Aug 19 16:47:25.053542 np0000007793 nova-scheduler[96711]: DEBUG cotyledon.oslo_config_glue [-] oslo_limit.endpoint_override = None {{(pid=96711) log_opt_values /opt/stack/data/venv/lib/python3.12/site-packages/oslo_config/cfg.py:3560}}
Aug 19 16:47:25.053542 np0000007793 nova-scheduler[96711]: DEBUG cotyledon.oslo_config_glue [-] oslo_limit.endpoint_region_name = None {{(pid=96711) log_opt_values /opt/stack/data/venv/lib/python3.12/site-packages/oslo_config/cfg.py:3560}}
Aug 19 16:47:25.053542 np0000007793 nova-scheduler[96711]: DEBUG cotyledon.oslo_config_glue [-] oslo_limit.endpoint_service_name = None {{(pid=96711) log_opt_values /opt/stack/data/venv/lib/python3.12/site-packages/oslo_config/cfg.py:3560}}
Aug 19 16:47:25.053542 np0000007793 nova-scheduler[96711]: DEBUG cotyledon.oslo_config_glue [-] oslo_limit.endpoint_service_type = None {{(pid=96711) log_opt_values /opt/stack/data/venv/lib/python3.12/site-packages/oslo_config/cfg.py:3560}}
Aug 19 16:47:25.053542 np0000007793 nova-scheduler[96711]: DEBUG cotyledon.oslo_config_glue [-] oslo_limit.insecure = False {{(pid=96711) log_opt_values /opt/stack/data/venv/lib/python3.12/site-packages/oslo_config/cfg.py:3560}}
Aug 19 16:47:25.054019 np0000007793 nova-scheduler[96711]: DEBUG cotyledon.oslo_config_glue [-] oslo_limit.keyfile = None {{(pid=96711) log_opt_values /opt/stack/data/venv/lib/python3.12/site-packages/oslo_config/cfg.py:3560}}
Aug 19 16:47:25.054019 np0000007793 nova-scheduler[96711]: DEBUG cotyledon.oslo_config_glue [-] oslo_limit.max_version = None {{(pid=96711) log_opt_values /opt/stack/data/venv/lib/python3.12/site-packages/oslo_config/cfg.py:3560}}
Aug 19 16:47:25.054019 np0000007793 nova-scheduler[96711]: DEBUG cotyledon.oslo_config_glue [-] oslo_limit.min_version = None {{(pid=96711) log_opt_values /opt/stack/data/venv/lib/python3.12/site-packages/oslo_config/cfg.py:3560}}
Aug 19 16:47:25.054019 np0000007793 nova-scheduler[96711]: DEBUG cotyledon.oslo_config_glue [-] oslo_limit.region_name = None {{(pid=96711) log_opt_values /opt/stack/data/venv/lib/python3.12/site-packages/oslo_config/cfg.py:3560}}
Aug 19 16:47:25.054019 np0000007793 nova-scheduler[96711]: DEBUG cotyledon.oslo_config_glue [-] oslo_limit.retriable_status_codes = None {{(pid=96711) log_opt_values /opt/stack/data/venv/lib/python3.12/site-packages/oslo_config/cfg.py:3560}}
Aug 19 16:47:25.054019 np0000007793 nova-scheduler[96711]: DEBUG cotyledon.oslo_config_glue [-] oslo_limit.service_name = None {{(pid=96711) log_opt_values /opt/stack/data/venv/lib/python3.12/site-packages/oslo_config/cfg.py:3560}}
Aug 19 16:47:25.054019 np0000007793 nova-scheduler[96711]: DEBUG cotyledon.oslo_config_glue [-] oslo_limit.service_type = None {{(pid=96711) log_opt_values /opt/stack/data/venv/lib/python3.12/site-packages/oslo_config/cfg.py:3560}}
Aug 19 16:47:25.054019 np0000007793 nova-scheduler[96711]: DEBUG cotyledon.oslo_config_glue [-] oslo_limit.split_loggers = False {{(pid=96711) log_opt_values /opt/stack/data/venv/lib/python3.12/site-packages/oslo_config/cfg.py:3560}}
Aug 19 16:47:25.054019 np0000007793 nova-scheduler[96711]: DEBUG cotyledon.oslo_config_glue [-] oslo_limit.status_code_retries = None {{(pid=96711) log_opt_values /opt/stack/data/venv/lib/python3.12/site-packages/oslo_config/cfg.py:3560}}
Aug 19 16:47:25.054275 np0000007793 nova-scheduler[96711]: DEBUG cotyledon.oslo_config_glue [-] oslo_limit.status_code_retry_delay = None {{(pid=96711) log_opt_values /opt/stack/data/venv/lib/python3.12/site-packages/oslo_config/cfg.py:3560}}
Aug 19 16:47:25.054275 np0000007793 nova-scheduler[96711]: DEBUG cotyledon.oslo_config_glue [-] oslo_limit.timeout = None {{(pid=96711) log_opt_values /opt/stack/data/venv/lib/python3.12/site-packages/oslo_config/cfg.py:3560}}
Aug 19 16:47:25.054275 np0000007793 nova-scheduler[96711]: DEBUG cotyledon.oslo_config_glue [-] oslo_limit.valid_interfaces = None {{(pid=96711) log_opt_values /opt/stack/data/venv/lib/python3.12/site-packages/oslo_config/cfg.py:3560}}
Aug 19 16:47:25.054275 np0000007793 nova-scheduler[96711]: DEBUG cotyledon.oslo_config_glue [-] oslo_limit.version = None {{(pid=96711) log_opt_values /opt/stack/data/venv/lib/python3.12/site-packages/oslo_config/cfg.py:3560}}
Aug 19 16:47:25.054275 np0000007793 nova-scheduler[96711]: DEBUG cotyledon.oslo_config_glue [-] oslo_reports.file_event_handler = None {{(pid=96711) log_opt_values /opt/stack/data/venv/lib/python3.12/site-packages/oslo_config/cfg.py:3560}}
Aug 19 16:47:25.054275 np0000007793 nova-scheduler[96711]: DEBUG cotyledon.oslo_config_glue [-] oslo_reports.file_event_handler_interval = 1 {{(pid=96711) log_opt_values /opt/stack/data/venv/lib/python3.12/site-packages/oslo_config/cfg.py:3560}}
Aug 19 16:47:25.054275 np0000007793 nova-scheduler[96711]: DEBUG cotyledon.oslo_config_glue [-] oslo_reports.log_dir = None {{(pid=96711) log_opt_values /opt/stack/data/venv/lib/python3.12/site-packages/oslo_config/cfg.py:3560}}
Aug 19 16:47:25.054275 np0000007793 nova-scheduler[96711]: DEBUG cotyledon.oslo_config_glue [-] ******************************************************************************** {{(pid=96711) log_opt_values /opt/stack/data/venv/lib/python3.12/site-packages/oslo_config/cfg.py:3567}}
Aug 19 16:47:25.054275 np0000007793 nova-scheduler[96711]: DEBUG cotyledon._service_worker [-] Run service ServiceWrapper(3) [96711] {{(pid=96711) wait_forever /opt/stack/data/venv/lib/python3.12/site-packages/cotyledon/_service_worker.py:218}}
Aug 19 16:47:25.054571 np0000007793 nova-scheduler[96711]: INFO nova.service [-] Starting scheduler node (version 33.1.0)
Aug 19 16:47:25.054571 np0000007793 nova-scheduler[96711]: INFO dbcounter [None req-c5ba5430-7098-41f2-bcab-6127f50434eb None None] Registered counter for database nova_cell0
Aug 19 16:47:25.054660 np0000007793 nova-scheduler[96705]: DEBUG oslo_db.sqlalchemy.engines [None req-9db31110-9b30-40d7-9bb8-56d520be23d9 None None] MySQL server mode set to STRICT_TRANS_TABLES,STRICT_ALL_TABLES,NO_ZERO_IN_DATE,NO_ZERO_DATE,ERROR_FOR_DIVISION_BY_ZERO,TRADITIONAL,NO_ENGINE_SUBSTITUTION {{(pid=96705) _check_effective_sql_mode /opt/stack/data/venv/lib/python3.12/site-packages/oslo_db/sqlalchemy/engines.py:325}}
Aug 19 16:47:25.054799 np0000007793 nova-scheduler[96707]: DEBUG oslo_db.sqlalchemy.engines [None req-fefc9b90-291f-4358-9356-a5f617077376 None None] MySQL server mode set to STRICT_TRANS_TABLES,STRICT_ALL_TABLES,NO_ZERO_IN_DATE,NO_ZERO_DATE,ERROR_FOR_DIVISION_BY_ZERO,TRADITIONAL,NO_ENGINE_SUBSTITUTION {{(pid=96707) _check_effective_sql_mode /opt/stack/data/venv/lib/python3.12/site-packages/oslo_db/sqlalchemy/engines.py:325}}
Aug 19 16:47:25.054854 np0000007793 nova-scheduler[96705]: DEBUG dbcounter [-] [96705] Writer thread running {{(pid=96705) stat_writer /opt/stack/data/venv/lib/python3.12/site-packages/dbcounter.py:102}}
Aug 19 16:47:25.057533 np0000007793 nova-scheduler[96709]: DEBUG oslo_db.sqlalchemy.engines [None req-68569244-e6d5-4185-9c9c-21c3c4fd942c None None] MySQL server mode set to STRICT_TRANS_TABLES,STRICT_ALL_TABLES,NO_ZERO_IN_DATE,NO_ZERO_DATE,ERROR_FOR_DIVISION_BY_ZERO,TRADITIONAL,NO_ENGINE_SUBSTITUTION {{(pid=96709) _check_effective_sql_mode /opt/stack/data/venv/lib/python3.12/site-packages/oslo_db/sqlalchemy/engines.py:325}}
Aug 19 16:47:25.057786 np0000007793 nova-scheduler[96707]: DEBUG dbcounter [-] [96707] Writer thread running {{(pid=96707) stat_writer /opt/stack/data/venv/lib/python3.12/site-packages/dbcounter.py:102}}
Aug 19 16:47:25.072708 np0000007793 nova-scheduler[96709]: DEBUG dbcounter [-] [96709] Writer thread running {{(pid=96709) stat_writer /opt/stack/data/venv/lib/python3.12/site-packages/dbcounter.py:102}}
Aug 19 16:47:25.073074 np0000007793 nova-scheduler[96705]: DEBUG nova.service [None req-9db31110-9b30-40d7-9bb8-56d520be23d9 None None] Creating RPC server for service: nova-scheduler on topic: scheduler {{(pid=96705) start /opt/stack/nova/nova/service.py:262}}
Aug 19 16:47:25.078634 np0000007793 nova-scheduler[96709]: DEBUG nova.service [None req-68569244-e6d5-4185-9c9c-21c3c4fd942c None None] Creating RPC server for service: nova-scheduler on topic: scheduler {{(pid=96709) start /opt/stack/nova/nova/service.py:262}}
Aug 19 16:47:25.084277 np0000007793 nova-scheduler[96711]: DEBUG oslo_db.sqlalchemy.engines [None req-c5ba5430-7098-41f2-bcab-6127f50434eb None None] MySQL server mode set to STRICT_TRANS_TABLES,STRICT_ALL_TABLES,NO_ZERO_IN_DATE,NO_ZERO_DATE,ERROR_FOR_DIVISION_BY_ZERO,TRADITIONAL,NO_ENGINE_SUBSTITUTION {{(pid=96711) _check_effective_sql_mode /opt/stack/data/venv/lib/python3.12/site-packages/oslo_db/sqlalchemy/engines.py:325}}
Aug 19 16:47:25.088093 np0000007793 nova-scheduler[96707]: DEBUG nova.service [None req-fefc9b90-291f-4358-9356-a5f617077376 None None] Creating RPC server for service: nova-scheduler on topic: scheduler {{(pid=96707) start /opt/stack/nova/nova/service.py:262}}
Aug 19 16:47:25.103774 np0000007793 nova-scheduler[96711]: DEBUG dbcounter [-] [96711] Writer thread running {{(pid=96711) stat_writer /opt/stack/data/venv/lib/python3.12/site-packages/dbcounter.py:102}}
Aug 19 16:47:25.107939 np0000007793 nova-scheduler[96711]: DEBUG nova.service [None req-c5ba5430-7098-41f2-bcab-6127f50434eb None None] Creating RPC server for service: nova-scheduler on topic: scheduler {{(pid=96711) start /opt/stack/nova/nova/service.py:262}}
Aug 19 16:47:25.122794 np0000007793 nova-scheduler[96705]: DEBUG nova.service [None req-9db31110-9b30-40d7-9bb8-56d520be23d9 None None] Join ServiceGroup membership for this service scheduler {{(pid=96705) start /opt/stack/nova/nova/service.py:288}}
Aug 19 16:47:25.123017 np0000007793 nova-scheduler[96705]: DEBUG nova.servicegroup.drivers.db [None req-9db31110-9b30-40d7-9bb8-56d520be23d9 None None] DB_Driver: join new ServiceGroup member np0000007793 to the scheduler group, service = {{(pid=96705) join /opt/stack/nova/nova/servicegroup/drivers/db.py:44}}
Aug 19 16:47:25.123065 np0000007793 nova-scheduler[96709]: DEBUG nova.service [None req-68569244-e6d5-4185-9c9c-21c3c4fd942c None None] Join ServiceGroup membership for this service scheduler {{(pid=96709) start /opt/stack/nova/nova/service.py:288}}
Aug 19 16:47:25.124221 np0000007793 nova-scheduler[96709]: DEBUG nova.servicegroup.drivers.db [None req-68569244-e6d5-4185-9c9c-21c3c4fd942c None None] DB_Driver: join new ServiceGroup member np0000007793 to the scheduler group, service = {{(pid=96709) join /opt/stack/nova/nova/servicegroup/drivers/db.py:44}}
Aug 19 16:47:25.126559 np0000007793 nova-scheduler[96707]: DEBUG nova.service [None req-fefc9b90-291f-4358-9356-a5f617077376 None None] Join ServiceGroup membership for this service scheduler {{(pid=96707) start /opt/stack/nova/nova/service.py:288}}
Aug 19 16:47:25.127070 np0000007793 nova-scheduler[96707]: DEBUG nova.servicegroup.drivers.db [None req-fefc9b90-291f-4358-9356-a5f617077376 None None] DB_Driver: join new ServiceGroup member np0000007793 to the scheduler group, service = {{(pid=96707) join /opt/stack/nova/nova/servicegroup/drivers/db.py:44}}
Aug 19 16:47:25.138425 np0000007793 nova-scheduler[96711]: DEBUG nova.service [None req-c5ba5430-7098-41f2-bcab-6127f50434eb None None] Join ServiceGroup membership for this service scheduler {{(pid=96711) start /opt/stack/nova/nova/service.py:288}}
Aug 19 16:47:25.138584 np0000007793 nova-scheduler[96711]: DEBUG nova.servicegroup.drivers.db [None req-c5ba5430-7098-41f2-bcab-6127f50434eb None None] DB_Driver: join new ServiceGroup member np0000007793 to the scheduler group, service = {{(pid=96711) join /opt/stack/nova/nova/servicegroup/drivers/db.py:44}}
Aug 19 16:47:30.143822 np0000007793 nova-scheduler[96705]: DEBUG oslo.service.backend._threading.loopingcall [-] Fixed interval looping call 'nova.servicegroup.drivers.db.DbDriver._report_state' sleeping for 119.98 seconds {{(pid=96705) _run_loop /opt/stack/data/venv/lib/python3.12/site-packages/oslo_service/backend/_threading/loopingcall.py:125}}
Aug 19 16:47:30.144314 np0000007793 nova-scheduler[96707]: DEBUG oslo.service.backend._threading.loopingcall [-] Fixed interval looping call 'nova.servicegroup.drivers.db.DbDriver._report_state' sleeping for 119.98 seconds {{(pid=96707) _run_loop /opt/stack/data/venv/lib/python3.12/site-packages/oslo_service/backend/_threading/loopingcall.py:125}}
Aug 19 16:47:30.145839 np0000007793 nova-scheduler[96709]: DEBUG oslo.service.backend._threading.loopingcall [-] Fixed interval looping call 'nova.servicegroup.drivers.db.DbDriver._report_state' sleeping for 119.98 seconds {{(pid=96709) _run_loop /opt/stack/data/venv/lib/python3.12/site-packages/oslo_service/backend/_threading/loopingcall.py:125}}
Aug 19 16:47:30.150869 np0000007793 nova-scheduler[96711]: DEBUG oslo.service.backend._threading.loopingcall [-] Fixed interval looping call 'nova.servicegroup.drivers.db.DbDriver._report_state' sleeping for 119.99 seconds {{(pid=96711) _run_loop /opt/stack/data/venv/lib/python3.12/site-packages/oslo_service/backend/_threading/loopingcall.py:125}}
Aug 19 16:47:31.125724 np0000007793 nova-scheduler[96705]: DEBUG oslo.service.backend._threading.loopingcall [None req-3b049dc2-c0f5-4fcf-841e-230a008ed764 None None] Dynamic interval looping call 'nova.service.Service.periodic_tasks' sleeping for 60.00 seconds {{(pid=96705) _run_loop /opt/stack/data/venv/lib/python3.12/site-packages/oslo_service/backend/_threading/loopingcall.py:125}}
Aug 19 16:47:33.532961 np0000007793 nova-scheduler[95513]: DEBUG dbcounter [-] [95513] Writing DB stats nova_api:SELECT=3 {{(pid=95513) stat_writer /opt/stack/data/venv/lib/python3.12/site-packages/dbcounter.py:115}}
Aug 19 16:47:33.724056 np0000007793 nova-scheduler[95513]: DEBUG dbcounter [-] [95513] Writing DB stats nova_cell1:SELECT=1 {{(pid=95513) stat_writer /opt/stack/data/venv/lib/python3.12/site-packages/dbcounter.py:115}}
Aug 19 16:47:33.726908 np0000007793 nova-scheduler[95513]: DEBUG dbcounter [-] [95513] Writing DB stats nova_cell0:SELECT=1 {{(pid=95513) stat_writer /opt/stack/data/venv/lib/python3.12/site-packages/dbcounter.py:115}}
Aug 19 16:47:35.129618 np0000007793 nova-scheduler[96707]: DEBUG oslo.service.backend._threading.loopingcall [None req-eee415c2-5e69-431e-bd49-31e8417b0875 None None] Dynamic interval looping call 'nova.service.Service.periodic_tasks' sleeping for 60.00 seconds {{(pid=96707) _run_loop /opt/stack/data/venv/lib/python3.12/site-packages/oslo_service/backend/_threading/loopingcall.py:125}}
Aug 19 16:47:39.141270 np0000007793 nova-scheduler[96711]: DEBUG oslo.service.backend._threading.loopingcall [None req-acde928c-4674-4383-8788-57a98a1f9e79 None None] Dynamic interval looping call 'nova.service.Service.periodic_tasks' sleeping for 60.00 seconds {{(pid=96711) _run_loop /opt/stack/data/venv/lib/python3.12/site-packages/oslo_service/backend/_threading/loopingcall.py:125}}
Aug 19 16:47:40.136713 np0000007793 nova-scheduler[96705]: DEBUG dbcounter [-] [96705] Writing DB stats nova_cell0:SELECT=4,nova_cell0:INSERT=1,nova_cell0:UPDATE=1 {{(pid=96705) stat_writer /opt/stack/data/venv/lib/python3.12/site-packages/dbcounter.py:115}}
Aug 19 16:47:40.138841 np0000007793 nova-scheduler[96707]: DEBUG dbcounter [-] [96707] Writing DB stats nova_cell0:SELECT=5,nova_cell0:INSERT=1,nova_cell0:UPDATE=1 {{(pid=96707) stat_writer /opt/stack/data/venv/lib/python3.12/site-packages/dbcounter.py:115}}
Aug 19 16:47:40.139790 np0000007793 nova-scheduler[96709]: DEBUG dbcounter [-] [96709] Writing DB stats nova_cell0:SELECT=3,nova_cell0:UPDATE=1 {{(pid=96709) stat_writer /opt/stack/data/venv/lib/python3.12/site-packages/dbcounter.py:115}}
Aug 19 16:47:40.147559 np0000007793 nova-scheduler[96711]: DEBUG dbcounter [-] [96711] Writing DB stats nova_cell0:SELECT=3 {{(pid=96711) stat_writer /opt/stack/data/venv/lib/python3.12/site-packages/dbcounter.py:115}}
Aug 19 16:48:10.127105 np0000007793 nova-scheduler[96709]: DEBUG oslo.service.backend._threading.loopingcall [None req-a7808287-8432-4bbc-9e57-6616997f79c4 None None] Dynamic interval looping call 'nova.service.Service.periodic_tasks' sleeping for 60.00 seconds {{(pid=96709) _run_loop /opt/stack/data/venv/lib/python3.12/site-packages/oslo_service/backend/_threading/loopingcall.py:125}}
Aug 19 16:48:31.126279 np0000007793 nova-scheduler[96705]: DEBUG oslo.service.backend._threading.loopingcall [None req-3b049dc2-c0f5-4fcf-841e-230a008ed764 None None] Dynamic interval looping call 'nova.service.Service.periodic_tasks' sleeping for 60.00 seconds {{(pid=96705) _run_loop /opt/stack/data/venv/lib/python3.12/site-packages/oslo_service/backend/_threading/loopingcall.py:125}}
Aug 19 16:48:35.130275 np0000007793 nova-scheduler[96707]: DEBUG oslo.service.backend._threading.loopingcall [None req-eee415c2-5e69-431e-bd49-31e8417b0875 None None] Dynamic interval looping call 'nova.service.Service.periodic_tasks' sleeping for 60.00 seconds {{(pid=96707) _run_loop /opt/stack/data/venv/lib/python3.12/site-packages/oslo_service/backend/_threading/loopingcall.py:125}}
Aug 19 16:48:39.141901 np0000007793 nova-scheduler[96711]: DEBUG oslo.service.backend._threading.loopingcall [None req-acde928c-4674-4383-8788-57a98a1f9e79 None None] Dynamic interval looping call 'nova.service.Service.periodic_tasks' sleeping for 60.00 seconds {{(pid=96711) _run_loop /opt/stack/data/venv/lib/python3.12/site-packages/oslo_service/backend/_threading/loopingcall.py:125}}
Aug 19 16:49:10.127632 np0000007793 nova-scheduler[96709]: DEBUG oslo.service.backend._threading.loopingcall [None req-a7808287-8432-4bbc-9e57-6616997f79c4 None None] Dynamic interval looping call 'nova.service.Service.periodic_tasks' sleeping for 60.00 seconds {{(pid=96709) _run_loop /opt/stack/data/venv/lib/python3.12/site-packages/oslo_service/backend/_threading/loopingcall.py:125}}
Aug 19 16:49:30.131873 np0000007793 nova-scheduler[96705]: DEBUG oslo.service.backend._threading.loopingcall [-] Fixed interval looping call 'nova.servicegroup.drivers.db.DbDriver._report_state' sleeping for 119.99 seconds {{(pid=96705) _run_loop /opt/stack/data/venv/lib/python3.12/site-packages/oslo_service/backend/_threading/loopingcall.py:125}}
Aug 19 16:49:30.132348 np0000007793 nova-scheduler[96707]: DEBUG oslo.service.backend._threading.loopingcall [-] Fixed interval looping call 'nova.servicegroup.drivers.db.DbDriver._report_state' sleeping for 119.99 seconds {{(pid=96707) _run_loop /opt/stack/data/venv/lib/python3.12/site-packages/oslo_service/backend/_threading/loopingcall.py:125}}
Aug 19 16:49:30.132743 np0000007793 nova-scheduler[96709]: DEBUG oslo.service.backend._threading.loopingcall [-] Fixed interval looping call 'nova.servicegroup.drivers.db.DbDriver._report_state' sleeping for 119.99 seconds {{(pid=96709) _run_loop /opt/stack/data/venv/lib/python3.12/site-packages/oslo_service/backend/_threading/loopingcall.py:125}}
Aug 19 16:49:30.144510 np0000007793 nova-scheduler[96711]: DEBUG oslo.service.backend._threading.loopingcall [-] Fixed interval looping call 'nova.servicegroup.drivers.db.DbDriver._report_state' sleeping for 120.00 seconds {{(pid=96711) _run_loop /opt/stack/data/venv/lib/python3.12/site-packages/oslo_service/backend/_threading/loopingcall.py:125}}
Aug 19 16:49:31.126736 np0000007793 nova-scheduler[96705]: DEBUG oslo.service.backend._threading.loopingcall [None req-3b049dc2-c0f5-4fcf-841e-230a008ed764 None None] Dynamic interval looping call 'nova.service.Service.periodic_tasks' sleeping for 60.00 seconds {{(pid=96705) _run_loop /opt/stack/data/venv/lib/python3.12/site-packages/oslo_service/backend/_threading/loopingcall.py:125}}
Aug 19 16:49:35.130707 np0000007793 nova-scheduler[96707]: DEBUG oslo.service.backend._threading.loopingcall [None req-eee415c2-5e69-431e-bd49-31e8417b0875 None None] Dynamic interval looping call 'nova.service.Service.periodic_tasks' sleeping for 60.00 seconds {{(pid=96707) _run_loop /opt/stack/data/venv/lib/python3.12/site-packages/oslo_service/backend/_threading/loopingcall.py:125}}
Aug 19 16:49:39.142423 np0000007793 nova-scheduler[96711]: DEBUG oslo.service.backend._threading.loopingcall [None req-acde928c-4674-4383-8788-57a98a1f9e79 None None] Dynamic interval looping call 'nova.service.Service.periodic_tasks' sleeping for 60.00 seconds {{(pid=96711) _run_loop /opt/stack/data/venv/lib/python3.12/site-packages/oslo_service/backend/_threading/loopingcall.py:125}}
Aug 19 16:49:40.127876 np0000007793 nova-scheduler[96705]: DEBUG dbcounter [-] [96705] Writing DB stats nova_cell0:SELECT=1,nova_cell0:UPDATE=1 {{(pid=96705) stat_writer /opt/stack/data/venv/lib/python3.12/site-packages/dbcounter.py:115}}
Aug 19 16:49:40.128316 np0000007793 nova-scheduler[96707]: DEBUG dbcounter [-] [96707] Writing DB stats nova_cell0:SELECT=1,nova_cell0:UPDATE=1 {{(pid=96707) stat_writer /opt/stack/data/venv/lib/python3.12/site-packages/dbcounter.py:115}}
Aug 19 16:49:40.130052 np0000007793 nova-scheduler[96709]: DEBUG dbcounter [-] [96709] Writing DB stats nova_cell0:SELECT=1,nova_cell0:UPDATE=1 {{(pid=96709) stat_writer /opt/stack/data/venv/lib/python3.12/site-packages/dbcounter.py:115}}
Aug 19 16:49:40.142668 np0000007793 nova-scheduler[96711]: DEBUG dbcounter [-] [96711] Writing DB stats nova_cell0:SELECT=1 {{(pid=96711) stat_writer /opt/stack/data/venv/lib/python3.12/site-packages/dbcounter.py:115}}
Aug 19 16:50:07.438824 np0000007793 nova-scheduler[96709]: DEBUG nova.scheduler.manager [None req-29c1a5a6-437b-4b61-8cda-4ea0801ff47d tempest-ServerActionsTestOtherA-542904401 tempest-ServerActionsTestOtherA-542904401-project-member] Starting to schedule for instances: ['62e7b5f1-ac24-41b6-8bff-2458e0ed91af'] {{(pid=96709) select_destinations /opt/stack/nova/nova/scheduler/manager.py:197}}
Aug 19 16:50:07.438824 np0000007793 nova-scheduler[96709]: DEBUG nova.scheduler.request_filter [None req-29c1a5a6-437b-4b61-8cda-4ea0801ff47d tempest-ServerActionsTestOtherA-542904401 tempest-ServerActionsTestOtherA-542904401-project-member] compute_status_filter request filter added forbidden trait COMPUTE_STATUS_DISABLED {{(pid=96709) compute_status_filter /opt/stack/nova/nova/scheduler/request_filter.py:253}}
Aug 19 16:50:07.438824 np0000007793 nova-scheduler[96709]: DEBUG nova.scheduler.request_filter [None req-29c1a5a6-437b-4b61-8cda-4ea0801ff47d tempest-ServerActionsTestOtherA-542904401 tempest-ServerActionsTestOtherA-542904401-project-member] Request filter 'compute_status_filter' took 0.0 seconds {{(pid=96709) wrapper /opt/stack/nova/nova/scheduler/request_filter.py:46}}
Aug 19 16:50:07.438824 np0000007793 nova-scheduler[96709]: DEBUG nova.scheduler.request_filter [None req-29c1a5a6-437b-4b61-8cda-4ea0801ff47d tempest-ServerActionsTestOtherA-542904401 tempest-ServerActionsTestOtherA-542904401-project-member] Request filter 'accelerators_filter' took 0.0 seconds {{(pid=96709) wrapper /opt/stack/nova/nova/scheduler/request_filter.py:46}}
Aug 19 16:50:07.438824 np0000007793 nova-scheduler[96709]: DEBUG nova.scheduler.request_filter [None req-29c1a5a6-437b-4b61-8cda-4ea0801ff47d tempest-ServerActionsTestOtherA-542904401 tempest-ServerActionsTestOtherA-542904401-project-member] Request filter 'packed_virtqueue_filter' took 0.0 seconds {{(pid=96709) wrapper /opt/stack/nova/nova/scheduler/request_filter.py:46}}
Aug 19 16:50:07.439499 np0000007793 nova-scheduler[96709]: DEBUG nova.scheduler.request_filter [None req-29c1a5a6-437b-4b61-8cda-4ea0801ff47d tempest-ServerActionsTestOtherA-542904401 tempest-ServerActionsTestOtherA-542904401-project-member] Request filter 'remote_managed_ports_filter' took 0.0 seconds {{(pid=96709) wrapper /opt/stack/nova/nova/scheduler/request_filter.py:46}}
Aug 19 16:50:07.439499 np0000007793 nova-scheduler[96709]: DEBUG nova.scheduler.request_filter [None req-29c1a5a6-437b-4b61-8cda-4ea0801ff47d tempest-ServerActionsTestOtherA-542904401 tempest-ServerActionsTestOtherA-542904401-project-member] ephemeral_encryption_filter skipped {{(pid=96709) ephemeral_encryption_filter /opt/stack/nova/nova/scheduler/request_filter.py:426}}
Aug 19 16:50:07.439499 np0000007793 nova-scheduler[96709]: DEBUG nova.scheduler.request_filter [None req-29c1a5a6-437b-4b61-8cda-4ea0801ff47d tempest-ServerActionsTestOtherA-542904401 tempest-ServerActionsTestOtherA-542904401-project-member] virtio_sound_filter skipped {{(pid=96709) virtio_sound_filter /opt/stack/nova/nova/scheduler/request_filter.py:460}}
Aug 19 16:50:07.439499 np0000007793 nova-scheduler[96709]: DEBUG nova.scheduler.request_filter [None req-29c1a5a6-437b-4b61-8cda-4ea0801ff47d tempest-ServerActionsTestOtherA-542904401 tempest-ServerActionsTestOtherA-542904401-project-member] tpm_secret_security_filter skipped {{(pid=96709) tpm_secret_security_filter /opt/stack/nova/nova/scheduler/request_filter.py:477}}
Aug 19 16:50:08.332508 np0000007793 nova-scheduler[96709]: INFO nova.utils [None req-29c1a5a6-437b-4b61-8cda-4ea0801ff47d tempest-ServerActionsTestOtherA-542904401 tempest-ServerActionsTestOtherA-542904401-project-member] The cell worker thread pool ForkProcess-3.cell_worker is initialized
Aug 19 16:50:08.333092 np0000007793 nova-scheduler[96709]: DEBUG oslo_concurrency.lockutils [None req-29c1a5a6-437b-4b61-8cda-4ea0801ff47d tempest-ServerActionsTestOtherA-542904401 tempest-ServerActionsTestOtherA-542904401-project-member] Acquiring lock "aaf4ed21-9799-4ec2-bc3f-aefb3d9b1de7" by "nova.context.set_target_cell..get_or_set_cached_cell_and_set_connections" {{(pid=96709) inner /opt/stack/data/venv/lib/python3.12/site-packages/oslo_concurrency/lockutils.py:512}}
Aug 19 16:50:08.333432 np0000007793 nova-scheduler[96709]: DEBUG oslo_concurrency.lockutils [None req-29c1a5a6-437b-4b61-8cda-4ea0801ff47d tempest-ServerActionsTestOtherA-542904401 tempest-ServerActionsTestOtherA-542904401-project-member] Lock "aaf4ed21-9799-4ec2-bc3f-aefb3d9b1de7" acquired by "nova.context.set_target_cell..get_or_set_cached_cell_and_set_connections" :: waited 0.000s {{(pid=96709) inner /opt/stack/data/venv/lib/python3.12/site-packages/oslo_concurrency/lockutils.py:525}}
Aug 19 16:50:08.335819 np0000007793 nova-scheduler[96709]: DEBUG oslo_concurrency.lockutils [None req-29c1a5a6-437b-4b61-8cda-4ea0801ff47d tempest-ServerActionsTestOtherA-542904401 tempest-ServerActionsTestOtherA-542904401-project-member] Lock "aaf4ed21-9799-4ec2-bc3f-aefb3d9b1de7" "released" by "nova.context.set_target_cell..get_or_set_cached_cell_and_set_connections" :: held 0.001s {{(pid=96709) inner /opt/stack/data/venv/lib/python3.12/site-packages/oslo_concurrency/lockutils.py:544}}
Aug 19 16:50:08.337803 np0000007793 nova-scheduler[96709]: INFO dbcounter [None req-29c1a5a6-437b-4b61-8cda-4ea0801ff47d tempest-ServerActionsTestOtherA-542904401 tempest-ServerActionsTestOtherA-542904401-project-member] Registered counter for database nova_cell1
Aug 19 16:50:08.387560 np0000007793 nova-scheduler[96709]: DEBUG oslo_db.sqlalchemy.engines [None req-29c1a5a6-437b-4b61-8cda-4ea0801ff47d tempest-ServerActionsTestOtherA-542904401 tempest-ServerActionsTestOtherA-542904401-project-member] MySQL server mode set to STRICT_TRANS_TABLES,STRICT_ALL_TABLES,NO_ZERO_IN_DATE,NO_ZERO_DATE,ERROR_FOR_DIVISION_BY_ZERO,TRADITIONAL,NO_ENGINE_SUBSTITUTION {{(pid=96709) _check_effective_sql_mode /opt/stack/data/venv/lib/python3.12/site-packages/oslo_db/sqlalchemy/engines.py:325}}
Aug 19 16:50:08.395043 np0000007793 nova-scheduler[96709]: DEBUG dbcounter [-] [96709] Writer thread running {{(pid=96709) stat_writer /opt/stack/data/venv/lib/python3.12/site-packages/dbcounter.py:102}}
Aug 19 16:50:08.412230 np0000007793 nova-scheduler[96709]: DEBUG oslo_db.sqlalchemy.engines [None req-29c1a5a6-437b-4b61-8cda-4ea0801ff47d tempest-ServerActionsTestOtherA-542904401 tempest-ServerActionsTestOtherA-542904401-project-member] Parent process 95513 forked (96709) with an open database connection, which is being discarded and recreated. {{(pid=96709) checkout /opt/stack/data/venv/lib/python3.12/site-packages/oslo_db/sqlalchemy/engines.py:402}}
Aug 19 16:50:08.491934 np0000007793 nova-scheduler[96709]: DEBUG dbcounter [-] [96709] Writer thread running {{(pid=96709) stat_writer /opt/stack/data/venv/lib/python3.12/site-packages/dbcounter.py:102}}
