Aug 13 02:39:52.404903 np0000007139 devstack@g-api.service[103075]: DEBUG glance.api.middleware.version_negotiation [None req-1eba3cbe-87fc-476d-b83b-d1b1d54206c3 tempest-VolumesCloneTest-1535005987 tempest-VolumesCloneTest-1535005987-project-member] Determining version of request: GET /v2/schemas/image Accept: */* {{(pid=103075) process_request /opt/stack/glance/glance/api/middleware/version_negotiation.py:44}}
Aug 13 02:39:52.404903 np0000007139 devstack@g-api.service[103075]: DEBUG glance.api.middleware.version_negotiation [None req-1eba3cbe-87fc-476d-b83b-d1b1d54206c3 tempest-VolumesCloneTest-1535005987 tempest-VolumesCloneTest-1535005987-project-member] Using url versioning {{(pid=103075) process_request /opt/stack/glance/glance/api/middleware/version_negotiation.py:57}}
Aug 13 02:39:52.404903 np0000007139 devstack@g-api.service[103075]: DEBUG glance.api.middleware.version_negotiation [None req-1eba3cbe-87fc-476d-b83b-d1b1d54206c3 tempest-VolumesCloneTest-1535005987 tempest-VolumesCloneTest-1535005987-project-member] Matched version: v2 {{(pid=103075) process_request /opt/stack/glance/glance/api/middleware/version_negotiation.py:69}}
Aug 13 02:39:52.404903 np0000007139 devstack@g-api.service[103075]: DEBUG glance.api.middleware.version_negotiation [None req-1eba3cbe-87fc-476d-b83b-d1b1d54206c3 tempest-VolumesCloneTest-1535005987 tempest-VolumesCloneTest-1535005987-project-member] new path /v2/schemas/image {{(pid=103075) process_request /opt/stack/glance/glance/api/middleware/version_negotiation.py:70}}
Aug 13 02:39:52.407503 np0000007139 devstack@g-api.service[103075]: [pid: 103075|app: 0|req: 80/320] 127.0.0.1 () {44 vars in 1051 bytes} [Thu Aug 13 02:39:52 2026] GET /v2/schemas/image => generated 6083 bytes in 4 msecs (HTTP/1.1 200) 4 headers in 158 bytes (1 switches on core 0)
Aug 13 02:39:52.465622 np0000007139 devstack@g-api.service[103077]: INFO glance.api.v2.image_data [None req-c0a9da6e-9248-458b-964b-e7242d8245e8 tempest-VolumesActionsTest-590679833 tempest-VolumesActionsTest-590679833-project-member] Unable to create trust: no such option collect_timing in group [keystone_authtoken] Use the existing user token.
Aug 13 02:39:52.490151 np0000007139 devstack@g-api.service[103078]: DEBUG glance.api.middleware.version_negotiation [None req-1eba3cbe-87fc-476d-b83b-d1b1d54206c3 tempest-VolumesCloneTest-1535005987 tempest-VolumesCloneTest-1535005987-project-member] Determining version of request: GET /v2/images/48657f4f-1d4d-4b92-8bba-6c1ae2af686b Accept: application/json {{(pid=103078) process_request /opt/stack/glance/glance/api/middleware/version_negotiation.py:44}}
Aug 13 02:39:52.490409 np0000007139 devstack@g-api.service[103078]: DEBUG glance.api.middleware.version_negotiation [None req-1eba3cbe-87fc-476d-b83b-d1b1d54206c3 tempest-VolumesCloneTest-1535005987 tempest-VolumesCloneTest-1535005987-project-member] Using url versioning {{(pid=103078) process_request /opt/stack/glance/glance/api/middleware/version_negotiation.py:57}}
Aug 13 02:39:52.490573 np0000007139 devstack@g-api.service[103078]: DEBUG glance.api.middleware.version_negotiation [None req-1eba3cbe-87fc-476d-b83b-d1b1d54206c3 tempest-VolumesCloneTest-1535005987 tempest-VolumesCloneTest-1535005987-project-member] Matched version: v2 {{(pid=103078) process_request /opt/stack/glance/glance/api/middleware/version_negotiation.py:69}}
Aug 13 02:39:52.490707 np0000007139 devstack@g-api.service[103078]: DEBUG glance.api.middleware.version_negotiation [None req-1eba3cbe-87fc-476d-b83b-d1b1d54206c3 tempest-VolumesCloneTest-1535005987 tempest-VolumesCloneTest-1535005987-project-member] new path /v2/images/48657f4f-1d4d-4b92-8bba-6c1ae2af686b {{(pid=103078) process_request /opt/stack/glance/glance/api/middleware/version_negotiation.py:70}}
Aug 13 02:39:52.508714 np0000007139 devstack@g-api.service[103078]: [pid: 103078|app: 0|req: 82/321] 127.0.0.1 () {40 vars in 834 bytes} [Thu Aug 13 02:39:52 2026] GET /v2/images/48657f4f-1d4d-4b92-8bba-6c1ae2af686b => generated 649 bytes in 17 msecs (HTTP/1.1 200) 4 headers in 157 bytes (1 switches on core 0)
Aug 13 02:39:52.936340 np0000007139 devstack@g-api.service[103076]: DEBUG glance.api.middleware.version_negotiation [None req-1eba3cbe-87fc-476d-b83b-d1b1d54206c3 tempest-VolumesCloneTest-1535005987 tempest-VolumesCloneTest-1535005987-project-member] Determining version of request: GET /versions Accept: */* {{(pid=103076) process_request /opt/stack/glance/glance/api/middleware/version_negotiation.py:44}}
Aug 13 02:39:52.937197 np0000007139 devstack@g-api.service[103076]: [pid: 103076|app: 0|req: 81/322] 127.0.0.1 () {44 vars in 1035 bytes} [Thu Aug 13 02:39:52 2026] GET /versions => generated 1501 bytes in 1 msecs (HTTP/1.1 200) 3 headers in 92 bytes (1 switches on core 0)
Aug 13 02:39:52.958013 np0000007139 devstack@g-api.service[103075]: DEBUG glance.api.middleware.version_negotiation [None req-1eba3cbe-87fc-476d-b83b-d1b1d54206c3 tempest-VolumesCloneTest-1535005987 tempest-VolumesCloneTest-1535005987-project-member] Determining version of request: GET /v2/images/97e472c8-887d-49ed-a387-da1dee2eb20d/locations Accept: */* {{(pid=103075) process_request /opt/stack/glance/glance/api/middleware/version_negotiation.py:44}}
Aug 13 02:39:52.958489 np0000007139 devstack@g-api.service[103075]: DEBUG glance.api.middleware.version_negotiation [None req-1eba3cbe-87fc-476d-b83b-d1b1d54206c3 tempest-VolumesCloneTest-1535005987 tempest-VolumesCloneTest-1535005987-project-member] Using url versioning {{(pid=103075) process_request /opt/stack/glance/glance/api/middleware/version_negotiation.py:57}}
Aug 13 02:39:52.958489 np0000007139 devstack@g-api.service[103075]: DEBUG glance.api.middleware.version_negotiation [None req-1eba3cbe-87fc-476d-b83b-d1b1d54206c3 tempest-VolumesCloneTest-1535005987 tempest-VolumesCloneTest-1535005987-project-member] Matched version: v2 {{(pid=103075) process_request /opt/stack/glance/glance/api/middleware/version_negotiation.py:69}}
Aug 13 02:39:52.958562 np0000007139 devstack@g-api.service[103075]: DEBUG glance.api.middleware.version_negotiation [None req-1eba3cbe-87fc-476d-b83b-d1b1d54206c3 tempest-VolumesCloneTest-1535005987 tempest-VolumesCloneTest-1535005987-project-member] new path /v2/images/97e472c8-887d-49ed-a387-da1dee2eb20d/locations {{(pid=103075) process_request /opt/stack/glance/glance/api/middleware/version_negotiation.py:70}}
Aug 13 02:39:53.032051 np0000007139 devstack@g-api.service[103075]: [pid: 103075|app: 0|req: 81/323] 127.0.0.1 () {44 vars in 1131 bytes} [Thu Aug 13 02:39:52 2026] GET /v2/images/97e472c8-887d-49ed-a387-da1dee2eb20d/locations => generated 92 bytes in 73 msecs (HTTP/1.1 200) 4 headers in 156 bytes (1 switches on core 0)
Aug 13 02:39:53.050721 np0000007139 devstack@g-api.service[103078]: DEBUG glance.api.middleware.version_negotiation [None req-d47914f7-b678-4d73-a16b-06ab2a0c3879 tempest-VolumesActionsTest-590679833 tempest-VolumesActionsTest-590679833-project-member] Determining version of request: GET /v2/images/97e472c8-887d-49ed-a387-da1dee2eb20d Accept: */* {{(pid=103078) process_request /opt/stack/glance/glance/api/middleware/version_negotiation.py:44}}
Aug 13 02:39:53.052359 np0000007139 devstack@g-api.service[103078]: DEBUG glance.api.middleware.version_negotiation [None req-d47914f7-b678-4d73-a16b-06ab2a0c3879 tempest-VolumesActionsTest-590679833 tempest-VolumesActionsTest-590679833-project-member] Using url versioning {{(pid=103078) process_request /opt/stack/glance/glance/api/middleware/version_negotiation.py:57}}
Aug 13 02:39:53.052888 np0000007139 devstack@g-api.service[103078]: DEBUG glance.api.middleware.version_negotiation [None req-d47914f7-b678-4d73-a16b-06ab2a0c3879 tempest-VolumesActionsTest-590679833 tempest-VolumesActionsTest-590679833-project-member] Matched version: v2 {{(pid=103078) process_request /opt/stack/glance/glance/api/middleware/version_negotiation.py:69}}
Aug 13 02:39:53.053026 np0000007139 devstack@g-api.service[103078]: DEBUG glance.api.middleware.version_negotiation [None req-d47914f7-b678-4d73-a16b-06ab2a0c3879 tempest-VolumesActionsTest-590679833 tempest-VolumesActionsTest-590679833-project-member] new path /v2/images/97e472c8-887d-49ed-a387-da1dee2eb20d {{(pid=103078) process_request /opt/stack/glance/glance/api/middleware/version_negotiation.py:70}}
Aug 13 02:39:53.076329 np0000007139 devstack@g-api.service[103078]: [pid: 103078|app: 0|req: 83/324] 127.0.0.1 () {44 vars in 1111 bytes} [Thu Aug 13 02:39:53 2026] GET /v2/images/97e472c8-887d-49ed-a387-da1dee2eb20d => generated 1044 bytes in 26 msecs (HTTP/1.1 200) 4 headers in 158 bytes (1 switches on core 0)
Aug 13 02:39:53.097109 np0000007139 devstack@g-api.service[103076]: DEBUG glance.api.middleware.version_negotiation [None req-1eba3cbe-87fc-476d-b83b-d1b1d54206c3 tempest-VolumesCloneTest-1535005987 tempest-VolumesCloneTest-1535005987-project-member] Determining version of request: GET /v2/schemas/image Accept: */* {{(pid=103076) process_request /opt/stack/glance/glance/api/middleware/version_negotiation.py:44}}
Aug 13 02:39:53.097460 np0000007139 devstack@g-api.service[103076]: DEBUG glance.api.middleware.version_negotiation [None req-1eba3cbe-87fc-476d-b83b-d1b1d54206c3 tempest-VolumesCloneTest-1535005987 tempest-VolumesCloneTest-1535005987-project-member] Using url versioning {{(pid=103076) process_request /opt/stack/glance/glance/api/middleware/version_negotiation.py:57}}
Aug 13 02:39:53.097531 np0000007139 devstack@g-api.service[103076]: DEBUG glance.api.middleware.version_negotiation [None req-1eba3cbe-87fc-476d-b83b-d1b1d54206c3 tempest-VolumesCloneTest-1535005987 tempest-VolumesCloneTest-1535005987-project-member] Matched version: v2 {{(pid=103076) process_request /opt/stack/glance/glance/api/middleware/version_negotiation.py:69}}
Aug 13 02:39:53.097702 np0000007139 devstack@g-api.service[103076]: DEBUG glance.api.middleware.version_negotiation [None req-1eba3cbe-87fc-476d-b83b-d1b1d54206c3 tempest-VolumesCloneTest-1535005987 tempest-VolumesCloneTest-1535005987-project-member] new path /v2/schemas/image {{(pid=103076) process_request /opt/stack/glance/glance/api/middleware/version_negotiation.py:70}}
Aug 13 02:39:53.100893 np0000007139 devstack@g-api.service[103076]: [pid: 103076|app: 0|req: 82/325] 127.0.0.1 () {44 vars in 1051 bytes} [Thu Aug 13 02:39:53 2026] GET /v2/schemas/image => generated 6083 bytes in 4 msecs (HTTP/1.1 200) 4 headers in 158 bytes (1 switches on core 0)
Aug 13 02:39:53.113588 np0000007139 devstack@g-api.service[103075]: DEBUG glance.api.middleware.version_negotiation [None req-1eba3cbe-87fc-476d-b83b-d1b1d54206c3 service glance] Determining version of request: GET /v2/schemas/image Accept: */* {{(pid=103075) process_request /opt/stack/glance/glance/api/middleware/version_negotiation.py:44}}
Aug 13 02:39:53.113915 np0000007139 devstack@g-api.service[103075]: DEBUG glance.api.middleware.version_negotiation [None req-1eba3cbe-87fc-476d-b83b-d1b1d54206c3 service glance] Using url versioning {{(pid=103075) process_request /opt/stack/glance/glance/api/middleware/version_negotiation.py:57}}
Aug 13 02:39:53.114232 np0000007139 devstack@g-api.service[103075]: DEBUG glance.api.middleware.version_negotiation [None req-1eba3cbe-87fc-476d-b83b-d1b1d54206c3 service glance] Matched version: v2 {{(pid=103075) process_request /opt/stack/glance/glance/api/middleware/version_negotiation.py:69}}
Aug 13 02:39:53.114295 np0000007139 devstack@g-api.service[103075]: DEBUG glance.api.middleware.version_negotiation [None req-1eba3cbe-87fc-476d-b83b-d1b1d54206c3 service glance] new path /v2/schemas/image {{(pid=103075) process_request /opt/stack/glance/glance/api/middleware/version_negotiation.py:70}}
Aug 13 02:39:53.120862 np0000007139 devstack@g-api.service[103075]: [pid: 103075|app: 0|req: 82/326] 127.0.0.1 () {44 vars in 1051 bytes} [Thu Aug 13 02:39:53 2026] GET /v2/schemas/image => generated 6083 bytes in 7 msecs (HTTP/1.1 200) 4 headers in 158 bytes (1 switches on core 0)
Aug 13 02:39:53.122720 np0000007139 devstack@g-api.service[103078]: DEBUG glance.api.middleware.version_negotiation [None req-1eba3cbe-87fc-476d-b83b-d1b1d54206c3 tempest-VolumesCloneTest-1535005987 tempest-VolumesCloneTest-1535005987-project-member] Determining version of request: GET /v2/images/97e472c8-887d-49ed-a387-da1dee2eb20d Accept: */* {{(pid=103078) process_request /opt/stack/glance/glance/api/middleware/version_negotiation.py:44}}
Aug 13 02:39:53.122720 np0000007139 devstack@g-api.service[103078]: DEBUG glance.api.middleware.version_negotiation [None req-1eba3cbe-87fc-476d-b83b-d1b1d54206c3 tempest-VolumesCloneTest-1535005987 tempest-VolumesCloneTest-1535005987-project-member] Using url versioning {{(pid=103078) process_request /opt/stack/glance/glance/api/middleware/version_negotiation.py:57}}
Aug 13 02:39:53.122720 np0000007139 devstack@g-api.service[103078]: DEBUG glance.api.middleware.version_negotiation [None req-1eba3cbe-87fc-476d-b83b-d1b1d54206c3 tempest-VolumesCloneTest-1535005987 tempest-VolumesCloneTest-1535005987-project-member] Matched version: v2 {{(pid=103078) process_request /opt/stack/glance/glance/api/middleware/version_negotiation.py:69}}
Aug 13 02:39:53.122969 np0000007139 devstack@g-api.service[103078]: DEBUG glance.api.middleware.version_negotiation [None req-1eba3cbe-87fc-476d-b83b-d1b1d54206c3 tempest-VolumesCloneTest-1535005987 tempest-VolumesCloneTest-1535005987-project-member] new path /v2/images/97e472c8-887d-49ed-a387-da1dee2eb20d {{(pid=103078) process_request /opt/stack/glance/glance/api/middleware/version_negotiation.py:70}}
Aug 13 02:39:53.128125 np0000007139 devstack@g-api.service[103077]: DEBUG glance.location [None req-c0a9da6e-9248-458b-964b-e7242d8245e8 tempest-VolumesActionsTest-590679833 tempest-VolumesActionsTest-590679833-project-member] Enabling in-flight format inspection for raw {{(pid=103077) set_data /opt/stack/glance/glance/location.py:596}}
Aug 13 02:39:53.128517 np0000007139 devstack@g-api.service[103077]: DEBUG glance_store.backend [None req-c0a9da6e-9248-458b-964b-e7242d8245e8 tempest-VolumesActionsTest-590679833 tempest-VolumesActionsTest-590679833-project-member] Attempting to import store swift {{(pid=103077) _load_store /opt/stack/data/venv/lib/python3.12/site-packages/glance_store/backend.py:215}}
Aug 13 02:39:53.130883 np0000007139 devstack@g-api.service[103077]: DEBUG glance_store.capabilities [None req-c0a9da6e-9248-458b-964b-e7242d8245e8 tempest-VolumesActionsTest-590679833 tempest-VolumesActionsTest-590679833-project-member] Store glance_store._drivers.swift.store.SingleTenantStore doesn't support updating dynamic storage capabilities. Please overwrite 'update_capabilities' method of the store to implement updating logics if needed. {{(pid=103077) update_capabilities /opt/stack/data/venv/lib/python3.12/site-packages/glance_store/capabilities.py:91}}
Aug 13 02:39:53.130883 np0000007139 devstack@g-api.service[103077]: DEBUG glance_store.driver [None req-c0a9da6e-9248-458b-964b-e7242d8245e8 tempest-VolumesActionsTest-590679833 tempest-VolumesActionsTest-590679833-project-member] Late loading location class glance_store._drivers.swift.store.StoreLocation {{(pid=103077) get_store_location_class /opt/stack/data/venv/lib/python3.12/site-packages/glance_store/driver.py:134}}
Aug 13 02:39:53.130883 np0000007139 devstack@g-api.service[103077]: DEBUG glance_store.location [None req-c0a9da6e-9248-458b-964b-e7242d8245e8 tempest-VolumesActionsTest-590679833 tempest-VolumesActionsTest-590679833-project-member] Registering scheme swift+https with {'store': , 'location_class': , 'store_entry': 'swift'} {{(pid=103077) register_scheme_map /opt/stack/data/venv/lib/python3.12/site-packages/glance_store/location.py:146}}
Aug 13 02:39:53.131540 np0000007139 devstack@g-api.service[103077]: DEBUG glance_store.location [None req-c0a9da6e-9248-458b-964b-e7242d8245e8 tempest-VolumesActionsTest-590679833 tempest-VolumesActionsTest-590679833-project-member] Registering scheme swift+https with {'store': , 'location_class': , 'store_entry': 'swift'} {{(pid=103077) register_scheme_map /opt/stack/data/venv/lib/python3.12/site-packages/glance_store/location.py:146}}
Aug 13 02:39:53.131540 np0000007139 devstack@g-api.service[103077]: DEBUG glance_store.location [None req-c0a9da6e-9248-458b-964b-e7242d8245e8 tempest-VolumesActionsTest-590679833 tempest-VolumesActionsTest-590679833-project-member] Registering scheme swift with {'store': , 'location_class': , 'store_entry': 'swift'} {{(pid=103077) register_scheme_map /opt/stack/data/venv/lib/python3.12/site-packages/glance_store/location.py:146}}
Aug 13 02:39:53.131540 np0000007139 devstack@g-api.service[103077]: DEBUG glance_store.location [None req-c0a9da6e-9248-458b-964b-e7242d8245e8 tempest-VolumesActionsTest-590679833 tempest-VolumesActionsTest-590679833-project-member] Registering scheme swift+https with {'store': , 'location_class': , 'store_entry': 'swift'} {{(pid=103077) register_scheme_map /opt/stack/data/venv/lib/python3.12/site-packages/glance_store/location.py:146}}
Aug 13 02:39:53.131540 np0000007139 devstack@g-api.service[103077]: DEBUG glance_store.location [None req-c0a9da6e-9248-458b-964b-e7242d8245e8 tempest-VolumesActionsTest-590679833 tempest-VolumesActionsTest-590679833-project-member] Registering scheme swift with {'store': , 'location_class': , 'store_entry': 'swift'} {{(pid=103077) register_scheme_map /opt/stack/data/venv/lib/python3.12/site-packages/glance_store/location.py:146}}
Aug 13 02:39:53.131540 np0000007139 devstack@g-api.service[103077]: DEBUG glance_store.location [None req-c0a9da6e-9248-458b-964b-e7242d8245e8 tempest-VolumesActionsTest-590679833 tempest-VolumesActionsTest-590679833-project-member] Registering scheme swift+http with {'store': , 'location_class': , 'store_entry': 'swift'} {{(pid=103077) register_scheme_map /opt/stack/data/venv/lib/python3.12/site-packages/glance_store/location.py:146}}
Aug 13 02:39:53.131986 np0000007139 devstack@g-api.service[103077]: DEBUG glance_store.location [None req-c0a9da6e-9248-458b-964b-e7242d8245e8 tempest-VolumesActionsTest-590679833 tempest-VolumesActionsTest-590679833-project-member] Registering scheme swift+https with {'store': , 'location_class': , 'store_entry': 'swift'} {{(pid=103077) register_scheme_map /opt/stack/data/venv/lib/python3.12/site-packages/glance_store/location.py:146}}
Aug 13 02:39:53.131986 np0000007139 devstack@g-api.service[103077]: DEBUG glance_store.location [None req-c0a9da6e-9248-458b-964b-e7242d8245e8 tempest-VolumesActionsTest-590679833 tempest-VolumesActionsTest-590679833-project-member] Registering scheme swift with {'store': , 'location_class': , 'store_entry': 'swift'} {{(pid=103077) register_scheme_map /opt/stack/data/venv/lib/python3.12/site-packages/glance_store/location.py:146}}
Aug 13 02:39:53.131986 np0000007139 devstack@g-api.service[103077]: DEBUG glance_store.location [None req-c0a9da6e-9248-458b-964b-e7242d8245e8 tempest-VolumesActionsTest-590679833 tempest-VolumesActionsTest-590679833-project-member] Registering scheme swift+http with {'store': , 'location_class': , 'store_entry': 'swift'} {{(pid=103077) register_scheme_map /opt/stack/data/venv/lib/python3.12/site-packages/glance_store/location.py:146}}
Aug 13 02:39:53.131986 np0000007139 devstack@g-api.service[103077]: DEBUG glance_store.location [None req-c0a9da6e-9248-458b-964b-e7242d8245e8 tempest-VolumesActionsTest-590679833 tempest-VolumesActionsTest-590679833-project-member] Registering scheme swift+config with {'store': , 'location_class': , 'store_entry': 'swift'} {{(pid=103077) register_scheme_map /opt/stack/data/venv/lib/python3.12/site-packages/glance_store/location.py:146}}
Aug 13 02:39:53.138886 np0000007139 devstack@g-api.service[103078]: [pid: 103078|app: 0|req: 84/327] 127.0.0.1 () {44 vars in 1111 bytes} [Thu Aug 13 02:39:53 2026] GET /v2/images/97e472c8-887d-49ed-a387-da1dee2eb20d => generated 1044 bytes in 15 msecs (HTTP/1.1 200) 4 headers in 158 bytes (1 switches on core 0)
Aug 13 02:39:53.174491 np0000007139 devstack@g-api.service[103076]: DEBUG glance.api.middleware.version_negotiation [None req-1eba3cbe-87fc-476d-b83b-d1b1d54206c3 tempest-VolumesCloneTest-1535005987 tempest-VolumesCloneTest-1535005987-project-member] Determining version of request: GET /v2/schemas/image Accept: */* {{(pid=103076) process_request /opt/stack/glance/glance/api/middleware/version_negotiation.py:44}}
Aug 13 02:39:53.174491 np0000007139 devstack@g-api.service[103076]: DEBUG glance.api.middleware.version_negotiation [None req-1eba3cbe-87fc-476d-b83b-d1b1d54206c3 tempest-VolumesCloneTest-1535005987 tempest-VolumesCloneTest-1535005987-project-member] Using url versioning {{(pid=103076) process_request /opt/stack/glance/glance/api/middleware/version_negotiation.py:57}}
Aug 13 02:39:53.174754 np0000007139 devstack@g-api.service[103076]: DEBUG glance.api.middleware.version_negotiation [None req-1eba3cbe-87fc-476d-b83b-d1b1d54206c3 tempest-VolumesCloneTest-1535005987 tempest-VolumesCloneTest-1535005987-project-member] Matched version: v2 {{(pid=103076) process_request /opt/stack/glance/glance/api/middleware/version_negotiation.py:69}}
Aug 13 02:39:53.174754 np0000007139 devstack@g-api.service[103076]: DEBUG glance.api.middleware.version_negotiation [None req-1eba3cbe-87fc-476d-b83b-d1b1d54206c3 tempest-VolumesCloneTest-1535005987 tempest-VolumesCloneTest-1535005987-project-member] new path /v2/schemas/image {{(pid=103076) process_request /opt/stack/glance/glance/api/middleware/version_negotiation.py:70}}
Aug 13 02:39:53.178595 np0000007139 devstack@g-api.service[103076]: [pid: 103076|app: 0|req: 83/328] 127.0.0.1 () {44 vars in 1051 bytes} [Thu Aug 13 02:39:53 2026] GET /v2/schemas/image => generated 6083 bytes in 4 msecs (HTTP/1.1 200) 4 headers in 158 bytes (1 switches on core 0)
Aug 13 02:39:53.361523 np0000007139 devstack@g-api.service[103077]: DEBUG swiftclient [None req-c0a9da6e-9248-458b-964b-e7242d8245e8 tempest-VolumesActionsTest-590679833 tempest-VolumesActionsTest-590679833-project-member] REQ: curl -i https://10.4.3.30:8080/v1/AUTH_8accae047a224c44b27352c719d5ef57/glance -I -H "X-Auth-Token: gAAAAABqfS55EXMy..." {{(pid=103077) http_log /opt/stack/data/venv/lib/python3.12/site-packages/swiftclient/client.py:160}}
Aug 13 02:39:53.361639 np0000007139 devstack@g-api.service[103077]: DEBUG swiftclient [None req-c0a9da6e-9248-458b-964b-e7242d8245e8 tempest-VolumesActionsTest-590679833 tempest-VolumesActionsTest-590679833-project-member] RESP STATUS: 204 No Content {{(pid=103077) http_log /opt/stack/data/venv/lib/python3.12/site-packages/swiftclient/client.py:161}}
Aug 13 02:39:53.361839 np0000007139 devstack@g-api.service[103077]: DEBUG swiftclient [None req-c0a9da6e-9248-458b-964b-e7242d8245e8 tempest-VolumesActionsTest-590679833 tempest-VolumesActionsTest-590679833-project-member] RESP HEADERS: {'Date': 'Thu, 13 Aug 2026 02:39:53 GMT', 'Server': 'Apache/2.4.58 (Ubuntu)', 'Content-Type': 'text/plain; charset=utf-8', 'X-Container-Object-Count': '5', 'X-Container-Bytes-Used': '87883776', 'X-Timestamp': '1786588321.44182', 'Last-Modified': 'Thu, 13 Aug 2026 02:32:02 GMT', 'Accept-Ranges': 'bytes', 'X-Storage-Policy': 'Policy-0', 'X-Container-Sharding': 'False', 'Vary': 'Accept', 'X-Trans-Id': 'tx572f67d2499749c78fe73-006a7d2e79', 'X-Openstack-Request-Id': 'tx572f67d2499749c78fe73-006a7d2e79', 'Connection': 'close'} {{(pid=103077) http_log /opt/stack/data/venv/lib/python3.12/site-packages/swiftclient/client.py:162}}
Aug 13 02:39:53.362018 np0000007139 devstack@g-api.service[103077]: DEBUG glance_store._drivers.swift.store [None req-c0a9da6e-9248-458b-964b-e7242d8245e8 tempest-VolumesActionsTest-590679833 tempest-VolumesActionsTest-590679833-project-member] Adding image object '48657f4f-1d4d-4b92-8bba-6c1ae2af686b' to Swift {{(pid=103077) add /opt/stack/data/venv/lib/python3.12/site-packages/glance_store/_drivers/swift/store.py:970}}
Aug 13 02:39:53.362154 np0000007139 devstack@g-api.service[103077]: DEBUG glance_store._drivers.swift.store [None req-c0a9da6e-9248-458b-964b-e7242d8245e8 tempest-VolumesActionsTest-590679833 tempest-VolumesActionsTest-590679833-project-member] Cannot determine image size because it is either not provided in the request or chunked-transfer encoding is used. Adding image as a segmented object to Swift. {{(pid=103077) add /opt/stack/data/venv/lib/python3.12/site-packages/glance_store/_drivers/swift/store.py:994}}
Aug 13 02:39:53.370475 np0000007139 devstack@g-api.service[103077]: DEBUG oslo_utils.imageutils.format_inspector [None req-c0a9da6e-9248-458b-964b-e7242d8245e8 tempest-VolumesActionsTest-590679833 tempest-VolumesActionsTest-590679833-project-member] Format inspector for vmdk does not match, excluding from consideration (Signature KDMV not found: b'\x00\x00\x00\x00') {{(pid=103077) _process_chunk /opt/stack/data/venv/lib/python3.12/site-packages/oslo_utils/imageutils/format_inspector.py:1758}}
Aug 13 02:39:53.373918 np0000007139 devstack@g-api.service[103077]: DEBUG oslo_utils.imageutils.format_inspector [None req-c0a9da6e-9248-458b-964b-e7242d8245e8 tempest-VolumesActionsTest-590679833 tempest-VolumesActionsTest-590679833-project-member] Format inspector for vhdx does not match, excluding from consideration (Region signature not found at 30000) {{(pid=103077) _process_chunk /opt/stack/data/venv/lib/python3.12/site-packages/oslo_utils/imageutils/format_inspector.py:1758}}
Aug 13 02:39:53.521002 np0000007139 devstack@g-api.service[103075]: DEBUG glance.api.middleware.version_negotiation [None req-1eba3cbe-87fc-476d-b83b-d1b1d54206c3 tempest-VolumesCloneTest-1535005987 tempest-VolumesCloneTest-1535005987-project-member] Determining version of request: GET /v2/images/48657f4f-1d4d-4b92-8bba-6c1ae2af686b Accept: application/json {{(pid=103075) process_request /opt/stack/glance/glance/api/middleware/version_negotiation.py:44}}
Aug 13 02:39:53.521002 np0000007139 devstack@g-api.service[103075]: DEBUG glance.api.middleware.version_negotiation [None req-1eba3cbe-87fc-476d-b83b-d1b1d54206c3 tempest-VolumesCloneTest-1535005987 tempest-VolumesCloneTest-1535005987-project-member] Using url versioning {{(pid=103075) process_request /opt/stack/glance/glance/api/middleware/version_negotiation.py:57}}
Aug 13 02:39:53.521002 np0000007139 devstack@g-api.service[103075]: DEBUG glance.api.middleware.version_negotiation [None req-1eba3cbe-87fc-476d-b83b-d1b1d54206c3 tempest-VolumesCloneTest-1535005987 tempest-VolumesCloneTest-1535005987-project-member] Matched version: v2 {{(pid=103075) process_request /opt/stack/glance/glance/api/middleware/version_negotiation.py:69}}
Aug 13 02:39:53.521002 np0000007139 devstack@g-api.service[103075]: DEBUG glance.api.middleware.version_negotiation [None req-1eba3cbe-87fc-476d-b83b-d1b1d54206c3 tempest-VolumesCloneTest-1535005987 tempest-VolumesCloneTest-1535005987-project-member] new path /v2/images/48657f4f-1d4d-4b92-8bba-6c1ae2af686b {{(pid=103075) process_request /opt/stack/glance/glance/api/middleware/version_negotiation.py:70}}
Aug 13 02:39:53.537276 np0000007139 devstack@g-api.service[103075]: [pid: 103075|app: 0|req: 83/329] 127.0.0.1 () {40 vars in 834 bytes} [Thu Aug 13 02:39:53 2026] GET /v2/images/48657f4f-1d4d-4b92-8bba-6c1ae2af686b => generated 649 bytes in 18 msecs (HTTP/1.1 200) 4 headers in 157 bytes (1 switches on core 0)
Aug 13 02:39:54.552802 np0000007139 devstack@g-api.service[103078]: DEBUG glance.api.middleware.version_negotiation [None req-7d58a1d3-6a5f-40ac-9b93-d5a75403acef tempest-ServerBootFromVolumeStableRescueTest-406560882 tempest-ServerBootFromVolumeStableRescueTest-406560882-project-member] Determining version of request: GET /v2/images/48657f4f-1d4d-4b92-8bba-6c1ae2af686b Accept: application/json {{(pid=103078) process_request /opt/stack/glance/glance/api/middleware/version_negotiation.py:44}}
Aug 13 02:39:54.553319 np0000007139 devstack@g-api.service[103078]: DEBUG glance.api.middleware.version_negotiation [None req-7d58a1d3-6a5f-40ac-9b93-d5a75403acef tempest-ServerBootFromVolumeStableRescueTest-406560882 tempest-ServerBootFromVolumeStableRescueTest-406560882-project-member] Using url versioning {{(pid=103078) process_request /opt/stack/glance/glance/api/middleware/version_negotiation.py:57}}
Aug 13 02:39:54.553319 np0000007139 devstack@g-api.service[103078]: DEBUG glance.api.middleware.version_negotiation [None req-7d58a1d3-6a5f-40ac-9b93-d5a75403acef tempest-ServerBootFromVolumeStableRescueTest-406560882 tempest-ServerBootFromVolumeStableRescueTest-406560882-project-member] Matched version: v2 {{(pid=103078) process_request /opt/stack/glance/glance/api/middleware/version_negotiation.py:69}}
Aug 13 02:39:54.553434 np0000007139 devstack@g-api.service[103078]: DEBUG glance.api.middleware.version_negotiation [None req-7d58a1d3-6a5f-40ac-9b93-d5a75403acef tempest-ServerBootFromVolumeStableRescueTest-406560882 tempest-ServerBootFromVolumeStableRescueTest-406560882-project-member] new path /v2/images/48657f4f-1d4d-4b92-8bba-6c1ae2af686b {{(pid=103078) process_request /opt/stack/glance/glance/api/middleware/version_negotiation.py:70}}
Aug 13 02:39:54.576704 np0000007139 devstack@g-api.service[103078]: [pid: 103078|app: 0|req: 85/330] 127.0.0.1 () {40 vars in 834 bytes} [Thu Aug 13 02:39:54 2026] GET /v2/images/48657f4f-1d4d-4b92-8bba-6c1ae2af686b => generated 649 bytes in 24 msecs (HTTP/1.1 200) 4 headers in 157 bytes (1 switches on core 0)
Aug 13 02:39:55.591525 np0000007139 devstack@g-api.service[103076]: DEBUG glance.api.middleware.version_negotiation [None req-7d58a1d3-6a5f-40ac-9b93-d5a75403acef tempest-ServerBootFromVolumeStableRescueTest-406560882 tempest-ServerBootFromVolumeStableRescueTest-406560882-project-member] Determining version of request: GET /v2/images/48657f4f-1d4d-4b92-8bba-6c1ae2af686b Accept: application/json {{(pid=103076) process_request /opt/stack/glance/glance/api/middleware/version_negotiation.py:44}}
Aug 13 02:39:55.592155 np0000007139 devstack@g-api.service[103076]: DEBUG glance.api.middleware.version_negotiation [None req-7d58a1d3-6a5f-40ac-9b93-d5a75403acef tempest-ServerBootFromVolumeStableRescueTest-406560882 tempest-ServerBootFromVolumeStableRescueTest-406560882-project-member] Using url versioning {{(pid=103076) process_request /opt/stack/glance/glance/api/middleware/version_negotiation.py:57}}
Aug 13 02:39:55.592155 np0000007139 devstack@g-api.service[103076]: DEBUG glance.api.middleware.version_negotiation [None req-7d58a1d3-6a5f-40ac-9b93-d5a75403acef tempest-ServerBootFromVolumeStableRescueTest-406560882 tempest-ServerBootFromVolumeStableRescueTest-406560882-project-member] Matched version: v2 {{(pid=103076) process_request /opt/stack/glance/glance/api/middleware/version_negotiation.py:69}}
Aug 13 02:39:55.592268 np0000007139 devstack@g-api.service[103076]: DEBUG glance.api.middleware.version_negotiation [None req-7d58a1d3-6a5f-40ac-9b93-d5a75403acef tempest-ServerBootFromVolumeStableRescueTest-406560882 tempest-ServerBootFromVolumeStableRescueTest-406560882-project-member] new path /v2/images/48657f4f-1d4d-4b92-8bba-6c1ae2af686b {{(pid=103076) process_request /opt/stack/glance/glance/api/middleware/version_negotiation.py:70}}
Aug 13 02:39:55.606051 np0000007139 devstack@g-api.service[103076]: [pid: 103076|app: 0|req: 84/331] 127.0.0.1 () {40 vars in 834 bytes} [Thu Aug 13 02:39:55 2026] GET /v2/images/48657f4f-1d4d-4b92-8bba-6c1ae2af686b => generated 649 bytes in 15 msecs (HTTP/1.1 200) 4 headers in 157 bytes (1 switches on core 0)
Aug 13 02:39:55.620953 np0000007139 devstack@g-api.service[103077]: DEBUG swiftclient [None req-c0a9da6e-9248-458b-964b-e7242d8245e8 tempest-VolumesActionsTest-590679833 tempest-VolumesActionsTest-590679833-project-member] REQ: curl -i https://10.4.3.30:8080/v1/AUTH_8accae047a224c44b27352c719d5ef57/glance/48657f4f-1d4d-4b92-8bba-6c1ae2af686b-00001 -X PUT -H "X-Auth-Token: gAAAAABqfS55EXMy..." {{(pid=103077) http_log /opt/stack/data/venv/lib/python3.12/site-packages/swiftclient/client.py:160}}
Aug 13 02:39:55.620953 np0000007139 devstack@g-api.service[103077]: DEBUG swiftclient [None req-c0a9da6e-9248-458b-964b-e7242d8245e8 tempest-VolumesActionsTest-590679833 tempest-VolumesActionsTest-590679833-project-member] RESP STATUS: 201 Created {{(pid=103077) http_log /opt/stack/data/venv/lib/python3.12/site-packages/swiftclient/client.py:161}}
Aug 13 02:39:55.620953 np0000007139 devstack@g-api.service[103077]: DEBUG swiftclient [None req-c0a9da6e-9248-458b-964b-e7242d8245e8 tempest-VolumesActionsTest-590679833 tempest-VolumesActionsTest-590679833-project-member] RESP HEADERS: {'Date': 'Thu, 13 Aug 2026 02:39:55 GMT', 'Server': 'Apache/2.4.58 (Ubuntu)', 'Content-Type': 'text/html; charset=UTF-8', 'Content-Length': '0', 'Etag': 'eda9a9889837ac4bc81d6387d92c1bec', 'Last-Modified': 'Thu, 13 Aug 2026 02:39:54 GMT', 'X-Trans-Id': 'txe2325995540f4f5f8f837-006a7d2e79', 'X-Openstack-Request-Id': 'txe2325995540f4f5f8f837-006a7d2e79', 'Connection': 'close'} {{(pid=103077) http_log /opt/stack/data/venv/lib/python3.12/site-packages/swiftclient/client.py:162}}
Aug 13 02:39:55.620953 np0000007139 devstack@g-api.service[103077]: DEBUG glance_store._drivers.swift.store [None req-c0a9da6e-9248-458b-964b-e7242d8245e8 tempest-VolumesActionsTest-590679833 tempest-VolumesActionsTest-590679833-project-member] Wrote chunk 48657f4f-1d4d-4b92-8bba-6c1ae2af686b-00001 (1/?) of length 204800000 to Swift returning MD5 of content: eda9a9889837ac4bc81d6387d92c1bec {{(pid=103077) add /opt/stack/data/venv/lib/python3.12/site-packages/glance_store/_drivers/swift/store.py:1059}}
Aug 13 02:39:56.621544 np0000007139 devstack@g-api.service[103075]: DEBUG glance.api.middleware.version_negotiation [None req-d8264bed-711f-4526-9911-75e7c1a29464 tempest-VolumesActionsTest-590679833 tempest-VolumesActionsTest-590679833-project-member] Determining version of request: GET /v2/images/48657f4f-1d4d-4b92-8bba-6c1ae2af686b Accept: application/json {{(pid=103075) process_request /opt/stack/glance/glance/api/middleware/version_negotiation.py:44}}
Aug 13 02:39:56.621544 np0000007139 devstack@g-api.service[103075]: DEBUG glance.api.middleware.version_negotiation [None req-d8264bed-711f-4526-9911-75e7c1a29464 tempest-VolumesActionsTest-590679833 tempest-VolumesActionsTest-590679833-project-member] Using url versioning {{(pid=103075) process_request /opt/stack/glance/glance/api/middleware/version_negotiation.py:57}}
Aug 13 02:39:56.621544 np0000007139 devstack@g-api.service[103075]: DEBUG glance.api.middleware.version_negotiation [None req-d8264bed-711f-4526-9911-75e7c1a29464 tempest-VolumesActionsTest-590679833 tempest-VolumesActionsTest-590679833-project-member] Matched version: v2 {{(pid=103075) process_request /opt/stack/glance/glance/api/middleware/version_negotiation.py:69}}
Aug 13 02:39:56.623294 np0000007139 devstack@g-api.service[103075]: DEBUG glance.api.middleware.version_negotiation [None req-d8264bed-711f-4526-9911-75e7c1a29464 tempest-VolumesActionsTest-590679833 tempest-VolumesActionsTest-590679833-project-member] new path /v2/images/48657f4f-1d4d-4b92-8bba-6c1ae2af686b {{(pid=103075) process_request /opt/stack/glance/glance/api/middleware/version_negotiation.py:70}}
Aug 13 02:39:56.639293 np0000007139 devstack@g-api.service[103075]: [pid: 103075|app: 0|req: 84/332] 127.0.0.1 () {40 vars in 834 bytes} [Thu Aug 13 02:39:56 2026] GET /v2/images/48657f4f-1d4d-4b92-8bba-6c1ae2af686b => generated 649 bytes in 19 msecs (HTTP/1.1 200) 4 headers in 157 bytes (1 switches on core 0)
Aug 13 02:39:57.656800 np0000007139 devstack@g-api.service[103078]: DEBUG glance.api.middleware.version_negotiation [None req-ef0c5e03-2959-48da-8eb8-7b6150397f0f tempest-VolumesActionsTest-590679833 tempest-VolumesActionsTest-590679833-project-member] Determining version of request: GET /v2/images/48657f4f-1d4d-4b92-8bba-6c1ae2af686b Accept: application/json {{(pid=103078) process_request /opt/stack/glance/glance/api/middleware/version_negotiation.py:44}}
Aug 13 02:39:57.657335 np0000007139 devstack@g-api.service[103078]: DEBUG glance.api.middleware.version_negotiation [None req-ef0c5e03-2959-48da-8eb8-7b6150397f0f tempest-VolumesActionsTest-590679833 tempest-VolumesActionsTest-590679833-project-member] Using url versioning {{(pid=103078) process_request /opt/stack/glance/glance/api/middleware/version_negotiation.py:57}}
Aug 13 02:39:57.657335 np0000007139 devstack@g-api.service[103078]: DEBUG glance.api.middleware.version_negotiation [None req-ef0c5e03-2959-48da-8eb8-7b6150397f0f tempest-VolumesActionsTest-590679833 tempest-VolumesActionsTest-590679833-project-member] Matched version: v2 {{(pid=103078) process_request /opt/stack/glance/glance/api/middleware/version_negotiation.py:69}}
Aug 13 02:39:57.657457 np0000007139 devstack@g-api.service[103078]: DEBUG glance.api.middleware.version_negotiation [None req-ef0c5e03-2959-48da-8eb8-7b6150397f0f tempest-VolumesActionsTest-590679833 tempest-VolumesActionsTest-590679833-project-member] new path /v2/images/48657f4f-1d4d-4b92-8bba-6c1ae2af686b {{(pid=103078) process_request /opt/stack/glance/glance/api/middleware/version_negotiation.py:70}}
Aug 13 02:39:57.677765 np0000007139 devstack@g-api.service[103078]: [pid: 103078|app: 0|req: 86/333] 127.0.0.1 () {40 vars in 834 bytes} [Thu Aug 13 02:39:57 2026] GET /v2/images/48657f4f-1d4d-4b92-8bba-6c1ae2af686b => generated 649 bytes in 21 msecs (HTTP/1.1 200) 4 headers in 157 bytes (1 switches on core 0)
Aug 13 02:39:58.049796 np0000007139 devstack@g-api.service[103077]: DEBUG swiftclient [None req-c0a9da6e-9248-458b-964b-e7242d8245e8 tempest-VolumesActionsTest-590679833 tempest-VolumesActionsTest-590679833-project-member] REQ: curl -i https://10.4.3.30:8080/v1/AUTH_8accae047a224c44b27352c719d5ef57/glance/48657f4f-1d4d-4b92-8bba-6c1ae2af686b-00002 -X PUT -H "X-Auth-Token: gAAAAABqfS55EXMy..." {{(pid=103077) http_log /opt/stack/data/venv/lib/python3.12/site-packages/swiftclient/client.py:160}}
Aug 13 02:39:58.050276 np0000007139 devstack@g-api.service[103077]: DEBUG swiftclient [None req-c0a9da6e-9248-458b-964b-e7242d8245e8 tempest-VolumesActionsTest-590679833 tempest-VolumesActionsTest-590679833-project-member] RESP STATUS: 201 Created {{(pid=103077) http_log /opt/stack/data/venv/lib/python3.12/site-packages/swiftclient/client.py:161}}
Aug 13 02:39:58.050276 np0000007139 devstack@g-api.service[103077]: DEBUG swiftclient [None req-c0a9da6e-9248-458b-964b-e7242d8245e8 tempest-VolumesActionsTest-590679833 tempest-VolumesActionsTest-590679833-project-member] RESP HEADERS: {'Date': 'Thu, 13 Aug 2026 02:39:58 GMT', 'Server': 'Apache/2.4.58 (Ubuntu)', 'Content-Type': 'text/html; charset=UTF-8', 'Content-Length': '0', 'Etag': 'eda9a9889837ac4bc81d6387d92c1bec', 'Last-Modified': 'Thu, 13 Aug 2026 02:39:56 GMT', 'X-Trans-Id': 'tx645c61093451456abc478-006a7d2e7b', 'X-Openstack-Request-Id': 'tx645c61093451456abc478-006a7d2e7b', 'Connection': 'close'} {{(pid=103077) http_log /opt/stack/data/venv/lib/python3.12/site-packages/swiftclient/client.py:162}}
Aug 13 02:39:58.050276 np0000007139 devstack@g-api.service[103077]: DEBUG glance_store._drivers.swift.store [None req-c0a9da6e-9248-458b-964b-e7242d8245e8 tempest-VolumesActionsTest-590679833 tempest-VolumesActionsTest-590679833-project-member] Wrote chunk 48657f4f-1d4d-4b92-8bba-6c1ae2af686b-00002 (2/?) of length 204800000 to Swift returning MD5 of content: eda9a9889837ac4bc81d6387d92c1bec {{(pid=103077) add /opt/stack/data/venv/lib/python3.12/site-packages/glance_store/_drivers/swift/store.py:1059}}
Aug 13 02:39:58.695972 np0000007139 devstack@g-api.service[103076]: DEBUG glance.api.middleware.version_negotiation [None req-78a4c8d2-d63a-4712-b29a-d3d149262513 tempest-VolumesActionsTest-590679833 tempest-VolumesActionsTest-590679833-project-member] Determining version of request: GET /v2/images/48657f4f-1d4d-4b92-8bba-6c1ae2af686b Accept: application/json {{(pid=103076) process_request /opt/stack/glance/glance/api/middleware/version_negotiation.py:44}}
Aug 13 02:39:58.695972 np0000007139 devstack@g-api.service[103076]: DEBUG glance.api.middleware.version_negotiation [None req-78a4c8d2-d63a-4712-b29a-d3d149262513 tempest-VolumesActionsTest-590679833 tempest-VolumesActionsTest-590679833-project-member] Using url versioning {{(pid=103076) process_request /opt/stack/glance/glance/api/middleware/version_negotiation.py:57}}
Aug 13 02:39:58.695972 np0000007139 devstack@g-api.service[103076]: DEBUG glance.api.middleware.version_negotiation [None req-78a4c8d2-d63a-4712-b29a-d3d149262513 tempest-VolumesActionsTest-590679833 tempest-VolumesActionsTest-590679833-project-member] Matched version: v2 {{(pid=103076) process_request /opt/stack/glance/glance/api/middleware/version_negotiation.py:69}}
Aug 13 02:39:58.695972 np0000007139 devstack@g-api.service[103076]: DEBUG glance.api.middleware.version_negotiation [None req-78a4c8d2-d63a-4712-b29a-d3d149262513 tempest-VolumesActionsTest-590679833 tempest-VolumesActionsTest-590679833-project-member] new path /v2/images/48657f4f-1d4d-4b92-8bba-6c1ae2af686b {{(pid=103076) process_request /opt/stack/glance/glance/api/middleware/version_negotiation.py:70}}
Aug 13 02:39:58.718223 np0000007139 devstack@g-api.service[103076]: [pid: 103076|app: 0|req: 85/334] 127.0.0.1 () {40 vars in 834 bytes} [Thu Aug 13 02:39:58 2026] GET /v2/images/48657f4f-1d4d-4b92-8bba-6c1ae2af686b => generated 649 bytes in 24 msecs (HTTP/1.1 200) 4 headers in 157 bytes (1 switches on core 0)
Aug 13 02:39:59.726811 np0000007139 devstack@g-api.service[103075]: DEBUG glance.api.middleware.version_negotiation [None req-3b8aec71-4563-4eef-9274-51856b2811eb tempest-VolumesActionsTest-590679833 tempest-VolumesActionsTest-590679833-project-member] Determining version of request: GET /v2/images/48657f4f-1d4d-4b92-8bba-6c1ae2af686b Accept: application/json {{(pid=103075) process_request /opt/stack/glance/glance/api/middleware/version_negotiation.py:44}}
Aug 13 02:39:59.727242 np0000007139 devstack@g-api.service[103075]: DEBUG glance.api.middleware.version_negotiation [None req-3b8aec71-4563-4eef-9274-51856b2811eb tempest-VolumesActionsTest-590679833 tempest-VolumesActionsTest-590679833-project-member] Using url versioning {{(pid=103075) process_request /opt/stack/glance/glance/api/middleware/version_negotiation.py:57}}
Aug 13 02:39:59.727242 np0000007139 devstack@g-api.service[103075]: DEBUG glance.api.middleware.version_negotiation [None req-3b8aec71-4563-4eef-9274-51856b2811eb tempest-VolumesActionsTest-590679833 tempest-VolumesActionsTest-590679833-project-member] Matched version: v2 {{(pid=103075) process_request /opt/stack/glance/glance/api/middleware/version_negotiation.py:69}}
Aug 13 02:39:59.727455 np0000007139 devstack@g-api.service[103075]: DEBUG glance.api.middleware.version_negotiation [None req-3b8aec71-4563-4eef-9274-51856b2811eb tempest-VolumesActionsTest-590679833 tempest-VolumesActionsTest-590679833-project-member] new path /v2/images/48657f4f-1d4d-4b92-8bba-6c1ae2af686b {{(pid=103075) process_request /opt/stack/glance/glance/api/middleware/version_negotiation.py:70}}
Aug 13 02:39:59.746909 np0000007139 devstack@g-api.service[103075]: [pid: 103075|app: 0|req: 85/335] 127.0.0.1 () {40 vars in 834 bytes} [Thu Aug 13 02:39:59 2026] GET /v2/images/48657f4f-1d4d-4b92-8bba-6c1ae2af686b => generated 649 bytes in 20 msecs (HTTP/1.1 200) 4 headers in 157 bytes (1 switches on core 0)
Aug 13 02:40:00.638182 np0000007139 devstack@g-api.service[103077]: DEBUG swiftclient [None req-c0a9da6e-9248-458b-964b-e7242d8245e8 tempest-VolumesActionsTest-590679833 tempest-VolumesActionsTest-590679833-project-member] REQ: curl -i https://10.4.3.30:8080/v1/AUTH_8accae047a224c44b27352c719d5ef57/glance/48657f4f-1d4d-4b92-8bba-6c1ae2af686b-00003 -X PUT -H "X-Auth-Token: gAAAAABqfS55EXMy..." {{(pid=103077) http_log /opt/stack/data/venv/lib/python3.12/site-packages/swiftclient/client.py:160}}
Aug 13 02:40:00.638182 np0000007139 devstack@g-api.service[103077]: DEBUG swiftclient [None req-c0a9da6e-9248-458b-964b-e7242d8245e8 tempest-VolumesActionsTest-590679833 tempest-VolumesActionsTest-590679833-project-member] RESP STATUS: 201 Created {{(pid=103077) http_log /opt/stack/data/venv/lib/python3.12/site-packages/swiftclient/client.py:161}}
Aug 13 02:40:00.638182 np0000007139 devstack@g-api.service[103077]: DEBUG swiftclient [None req-c0a9da6e-9248-458b-964b-e7242d8245e8 tempest-VolumesActionsTest-590679833 tempest-VolumesActionsTest-590679833-project-member] RESP HEADERS: {'Date': 'Thu, 13 Aug 2026 02:40:00 GMT', 'Server': 'Apache/2.4.58 (Ubuntu)', 'Content-Type': 'text/html; charset=UTF-8', 'Content-Length': '0', 'Etag': 'eda9a9889837ac4bc81d6387d92c1bec', 'Last-Modified': 'Thu, 13 Aug 2026 02:39:59 GMT', 'X-Trans-Id': 'tx226c2d7832584a66ac597-006a7d2e7e', 'X-Openstack-Request-Id': 'tx226c2d7832584a66ac597-006a7d2e7e', 'Connection': 'close'} {{(pid=103077) http_log /opt/stack/data/venv/lib/python3.12/site-packages/swiftclient/client.py:162}}
Aug 13 02:40:00.638603 np0000007139 devstack@g-api.service[103077]: DEBUG glance_store._drivers.swift.store [None req-c0a9da6e-9248-458b-964b-e7242d8245e8 tempest-VolumesActionsTest-590679833 tempest-VolumesActionsTest-590679833-project-member] Wrote chunk 48657f4f-1d4d-4b92-8bba-6c1ae2af686b-00003 (3/?) of length 204800000 to Swift returning MD5 of content: eda9a9889837ac4bc81d6387d92c1bec {{(pid=103077) add /opt/stack/data/venv/lib/python3.12/site-packages/glance_store/_drivers/swift/store.py:1059}}
Aug 13 02:40:00.756057 np0000007139 devstack@g-api.service[103078]: DEBUG glance.api.middleware.version_negotiation [None req-3ac9c5c6-b685-41cf-bdbd-2360e6d59b41 tempest-VolumesActionsTest-590679833 tempest-VolumesActionsTest-590679833-project-member] Determining version of request: GET /v2/images/48657f4f-1d4d-4b92-8bba-6c1ae2af686b Accept: application/json {{(pid=103078) process_request /opt/stack/glance/glance/api/middleware/version_negotiation.py:44}}
Aug 13 02:40:00.756448 np0000007139 devstack@g-api.service[103078]: DEBUG glance.api.middleware.version_negotiation [None req-3ac9c5c6-b685-41cf-bdbd-2360e6d59b41 tempest-VolumesActionsTest-590679833 tempest-VolumesActionsTest-590679833-project-member] Using url versioning {{(pid=103078) process_request /opt/stack/glance/glance/api/middleware/version_negotiation.py:57}}
Aug 13 02:40:00.756448 np0000007139 devstack@g-api.service[103078]: DEBUG glance.api.middleware.version_negotiation [None req-3ac9c5c6-b685-41cf-bdbd-2360e6d59b41 tempest-VolumesActionsTest-590679833 tempest-VolumesActionsTest-590679833-project-member] Matched version: v2 {{(pid=103078) process_request /opt/stack/glance/glance/api/middleware/version_negotiation.py:69}}
Aug 13 02:40:00.756448 np0000007139 devstack@g-api.service[103078]: DEBUG glance.api.middleware.version_negotiation [None req-3ac9c5c6-b685-41cf-bdbd-2360e6d59b41 tempest-VolumesActionsTest-590679833 tempest-VolumesActionsTest-590679833-project-member] new path /v2/images/48657f4f-1d4d-4b92-8bba-6c1ae2af686b {{(pid=103078) process_request /opt/stack/glance/glance/api/middleware/version_negotiation.py:70}}
Aug 13 02:40:00.772858 np0000007139 devstack@g-api.service[103078]: [pid: 103078|app: 0|req: 87/336] 127.0.0.1 () {40 vars in 834 bytes} [Thu Aug 13 02:40:00 2026] GET /v2/images/48657f4f-1d4d-4b92-8bba-6c1ae2af686b => generated 649 bytes in 17 msecs (HTTP/1.1 200) 4 headers in 157 bytes (1 switches on core 0)
Aug 13 02:40:01.793144 np0000007139 devstack@g-api.service[103076]: DEBUG glance.api.middleware.version_negotiation [None req-458bd9d5-22aa-4220-8098-359649b5adec tempest-VolumesActionsTest-590679833 tempest-VolumesActionsTest-590679833-project-member] Determining version of request: GET /v2/images/48657f4f-1d4d-4b92-8bba-6c1ae2af686b Accept: application/json {{(pid=103076) process_request /opt/stack/glance/glance/api/middleware/version_negotiation.py:44}}
Aug 13 02:40:01.793656 np0000007139 devstack@g-api.service[103076]: DEBUG glance.api.middleware.version_negotiation [None req-458bd9d5-22aa-4220-8098-359649b5adec tempest-VolumesActionsTest-590679833 tempest-VolumesActionsTest-590679833-project-member] Using url versioning {{(pid=103076) process_request /opt/stack/glance/glance/api/middleware/version_negotiation.py:57}}
Aug 13 02:40:01.793656 np0000007139 devstack@g-api.service[103076]: DEBUG glance.api.middleware.version_negotiation [None req-458bd9d5-22aa-4220-8098-359649b5adec tempest-VolumesActionsTest-590679833 tempest-VolumesActionsTest-590679833-project-member] Matched version: v2 {{(pid=103076) process_request /opt/stack/glance/glance/api/middleware/version_negotiation.py:69}}
Aug 13 02:40:01.793915 np0000007139 devstack@g-api.service[103076]: DEBUG glance.api.middleware.version_negotiation [None req-458bd9d5-22aa-4220-8098-359649b5adec tempest-VolumesActionsTest-590679833 tempest-VolumesActionsTest-590679833-project-member] new path /v2/images/48657f4f-1d4d-4b92-8bba-6c1ae2af686b {{(pid=103076) process_request /opt/stack/glance/glance/api/middleware/version_negotiation.py:70}}
Aug 13 02:40:01.806993 np0000007139 devstack@g-api.service[103076]: [pid: 103076|app: 0|req: 86/337] 127.0.0.1 () {40 vars in 834 bytes} [Thu Aug 13 02:40:01 2026] GET /v2/images/48657f4f-1d4d-4b92-8bba-6c1ae2af686b => generated 649 bytes in 14 msecs (HTTP/1.1 200) 4 headers in 157 bytes (1 switches on core 0)
Aug 13 02:40:02.820076 np0000007139 devstack@g-api.service[103075]: DEBUG glance.api.middleware.version_negotiation [None req-05214761-f510-4902-b851-3dec36611d62 tempest-VolumesActionsTest-590679833 tempest-VolumesActionsTest-590679833-project-member] Determining version of request: GET /v2/images/ee9a88e1-81b6-4ab7-bbbd-7bdbd67bad40 Accept: */* {{(pid=103075) process_request /opt/stack/glance/glance/api/middleware/version_negotiation.py:44}}
