Aug 13 02:31:32.311874 np0000007139 nova-scheduler[96633]: DEBUG cotyledon.oslo_config_glue [-] workarounds.handle_virt_lifecycle_events = True {{(pid=96633) log_opt_values /opt/stack/data/venv/lib/python3.12/site-packages/oslo_config/cfg.py:3545}}
Aug 13 02:31:32.311874 np0000007139 nova-scheduler[96633]: DEBUG cotyledon.oslo_config_glue [-] workarounds.libvirt_disable_apic = False {{(pid=96633) log_opt_values /opt/stack/data/venv/lib/python3.12/site-packages/oslo_config/cfg.py:3545}}
Aug 13 02:31:32.311874 np0000007139 nova-scheduler[96633]: DEBUG cotyledon.oslo_config_glue [-] workarounds.never_download_image_if_on_rbd = False {{(pid=96633) log_opt_values /opt/stack/data/venv/lib/python3.12/site-packages/oslo_config/cfg.py:3545}}
Aug 13 02:31:32.311874 np0000007139 nova-scheduler[96633]: DEBUG cotyledon.oslo_config_glue [-] workarounds.qemu_monitor_announce_self_count = 3 {{(pid=96633) log_opt_values /opt/stack/data/venv/lib/python3.12/site-packages/oslo_config/cfg.py:3545}}
Aug 13 02:31:32.311874 np0000007139 nova-scheduler[96633]: DEBUG cotyledon.oslo_config_glue [-] workarounds.qemu_monitor_announce_self_interval = 1 {{(pid=96633) log_opt_values /opt/stack/data/venv/lib/python3.12/site-packages/oslo_config/cfg.py:3545}}
Aug 13 02:31:32.311874 np0000007139 nova-scheduler[96633]: DEBUG cotyledon.oslo_config_glue [-] workarounds.reserve_disk_resource_for_image_cache = False {{(pid=96633) log_opt_values /opt/stack/data/venv/lib/python3.12/site-packages/oslo_config/cfg.py:3545}}
Aug 13 02:31:32.311874 np0000007139 nova-scheduler[96633]: DEBUG cotyledon.oslo_config_glue [-] workarounds.skip_cpu_compare_at_startup = False {{(pid=96633) log_opt_values /opt/stack/data/venv/lib/python3.12/site-packages/oslo_config/cfg.py:3545}}
Aug 13 02:31:32.311874 np0000007139 nova-scheduler[96633]: DEBUG cotyledon.oslo_config_glue [-] workarounds.skip_cpu_compare_on_dest = False {{(pid=96633) log_opt_values /opt/stack/data/venv/lib/python3.12/site-packages/oslo_config/cfg.py:3545}}
Aug 13 02:31:32.311874 np0000007139 nova-scheduler[96633]: DEBUG cotyledon.oslo_config_glue [-] workarounds.skip_hypervisor_version_check_on_lm = False {{(pid=96633) log_opt_values /opt/stack/data/venv/lib/python3.12/site-packages/oslo_config/cfg.py:3545}}
Aug 13 02:31:32.312129 np0000007139 nova-scheduler[96633]: DEBUG cotyledon.oslo_config_glue [-] workarounds.skip_reserve_in_use_ironic_nodes = False {{(pid=96633) log_opt_values /opt/stack/data/venv/lib/python3.12/site-packages/oslo_config/cfg.py:3545}}
Aug 13 02:31:32.312129 np0000007139 nova-scheduler[96633]: DEBUG cotyledon.oslo_config_glue [-] workarounds.unified_limits_count_pcpu_as_vcpu = False {{(pid=96633) log_opt_values /opt/stack/data/venv/lib/python3.12/site-packages/oslo_config/cfg.py:3545}}
Aug 13 02:31:32.312129 np0000007139 nova-scheduler[96633]: DEBUG cotyledon.oslo_config_glue [-] workarounds.wait_for_vif_plugged_event_during_hard_reboot = [] {{(pid=96633) log_opt_values /opt/stack/data/venv/lib/python3.12/site-packages/oslo_config/cfg.py:3545}}
Aug 13 02:31:32.312129 np0000007139 nova-scheduler[96633]: DEBUG cotyledon.oslo_config_glue [-] wsgi.api_paste_config = /etc/nova/api-paste.ini {{(pid=96633) log_opt_values /opt/stack/data/venv/lib/python3.12/site-packages/oslo_config/cfg.py:3545}}
Aug 13 02:31:32.312129 np0000007139 nova-scheduler[96633]: DEBUG cotyledon.oslo_config_glue [-] wsgi.secure_proxy_ssl_header = None {{(pid=96633) log_opt_values /opt/stack/data/venv/lib/python3.12/site-packages/oslo_config/cfg.py:3545}}
Aug 13 02:31:32.312129 np0000007139 nova-scheduler[96633]: DEBUG cotyledon.oslo_config_glue [-] zvm.ca_file = None {{(pid=96633) log_opt_values /opt/stack/data/venv/lib/python3.12/site-packages/oslo_config/cfg.py:3545}}
Aug 13 02:31:32.312129 np0000007139 nova-scheduler[96633]: DEBUG cotyledon.oslo_config_glue [-] zvm.cloud_connector_url = None {{(pid=96633) log_opt_values /opt/stack/data/venv/lib/python3.12/site-packages/oslo_config/cfg.py:3545}}
Aug 13 02:31:32.312129 np0000007139 nova-scheduler[96633]: DEBUG cotyledon.oslo_config_glue [-] zvm.image_tmp_path = /opt/stack/data/nova/images {{(pid=96633) log_opt_values /opt/stack/data/venv/lib/python3.12/site-packages/oslo_config/cfg.py:3545}}
Aug 13 02:31:32.312129 np0000007139 nova-scheduler[96633]: DEBUG cotyledon.oslo_config_glue [-] zvm.reachable_timeout = 300 {{(pid=96633) log_opt_values /opt/stack/data/venv/lib/python3.12/site-packages/oslo_config/cfg.py:3545}}
Aug 13 02:31:32.312399 np0000007139 nova-scheduler[96633]: DEBUG cotyledon.oslo_config_glue [-] oslo_versionedobjects.fatal_exception_format_errors = False {{(pid=96633) log_opt_values /opt/stack/data/venv/lib/python3.12/site-packages/oslo_config/cfg.py:3545}}
Aug 13 02:31:32.312399 np0000007139 nova-scheduler[96633]: DEBUG cotyledon.oslo_config_glue [-] oslo_middleware.http_basic_auth_user_file = /etc/htpasswd {{(pid=96633) log_opt_values /opt/stack/data/venv/lib/python3.12/site-packages/oslo_config/cfg.py:3545}}
Aug 13 02:31:32.312399 np0000007139 nova-scheduler[96633]: DEBUG cotyledon.oslo_config_glue [-] oslo_messaging_metrics.metrics_buffer_size = 1000 {{(pid=96633) log_opt_values /opt/stack/data/venv/lib/python3.12/site-packages/oslo_config/cfg.py:3545}}
Aug 13 02:31:32.312399 np0000007139 nova-scheduler[96633]: DEBUG cotyledon.oslo_config_glue [-] oslo_messaging_metrics.metrics_enabled = False {{(pid=96633) log_opt_values /opt/stack/data/venv/lib/python3.12/site-packages/oslo_config/cfg.py:3545}}
Aug 13 02:31:32.312399 np0000007139 nova-scheduler[96633]: DEBUG cotyledon.oslo_config_glue [-] oslo_messaging_metrics.metrics_process_name = {{(pid=96633) log_opt_values /opt/stack/data/venv/lib/python3.12/site-packages/oslo_config/cfg.py:3545}}
Aug 13 02:31:32.312399 np0000007139 nova-scheduler[96633]: DEBUG cotyledon.oslo_config_glue [-] oslo_messaging_metrics.metrics_socket_file = /var/tmp/metrics_collector.sock {{(pid=96633) log_opt_values /opt/stack/data/venv/lib/python3.12/site-packages/oslo_config/cfg.py:3545}}
Aug 13 02:31:32.312399 np0000007139 nova-scheduler[96633]: DEBUG cotyledon.oslo_config_glue [-] oslo_messaging_metrics.metrics_thread_stop_timeout = 10 {{(pid=96633) log_opt_values /opt/stack/data/venv/lib/python3.12/site-packages/oslo_config/cfg.py:3545}}
Aug 13 02:31:32.312399 np0000007139 nova-scheduler[96633]: DEBUG cotyledon.oslo_config_glue [-] profiler.connection_string = messaging:// {{(pid=96633) log_opt_values /opt/stack/data/venv/lib/python3.12/site-packages/oslo_config/cfg.py:3545}}
Aug 13 02:31:32.312647 np0000007139 nova-scheduler[96633]: DEBUG cotyledon.oslo_config_glue [-] profiler.enabled = False {{(pid=96633) log_opt_values /opt/stack/data/venv/lib/python3.12/site-packages/oslo_config/cfg.py:3545}}
Aug 13 02:31:32.312647 np0000007139 nova-scheduler[96633]: DEBUG cotyledon.oslo_config_glue [-] profiler.es_doc_type = notification {{(pid=96633) log_opt_values /opt/stack/data/venv/lib/python3.12/site-packages/oslo_config/cfg.py:3545}}
Aug 13 02:31:32.312647 np0000007139 nova-scheduler[96633]: DEBUG cotyledon.oslo_config_glue [-] profiler.es_scroll_size = 10000 {{(pid=96633) log_opt_values /opt/stack/data/venv/lib/python3.12/site-packages/oslo_config/cfg.py:3545}}
Aug 13 02:31:32.312647 np0000007139 nova-scheduler[96633]: DEBUG cotyledon.oslo_config_glue [-] profiler.es_scroll_time = 2m {{(pid=96633) log_opt_values /opt/stack/data/venv/lib/python3.12/site-packages/oslo_config/cfg.py:3545}}
Aug 13 02:31:32.312647 np0000007139 nova-scheduler[96633]: DEBUG cotyledon.oslo_config_glue [-] profiler.filter_error_trace = False {{(pid=96633) log_opt_values /opt/stack/data/venv/lib/python3.12/site-packages/oslo_config/cfg.py:3545}}
Aug 13 02:31:32.312647 np0000007139 nova-scheduler[96633]: DEBUG cotyledon.oslo_config_glue [-] profiler.hmac_keys = **** {{(pid=96633) log_opt_values /opt/stack/data/venv/lib/python3.12/site-packages/oslo_config/cfg.py:3545}}
Aug 13 02:31:32.312647 np0000007139 nova-scheduler[96633]: DEBUG cotyledon.oslo_config_glue [-] profiler.sentinel_service_name = mymaster {{(pid=96633) log_opt_values /opt/stack/data/venv/lib/python3.12/site-packages/oslo_config/cfg.py:3545}}
Aug 13 02:31:32.312647 np0000007139 nova-scheduler[96633]: DEBUG cotyledon.oslo_config_glue [-] profiler.socket_timeout = 0.1 {{(pid=96633) log_opt_values /opt/stack/data/venv/lib/python3.12/site-packages/oslo_config/cfg.py:3545}}
Aug 13 02:31:32.312647 np0000007139 nova-scheduler[96633]: DEBUG cotyledon.oslo_config_glue [-] profiler.trace_requests = False {{(pid=96633) log_opt_values /opt/stack/data/venv/lib/python3.12/site-packages/oslo_config/cfg.py:3545}}
Aug 13 02:31:32.312975 np0000007139 nova-scheduler[96633]: DEBUG cotyledon.oslo_config_glue [-] profiler.trace_sqlalchemy = False {{(pid=96633) log_opt_values /opt/stack/data/venv/lib/python3.12/site-packages/oslo_config/cfg.py:3545}}
Aug 13 02:31:32.312975 np0000007139 nova-scheduler[96633]: DEBUG cotyledon.oslo_config_glue [-] profiler_jaeger.process_tags = {} {{(pid=96633) log_opt_values /opt/stack/data/venv/lib/python3.12/site-packages/oslo_config/cfg.py:3545}}
Aug 13 02:31:32.312975 np0000007139 nova-scheduler[96633]: DEBUG cotyledon.oslo_config_glue [-] profiler_jaeger.service_name_prefix = None {{(pid=96633) log_opt_values /opt/stack/data/venv/lib/python3.12/site-packages/oslo_config/cfg.py:3545}}
Aug 13 02:31:32.312975 np0000007139 nova-scheduler[96633]: DEBUG cotyledon.oslo_config_glue [-] profiler_otlp.service_name_prefix = None {{(pid=96633) log_opt_values /opt/stack/data/venv/lib/python3.12/site-packages/oslo_config/cfg.py:3545}}
Aug 13 02:31:32.312975 np0000007139 nova-scheduler[96633]: DEBUG cotyledon.oslo_config_glue [-] oslo_messaging_rabbit.amqp_auto_delete = False {{(pid=96633) log_opt_values /opt/stack/data/venv/lib/python3.12/site-packages/oslo_config/cfg.py:3545}}
Aug 13 02:31:32.312975 np0000007139 nova-scheduler[96633]: DEBUG cotyledon.oslo_config_glue [-] oslo_messaging_rabbit.amqp_durable_queues = False {{(pid=96633) log_opt_values /opt/stack/data/venv/lib/python3.12/site-packages/oslo_config/cfg.py:3545}}
Aug 13 02:31:32.312975 np0000007139 nova-scheduler[96633]: DEBUG cotyledon.oslo_config_glue [-] oslo_messaging_rabbit.conn_pool_min_size = 2 {{(pid=96633) log_opt_values /opt/stack/data/venv/lib/python3.12/site-packages/oslo_config/cfg.py:3545}}
Aug 13 02:31:32.312975 np0000007139 nova-scheduler[96633]: DEBUG cotyledon.oslo_config_glue [-] oslo_messaging_rabbit.conn_pool_ttl = 1200 {{(pid=96633) log_opt_values /opt/stack/data/venv/lib/python3.12/site-packages/oslo_config/cfg.py:3545}}
Aug 13 02:31:32.312975 np0000007139 nova-scheduler[96633]: DEBUG cotyledon.oslo_config_glue [-] oslo_messaging_rabbit.direct_mandatory_flag = True {{(pid=96633) log_opt_values /opt/stack/data/venv/lib/python3.12/site-packages/oslo_config/cfg.py:3545}}
Aug 13 02:31:32.313315 np0000007139 nova-scheduler[96633]: DEBUG cotyledon.oslo_config_glue [-] oslo_messaging_rabbit.enable_cancel_on_failover = False {{(pid=96633) log_opt_values /opt/stack/data/venv/lib/python3.12/site-packages/oslo_config/cfg.py:3545}}
Aug 13 02:31:32.313315 np0000007139 nova-scheduler[96633]: DEBUG cotyledon.oslo_config_glue [-] oslo_messaging_rabbit.heartbeat_rate = 3 {{(pid=96633) log_opt_values /opt/stack/data/venv/lib/python3.12/site-packages/oslo_config/cfg.py:3545}}
Aug 13 02:31:32.313315 np0000007139 nova-scheduler[96633]: DEBUG cotyledon.oslo_config_glue [-] oslo_messaging_rabbit.heartbeat_timeout_threshold = 60 {{(pid=96633) log_opt_values /opt/stack/data/venv/lib/python3.12/site-packages/oslo_config/cfg.py:3545}}
Aug 13 02:31:32.313315 np0000007139 nova-scheduler[96633]: DEBUG cotyledon.oslo_config_glue [-] oslo_messaging_rabbit.hostname = np0000007139 {{(pid=96633) log_opt_values /opt/stack/data/venv/lib/python3.12/site-packages/oslo_config/cfg.py:3545}}
Aug 13 02:31:32.313315 np0000007139 nova-scheduler[96633]: DEBUG cotyledon.oslo_config_glue [-] oslo_messaging_rabbit.kombu_compression = None {{(pid=96633) log_opt_values /opt/stack/data/venv/lib/python3.12/site-packages/oslo_config/cfg.py:3545}}
Aug 13 02:31:32.313315 np0000007139 nova-scheduler[96633]: DEBUG cotyledon.oslo_config_glue [-] oslo_messaging_rabbit.kombu_failover_strategy = round-robin {{(pid=96633) log_opt_values /opt/stack/data/venv/lib/python3.12/site-packages/oslo_config/cfg.py:3545}}
Aug 13 02:31:32.313315 np0000007139 nova-scheduler[96633]: DEBUG cotyledon.oslo_config_glue [-] oslo_messaging_rabbit.kombu_missing_consumer_retry_timeout = 60 {{(pid=96633) log_opt_values /opt/stack/data/venv/lib/python3.12/site-packages/oslo_config/cfg.py:3545}}
Aug 13 02:31:32.313315 np0000007139 nova-scheduler[96633]: DEBUG cotyledon.oslo_config_glue [-] oslo_messaging_rabbit.kombu_reconnect_delay = 1.0 {{(pid=96633) log_opt_values /opt/stack/data/venv/lib/python3.12/site-packages/oslo_config/cfg.py:3545}}
Aug 13 02:31:32.313315 np0000007139 nova-scheduler[96633]: DEBUG cotyledon.oslo_config_glue [-] oslo_messaging_rabbit.kombu_reconnect_splay = 0.0 {{(pid=96633) log_opt_values /opt/stack/data/venv/lib/python3.12/site-packages/oslo_config/cfg.py:3545}}
Aug 13 02:31:32.313586 np0000007139 nova-scheduler[96633]: DEBUG cotyledon.oslo_config_glue [-] oslo_messaging_rabbit.processname = nova-scheduler {{(pid=96633) log_opt_values /opt/stack/data/venv/lib/python3.12/site-packages/oslo_config/cfg.py:3545}}
Aug 13 02:31:32.313586 np0000007139 nova-scheduler[96633]: DEBUG cotyledon.oslo_config_glue [-] oslo_messaging_rabbit.rabbit_ha_queues = False {{(pid=96633) log_opt_values /opt/stack/data/venv/lib/python3.12/site-packages/oslo_config/cfg.py:3545}}
Aug 13 02:31:32.313586 np0000007139 nova-scheduler[96633]: DEBUG cotyledon.oslo_config_glue [-] oslo_messaging_rabbit.rabbit_interval_max = 30 {{(pid=96633) log_opt_values /opt/stack/data/venv/lib/python3.12/site-packages/oslo_config/cfg.py:3545}}
Aug 13 02:31:32.313586 np0000007139 nova-scheduler[96633]: DEBUG cotyledon.oslo_config_glue [-] oslo_messaging_rabbit.rabbit_login_method = AMQPLAIN {{(pid=96633) log_opt_values /opt/stack/data/venv/lib/python3.12/site-packages/oslo_config/cfg.py:3545}}
Aug 13 02:31:32.313586 np0000007139 nova-scheduler[96633]: DEBUG cotyledon.oslo_config_glue [-] oslo_messaging_rabbit.rabbit_qos_prefetch_count = 0 {{(pid=96633) log_opt_values /opt/stack/data/venv/lib/python3.12/site-packages/oslo_config/cfg.py:3545}}
Aug 13 02:31:32.313586 np0000007139 nova-scheduler[96633]: DEBUG cotyledon.oslo_config_glue [-] oslo_messaging_rabbit.rabbit_quorum_delivery_limit = 0 {{(pid=96633) log_opt_values /opt/stack/data/venv/lib/python3.12/site-packages/oslo_config/cfg.py:3545}}
Aug 13 02:31:32.313586 np0000007139 nova-scheduler[96633]: DEBUG cotyledon.oslo_config_glue [-] oslo_messaging_rabbit.rabbit_quorum_max_memory_bytes = 0 {{(pid=96633) log_opt_values /opt/stack/data/venv/lib/python3.12/site-packages/oslo_config/cfg.py:3545}}
Aug 13 02:31:32.313586 np0000007139 nova-scheduler[96633]: DEBUG cotyledon.oslo_config_glue [-] oslo_messaging_rabbit.rabbit_quorum_max_memory_length = 0 {{(pid=96633) log_opt_values /opt/stack/data/venv/lib/python3.12/site-packages/oslo_config/cfg.py:3545}}
Aug 13 02:31:32.313586 np0000007139 nova-scheduler[96633]: DEBUG cotyledon.oslo_config_glue [-] oslo_messaging_rabbit.rabbit_quorum_queue = False {{(pid=96633) log_opt_values /opt/stack/data/venv/lib/python3.12/site-packages/oslo_config/cfg.py:3545}}
Aug 13 02:31:32.313838 np0000007139 nova-scheduler[96633]: DEBUG cotyledon.oslo_config_glue [-] oslo_messaging_rabbit.rabbit_retry_backoff = 2 {{(pid=96633) log_opt_values /opt/stack/data/venv/lib/python3.12/site-packages/oslo_config/cfg.py:3545}}
Aug 13 02:31:32.313838 np0000007139 nova-scheduler[96633]: DEBUG cotyledon.oslo_config_glue [-] oslo_messaging_rabbit.rabbit_retry_interval = 1 {{(pid=96633) log_opt_values /opt/stack/data/venv/lib/python3.12/site-packages/oslo_config/cfg.py:3545}}
Aug 13 02:31:32.313838 np0000007139 nova-scheduler[96633]: DEBUG cotyledon.oslo_config_glue [-] oslo_messaging_rabbit.rabbit_stream_fanout = False {{(pid=96633) log_opt_values /opt/stack/data/venv/lib/python3.12/site-packages/oslo_config/cfg.py:3545}}
Aug 13 02:31:32.313838 np0000007139 nova-scheduler[96633]: DEBUG cotyledon.oslo_config_glue [-] oslo_messaging_rabbit.rabbit_transient_queues_ttl = 1800 {{(pid=96633) log_opt_values /opt/stack/data/venv/lib/python3.12/site-packages/oslo_config/cfg.py:3545}}
Aug 13 02:31:32.313838 np0000007139 nova-scheduler[96633]: DEBUG cotyledon.oslo_config_glue [-] oslo_messaging_rabbit.rabbit_transient_quorum_queue = False {{(pid=96633) log_opt_values /opt/stack/data/venv/lib/python3.12/site-packages/oslo_config/cfg.py:3545}}
Aug 13 02:31:32.313838 np0000007139 nova-scheduler[96633]: DEBUG cotyledon.oslo_config_glue [-] oslo_messaging_rabbit.rpc_conn_pool_size = 30 {{(pid=96633) log_opt_values /opt/stack/data/venv/lib/python3.12/site-packages/oslo_config/cfg.py:3545}}
Aug 13 02:31:32.313838 np0000007139 nova-scheduler[96633]: DEBUG cotyledon.oslo_config_glue [-] oslo_messaging_rabbit.ssl = False {{(pid=96633) log_opt_values /opt/stack/data/venv/lib/python3.12/site-packages/oslo_config/cfg.py:3545}}
Aug 13 02:31:32.313838 np0000007139 nova-scheduler[96633]: DEBUG cotyledon.oslo_config_glue [-] oslo_messaging_rabbit.ssl_ca_file = {{(pid=96633) log_opt_values /opt/stack/data/venv/lib/python3.12/site-packages/oslo_config/cfg.py:3545}}
Aug 13 02:31:32.313838 np0000007139 nova-scheduler[96633]: DEBUG cotyledon.oslo_config_glue [-] oslo_messaging_rabbit.ssl_cert_file = {{(pid=96633) log_opt_values /opt/stack/data/venv/lib/python3.12/site-packages/oslo_config/cfg.py:3545}}
Aug 13 02:31:32.314386 np0000007139 nova-scheduler[96633]: DEBUG cotyledon.oslo_config_glue [-] oslo_messaging_rabbit.ssl_enforce_fips_mode = False {{(pid=96633) log_opt_values /opt/stack/data/venv/lib/python3.12/site-packages/oslo_config/cfg.py:3545}}
Aug 13 02:31:32.314386 np0000007139 nova-scheduler[96633]: DEBUG cotyledon.oslo_config_glue [-] oslo_messaging_rabbit.ssl_enforce_hostname_verification = True {{(pid=96633) log_opt_values /opt/stack/data/venv/lib/python3.12/site-packages/oslo_config/cfg.py:3545}}
Aug 13 02:31:32.314386 np0000007139 nova-scheduler[96633]: DEBUG cotyledon.oslo_config_glue [-] oslo_messaging_rabbit.ssl_key_file = {{(pid=96633) log_opt_values /opt/stack/data/venv/lib/python3.12/site-packages/oslo_config/cfg.py:3545}}
Aug 13 02:31:32.314386 np0000007139 nova-scheduler[96633]: DEBUG cotyledon.oslo_config_glue [-] oslo_messaging_rabbit.ssl_version = {{(pid=96633) log_opt_values /opt/stack/data/venv/lib/python3.12/site-packages/oslo_config/cfg.py:3545}}
Aug 13 02:31:32.314386 np0000007139 nova-scheduler[96633]: DEBUG cotyledon.oslo_config_glue [-] oslo_messaging_rabbit.use_queue_manager = False {{(pid=96633) log_opt_values /opt/stack/data/venv/lib/python3.12/site-packages/oslo_config/cfg.py:3545}}
Aug 13 02:31:32.314386 np0000007139 nova-scheduler[96633]: DEBUG cotyledon.oslo_config_glue [-] oslo_messaging_notifications.driver = ['messagingv2'] {{(pid=96633) log_opt_values /opt/stack/data/venv/lib/python3.12/site-packages/oslo_config/cfg.py:3545}}
Aug 13 02:31:32.314386 np0000007139 nova-scheduler[96633]: DEBUG cotyledon.oslo_config_glue [-] oslo_messaging_notifications.retry = -1 {{(pid=96633) log_opt_values /opt/stack/data/venv/lib/python3.12/site-packages/oslo_config/cfg.py:3545}}
Aug 13 02:31:32.314386 np0000007139 nova-scheduler[96633]: DEBUG cotyledon.oslo_config_glue [-] oslo_messaging_notifications.topics = ['notifications'] {{(pid=96633) log_opt_values /opt/stack/data/venv/lib/python3.12/site-packages/oslo_config/cfg.py:3545}}
Aug 13 02:31:32.314386 np0000007139 nova-scheduler[96633]: DEBUG cotyledon.oslo_config_glue [-] oslo_messaging_notifications.transport_url = **** {{(pid=96633) log_opt_values /opt/stack/data/venv/lib/python3.12/site-packages/oslo_config/cfg.py:3545}}
Aug 13 02:31:32.314592 np0000007139 nova-scheduler[96633]: DEBUG cotyledon.oslo_config_glue [-] oslo_limit.auth_section = None {{(pid=96633) log_opt_values /opt/stack/data/venv/lib/python3.12/site-packages/oslo_config/cfg.py:3545}}
Aug 13 02:31:32.314592 np0000007139 nova-scheduler[96633]: DEBUG cotyledon.oslo_config_glue [-] oslo_limit.auth_type = None {{(pid=96633) log_opt_values /opt/stack/data/venv/lib/python3.12/site-packages/oslo_config/cfg.py:3545}}
Aug 13 02:31:32.314592 np0000007139 nova-scheduler[96633]: DEBUG cotyledon.oslo_config_glue [-] oslo_limit.cafile = None {{(pid=96633) log_opt_values /opt/stack/data/venv/lib/python3.12/site-packages/oslo_config/cfg.py:3545}}
Aug 13 02:31:32.314592 np0000007139 nova-scheduler[96633]: DEBUG cotyledon.oslo_config_glue [-] oslo_limit.certfile = None {{(pid=96633) log_opt_values /opt/stack/data/venv/lib/python3.12/site-packages/oslo_config/cfg.py:3545}}
Aug 13 02:31:32.314592 np0000007139 nova-scheduler[96633]: DEBUG cotyledon.oslo_config_glue [-] oslo_limit.collect_timing = False {{(pid=96633) log_opt_values /opt/stack/data/venv/lib/python3.12/site-packages/oslo_config/cfg.py:3545}}
Aug 13 02:31:32.314592 np0000007139 nova-scheduler[96633]: DEBUG cotyledon.oslo_config_glue [-] oslo_limit.connect_retries = None {{(pid=96633) log_opt_values /opt/stack/data/venv/lib/python3.12/site-packages/oslo_config/cfg.py:3545}}
Aug 13 02:31:32.314592 np0000007139 nova-scheduler[96633]: DEBUG cotyledon.oslo_config_glue [-] oslo_limit.connect_retry_delay = None {{(pid=96633) log_opt_values /opt/stack/data/venv/lib/python3.12/site-packages/oslo_config/cfg.py:3545}}
Aug 13 02:31:32.314592 np0000007139 nova-scheduler[96633]: DEBUG cotyledon.oslo_config_glue [-] oslo_limit.endpoint_id = None {{(pid=96633) log_opt_values /opt/stack/data/venv/lib/python3.12/site-packages/oslo_config/cfg.py:3545}}
Aug 13 02:31:32.314592 np0000007139 nova-scheduler[96633]: DEBUG cotyledon.oslo_config_glue [-] oslo_limit.endpoint_interface = public {{(pid=96633) log_opt_values /opt/stack/data/venv/lib/python3.12/site-packages/oslo_config/cfg.py:3545}}
Aug 13 02:31:32.314855 np0000007139 nova-scheduler[96633]: DEBUG cotyledon.oslo_config_glue [-] oslo_limit.endpoint_override = None {{(pid=96633) log_opt_values /opt/stack/data/venv/lib/python3.12/site-packages/oslo_config/cfg.py:3545}}
Aug 13 02:31:32.314855 np0000007139 nova-scheduler[96633]: DEBUG cotyledon.oslo_config_glue [-] oslo_limit.endpoint_region_name = None {{(pid=96633) log_opt_values /opt/stack/data/venv/lib/python3.12/site-packages/oslo_config/cfg.py:3545}}
Aug 13 02:31:32.314855 np0000007139 nova-scheduler[96633]: DEBUG cotyledon.oslo_config_glue [-] oslo_limit.endpoint_service_name = None {{(pid=96633) log_opt_values /opt/stack/data/venv/lib/python3.12/site-packages/oslo_config/cfg.py:3545}}
Aug 13 02:31:32.314855 np0000007139 nova-scheduler[96633]: DEBUG cotyledon.oslo_config_glue [-] oslo_limit.endpoint_service_type = None {{(pid=96633) log_opt_values /opt/stack/data/venv/lib/python3.12/site-packages/oslo_config/cfg.py:3545}}
Aug 13 02:31:32.314855 np0000007139 nova-scheduler[96633]: DEBUG cotyledon.oslo_config_glue [-] oslo_limit.insecure = False {{(pid=96633) log_opt_values /opt/stack/data/venv/lib/python3.12/site-packages/oslo_config/cfg.py:3545}}
Aug 13 02:31:32.314855 np0000007139 nova-scheduler[96633]: DEBUG cotyledon.oslo_config_glue [-] oslo_limit.keyfile = None {{(pid=96633) log_opt_values /opt/stack/data/venv/lib/python3.12/site-packages/oslo_config/cfg.py:3545}}
Aug 13 02:31:32.314855 np0000007139 nova-scheduler[96633]: DEBUG cotyledon.oslo_config_glue [-] oslo_limit.max_version = None {{(pid=96633) log_opt_values /opt/stack/data/venv/lib/python3.12/site-packages/oslo_config/cfg.py:3545}}
Aug 13 02:31:32.314855 np0000007139 nova-scheduler[96633]: DEBUG cotyledon.oslo_config_glue [-] oslo_limit.min_version = None {{(pid=96633) log_opt_values /opt/stack/data/venv/lib/python3.12/site-packages/oslo_config/cfg.py:3545}}
Aug 13 02:31:32.314855 np0000007139 nova-scheduler[96633]: DEBUG cotyledon.oslo_config_glue [-] oslo_limit.region_name = None {{(pid=96633) log_opt_values /opt/stack/data/venv/lib/python3.12/site-packages/oslo_config/cfg.py:3545}}
Aug 13 02:31:32.315094 np0000007139 nova-scheduler[96633]: DEBUG cotyledon.oslo_config_glue [-] oslo_limit.retriable_status_codes = None {{(pid=96633) log_opt_values /opt/stack/data/venv/lib/python3.12/site-packages/oslo_config/cfg.py:3545}}
Aug 13 02:31:32.315094 np0000007139 nova-scheduler[96633]: DEBUG cotyledon.oslo_config_glue [-] oslo_limit.service_name = None {{(pid=96633) log_opt_values /opt/stack/data/venv/lib/python3.12/site-packages/oslo_config/cfg.py:3545}}
Aug 13 02:31:32.315094 np0000007139 nova-scheduler[96633]: DEBUG cotyledon.oslo_config_glue [-] oslo_limit.service_type = None {{(pid=96633) log_opt_values /opt/stack/data/venv/lib/python3.12/site-packages/oslo_config/cfg.py:3545}}
Aug 13 02:31:32.315094 np0000007139 nova-scheduler[96633]: DEBUG cotyledon.oslo_config_glue [-] oslo_limit.split_loggers = False {{(pid=96633) log_opt_values /opt/stack/data/venv/lib/python3.12/site-packages/oslo_config/cfg.py:3545}}
Aug 13 02:31:32.315094 np0000007139 nova-scheduler[96633]: DEBUG cotyledon.oslo_config_glue [-] oslo_limit.status_code_retries = None {{(pid=96633) log_opt_values /opt/stack/data/venv/lib/python3.12/site-packages/oslo_config/cfg.py:3545}}
Aug 13 02:31:32.315094 np0000007139 nova-scheduler[96633]: DEBUG cotyledon.oslo_config_glue [-] oslo_limit.status_code_retry_delay = None {{(pid=96633) log_opt_values /opt/stack/data/venv/lib/python3.12/site-packages/oslo_config/cfg.py:3545}}
Aug 13 02:31:32.315094 np0000007139 nova-scheduler[96633]: DEBUG cotyledon.oslo_config_glue [-] oslo_limit.timeout = None {{(pid=96633) log_opt_values /opt/stack/data/venv/lib/python3.12/site-packages/oslo_config/cfg.py:3545}}
Aug 13 02:31:32.315094 np0000007139 nova-scheduler[96633]: DEBUG cotyledon.oslo_config_glue [-] oslo_limit.valid_interfaces = None {{(pid=96633) log_opt_values /opt/stack/data/venv/lib/python3.12/site-packages/oslo_config/cfg.py:3545}}
Aug 13 02:31:32.315094 np0000007139 nova-scheduler[96633]: DEBUG cotyledon.oslo_config_glue [-] oslo_limit.version = None {{(pid=96633) log_opt_values /opt/stack/data/venv/lib/python3.12/site-packages/oslo_config/cfg.py:3545}}
Aug 13 02:31:32.315368 np0000007139 nova-scheduler[96633]: DEBUG cotyledon.oslo_config_glue [-] oslo_reports.file_event_handler = None {{(pid=96633) log_opt_values /opt/stack/data/venv/lib/python3.12/site-packages/oslo_config/cfg.py:3545}}
Aug 13 02:31:32.315368 np0000007139 nova-scheduler[96633]: DEBUG cotyledon.oslo_config_glue [-] oslo_reports.file_event_handler_interval = 1 {{(pid=96633) log_opt_values /opt/stack/data/venv/lib/python3.12/site-packages/oslo_config/cfg.py:3545}}
Aug 13 02:31:32.315368 np0000007139 nova-scheduler[96633]: DEBUG cotyledon.oslo_config_glue [-] oslo_reports.log_dir = None {{(pid=96633) log_opt_values /opt/stack/data/venv/lib/python3.12/site-packages/oslo_config/cfg.py:3545}}
Aug 13 02:31:32.315368 np0000007139 nova-scheduler[96633]: DEBUG cotyledon.oslo_config_glue [-] ******************************************************************************** {{(pid=96633) log_opt_values /opt/stack/data/venv/lib/python3.12/site-packages/oslo_config/cfg.py:3552}}
Aug 13 02:31:32.315490 np0000007139 nova-scheduler[96627]: DEBUG dbcounter [-] [96627] Writer thread running {{(pid=96627) stat_writer /opt/stack/data/venv/lib/python3.12/site-packages/dbcounter.py:102}}
Aug 13 02:31:32.315539 np0000007139 nova-scheduler[96633]: DEBUG cotyledon._service_worker [-] Run service ServiceWrapper(3) [96633] {{(pid=96633) wait_forever /opt/stack/data/venv/lib/python3.12/site-packages/cotyledon/_service_worker.py:218}}
Aug 13 02:31:32.315539 np0000007139 nova-scheduler[96633]: INFO nova.service [-] Starting scheduler node (version 33.1.0)
Aug 13 02:31:32.315539 np0000007139 nova-scheduler[96633]: INFO dbcounter [None req-5366a9d9-7e26-4453-8084-d6c8adf8b16e None None] Registered counter for database nova_cell0
Aug 13 02:31:32.315646 np0000007139 nova-scheduler[96627]: DEBUG nova.service [None req-3f22aba9-63ff-4b2b-9566-ed9d4a865202 None None] Creating RPC server for service: nova-scheduler on topic: scheduler {{(pid=96627) start /opt/stack/nova/nova/service.py:196}}
Aug 13 02:31:32.315693 np0000007139 nova-scheduler[96629]: DEBUG oslo_db.sqlalchemy.engines [None req-c66a4906-7a7b-48e7-9e25-faa3a71e0489 None None] MySQL server mode set to STRICT_TRANS_TABLES,STRICT_ALL_TABLES,NO_ZERO_IN_DATE,NO_ZERO_DATE,ERROR_FOR_DIVISION_BY_ZERO,TRADITIONAL,NO_ENGINE_SUBSTITUTION {{(pid=96629) _check_effective_sql_mode /opt/stack/data/venv/lib/python3.12/site-packages/oslo_db/sqlalchemy/engines.py:325}}
Aug 13 02:31:32.315738 np0000007139 nova-scheduler[96631]: DEBUG oslo_db.sqlalchemy.engines [None req-cb0bf535-2cd3-4c9d-a17a-fc382c5617e0 None None] MySQL server mode set to STRICT_TRANS_TABLES,STRICT_ALL_TABLES,NO_ZERO_IN_DATE,NO_ZERO_DATE,ERROR_FOR_DIVISION_BY_ZERO,TRADITIONAL,NO_ENGINE_SUBSTITUTION {{(pid=96631) _check_effective_sql_mode /opt/stack/data/venv/lib/python3.12/site-packages/oslo_db/sqlalchemy/engines.py:325}}
Aug 13 02:31:32.315788 np0000007139 nova-scheduler[96629]: DEBUG dbcounter [-] [96629] Writer thread running {{(pid=96629) stat_writer /opt/stack/data/venv/lib/python3.12/site-packages/dbcounter.py:102}}
Aug 13 02:31:32.315788 np0000007139 nova-scheduler[96629]: DEBUG nova.service [None req-c66a4906-7a7b-48e7-9e25-faa3a71e0489 None None] Creating RPC server for service: nova-scheduler on topic: scheduler {{(pid=96629) start /opt/stack/nova/nova/service.py:196}}
Aug 13 02:31:32.318968 np0000007139 nova-scheduler[96633]: DEBUG oslo_db.sqlalchemy.engines [None req-5366a9d9-7e26-4453-8084-d6c8adf8b16e None None] MySQL server mode set to STRICT_TRANS_TABLES,STRICT_ALL_TABLES,NO_ZERO_IN_DATE,NO_ZERO_DATE,ERROR_FOR_DIVISION_BY_ZERO,TRADITIONAL,NO_ENGINE_SUBSTITUTION {{(pid=96633) _check_effective_sql_mode /opt/stack/data/venv/lib/python3.12/site-packages/oslo_db/sqlalchemy/engines.py:325}}
Aug 13 02:31:32.320839 np0000007139 nova-scheduler[96631]: DEBUG dbcounter [-] [96631] Writer thread running {{(pid=96631) stat_writer /opt/stack/data/venv/lib/python3.12/site-packages/dbcounter.py:102}}
Aug 13 02:31:32.322945 np0000007139 nova-scheduler[96627]: DEBUG nova.service [None req-3f22aba9-63ff-4b2b-9566-ed9d4a865202 None None] Join ServiceGroup membership for this service scheduler {{(pid=96627) start /opt/stack/nova/nova/service.py:222}}
Aug 13 02:31:32.323181 np0000007139 nova-scheduler[96627]: DEBUG nova.servicegroup.drivers.db [None req-3f22aba9-63ff-4b2b-9566-ed9d4a865202 None None] DB_Driver: join new ServiceGroup member np0000007139 to the scheduler group, service = {{(pid=96627) join /opt/stack/nova/nova/servicegroup/drivers/db.py:44}}
Aug 13 02:31:32.324073 np0000007139 nova-scheduler[96631]: DEBUG nova.service [None req-cb0bf535-2cd3-4c9d-a17a-fc382c5617e0 None None] Creating RPC server for service: nova-scheduler on topic: scheduler {{(pid=96631) start /opt/stack/nova/nova/service.py:196}}
Aug 13 02:31:32.330106 np0000007139 nova-scheduler[96633]: DEBUG dbcounter [-] [96633] Writer thread running {{(pid=96633) stat_writer /opt/stack/data/venv/lib/python3.12/site-packages/dbcounter.py:102}}
Aug 13 02:31:32.335213 np0000007139 nova-scheduler[96633]: DEBUG nova.service [None req-5366a9d9-7e26-4453-8084-d6c8adf8b16e None None] Creating RPC server for service: nova-scheduler on topic: scheduler {{(pid=96633) start /opt/stack/nova/nova/service.py:196}}
Aug 13 02:31:32.341381 np0000007139 nova-scheduler[96629]: DEBUG nova.service [None req-c66a4906-7a7b-48e7-9e25-faa3a71e0489 None None] Join ServiceGroup membership for this service scheduler {{(pid=96629) start /opt/stack/nova/nova/service.py:222}}
Aug 13 02:31:32.341567 np0000007139 nova-scheduler[96629]: DEBUG nova.servicegroup.drivers.db [None req-c66a4906-7a7b-48e7-9e25-faa3a71e0489 None None] DB_Driver: join new ServiceGroup member np0000007139 to the scheduler group, service = {{(pid=96629) join /opt/stack/nova/nova/servicegroup/drivers/db.py:44}}
Aug 13 02:31:32.350160 np0000007139 nova-scheduler[96631]: DEBUG nova.service [None req-cb0bf535-2cd3-4c9d-a17a-fc382c5617e0 None None] Join ServiceGroup membership for this service scheduler {{(pid=96631) start /opt/stack/nova/nova/service.py:222}}
Aug 13 02:31:32.350732 np0000007139 nova-scheduler[96631]: DEBUG nova.servicegroup.drivers.db [None req-cb0bf535-2cd3-4c9d-a17a-fc382c5617e0 None None] DB_Driver: join new ServiceGroup member np0000007139 to the scheduler group, service = {{(pid=96631) join /opt/stack/nova/nova/servicegroup/drivers/db.py:44}}
Aug 13 02:31:32.352165 np0000007139 nova-scheduler[96633]: DEBUG nova.service [None req-5366a9d9-7e26-4453-8084-d6c8adf8b16e None None] Join ServiceGroup membership for this service scheduler {{(pid=96633) start /opt/stack/nova/nova/service.py:222}}
Aug 13 02:31:32.352387 np0000007139 nova-scheduler[96633]: DEBUG nova.servicegroup.drivers.db [None req-5366a9d9-7e26-4453-8084-d6c8adf8b16e None None] DB_Driver: join new ServiceGroup member np0000007139 to the scheduler group, service = {{(pid=96633) join /opt/stack/nova/nova/servicegroup/drivers/db.py:44}}
Aug 13 02:31:37.337957 np0000007139 nova-scheduler[96627]: DEBUG oslo.service.backend._threading.loopingcall [-] Fixed interval looping call 'nova.servicegroup.drivers.db.DbDriver._report_state' sleeping for 119.99 seconds {{(pid=96627) _run_loop /opt/stack/data/venv/lib/python3.12/site-packages/oslo_service/backend/_threading/loopingcall.py:125}}
Aug 13 02:31:37.351866 np0000007139 nova-scheduler[96629]: DEBUG oslo.service.backend._threading.loopingcall [-] Fixed interval looping call 'nova.servicegroup.drivers.db.DbDriver._report_state' sleeping for 119.99 seconds {{(pid=96629) _run_loop /opt/stack/data/venv/lib/python3.12/site-packages/oslo_service/backend/_threading/loopingcall.py:125}}
Aug 13 02:31:37.361595 np0000007139 nova-scheduler[96633]: DEBUG oslo.service.backend._threading.loopingcall [-] Fixed interval looping call 'nova.servicegroup.drivers.db.DbDriver._report_state' sleeping for 119.99 seconds {{(pid=96633) _run_loop /opt/stack/data/venv/lib/python3.12/site-packages/oslo_service/backend/_threading/loopingcall.py:125}}
Aug 13 02:31:37.362129 np0000007139 nova-scheduler[96631]: DEBUG oslo.service.backend._threading.loopingcall [-] Fixed interval looping call 'nova.servicegroup.drivers.db.DbDriver._report_state' sleeping for 119.99 seconds {{(pid=96631) _run_loop /opt/stack/data/venv/lib/python3.12/site-packages/oslo_service/backend/_threading/loopingcall.py:125}}
Aug 13 02:31:40.906494 np0000007139 nova-scheduler[95432]: DEBUG dbcounter [-] [95432] Writing DB stats nova_api:SELECT=3 {{(pid=95432) stat_writer /opt/stack/data/venv/lib/python3.12/site-packages/dbcounter.py:115}}
Aug 13 02:31:41.052435 np0000007139 nova-scheduler[95432]: DEBUG dbcounter [-] [95432] Writing DB stats nova_cell1:SELECT=1 {{(pid=95432) stat_writer /opt/stack/data/venv/lib/python3.12/site-packages/dbcounter.py:115}}
Aug 13 02:31:41.057666 np0000007139 nova-scheduler[95432]: DEBUG dbcounter [-] [95432] Writing DB stats nova_cell0:SELECT=1 {{(pid=95432) stat_writer /opt/stack/data/venv/lib/python3.12/site-packages/dbcounter.py:115}}
Aug 13 02:31:47.334270 np0000007139 nova-scheduler[96627]: DEBUG dbcounter [-] [96627] Writing DB stats nova_cell0:SELECT=4,nova_cell0:INSERT=1,nova_cell0:UPDATE=1 {{(pid=96627) stat_writer /opt/stack/data/venv/lib/python3.12/site-packages/dbcounter.py:115}}
Aug 13 02:31:47.351423 np0000007139 nova-scheduler[96629]: DEBUG dbcounter [-] [96629] Writing DB stats nova_cell0:SELECT=3 {{(pid=96629) stat_writer /opt/stack/data/venv/lib/python3.12/site-packages/dbcounter.py:115}}
Aug 13 02:31:47.359375 np0000007139 nova-scheduler[96631]: DEBUG dbcounter [-] [96631] Writing DB stats nova_cell0:SELECT=3 {{(pid=96631) stat_writer /opt/stack/data/venv/lib/python3.12/site-packages/dbcounter.py:115}}
Aug 13 02:31:47.359770 np0000007139 nova-scheduler[96633]: DEBUG dbcounter [-] [96633] Writing DB stats nova_cell0:SELECT=3 {{(pid=96633) stat_writer /opt/stack/data/venv/lib/python3.12/site-packages/dbcounter.py:115}}
Aug 13 02:31:56.343525 np0000007139 nova-scheduler[96629]: DEBUG oslo.service.backend._threading.loopingcall [None req-09309d64-8d1a-497e-bc7c-8e76aad4aa8c None None] Dynamic interval looping call 'nova.service.Service.periodic_tasks' sleeping for 60.00 seconds {{(pid=96629) _run_loop /opt/stack/data/venv/lib/python3.12/site-packages/oslo_service/backend/_threading/loopingcall.py:125}}
Aug 13 02:31:56.352725 np0000007139 nova-scheduler[96631]: DEBUG oslo.service.backend._threading.loopingcall [None req-23b821e5-06f1-49ae-a2c3-882df1e140cf None None] Dynamic interval looping call 'nova.service.Service.periodic_tasks' sleeping for 60.00 seconds {{(pid=96631) _run_loop /opt/stack/data/venv/lib/python3.12/site-packages/oslo_service/backend/_threading/loopingcall.py:125}}
Aug 13 02:32:04.354345 np0000007139 nova-scheduler[96633]: DEBUG oslo.service.backend._threading.loopingcall [None req-7b1aea0b-78c7-4ab3-8a33-ecd50a73bbc2 None None] Dynamic interval looping call 'nova.service.Service.periodic_tasks' sleeping for 60.00 seconds {{(pid=96633) _run_loop /opt/stack/data/venv/lib/python3.12/site-packages/oslo_service/backend/_threading/loopingcall.py:125}}
Aug 13 02:32:22.325162 np0000007139 nova-scheduler[96627]: DEBUG oslo.service.backend._threading.loopingcall [None req-de435049-1ac9-4f73-a95a-372e4957b451 None None] Dynamic interval looping call 'nova.service.Service.periodic_tasks' sleeping for 60.00 seconds {{(pid=96627) _run_loop /opt/stack/data/venv/lib/python3.12/site-packages/oslo_service/backend/_threading/loopingcall.py:125}}
Aug 13 02:32:56.343984 np0000007139 nova-scheduler[96629]: DEBUG oslo.service.backend._threading.loopingcall [None req-09309d64-8d1a-497e-bc7c-8e76aad4aa8c None None] Dynamic interval looping call 'nova.service.Service.periodic_tasks' sleeping for 60.00 seconds {{(pid=96629) _run_loop /opt/stack/data/venv/lib/python3.12/site-packages/oslo_service/backend/_threading/loopingcall.py:125}}
Aug 13 02:32:56.353209 np0000007139 nova-scheduler[96631]: DEBUG oslo.service.backend._threading.loopingcall [None req-23b821e5-06f1-49ae-a2c3-882df1e140cf None None] Dynamic interval looping call 'nova.service.Service.periodic_tasks' sleeping for 60.00 seconds {{(pid=96631) _run_loop /opt/stack/data/venv/lib/python3.12/site-packages/oslo_service/backend/_threading/loopingcall.py:125}}
Aug 13 02:33:04.354963 np0000007139 nova-scheduler[96633]: DEBUG oslo.service.backend._threading.loopingcall [None req-7b1aea0b-78c7-4ab3-8a33-ecd50a73bbc2 None None] Dynamic interval looping call 'nova.service.Service.periodic_tasks' sleeping for 60.00 seconds {{(pid=96633) _run_loop /opt/stack/data/venv/lib/python3.12/site-packages/oslo_service/backend/_threading/loopingcall.py:125}}
Aug 13 02:33:22.326194 np0000007139 nova-scheduler[96627]: DEBUG oslo.service.backend._threading.loopingcall [None req-de435049-1ac9-4f73-a95a-372e4957b451 None None] Dynamic interval looping call 'nova.service.Service.periodic_tasks' sleeping for 60.00 seconds {{(pid=96627) _run_loop /opt/stack/data/venv/lib/python3.12/site-packages/oslo_service/backend/_threading/loopingcall.py:125}}
Aug 13 02:33:37.336009 np0000007139 nova-scheduler[96627]: DEBUG oslo.service.backend._threading.loopingcall [-] Fixed interval looping call 'nova.servicegroup.drivers.db.DbDriver._report_state' sleeping for 119.99 seconds {{(pid=96627) _run_loop /opt/stack/data/venv/lib/python3.12/site-packages/oslo_service/backend/_threading/loopingcall.py:125}}
Aug 13 02:33:37.346952 np0000007139 nova-scheduler[96629]: DEBUG oslo.service.backend._threading.loopingcall [-] Fixed interval looping call 'nova.servicegroup.drivers.db.DbDriver._report_state' sleeping for 120.00 seconds {{(pid=96629) _run_loop /opt/stack/data/venv/lib/python3.12/site-packages/oslo_service/backend/_threading/loopingcall.py:125}}
Aug 13 02:33:37.357122 np0000007139 nova-scheduler[96633]: DEBUG oslo.service.backend._threading.loopingcall [-] Fixed interval looping call 'nova.servicegroup.drivers.db.DbDriver._report_state' sleeping for 119.99 seconds {{(pid=96633) _run_loop /opt/stack/data/venv/lib/python3.12/site-packages/oslo_service/backend/_threading/loopingcall.py:125}}
Aug 13 02:33:37.358115 np0000007139 nova-scheduler[96631]: DEBUG oslo.service.backend._threading.loopingcall [-] Fixed interval looping call 'nova.servicegroup.drivers.db.DbDriver._report_state' sleeping for 119.99 seconds {{(pid=96631) _run_loop /opt/stack/data/venv/lib/python3.12/site-packages/oslo_service/backend/_threading/loopingcall.py:125}}
Aug 13 02:33:47.332222 np0000007139 nova-scheduler[96627]: DEBUG dbcounter [-] [96627] Writing DB stats nova_cell0:SELECT=1,nova_cell0:UPDATE=1 {{(pid=96627) stat_writer /opt/stack/data/venv/lib/python3.12/site-packages/dbcounter.py:115}}
Aug 13 02:33:47.344580 np0000007139 nova-scheduler[96629]: DEBUG dbcounter [-] [96629] Writing DB stats nova_cell0:SELECT=1 {{(pid=96629) stat_writer /opt/stack/data/venv/lib/python3.12/site-packages/dbcounter.py:115}}
Aug 13 02:33:47.354144 np0000007139 nova-scheduler[96633]: DEBUG dbcounter [-] [96633] Writing DB stats nova_cell0:SELECT=1 {{(pid=96633) stat_writer /opt/stack/data/venv/lib/python3.12/site-packages/dbcounter.py:115}}
Aug 13 02:33:47.354918 np0000007139 nova-scheduler[96631]: DEBUG dbcounter [-] [96631] Writing DB stats nova_cell0:SELECT=1 {{(pid=96631) stat_writer /opt/stack/data/venv/lib/python3.12/site-packages/dbcounter.py:115}}
Aug 13 02:33:56.344499 np0000007139 nova-scheduler[96629]: DEBUG oslo.service.backend._threading.loopingcall [None req-09309d64-8d1a-497e-bc7c-8e76aad4aa8c None None] Dynamic interval looping call 'nova.service.Service.periodic_tasks' sleeping for 60.00 seconds {{(pid=96629) _run_loop /opt/stack/data/venv/lib/python3.12/site-packages/oslo_service/backend/_threading/loopingcall.py:125}}
Aug 13 02:33:56.353894 np0000007139 nova-scheduler[96631]: DEBUG oslo.service.backend._threading.loopingcall [None req-23b821e5-06f1-49ae-a2c3-882df1e140cf None None] Dynamic interval looping call 'nova.service.Service.periodic_tasks' sleeping for 60.00 seconds {{(pid=96631) _run_loop /opt/stack/data/venv/lib/python3.12/site-packages/oslo_service/backend/_threading/loopingcall.py:125}}
Aug 13 02:34:03.428223 np0000007139 nova-scheduler[96627]: DEBUG nova.scheduler.manager [None req-f074e8a8-f55f-4de5-a111-1d4c4ac5bb58 tempest-AttachVolumeNegativeTest-646148662 tempest-AttachVolumeNegativeTest-646148662-project-member] Starting to schedule for instances: ['0567cd93-f776-49a6-a914-fa9a99449770'] {{(pid=96627) select_destinations /opt/stack/nova/nova/scheduler/manager.py:209}}
Aug 13 02:34:03.430373 np0000007139 nova-scheduler[96627]: DEBUG nova.scheduler.request_filter [None req-f074e8a8-f55f-4de5-a111-1d4c4ac5bb58 tempest-AttachVolumeNegativeTest-646148662 tempest-AttachVolumeNegativeTest-646148662-project-member] compute_status_filter request filter added forbidden trait COMPUTE_STATUS_DISABLED {{(pid=96627) compute_status_filter /opt/stack/nova/nova/scheduler/request_filter.py:253}}
Aug 13 02:34:03.430373 np0000007139 nova-scheduler[96627]: DEBUG nova.scheduler.request_filter [None req-f074e8a8-f55f-4de5-a111-1d4c4ac5bb58 tempest-AttachVolumeNegativeTest-646148662 tempest-AttachVolumeNegativeTest-646148662-project-member] Request filter 'compute_status_filter' took 0.0 seconds {{(pid=96627) wrapper /opt/stack/nova/nova/scheduler/request_filter.py:46}}
Aug 13 02:34:03.431695 np0000007139 nova-scheduler[96627]: DEBUG nova.scheduler.request_filter [None req-f074e8a8-f55f-4de5-a111-1d4c4ac5bb58 tempest-AttachVolumeNegativeTest-646148662 tempest-AttachVolumeNegativeTest-646148662-project-member] Request filter 'accelerators_filter' took 0.0 seconds {{(pid=96627) wrapper /opt/stack/nova/nova/scheduler/request_filter.py:46}}
Aug 13 02:34:03.433875 np0000007139 nova-scheduler[96627]: DEBUG nova.scheduler.request_filter [None req-f074e8a8-f55f-4de5-a111-1d4c4ac5bb58 tempest-AttachVolumeNegativeTest-646148662 tempest-AttachVolumeNegativeTest-646148662-project-member] Request filter 'packed_virtqueue_filter' took 0.0 seconds {{(pid=96627) wrapper /opt/stack/nova/nova/scheduler/request_filter.py:46}}
Aug 13 02:34:03.433875 np0000007139 nova-scheduler[96627]: DEBUG nova.scheduler.request_filter [None req-f074e8a8-f55f-4de5-a111-1d4c4ac5bb58 tempest-AttachVolumeNegativeTest-646148662 tempest-AttachVolumeNegativeTest-646148662-project-member] Request filter 'remote_managed_ports_filter' took 0.0 seconds {{(pid=96627) wrapper /opt/stack/nova/nova/scheduler/request_filter.py:46}}
Aug 13 02:34:03.433875 np0000007139 nova-scheduler[96627]: DEBUG nova.scheduler.request_filter [None req-f074e8a8-f55f-4de5-a111-1d4c4ac5bb58 tempest-AttachVolumeNegativeTest-646148662 tempest-AttachVolumeNegativeTest-646148662-project-member] ephemeral_encryption_filter skipped {{(pid=96627) ephemeral_encryption_filter /opt/stack/nova/nova/scheduler/request_filter.py:426}}
Aug 13 02:34:03.433875 np0000007139 nova-scheduler[96627]: DEBUG nova.scheduler.request_filter [None req-f074e8a8-f55f-4de5-a111-1d4c4ac5bb58 tempest-AttachVolumeNegativeTest-646148662 tempest-AttachVolumeNegativeTest-646148662-project-member] virtio_sound_filter skipped {{(pid=96627) virtio_sound_filter /opt/stack/nova/nova/scheduler/request_filter.py:460}}
Aug 13 02:34:03.433875 np0000007139 nova-scheduler[96627]: DEBUG nova.scheduler.request_filter [None req-f074e8a8-f55f-4de5-a111-1d4c4ac5bb58 tempest-AttachVolumeNegativeTest-646148662 tempest-AttachVolumeNegativeTest-646148662-project-member] tpm_secret_security_filter skipped {{(pid=96627) tpm_secret_security_filter /opt/stack/nova/nova/scheduler/request_filter.py:477}}
Aug 13 02:34:03.466886 np0000007139 nova-scheduler[96629]: DEBUG nova.scheduler.manager [None req-a24870c5-2d5f-437b-a223-03eae633bbbc tempest-ServerActionsTestOtherB-753322234 tempest-ServerActionsTestOtherB-753322234-project-member] Starting to schedule for instances: ['8bd98bf4-ed1b-4962-98b7-24882a33bc75'] {{(pid=96629) select_destinations /opt/stack/nova/nova/scheduler/manager.py:209}}
Aug 13 02:34:03.467276 np0000007139 nova-scheduler[96629]: DEBUG nova.scheduler.request_filter [None req-a24870c5-2d5f-437b-a223-03eae633bbbc tempest-ServerActionsTestOtherB-753322234 tempest-ServerActionsTestOtherB-753322234-project-member] compute_status_filter request filter added forbidden trait COMPUTE_STATUS_DISABLED {{(pid=96629) compute_status_filter /opt/stack/nova/nova/scheduler/request_filter.py:253}}
Aug 13 02:34:03.467474 np0000007139 nova-scheduler[96629]: DEBUG nova.scheduler.request_filter [None req-a24870c5-2d5f-437b-a223-03eae633bbbc tempest-ServerActionsTestOtherB-753322234 tempest-ServerActionsTestOtherB-753322234-project-member] Request filter 'compute_status_filter' took 0.0 seconds {{(pid=96629) wrapper /opt/stack/nova/nova/scheduler/request_filter.py:46}}
Aug 13 02:34:03.468068 np0000007139 nova-scheduler[96629]: DEBUG nova.scheduler.request_filter [None req-a24870c5-2d5f-437b-a223-03eae633bbbc tempest-ServerActionsTestOtherB-753322234 tempest-ServerActionsTestOtherB-753322234-project-member] Request filter 'accelerators_filter' took 0.0 seconds {{(pid=96629) wrapper /opt/stack/nova/nova/scheduler/request_filter.py:46}}
Aug 13 02:34:03.468315 np0000007139 nova-scheduler[96629]: DEBUG nova.scheduler.request_filter [None req-a24870c5-2d5f-437b-a223-03eae633bbbc tempest-ServerActionsTestOtherB-753322234 tempest-ServerActionsTestOtherB-753322234-project-member] Request filter 'packed_virtqueue_filter' took 0.0 seconds {{(pid=96629) wrapper /opt/stack/nova/nova/scheduler/request_filter.py:46}}
Aug 13 02:34:03.468693 np0000007139 nova-scheduler[96629]: DEBUG nova.scheduler.request_filter [None req-a24870c5-2d5f-437b-a223-03eae633bbbc tempest-ServerActionsTestOtherB-753322234 tempest-ServerActionsTestOtherB-753322234-project-member] Request filter 'remote_managed_ports_filter' took 0.0 seconds {{(pid=96629) wrapper /opt/stack/nova/nova/scheduler/request_filter.py:46}}
Aug 13 02:34:03.469069 np0000007139 nova-scheduler[96629]: DEBUG nova.scheduler.request_filter [None req-a24870c5-2d5f-437b-a223-03eae633bbbc tempest-ServerActionsTestOtherB-753322234 tempest-ServerActionsTestOtherB-753322234-project-member] ephemeral_encryption_filter skipped {{(pid=96629) ephemeral_encryption_filter /opt/stack/nova/nova/scheduler/request_filter.py:426}}
Aug 13 02:34:03.469069 np0000007139 nova-scheduler[96629]: DEBUG nova.scheduler.request_filter [None req-a24870c5-2d5f-437b-a223-03eae633bbbc tempest-ServerActionsTestOtherB-753322234 tempest-ServerActionsTestOtherB-753322234-project-member] virtio_sound_filter skipped {{(pid=96629) virtio_sound_filter /opt/stack/nova/nova/scheduler/request_filter.py:460}}
Aug 13 02:34:03.469328 np0000007139 nova-scheduler[96629]: DEBUG nova.scheduler.request_filter [None req-a24870c5-2d5f-437b-a223-03eae633bbbc tempest-ServerActionsTestOtherB-753322234 tempest-ServerActionsTestOtherB-753322234-project-member] tpm_secret_security_filter skipped {{(pid=96629) tpm_secret_security_filter /opt/stack/nova/nova/scheduler/request_filter.py:477}}
Aug 13 02:34:03.560357 np0000007139 nova-scheduler[96631]: DEBUG nova.scheduler.manager [None req-bd1e20b3-01f8-45a7-a1c6-8f0de065650c tempest-ServerActionsTestOtherA-1435747530 tempest-ServerActionsTestOtherA-1435747530-project-member] Starting to schedule for instances: ['0327030b-850d-4daa-ad4b-5865b404e189'] {{(pid=96631) select_destinations /opt/stack/nova/nova/scheduler/manager.py:209}}
Aug 13 02:34:03.561036 np0000007139 nova-scheduler[96631]: DEBUG nova.scheduler.request_filter [None req-bd1e20b3-01f8-45a7-a1c6-8f0de065650c tempest-ServerActionsTestOtherA-1435747530 tempest-ServerActionsTestOtherA-1435747530-project-member] compute_status_filter request filter added forbidden trait COMPUTE_STATUS_DISABLED {{(pid=96631) compute_status_filter /opt/stack/nova/nova/scheduler/request_filter.py:253}}
