Aug 13 02:31:37.595820 np0000007139 nova-conductor[99087]: DEBUG cotyledon.oslo_config_glue [-] workarounds.disable_fallback_pcpu_query = False {{(pid=99087) log_opt_values /opt/stack/data/venv/lib/python3.12/site-packages/oslo_config/cfg.py:3545}}
Aug 13 02:31:37.595820 np0000007139 nova-conductor[99087]: DEBUG cotyledon.oslo_config_glue [-] workarounds.disable_group_policy_check_upcall = False {{(pid=99087) log_opt_values /opt/stack/data/venv/lib/python3.12/site-packages/oslo_config/cfg.py:3545}}
Aug 13 02:31:37.595993 np0000007139 nova-conductor[99087]: DEBUG cotyledon.oslo_config_glue [-] workarounds.disable_libvirt_livesnapshot = False {{(pid=99087) log_opt_values /opt/stack/data/venv/lib/python3.12/site-packages/oslo_config/cfg.py:3545}}
Aug 13 02:31:37.595993 np0000007139 nova-conductor[99087]: DEBUG cotyledon.oslo_config_glue [-] workarounds.disable_rootwrap = False {{(pid=99087) log_opt_values /opt/stack/data/venv/lib/python3.12/site-packages/oslo_config/cfg.py:3545}}
Aug 13 02:31:37.595993 np0000007139 nova-conductor[99087]: DEBUG cotyledon.oslo_config_glue [-] workarounds.enable_numa_live_migration = False {{(pid=99087) log_opt_values /opt/stack/data/venv/lib/python3.12/site-packages/oslo_config/cfg.py:3545}}
Aug 13 02:31:37.595993 np0000007139 nova-conductor[99087]: DEBUG cotyledon.oslo_config_glue [-] workarounds.enable_qemu_monitor_announce_self = False {{(pid=99087) log_opt_values /opt/stack/data/venv/lib/python3.12/site-packages/oslo_config/cfg.py:3545}}
Aug 13 02:31:37.595993 np0000007139 nova-conductor[99087]: DEBUG cotyledon.oslo_config_glue [-] workarounds.ensure_libvirt_rbd_instance_dir_cleanup = False {{(pid=99087) log_opt_values /opt/stack/data/venv/lib/python3.12/site-packages/oslo_config/cfg.py:3545}}
Aug 13 02:31:37.595993 np0000007139 nova-conductor[99087]: DEBUG cotyledon.oslo_config_glue [-] workarounds.handle_virt_lifecycle_events = True {{(pid=99087) log_opt_values /opt/stack/data/venv/lib/python3.12/site-packages/oslo_config/cfg.py:3545}}
Aug 13 02:31:37.595993 np0000007139 nova-conductor[99087]: DEBUG cotyledon.oslo_config_glue [-] workarounds.libvirt_disable_apic = False {{(pid=99087) log_opt_values /opt/stack/data/venv/lib/python3.12/site-packages/oslo_config/cfg.py:3545}}
Aug 13 02:31:37.595993 np0000007139 nova-conductor[99087]: DEBUG cotyledon.oslo_config_glue [-] workarounds.never_download_image_if_on_rbd = False {{(pid=99087) log_opt_values /opt/stack/data/venv/lib/python3.12/site-packages/oslo_config/cfg.py:3545}}
Aug 13 02:31:37.595993 np0000007139 nova-conductor[99087]: DEBUG cotyledon.oslo_config_glue [-] workarounds.qemu_monitor_announce_self_count = 3 {{(pid=99087) log_opt_values /opt/stack/data/venv/lib/python3.12/site-packages/oslo_config/cfg.py:3545}}
Aug 13 02:31:37.596145 np0000007139 nova-conductor[99087]: DEBUG cotyledon.oslo_config_glue [-] workarounds.qemu_monitor_announce_self_interval = 1 {{(pid=99087) log_opt_values /opt/stack/data/venv/lib/python3.12/site-packages/oslo_config/cfg.py:3545}}
Aug 13 02:31:37.596145 np0000007139 nova-conductor[99087]: DEBUG cotyledon.oslo_config_glue [-] workarounds.reserve_disk_resource_for_image_cache = False {{(pid=99087) log_opt_values /opt/stack/data/venv/lib/python3.12/site-packages/oslo_config/cfg.py:3545}}
Aug 13 02:31:37.596145 np0000007139 nova-conductor[99087]: DEBUG cotyledon.oslo_config_glue [-] workarounds.skip_cpu_compare_at_startup = False {{(pid=99087) log_opt_values /opt/stack/data/venv/lib/python3.12/site-packages/oslo_config/cfg.py:3545}}
Aug 13 02:31:37.596145 np0000007139 nova-conductor[99087]: DEBUG cotyledon.oslo_config_glue [-] workarounds.skip_cpu_compare_on_dest = False {{(pid=99087) log_opt_values /opt/stack/data/venv/lib/python3.12/site-packages/oslo_config/cfg.py:3545}}
Aug 13 02:31:37.596145 np0000007139 nova-conductor[99087]: DEBUG cotyledon.oslo_config_glue [-] workarounds.skip_hypervisor_version_check_on_lm = False {{(pid=99087) log_opt_values /opt/stack/data/venv/lib/python3.12/site-packages/oslo_config/cfg.py:3545}}
Aug 13 02:31:37.596145 np0000007139 nova-conductor[99087]: DEBUG cotyledon.oslo_config_glue [-] workarounds.skip_reserve_in_use_ironic_nodes = False {{(pid=99087) log_opt_values /opt/stack/data/venv/lib/python3.12/site-packages/oslo_config/cfg.py:3545}}
Aug 13 02:31:37.596145 np0000007139 nova-conductor[99087]: DEBUG cotyledon.oslo_config_glue [-] workarounds.unified_limits_count_pcpu_as_vcpu = False {{(pid=99087) log_opt_values /opt/stack/data/venv/lib/python3.12/site-packages/oslo_config/cfg.py:3545}}
Aug 13 02:31:37.596145 np0000007139 nova-conductor[99087]: DEBUG cotyledon.oslo_config_glue [-] workarounds.wait_for_vif_plugged_event_during_hard_reboot = [] {{(pid=99087) log_opt_values /opt/stack/data/venv/lib/python3.12/site-packages/oslo_config/cfg.py:3545}}
Aug 13 02:31:37.596368 np0000007139 nova-conductor[99087]: DEBUG cotyledon.oslo_config_glue [-] wsgi.api_paste_config = /etc/nova/api-paste.ini {{(pid=99087) log_opt_values /opt/stack/data/venv/lib/python3.12/site-packages/oslo_config/cfg.py:3545}}
Aug 13 02:31:37.596368 np0000007139 nova-conductor[99087]: DEBUG cotyledon.oslo_config_glue [-] wsgi.secure_proxy_ssl_header = None {{(pid=99087) log_opt_values /opt/stack/data/venv/lib/python3.12/site-packages/oslo_config/cfg.py:3545}}
Aug 13 02:31:37.596368 np0000007139 nova-conductor[99087]: DEBUG cotyledon.oslo_config_glue [-] zvm.ca_file = None {{(pid=99087) log_opt_values /opt/stack/data/venv/lib/python3.12/site-packages/oslo_config/cfg.py:3545}}
Aug 13 02:31:37.596368 np0000007139 nova-conductor[99087]: DEBUG cotyledon.oslo_config_glue [-] zvm.cloud_connector_url = None {{(pid=99087) log_opt_values /opt/stack/data/venv/lib/python3.12/site-packages/oslo_config/cfg.py:3545}}
Aug 13 02:31:37.596368 np0000007139 nova-conductor[99087]: DEBUG cotyledon.oslo_config_glue [-] zvm.image_tmp_path = /opt/stack/data/nova/images {{(pid=99087) log_opt_values /opt/stack/data/venv/lib/python3.12/site-packages/oslo_config/cfg.py:3545}}
Aug 13 02:31:37.596368 np0000007139 nova-conductor[99087]: DEBUG cotyledon.oslo_config_glue [-] zvm.reachable_timeout = 300 {{(pid=99087) log_opt_values /opt/stack/data/venv/lib/python3.12/site-packages/oslo_config/cfg.py:3545}}
Aug 13 02:31:37.596533 np0000007139 nova-conductor[99069]: DEBUG oslo_db.sqlalchemy.engines [None req-5cc6cc28-3111-494e-b609-e2f0f2f83e60 None None] MySQL server mode set to STRICT_TRANS_TABLES,STRICT_ALL_TABLES,NO_ZERO_IN_DATE,NO_ZERO_DATE,ERROR_FOR_DIVISION_BY_ZERO,TRADITIONAL,NO_ENGINE_SUBSTITUTION {{(pid=99069) _check_effective_sql_mode /opt/stack/data/venv/lib/python3.12/site-packages/oslo_db/sqlalchemy/engines.py:325}}
Aug 13 02:31:37.596569 np0000007139 nova-conductor[99087]: DEBUG cotyledon.oslo_config_glue [-] oslo_versionedobjects.fatal_exception_format_errors = False {{(pid=99087) log_opt_values /opt/stack/data/venv/lib/python3.12/site-packages/oslo_config/cfg.py:3545}}
Aug 13 02:31:37.596569 np0000007139 nova-conductor[99087]: DEBUG cotyledon.oslo_config_glue [-] oslo_middleware.http_basic_auth_user_file = /etc/htpasswd {{(pid=99087) log_opt_values /opt/stack/data/venv/lib/python3.12/site-packages/oslo_config/cfg.py:3545}}
Aug 13 02:31:37.596569 np0000007139 nova-conductor[99087]: DEBUG cotyledon.oslo_config_glue [-] profiler.connection_string = messaging:// {{(pid=99087) log_opt_values /opt/stack/data/venv/lib/python3.12/site-packages/oslo_config/cfg.py:3545}}
Aug 13 02:31:37.596569 np0000007139 nova-conductor[99087]: DEBUG cotyledon.oslo_config_glue [-] profiler.enabled = False {{(pid=99087) log_opt_values /opt/stack/data/venv/lib/python3.12/site-packages/oslo_config/cfg.py:3545}}
Aug 13 02:31:37.596569 np0000007139 nova-conductor[99087]: DEBUG cotyledon.oslo_config_glue [-] profiler.es_doc_type = notification {{(pid=99087) log_opt_values /opt/stack/data/venv/lib/python3.12/site-packages/oslo_config/cfg.py:3545}}
Aug 13 02:31:37.596569 np0000007139 nova-conductor[99087]: DEBUG cotyledon.oslo_config_glue [-] profiler.es_scroll_size = 10000 {{(pid=99087) log_opt_values /opt/stack/data/venv/lib/python3.12/site-packages/oslo_config/cfg.py:3545}}
Aug 13 02:31:37.596569 np0000007139 nova-conductor[99087]: DEBUG cotyledon.oslo_config_glue [-] profiler.es_scroll_time = 2m {{(pid=99087) log_opt_values /opt/stack/data/venv/lib/python3.12/site-packages/oslo_config/cfg.py:3545}}
Aug 13 02:31:37.596569 np0000007139 nova-conductor[99087]: DEBUG cotyledon.oslo_config_glue [-] profiler.filter_error_trace = False {{(pid=99087) log_opt_values /opt/stack/data/venv/lib/python3.12/site-packages/oslo_config/cfg.py:3545}}
Aug 13 02:31:37.596569 np0000007139 nova-conductor[99087]: DEBUG cotyledon.oslo_config_glue [-] profiler.hmac_keys = **** {{(pid=99087) log_opt_values /opt/stack/data/venv/lib/python3.12/site-packages/oslo_config/cfg.py:3545}}
Aug 13 02:31:37.596754 np0000007139 nova-conductor[99087]: DEBUG cotyledon.oslo_config_glue [-] profiler.sentinel_service_name = mymaster {{(pid=99087) log_opt_values /opt/stack/data/venv/lib/python3.12/site-packages/oslo_config/cfg.py:3545}}
Aug 13 02:31:37.596754 np0000007139 nova-conductor[99087]: DEBUG cotyledon.oslo_config_glue [-] profiler.socket_timeout = 0.1 {{(pid=99087) log_opt_values /opt/stack/data/venv/lib/python3.12/site-packages/oslo_config/cfg.py:3545}}
Aug 13 02:31:37.596754 np0000007139 nova-conductor[99087]: DEBUG cotyledon.oslo_config_glue [-] profiler.trace_requests = False {{(pid=99087) log_opt_values /opt/stack/data/venv/lib/python3.12/site-packages/oslo_config/cfg.py:3545}}
Aug 13 02:31:37.596754 np0000007139 nova-conductor[99087]: DEBUG cotyledon.oslo_config_glue [-] profiler.trace_sqlalchemy = False {{(pid=99087) log_opt_values /opt/stack/data/venv/lib/python3.12/site-packages/oslo_config/cfg.py:3545}}
Aug 13 02:31:37.596845 np0000007139 nova-conductor[99087]: DEBUG cotyledon.oslo_config_glue [-] profiler_jaeger.process_tags = {} {{(pid=99087) log_opt_values /opt/stack/data/venv/lib/python3.12/site-packages/oslo_config/cfg.py:3545}}
Aug 13 02:31:37.596845 np0000007139 nova-conductor[99087]: DEBUG cotyledon.oslo_config_glue [-] profiler_jaeger.service_name_prefix = None {{(pid=99087) log_opt_values /opt/stack/data/venv/lib/python3.12/site-packages/oslo_config/cfg.py:3545}}
Aug 13 02:31:37.596900 np0000007139 nova-conductor[99087]: DEBUG cotyledon.oslo_config_glue [-] profiler_otlp.service_name_prefix = None {{(pid=99087) log_opt_values /opt/stack/data/venv/lib/python3.12/site-packages/oslo_config/cfg.py:3545}}
Aug 13 02:31:37.596974 np0000007139 nova-conductor[99087]: DEBUG cotyledon.oslo_config_glue [-] oslo_messaging_rabbit.amqp_auto_delete = False {{(pid=99087) log_opt_values /opt/stack/data/venv/lib/python3.12/site-packages/oslo_config/cfg.py:3545}}
Aug 13 02:31:37.597017 np0000007139 nova-conductor[99087]: DEBUG cotyledon.oslo_config_glue [-] oslo_messaging_rabbit.amqp_durable_queues = False {{(pid=99087) log_opt_values /opt/stack/data/venv/lib/python3.12/site-packages/oslo_config/cfg.py:3545}}
Aug 13 02:31:37.597061 np0000007139 nova-conductor[99087]: DEBUG cotyledon.oslo_config_glue [-] oslo_messaging_rabbit.conn_pool_min_size = 2 {{(pid=99087) log_opt_values /opt/stack/data/venv/lib/python3.12/site-packages/oslo_config/cfg.py:3545}}
Aug 13 02:31:37.597100 np0000007139 nova-conductor[99087]: DEBUG cotyledon.oslo_config_glue [-] oslo_messaging_rabbit.conn_pool_ttl = 1200 {{(pid=99087) log_opt_values /opt/stack/data/venv/lib/python3.12/site-packages/oslo_config/cfg.py:3545}}
Aug 13 02:31:37.597150 np0000007139 nova-conductor[99087]: DEBUG cotyledon.oslo_config_glue [-] oslo_messaging_rabbit.direct_mandatory_flag = True {{(pid=99087) log_opt_values /opt/stack/data/venv/lib/python3.12/site-packages/oslo_config/cfg.py:3545}}
Aug 13 02:31:37.597190 np0000007139 nova-conductor[99087]: DEBUG cotyledon.oslo_config_glue [-] oslo_messaging_rabbit.enable_cancel_on_failover = False {{(pid=99087) log_opt_values /opt/stack/data/venv/lib/python3.12/site-packages/oslo_config/cfg.py:3545}}
Aug 13 02:31:37.597232 np0000007139 nova-conductor[99087]: DEBUG cotyledon.oslo_config_glue [-] oslo_messaging_rabbit.heartbeat_rate = 3 {{(pid=99087) log_opt_values /opt/stack/data/venv/lib/python3.12/site-packages/oslo_config/cfg.py:3545}}
Aug 13 02:31:37.597287 np0000007139 nova-conductor[99087]: DEBUG cotyledon.oslo_config_glue [-] oslo_messaging_rabbit.heartbeat_timeout_threshold = 60 {{(pid=99087) log_opt_values /opt/stack/data/venv/lib/python3.12/site-packages/oslo_config/cfg.py:3545}}
Aug 13 02:31:37.597340 np0000007139 nova-conductor[99087]: DEBUG cotyledon.oslo_config_glue [-] oslo_messaging_rabbit.hostname = np0000007139 {{(pid=99087) log_opt_values /opt/stack/data/venv/lib/python3.12/site-packages/oslo_config/cfg.py:3545}}
Aug 13 02:31:37.597376 np0000007139 nova-conductor[99087]: DEBUG cotyledon.oslo_config_glue [-] oslo_messaging_rabbit.kombu_compression = None {{(pid=99087) log_opt_values /opt/stack/data/venv/lib/python3.12/site-packages/oslo_config/cfg.py:3545}}
Aug 13 02:31:37.597398 np0000007139 nova-conductor[99087]: DEBUG cotyledon.oslo_config_glue [-] oslo_messaging_rabbit.kombu_failover_strategy = round-robin {{(pid=99087) log_opt_values /opt/stack/data/venv/lib/python3.12/site-packages/oslo_config/cfg.py:3545}}
Aug 13 02:31:37.597435 np0000007139 nova-conductor[99087]: DEBUG cotyledon.oslo_config_glue [-] oslo_messaging_rabbit.kombu_missing_consumer_retry_timeout = 60 {{(pid=99087) log_opt_values /opt/stack/data/venv/lib/python3.12/site-packages/oslo_config/cfg.py:3545}}
Aug 13 02:31:37.597459 np0000007139 nova-conductor[99087]: DEBUG cotyledon.oslo_config_glue [-] oslo_messaging_rabbit.kombu_reconnect_delay = 1.0 {{(pid=99087) log_opt_values /opt/stack/data/venv/lib/python3.12/site-packages/oslo_config/cfg.py:3545}}
Aug 13 02:31:37.597497 np0000007139 nova-conductor[99087]: DEBUG cotyledon.oslo_config_glue [-] oslo_messaging_rabbit.kombu_reconnect_splay = 0.0 {{(pid=99087) log_opt_values /opt/stack/data/venv/lib/python3.12/site-packages/oslo_config/cfg.py:3545}}
Aug 13 02:31:37.597536 np0000007139 nova-conductor[99087]: DEBUG cotyledon.oslo_config_glue [-] oslo_messaging_rabbit.processname = nova-conductor {{(pid=99087) log_opt_values /opt/stack/data/venv/lib/python3.12/site-packages/oslo_config/cfg.py:3545}}
Aug 13 02:31:37.597561 np0000007139 nova-conductor[99087]: DEBUG cotyledon.oslo_config_glue [-] oslo_messaging_rabbit.rabbit_ha_queues = False {{(pid=99087) log_opt_values /opt/stack/data/venv/lib/python3.12/site-packages/oslo_config/cfg.py:3545}}
Aug 13 02:31:37.597588 np0000007139 nova-conductor[99087]: DEBUG cotyledon.oslo_config_glue [-] oslo_messaging_rabbit.rabbit_interval_max = 30 {{(pid=99087) log_opt_values /opt/stack/data/venv/lib/python3.12/site-packages/oslo_config/cfg.py:3545}}
Aug 13 02:31:37.597628 np0000007139 nova-conductor[99087]: DEBUG cotyledon.oslo_config_glue [-] oslo_messaging_rabbit.rabbit_login_method = AMQPLAIN {{(pid=99087) log_opt_values /opt/stack/data/venv/lib/python3.12/site-packages/oslo_config/cfg.py:3545}}
Aug 13 02:31:37.597653 np0000007139 nova-conductor[99087]: DEBUG cotyledon.oslo_config_glue [-] oslo_messaging_rabbit.rabbit_qos_prefetch_count = 0 {{(pid=99087) log_opt_values /opt/stack/data/venv/lib/python3.12/site-packages/oslo_config/cfg.py:3545}}
Aug 13 02:31:37.597688 np0000007139 nova-conductor[99087]: DEBUG cotyledon.oslo_config_glue [-] oslo_messaging_rabbit.rabbit_quorum_delivery_limit = 0 {{(pid=99087) log_opt_values /opt/stack/data/venv/lib/python3.12/site-packages/oslo_config/cfg.py:3545}}
Aug 13 02:31:37.597712 np0000007139 nova-conductor[99087]: DEBUG cotyledon.oslo_config_glue [-] oslo_messaging_rabbit.rabbit_quorum_max_memory_bytes = 0 {{(pid=99087) log_opt_values /opt/stack/data/venv/lib/python3.12/site-packages/oslo_config/cfg.py:3545}}
Aug 13 02:31:37.597775 np0000007139 nova-conductor[99087]: DEBUG cotyledon.oslo_config_glue [-] oslo_messaging_rabbit.rabbit_quorum_max_memory_length = 0 {{(pid=99087) log_opt_values /opt/stack/data/venv/lib/python3.12/site-packages/oslo_config/cfg.py:3545}}
Aug 13 02:31:37.597819 np0000007139 nova-conductor[99087]: DEBUG cotyledon.oslo_config_glue [-] oslo_messaging_rabbit.rabbit_quorum_queue = False {{(pid=99087) log_opt_values /opt/stack/data/venv/lib/python3.12/site-packages/oslo_config/cfg.py:3545}}
Aug 13 02:31:37.597847 np0000007139 nova-conductor[99087]: DEBUG cotyledon.oslo_config_glue [-] oslo_messaging_rabbit.rabbit_retry_backoff = 2 {{(pid=99087) log_opt_values /opt/stack/data/venv/lib/python3.12/site-packages/oslo_config/cfg.py:3545}}
Aug 13 02:31:37.597896 np0000007139 nova-conductor[99087]: DEBUG cotyledon.oslo_config_glue [-] oslo_messaging_rabbit.rabbit_retry_interval = 1 {{(pid=99087) log_opt_values /opt/stack/data/venv/lib/python3.12/site-packages/oslo_config/cfg.py:3545}}
Aug 13 02:31:37.597942 np0000007139 nova-conductor[99087]: DEBUG cotyledon.oslo_config_glue [-] oslo_messaging_rabbit.rabbit_stream_fanout = False {{(pid=99087) log_opt_values /opt/stack/data/venv/lib/python3.12/site-packages/oslo_config/cfg.py:3545}}
Aug 13 02:31:37.597973 np0000007139 nova-conductor[99087]: DEBUG cotyledon.oslo_config_glue [-] oslo_messaging_rabbit.rabbit_transient_queues_ttl = 1800 {{(pid=99087) log_opt_values /opt/stack/data/venv/lib/python3.12/site-packages/oslo_config/cfg.py:3545}}
Aug 13 02:31:37.598009 np0000007139 nova-conductor[99087]: DEBUG cotyledon.oslo_config_glue [-] oslo_messaging_rabbit.rabbit_transient_quorum_queue = False {{(pid=99087) log_opt_values /opt/stack/data/venv/lib/python3.12/site-packages/oslo_config/cfg.py:3545}}
Aug 13 02:31:37.598036 np0000007139 nova-conductor[99087]: DEBUG cotyledon.oslo_config_glue [-] oslo_messaging_rabbit.rpc_conn_pool_size = 30 {{(pid=99087) log_opt_values /opt/stack/data/venv/lib/python3.12/site-packages/oslo_config/cfg.py:3545}}
Aug 13 02:31:37.598083 np0000007139 nova-conductor[99087]: DEBUG cotyledon.oslo_config_glue [-] oslo_messaging_rabbit.ssl = False {{(pid=99087) log_opt_values /opt/stack/data/venv/lib/python3.12/site-packages/oslo_config/cfg.py:3545}}
Aug 13 02:31:37.598110 np0000007139 nova-conductor[99087]: DEBUG cotyledon.oslo_config_glue [-] oslo_messaging_rabbit.ssl_ca_file = {{(pid=99087) log_opt_values /opt/stack/data/venv/lib/python3.12/site-packages/oslo_config/cfg.py:3545}}
Aug 13 02:31:37.598146 np0000007139 nova-conductor[99087]: DEBUG cotyledon.oslo_config_glue [-] oslo_messaging_rabbit.ssl_cert_file = {{(pid=99087) log_opt_values /opt/stack/data/venv/lib/python3.12/site-packages/oslo_config/cfg.py:3545}}
Aug 13 02:31:37.598178 np0000007139 nova-conductor[99087]: DEBUG cotyledon.oslo_config_glue [-] oslo_messaging_rabbit.ssl_enforce_fips_mode = False {{(pid=99087) log_opt_values /opt/stack/data/venv/lib/python3.12/site-packages/oslo_config/cfg.py:3545}}
Aug 13 02:31:37.598219 np0000007139 nova-conductor[99087]: DEBUG cotyledon.oslo_config_glue [-] oslo_messaging_rabbit.ssl_enforce_hostname_verification = True {{(pid=99087) log_opt_values /opt/stack/data/venv/lib/python3.12/site-packages/oslo_config/cfg.py:3545}}
Aug 13 02:31:37.598264 np0000007139 nova-conductor[99087]: DEBUG cotyledon.oslo_config_glue [-] oslo_messaging_rabbit.ssl_key_file = {{(pid=99087) log_opt_values /opt/stack/data/venv/lib/python3.12/site-packages/oslo_config/cfg.py:3545}}
Aug 13 02:31:37.598300 np0000007139 nova-conductor[99087]: DEBUG cotyledon.oslo_config_glue [-] oslo_messaging_rabbit.ssl_version = {{(pid=99087) log_opt_values /opt/stack/data/venv/lib/python3.12/site-packages/oslo_config/cfg.py:3545}}
Aug 13 02:31:37.598345 np0000007139 nova-conductor[99087]: DEBUG cotyledon.oslo_config_glue [-] oslo_messaging_rabbit.use_queue_manager = False {{(pid=99087) log_opt_values /opt/stack/data/venv/lib/python3.12/site-packages/oslo_config/cfg.py:3545}}
Aug 13 02:31:37.598382 np0000007139 nova-conductor[99087]: DEBUG cotyledon.oslo_config_glue [-] oslo_messaging_notifications.driver = ['messagingv2'] {{(pid=99087) log_opt_values /opt/stack/data/venv/lib/python3.12/site-packages/oslo_config/cfg.py:3545}}
Aug 13 02:31:37.598413 np0000007139 nova-conductor[99087]: DEBUG cotyledon.oslo_config_glue [-] oslo_messaging_notifications.retry = -1 {{(pid=99087) log_opt_values /opt/stack/data/venv/lib/python3.12/site-packages/oslo_config/cfg.py:3545}}
Aug 13 02:31:37.598456 np0000007139 nova-conductor[99087]: DEBUG cotyledon.oslo_config_glue [-] oslo_messaging_notifications.topics = ['notifications'] {{(pid=99087) log_opt_values /opt/stack/data/venv/lib/python3.12/site-packages/oslo_config/cfg.py:3545}}
Aug 13 02:31:37.598503 np0000007139 nova-conductor[99087]: DEBUG cotyledon.oslo_config_glue [-] oslo_messaging_notifications.transport_url = **** {{(pid=99087) log_opt_values /opt/stack/data/venv/lib/python3.12/site-packages/oslo_config/cfg.py:3545}}
Aug 13 02:31:37.598560 np0000007139 nova-conductor[99087]: DEBUG cotyledon.oslo_config_glue [-] oslo_limit.auth_section = None {{(pid=99087) log_opt_values /opt/stack/data/venv/lib/python3.12/site-packages/oslo_config/cfg.py:3545}}
Aug 13 02:31:37.598593 np0000007139 nova-conductor[99087]: DEBUG cotyledon.oslo_config_glue [-] oslo_limit.auth_type = None {{(pid=99087) log_opt_values /opt/stack/data/venv/lib/python3.12/site-packages/oslo_config/cfg.py:3545}}
Aug 13 02:31:37.598621 np0000007139 nova-conductor[99087]: DEBUG cotyledon.oslo_config_glue [-] oslo_limit.cafile = None {{(pid=99087) log_opt_values /opt/stack/data/venv/lib/python3.12/site-packages/oslo_config/cfg.py:3545}}
Aug 13 02:31:37.598660 np0000007139 nova-conductor[99087]: DEBUG cotyledon.oslo_config_glue [-] oslo_limit.certfile = None {{(pid=99087) log_opt_values /opt/stack/data/venv/lib/python3.12/site-packages/oslo_config/cfg.py:3545}}
Aug 13 02:31:37.598715 np0000007139 nova-conductor[99087]: DEBUG cotyledon.oslo_config_glue [-] oslo_limit.collect_timing = False {{(pid=99087) log_opt_values /opt/stack/data/venv/lib/python3.12/site-packages/oslo_config/cfg.py:3545}}
Aug 13 02:31:37.598764 np0000007139 nova-conductor[99087]: DEBUG cotyledon.oslo_config_glue [-] oslo_limit.connect_retries = None {{(pid=99087) log_opt_values /opt/stack/data/venv/lib/python3.12/site-packages/oslo_config/cfg.py:3545}}
Aug 13 02:31:37.598792 np0000007139 nova-conductor[99087]: DEBUG cotyledon.oslo_config_glue [-] oslo_limit.connect_retry_delay = None {{(pid=99087) log_opt_values /opt/stack/data/venv/lib/python3.12/site-packages/oslo_config/cfg.py:3545}}
Aug 13 02:31:37.598837 np0000007139 nova-conductor[99087]: DEBUG cotyledon.oslo_config_glue [-] oslo_limit.endpoint_id = None {{(pid=99087) log_opt_values /opt/stack/data/venv/lib/python3.12/site-packages/oslo_config/cfg.py:3545}}
Aug 13 02:31:37.598867 np0000007139 nova-conductor[99087]: DEBUG cotyledon.oslo_config_glue [-] oslo_limit.endpoint_interface = public {{(pid=99087) log_opt_values /opt/stack/data/venv/lib/python3.12/site-packages/oslo_config/cfg.py:3545}}
Aug 13 02:31:37.598938 np0000007139 nova-conductor[99087]: DEBUG cotyledon.oslo_config_glue [-] oslo_limit.endpoint_override = None {{(pid=99087) log_opt_values /opt/stack/data/venv/lib/python3.12/site-packages/oslo_config/cfg.py:3545}}
Aug 13 02:31:37.598981 np0000007139 nova-conductor[99087]: DEBUG cotyledon.oslo_config_glue [-] oslo_limit.endpoint_region_name = None {{(pid=99087) log_opt_values /opt/stack/data/venv/lib/python3.12/site-packages/oslo_config/cfg.py:3545}}
Aug 13 02:31:37.599007 np0000007139 nova-conductor[99087]: DEBUG cotyledon.oslo_config_glue [-] oslo_limit.endpoint_service_name = None {{(pid=99087) log_opt_values /opt/stack/data/venv/lib/python3.12/site-packages/oslo_config/cfg.py:3545}}
Aug 13 02:31:37.599042 np0000007139 nova-conductor[99087]: DEBUG cotyledon.oslo_config_glue [-] oslo_limit.endpoint_service_type = None {{(pid=99087) log_opt_values /opt/stack/data/venv/lib/python3.12/site-packages/oslo_config/cfg.py:3545}}
Aug 13 02:31:37.599081 np0000007139 nova-conductor[99087]: DEBUG cotyledon.oslo_config_glue [-] oslo_limit.insecure = False {{(pid=99087) log_opt_values /opt/stack/data/venv/lib/python3.12/site-packages/oslo_config/cfg.py:3545}}
Aug 13 02:31:37.599106 np0000007139 nova-conductor[99087]: DEBUG cotyledon.oslo_config_glue [-] oslo_limit.keyfile = None {{(pid=99087) log_opt_values /opt/stack/data/venv/lib/python3.12/site-packages/oslo_config/cfg.py:3545}}
Aug 13 02:31:37.599144 np0000007139 nova-conductor[99087]: DEBUG cotyledon.oslo_config_glue [-] oslo_limit.max_version = None {{(pid=99087) log_opt_values /opt/stack/data/venv/lib/python3.12/site-packages/oslo_config/cfg.py:3545}}
Aug 13 02:31:37.599181 np0000007139 nova-conductor[99087]: DEBUG cotyledon.oslo_config_glue [-] oslo_limit.min_version = None {{(pid=99087) log_opt_values /opt/stack/data/venv/lib/python3.12/site-packages/oslo_config/cfg.py:3545}}
Aug 13 02:31:37.599213 np0000007139 nova-conductor[99087]: DEBUG cotyledon.oslo_config_glue [-] oslo_limit.region_name = None {{(pid=99087) log_opt_values /opt/stack/data/venv/lib/python3.12/site-packages/oslo_config/cfg.py:3545}}
Aug 13 02:31:37.599240 np0000007139 nova-conductor[99087]: DEBUG cotyledon.oslo_config_glue [-] oslo_limit.retriable_status_codes = None {{(pid=99087) log_opt_values /opt/stack/data/venv/lib/python3.12/site-packages/oslo_config/cfg.py:3545}}
Aug 13 02:31:37.599305 np0000007139 nova-conductor[99087]: DEBUG cotyledon.oslo_config_glue [-] oslo_limit.service_name = None {{(pid=99087) log_opt_values /opt/stack/data/venv/lib/python3.12/site-packages/oslo_config/cfg.py:3545}}
Aug 13 02:31:37.599347 np0000007139 nova-conductor[99087]: DEBUG cotyledon.oslo_config_glue [-] oslo_limit.service_type = None {{(pid=99087) log_opt_values /opt/stack/data/venv/lib/python3.12/site-packages/oslo_config/cfg.py:3545}}
Aug 13 02:31:37.599383 np0000007139 nova-conductor[99087]: DEBUG cotyledon.oslo_config_glue [-] oslo_limit.split_loggers = False {{(pid=99087) log_opt_values /opt/stack/data/venv/lib/python3.12/site-packages/oslo_config/cfg.py:3545}}
Aug 13 02:31:37.599411 np0000007139 nova-conductor[99087]: DEBUG cotyledon.oslo_config_glue [-] oslo_limit.status_code_retries = None {{(pid=99087) log_opt_values /opt/stack/data/venv/lib/python3.12/site-packages/oslo_config/cfg.py:3545}}
Aug 13 02:31:37.599437 np0000007139 nova-conductor[99087]: DEBUG cotyledon.oslo_config_glue [-] oslo_limit.status_code_retry_delay = None {{(pid=99087) log_opt_values /opt/stack/data/venv/lib/python3.12/site-packages/oslo_config/cfg.py:3545}}
Aug 13 02:31:37.599462 np0000007139 nova-conductor[99087]: DEBUG cotyledon.oslo_config_glue [-] oslo_limit.timeout = None {{(pid=99087) log_opt_values /opt/stack/data/venv/lib/python3.12/site-packages/oslo_config/cfg.py:3545}}
Aug 13 02:31:37.599504 np0000007139 nova-conductor[99087]: DEBUG cotyledon.oslo_config_glue [-] oslo_limit.valid_interfaces = None {{(pid=99087) log_opt_values /opt/stack/data/venv/lib/python3.12/site-packages/oslo_config/cfg.py:3545}}
Aug 13 02:31:37.599504 np0000007139 nova-conductor[99087]: DEBUG cotyledon.oslo_config_glue [-] oslo_limit.version = None {{(pid=99087) log_opt_values /opt/stack/data/venv/lib/python3.12/site-packages/oslo_config/cfg.py:3545}}
Aug 13 02:31:37.599574 np0000007139 nova-conductor[99087]: DEBUG cotyledon.oslo_config_glue [-] oslo_reports.file_event_handler = None {{(pid=99087) log_opt_values /opt/stack/data/venv/lib/python3.12/site-packages/oslo_config/cfg.py:3545}}
Aug 13 02:31:37.599599 np0000007139 nova-conductor[99087]: DEBUG cotyledon.oslo_config_glue [-] oslo_reports.file_event_handler_interval = 1 {{(pid=99087) log_opt_values /opt/stack/data/venv/lib/python3.12/site-packages/oslo_config/cfg.py:3545}}
Aug 13 02:31:37.599636 np0000007139 nova-conductor[99087]: DEBUG cotyledon.oslo_config_glue [-] oslo_reports.log_dir = None {{(pid=99087) log_opt_values /opt/stack/data/venv/lib/python3.12/site-packages/oslo_config/cfg.py:3545}}
Aug 13 02:31:37.599671 np0000007139 nova-conductor[99087]: DEBUG cotyledon.oslo_config_glue [-] ******************************************************************************** {{(pid=99087) log_opt_values /opt/stack/data/venv/lib/python3.12/site-packages/oslo_config/cfg.py:3552}}
Aug 13 02:31:37.599831 np0000007139 nova-conductor[99087]: DEBUG cotyledon._service_worker [-] Run service ServiceWrapper(3) [99087] {{(pid=99087) wait_forever /opt/stack/data/venv/lib/python3.12/site-packages/cotyledon/_service_worker.py:218}}
Aug 13 02:31:37.601025 np0000007139 nova-conductor[99087]: INFO nova.service [-] Starting conductor node (version 33.1.0)
Aug 13 02:31:37.605402 np0000007139 nova-conductor[99087]: INFO dbcounter [None req-2acb320d-3ef0-48b2-ae39-1a1106ed7e7f None None] Registered counter for database nova_cell0
Aug 13 02:31:37.607576 np0000007139 nova-conductor[99069]: DEBUG dbcounter [-] [99069] Writer thread running {{(pid=99069) stat_writer /opt/stack/data/venv/lib/python3.12/site-packages/dbcounter.py:102}}
Aug 13 02:31:37.609136 np0000007139 nova-conductor[99077]: DEBUG oslo_db.sqlalchemy.engines [None req-dfc87af5-daff-451f-867f-7efcdd2b1b2a None None] MySQL server mode set to STRICT_TRANS_TABLES,STRICT_ALL_TABLES,NO_ZERO_IN_DATE,NO_ZERO_DATE,ERROR_FOR_DIVISION_BY_ZERO,TRADITIONAL,NO_ENGINE_SUBSTITUTION {{(pid=99077) _check_effective_sql_mode /opt/stack/data/venv/lib/python3.12/site-packages/oslo_db/sqlalchemy/engines.py:325}}
Aug 13 02:31:37.619375 np0000007139 nova-conductor[99077]: DEBUG dbcounter [-] [99077] Writer thread running {{(pid=99077) stat_writer /opt/stack/data/venv/lib/python3.12/site-packages/dbcounter.py:102}}
Aug 13 02:31:37.626106 np0000007139 nova-conductor[99069]: DEBUG nova.service [None req-5cc6cc28-3111-494e-b609-e2f0f2f83e60 None None] Creating RPC server for service: nova-conductor on topic: conductor {{(pid=99069) start /opt/stack/nova/nova/service.py:196}}
Aug 13 02:31:37.637764 np0000007139 nova-conductor[99082]: DEBUG oslo_db.sqlalchemy.engines [None req-eb95a86e-4621-4742-a11f-40133d55f0d2 None None] MySQL server mode set to STRICT_TRANS_TABLES,STRICT_ALL_TABLES,NO_ZERO_IN_DATE,NO_ZERO_DATE,ERROR_FOR_DIVISION_BY_ZERO,TRADITIONAL,NO_ENGINE_SUBSTITUTION {{(pid=99082) _check_effective_sql_mode /opt/stack/data/venv/lib/python3.12/site-packages/oslo_db/sqlalchemy/engines.py:325}}
Aug 13 02:31:37.641666 np0000007139 nova-conductor[99077]: DEBUG nova.service [None req-dfc87af5-daff-451f-867f-7efcdd2b1b2a None None] Creating RPC server for service: nova-conductor on topic: conductor {{(pid=99077) start /opt/stack/nova/nova/service.py:196}}
Aug 13 02:31:37.649168 np0000007139 nova-conductor[99082]: DEBUG dbcounter [-] [99082] Writer thread running {{(pid=99082) stat_writer /opt/stack/data/venv/lib/python3.12/site-packages/dbcounter.py:102}}
Aug 13 02:31:37.652274 np0000007139 nova-conductor[99069]: DEBUG nova.service [None req-5cc6cc28-3111-494e-b609-e2f0f2f83e60 None None] Join ServiceGroup membership for this service conductor {{(pid=99069) start /opt/stack/nova/nova/service.py:222}}
Aug 13 02:31:37.652454 np0000007139 nova-conductor[99082]: DEBUG nova.service [None req-eb95a86e-4621-4742-a11f-40133d55f0d2 None None] Creating RPC server for service: nova-conductor on topic: conductor {{(pid=99082) start /opt/stack/nova/nova/service.py:196}}
Aug 13 02:31:37.652599 np0000007139 nova-conductor[99069]: DEBUG nova.servicegroup.drivers.db [None req-5cc6cc28-3111-494e-b609-e2f0f2f83e60 None None] DB_Driver: join new ServiceGroup member np0000007139 to the conductor group, service = {{(pid=99069) join /opt/stack/nova/nova/servicegroup/drivers/db.py:44}}
Aug 13 02:31:37.656637 np0000007139 nova-conductor[99087]: DEBUG oslo_db.sqlalchemy.engines [None req-2acb320d-3ef0-48b2-ae39-1a1106ed7e7f None None] MySQL server mode set to STRICT_TRANS_TABLES,STRICT_ALL_TABLES,NO_ZERO_IN_DATE,NO_ZERO_DATE,ERROR_FOR_DIVISION_BY_ZERO,TRADITIONAL,NO_ENGINE_SUBSTITUTION {{(pid=99087) _check_effective_sql_mode /opt/stack/data/venv/lib/python3.12/site-packages/oslo_db/sqlalchemy/engines.py:325}}
Aug 13 02:31:37.660895 np0000007139 nova-conductor[99077]: DEBUG nova.service [None req-dfc87af5-daff-451f-867f-7efcdd2b1b2a None None] Join ServiceGroup membership for this service conductor {{(pid=99077) start /opt/stack/nova/nova/service.py:222}}
Aug 13 02:31:37.661541 np0000007139 nova-conductor[99077]: DEBUG nova.servicegroup.drivers.db [None req-dfc87af5-daff-451f-867f-7efcdd2b1b2a None None] DB_Driver: join new ServiceGroup member np0000007139 to the conductor group, service = {{(pid=99077) join /opt/stack/nova/nova/servicegroup/drivers/db.py:44}}
Aug 13 02:31:37.665862 np0000007139 nova-conductor[99087]: DEBUG dbcounter [-] [99087] Writer thread running {{(pid=99087) stat_writer /opt/stack/data/venv/lib/python3.12/site-packages/dbcounter.py:102}}
Aug 13 02:31:37.668616 np0000007139 nova-conductor[99087]: DEBUG nova.service [None req-2acb320d-3ef0-48b2-ae39-1a1106ed7e7f None None] Creating RPC server for service: nova-conductor on topic: conductor {{(pid=99087) start /opt/stack/nova/nova/service.py:196}}
Aug 13 02:31:37.669539 np0000007139 nova-conductor[99082]: DEBUG nova.service [None req-eb95a86e-4621-4742-a11f-40133d55f0d2 None None] Join ServiceGroup membership for this service conductor {{(pid=99082) start /opt/stack/nova/nova/service.py:222}}
Aug 13 02:31:37.669730 np0000007139 nova-conductor[99082]: DEBUG nova.servicegroup.drivers.db [None req-eb95a86e-4621-4742-a11f-40133d55f0d2 None None] DB_Driver: join new ServiceGroup member np0000007139 to the conductor group, service = {{(pid=99082) join /opt/stack/nova/nova/servicegroup/drivers/db.py:44}}
Aug 13 02:31:37.684639 np0000007139 nova-conductor[99087]: DEBUG nova.service [None req-2acb320d-3ef0-48b2-ae39-1a1106ed7e7f None None] Join ServiceGroup membership for this service conductor {{(pid=99087) start /opt/stack/nova/nova/service.py:222}}
Aug 13 02:31:37.684797 np0000007139 nova-conductor[99087]: DEBUG nova.servicegroup.drivers.db [None req-2acb320d-3ef0-48b2-ae39-1a1106ed7e7f None None] DB_Driver: join new ServiceGroup member np0000007139 to the conductor group, service = {{(pid=99087) join /opt/stack/nova/nova/servicegroup/drivers/db.py:44}}
Aug 13 02:31:42.667767 np0000007139 nova-conductor[99069]: DEBUG oslo.service.backend._threading.loopingcall [-] Fixed interval looping call 'nova.servicegroup.drivers.db.DbDriver._report_state' sleeping for 119.99 seconds {{(pid=99069) _run_loop /opt/stack/data/venv/lib/python3.12/site-packages/oslo_service/backend/_threading/loopingcall.py:125}}
Aug 13 02:31:42.671943 np0000007139 nova-conductor[99077]: DEBUG oslo.service.backend._threading.loopingcall [-] Fixed interval looping call 'nova.servicegroup.drivers.db.DbDriver._report_state' sleeping for 119.99 seconds {{(pid=99077) _run_loop /opt/stack/data/venv/lib/python3.12/site-packages/oslo_service/backend/_threading/loopingcall.py:125}}
Aug 13 02:31:42.693170 np0000007139 nova-conductor[99082]: DEBUG oslo.service.backend._threading.loopingcall [-] Fixed interval looping call 'nova.servicegroup.drivers.db.DbDriver._report_state' sleeping for 119.98 seconds {{(pid=99082) _run_loop /opt/stack/data/venv/lib/python3.12/site-packages/oslo_service/backend/_threading/loopingcall.py:125}}
Aug 13 02:31:42.696176 np0000007139 nova-conductor[99087]: DEBUG oslo.service.backend._threading.loopingcall [-] Fixed interval looping call 'nova.servicegroup.drivers.db.DbDriver._report_state' sleeping for 119.99 seconds {{(pid=99087) _run_loop /opt/stack/data/venv/lib/python3.12/site-packages/oslo_service/backend/_threading/loopingcall.py:125}}
Aug 13 02:31:46.229074 np0000007139 nova-conductor[97574]: DEBUG dbcounter [-] [97574] Writing DB stats nova_api:SELECT=1 {{(pid=97574) stat_writer /opt/stack/data/venv/lib/python3.12/site-packages/dbcounter.py:115}}
Aug 13 02:31:46.361394 np0000007139 nova-conductor[97574]: DEBUG dbcounter [-] [97574] Writing DB stats nova_cell0:SELECT=1 {{(pid=97574) stat_writer /opt/stack/data/venv/lib/python3.12/site-packages/dbcounter.py:115}}
Aug 13 02:31:46.367379 np0000007139 nova-conductor[97574]: DEBUG dbcounter [-] [97574] Writing DB stats nova_cell1:SELECT=1 {{(pid=97574) stat_writer /opt/stack/data/venv/lib/python3.12/site-packages/dbcounter.py:115}}
Aug 13 02:31:52.664471 np0000007139 nova-conductor[99069]: DEBUG dbcounter [-] [99069] Writing DB stats nova_cell0:SELECT=4,nova_cell0:INSERT=1,nova_cell0:UPDATE=1 {{(pid=99069) stat_writer /opt/stack/data/venv/lib/python3.12/site-packages/dbcounter.py:115}}
Aug 13 02:31:52.669388 np0000007139 nova-conductor[99077]: DEBUG dbcounter [-] [99077] Writing DB stats nova_cell0:SELECT=4,nova_cell0:INSERT=1,nova_cell0:UPDATE=1 {{(pid=99077) stat_writer /opt/stack/data/venv/lib/python3.12/site-packages/dbcounter.py:115}}
Aug 13 02:31:52.686551 np0000007139 nova-conductor[99082]: DEBUG dbcounter [-] [99082] Writing DB stats nova_cell0:SELECT=3 {{(pid=99082) stat_writer /opt/stack/data/venv/lib/python3.12/site-packages/dbcounter.py:115}}
Aug 13 02:31:52.692575 np0000007139 nova-conductor[99087]: DEBUG dbcounter [-] [99087] Writing DB stats nova_cell0:SELECT=3 {{(pid=99087) stat_writer /opt/stack/data/venv/lib/python3.12/site-packages/dbcounter.py:115}}
Aug 13 02:32:18.663747 np0000007139 nova-conductor[99077]: DEBUG oslo.service.backend._threading.loopingcall [None req-34670a75-bc5b-451e-bc85-3e12a348214c None None] Dynamic interval looping call 'nova.service.Service.periodic_tasks' sleeping for 60.00 seconds {{(pid=99077) _run_loop /opt/stack/data/venv/lib/python3.12/site-packages/oslo_service/backend/_threading/loopingcall.py:125}}
Aug 13 02:32:19.655070 np0000007139 nova-conductor[99069]: DEBUG oslo.service.backend._threading.loopingcall [None req-07dd1f55-5849-48d2-8d2a-4d7bae0e8190 None None] Dynamic interval looping call 'nova.service.Service.periodic_tasks' sleeping for 60.00 seconds {{(pid=99069) _run_loop /opt/stack/data/venv/lib/python3.12/site-packages/oslo_service/backend/_threading/loopingcall.py:125}}
Aug 13 02:32:33.671756 np0000007139 nova-conductor[99082]: DEBUG oslo.service.backend._threading.loopingcall [None req-7480c9fa-07ca-49f8-a503-684bdb866a93 None None] Dynamic interval looping call 'nova.service.Service.periodic_tasks' sleeping for 60.00 seconds {{(pid=99082) _run_loop /opt/stack/data/venv/lib/python3.12/site-packages/oslo_service/backend/_threading/loopingcall.py:125}}
Aug 13 02:32:36.686863 np0000007139 nova-conductor[99087]: DEBUG oslo.service.backend._threading.loopingcall [None req-43f5d910-07e4-45f2-bf1b-41bed5524899 None None] Dynamic interval looping call 'nova.service.Service.periodic_tasks' sleeping for 60.00 seconds {{(pid=99087) _run_loop /opt/stack/data/venv/lib/python3.12/site-packages/oslo_service/backend/_threading/loopingcall.py:125}}
Aug 13 02:33:18.664281 np0000007139 nova-conductor[99077]: DEBUG oslo.service.backend._threading.loopingcall [None req-34670a75-bc5b-451e-bc85-3e12a348214c None None] Dynamic interval looping call 'nova.service.Service.periodic_tasks' sleeping for 60.00 seconds {{(pid=99077) _run_loop /opt/stack/data/venv/lib/python3.12/site-packages/oslo_service/backend/_threading/loopingcall.py:125}}
Aug 13 02:33:19.655622 np0000007139 nova-conductor[99069]: DEBUG oslo.service.backend._threading.loopingcall [None req-07dd1f55-5849-48d2-8d2a-4d7bae0e8190 None None] Dynamic interval looping call 'nova.service.Service.periodic_tasks' sleeping for 60.00 seconds {{(pid=99069) _run_loop /opt/stack/data/venv/lib/python3.12/site-packages/oslo_service/backend/_threading/loopingcall.py:125}}
Aug 13 02:33:33.672557 np0000007139 nova-conductor[99082]: DEBUG oslo.service.backend._threading.loopingcall [None req-7480c9fa-07ca-49f8-a503-684bdb866a93 None None] Dynamic interval looping call 'nova.service.Service.periodic_tasks' sleeping for 60.00 seconds {{(pid=99082) _run_loop /opt/stack/data/venv/lib/python3.12/site-packages/oslo_service/backend/_threading/loopingcall.py:125}}
Aug 13 02:33:36.687695 np0000007139 nova-conductor[99087]: DEBUG oslo.service.backend._threading.loopingcall [None req-43f5d910-07e4-45f2-bf1b-41bed5524899 None None] Dynamic interval looping call 'nova.service.Service.periodic_tasks' sleeping for 60.00 seconds {{(pid=99087) _run_loop /opt/stack/data/venv/lib/python3.12/site-packages/oslo_service/backend/_threading/loopingcall.py:125}}
Aug 13 02:33:42.665865 np0000007139 nova-conductor[99069]: DEBUG oslo.service.backend._threading.loopingcall [-] Fixed interval looping call 'nova.servicegroup.drivers.db.DbDriver._report_state' sleeping for 119.99 seconds {{(pid=99069) _run_loop /opt/stack/data/venv/lib/python3.12/site-packages/oslo_service/backend/_threading/loopingcall.py:125}}
Aug 13 02:33:42.666329 np0000007139 nova-conductor[99077]: DEBUG oslo.service.backend._threading.loopingcall [-] Fixed interval looping call 'nova.servicegroup.drivers.db.DbDriver._report_state' sleeping for 120.00 seconds {{(pid=99077) _run_loop /opt/stack/data/venv/lib/python3.12/site-packages/oslo_service/backend/_threading/loopingcall.py:125}}
Aug 13 02:33:42.677736 np0000007139 nova-conductor[99082]: DEBUG oslo.service.backend._threading.loopingcall [-] Fixed interval looping call 'nova.servicegroup.drivers.db.DbDriver._report_state' sleeping for 120.00 seconds {{(pid=99082) _run_loop /opt/stack/data/venv/lib/python3.12/site-packages/oslo_service/backend/_threading/loopingcall.py:125}}
Aug 13 02:33:42.690088 np0000007139 nova-conductor[99087]: DEBUG oslo.service.backend._threading.loopingcall [-] Fixed interval looping call 'nova.servicegroup.drivers.db.DbDriver._report_state' sleeping for 120.00 seconds {{(pid=99087) _run_loop /opt/stack/data/venv/lib/python3.12/site-packages/oslo_service/backend/_threading/loopingcall.py:125}}
Aug 13 02:33:52.661966 np0000007139 nova-conductor[99069]: DEBUG dbcounter [-] [99069] Writing DB stats nova_cell0:SELECT=1,nova_cell0:UPDATE=1 {{(pid=99069) stat_writer /opt/stack/data/venv/lib/python3.12/site-packages/dbcounter.py:115}}
Aug 13 02:33:52.665389 np0000007139 nova-conductor[99077]: DEBUG dbcounter [-] [99077] Writing DB stats nova_cell0:SELECT=1,nova_cell0:UPDATE=1 {{(pid=99077) stat_writer /opt/stack/data/venv/lib/python3.12/site-packages/dbcounter.py:115}}
Aug 13 02:33:52.676471 np0000007139 nova-conductor[99082]: DEBUG dbcounter [-] [99082] Writing DB stats nova_cell0:SELECT=1 {{(pid=99082) stat_writer /opt/stack/data/venv/lib/python3.12/site-packages/dbcounter.py:115}}
Aug 13 02:33:52.688423 np0000007139 nova-conductor[99087]: DEBUG dbcounter [-] [99087] Writing DB stats nova_cell0:SELECT=1 {{(pid=99087) stat_writer /opt/stack/data/venv/lib/python3.12/site-packages/dbcounter.py:115}}
Aug 13 02:34:03.321979 np0000007139 nova-conductor[99069]: DEBUG oslo_db.sqlalchemy.engines [None req-f074e8a8-f55f-4de5-a111-1d4c4ac5bb58 tempest-AttachVolumeNegativeTest-646148662 tempest-AttachVolumeNegativeTest-646148662-project-member] Parent process 97574 forked (99069) with an open database connection, which is being discarded and recreated. {{(pid=99069) checkout /opt/stack/data/venv/lib/python3.12/site-packages/oslo_db/sqlalchemy/engines.py:402}}
Aug 13 02:34:03.374656 np0000007139 nova-conductor[99069]: DEBUG dbcounter [-] [99069] Writer thread running {{(pid=99069) stat_writer /opt/stack/data/venv/lib/python3.12/site-packages/dbcounter.py:102}}
Aug 13 02:34:03.418186 np0000007139 nova-conductor[99077]: DEBUG dbcounter [-] [99077] Writer thread running {{(pid=99077) stat_writer /opt/stack/data/venv/lib/python3.12/site-packages/dbcounter.py:102}}
Aug 13 02:34:03.520564 np0000007139 nova-conductor[99082]: DEBUG dbcounter [-] [99082] Writer thread running {{(pid=99082) stat_writer /opt/stack/data/venv/lib/python3.12/site-packages/dbcounter.py:102}}
Aug 13 02:34:04.502899 np0000007139 nova-conductor[99077]: DEBUG nova.conductor.manager [None req-a24870c5-2d5f-437b-a223-03eae633bbbc tempest-ServerActionsTestOtherB-753322234 tempest-ServerActionsTestOtherB-753322234-project-member] Took 1.08 seconds to select destinations for 1 instance(s). {{(pid=99077) _schedule_instances /opt/stack/nova/nova/conductor/manager.py:968}}
Aug 13 02:34:04.542340 np0000007139 nova-conductor[99077]: DEBUG oslo_concurrency.lockutils [None req-a24870c5-2d5f-437b-a223-03eae633bbbc tempest-ServerActionsTestOtherB-753322234 tempest-ServerActionsTestOtherB-753322234-project-member] Acquiring lock "e951cc4d-17e0-49c7-880d-dfd5efedaa08" by "nova.context.set_target_cell..get_or_set_cached_cell_and_set_connections" {{(pid=99077) inner /opt/stack/data/venv/lib/python3.12/site-packages/oslo_concurrency/lockutils.py:512}}
Aug 13 02:34:04.542672 np0000007139 nova-conductor[99077]: DEBUG oslo_concurrency.lockutils [None req-a24870c5-2d5f-437b-a223-03eae633bbbc tempest-ServerActionsTestOtherB-753322234 tempest-ServerActionsTestOtherB-753322234-project-member] Lock "e951cc4d-17e0-49c7-880d-dfd5efedaa08" acquired by "nova.context.set_target_cell..get_or_set_cached_cell_and_set_connections" :: waited 0.000s {{(pid=99077) inner /opt/stack/data/venv/lib/python3.12/site-packages/oslo_concurrency/lockutils.py:525}}
Aug 13 02:34:04.544207 np0000007139 nova-conductor[99077]: DEBUG oslo_concurrency.lockutils [None req-a24870c5-2d5f-437b-a223-03eae633bbbc tempest-ServerActionsTestOtherB-753322234 tempest-ServerActionsTestOtherB-753322234-project-member] Lock "e951cc4d-17e0-49c7-880d-dfd5efedaa08" "released" by "nova.context.set_target_cell..get_or_set_cached_cell_and_set_connections" :: held 0.001s {{(pid=99077) inner /opt/stack/data/venv/lib/python3.12/site-packages/oslo_concurrency/lockutils.py:544}}
Aug 13 02:34:04.546705 np0000007139 nova-conductor[99077]: INFO dbcounter [None req-a24870c5-2d5f-437b-a223-03eae633bbbc tempest-ServerActionsTestOtherB-753322234 tempest-ServerActionsTestOtherB-753322234-project-member] Registered counter for database nova_cell1
Aug 13 02:34:04.602595 np0000007139 nova-conductor[99077]: DEBUG oslo_db.sqlalchemy.engines [None req-a24870c5-2d5f-437b-a223-03eae633bbbc tempest-ServerActionsTestOtherB-753322234 tempest-ServerActionsTestOtherB-753322234-project-member] MySQL server mode set to STRICT_TRANS_TABLES,STRICT_ALL_TABLES,NO_ZERO_IN_DATE,NO_ZERO_DATE,ERROR_FOR_DIVISION_BY_ZERO,TRADITIONAL,NO_ENGINE_SUBSTITUTION {{(pid=99077) _check_effective_sql_mode /opt/stack/data/venv/lib/python3.12/site-packages/oslo_db/sqlalchemy/engines.py:325}}
Aug 13 02:34:04.612972 np0000007139 nova-conductor[99077]: DEBUG dbcounter [-] [99077] Writer thread running {{(pid=99077) stat_writer /opt/stack/data/venv/lib/python3.12/site-packages/dbcounter.py:102}}
Aug 13 02:34:04.715077 np0000007139 nova-conductor[99077]: INFO nova.utils [None req-a24870c5-2d5f-437b-a223-03eae633bbbc tempest-ServerActionsTestOtherB-753322234 tempest-ServerActionsTestOtherB-753322234-project-member] The cell worker thread pool ForkProcess-2.cell_worker is initialized
Aug 13 02:34:04.715389 np0000007139 nova-conductor[99077]: DEBUG oslo_concurrency.lockutils [None req-a24870c5-2d5f-437b-a223-03eae633bbbc tempest-ServerActionsTestOtherB-753322234 tempest-ServerActionsTestOtherB-753322234-project-member] Acquiring lock "00000000-0000-0000-0000-000000000000" by "nova.context.set_target_cell..get_or_set_cached_cell_and_set_connections" {{(pid=99077) inner /opt/stack/data/venv/lib/python3.12/site-packages/oslo_concurrency/lockutils.py:512}}
Aug 13 02:34:04.715848 np0000007139 nova-conductor[99077]: DEBUG oslo_concurrency.lockutils [None req-a24870c5-2d5f-437b-a223-03eae633bbbc tempest-ServerActionsTestOtherB-753322234 tempest-ServerActionsTestOtherB-753322234-project-member] Lock "00000000-0000-0000-0000-000000000000" acquired by "nova.context.set_target_cell..get_or_set_cached_cell_and_set_connections" :: waited 0.000s {{(pid=99077) inner /opt/stack/data/venv/lib/python3.12/site-packages/oslo_concurrency/lockutils.py:525}}
Aug 13 02:34:04.716057 np0000007139 nova-conductor[99077]: DEBUG oslo_concurrency.lockutils [None req-a24870c5-2d5f-437b-a223-03eae633bbbc tempest-ServerActionsTestOtherB-753322234 tempest-ServerActionsTestOtherB-753322234-project-member] Lock "00000000-0000-0000-0000-000000000000" "released" by "nova.context.set_target_cell..get_or_set_cached_cell_and_set_connections" :: held 0.000s {{(pid=99077) inner /opt/stack/data/venv/lib/python3.12/site-packages/oslo_concurrency/lockutils.py:544}}
Aug 13 02:34:04.717072 np0000007139 nova-conductor[99077]: DEBUG oslo_concurrency.lockutils [None req-a24870c5-2d5f-437b-a223-03eae633bbbc tempest-ServerActionsTestOtherB-753322234 tempest-ServerActionsTestOtherB-753322234-project-member] Acquiring lock "e951cc4d-17e0-49c7-880d-dfd5efedaa08" by "nova.context.set_target_cell..get_or_set_cached_cell_and_set_connections" {{(pid=99077) inner /opt/stack/data/venv/lib/python3.12/site-packages/oslo_concurrency/lockutils.py:512}}
Aug 13 02:34:04.717072 np0000007139 nova-conductor[99077]: DEBUG oslo_concurrency.lockutils [None req-a24870c5-2d5f-437b-a223-03eae633bbbc tempest-ServerActionsTestOtherB-753322234 tempest-ServerActionsTestOtherB-753322234-project-member] Lock "e951cc4d-17e0-49c7-880d-dfd5efedaa08" acquired by "nova.context.set_target_cell..get_or_set_cached_cell_and_set_connections" :: waited 0.000s {{(pid=99077) inner /opt/stack/data/venv/lib/python3.12/site-packages/oslo_concurrency/lockutils.py:525}}
Aug 13 02:34:04.717072 np0000007139 nova-conductor[99077]: DEBUG oslo_concurrency.lockutils [None req-a24870c5-2d5f-437b-a223-03eae633bbbc tempest-ServerActionsTestOtherB-753322234 tempest-ServerActionsTestOtherB-753322234-project-member] Lock "e951cc4d-17e0-49c7-880d-dfd5efedaa08" "released" by "nova.context.set_target_cell..get_or_set_cached_cell_and_set_connections" :: held 0.000s {{(pid=99077) inner /opt/stack/data/venv/lib/python3.12/site-packages/oslo_concurrency/lockutils.py:544}}
Aug 13 02:34:04.718732 np0000007139 nova-conductor[99077]: INFO dbcounter [None req-a24870c5-2d5f-437b-a223-03eae633bbbc tempest-ServerActionsTestOtherB-753322234 tempest-ServerActionsTestOtherB-753322234-project-member] Registered counter for database nova_cell0
