Jun 29 20:48:20.188991 np0000003929 nova-scheduler[93226]: DEBUG cotyledon.oslo_config_glue [-] oslo_limit.auth_section = None {{(pid=93226) log_opt_values /opt/stack/data/venv/lib/python3.12/site-packages/oslo_config/cfg.py:3253}}
Jun 29 20:48:20.188991 np0000003929 nova-scheduler[93226]: DEBUG cotyledon.oslo_config_glue [-] oslo_limit.auth_type = None {{(pid=93226) log_opt_values /opt/stack/data/venv/lib/python3.12/site-packages/oslo_config/cfg.py:3253}}
Jun 29 20:48:20.188991 np0000003929 nova-scheduler[93226]: DEBUG cotyledon.oslo_config_glue [-] oslo_limit.cafile = None {{(pid=93226) log_opt_values /opt/stack/data/venv/lib/python3.12/site-packages/oslo_config/cfg.py:3253}}
Jun 29 20:48:20.188991 np0000003929 nova-scheduler[93226]: DEBUG cotyledon.oslo_config_glue [-] oslo_limit.certfile = None {{(pid=93226) log_opt_values /opt/stack/data/venv/lib/python3.12/site-packages/oslo_config/cfg.py:3253}}
Jun 29 20:48:20.188991 np0000003929 nova-scheduler[93226]: DEBUG cotyledon.oslo_config_glue [-] oslo_limit.collect_timing = False {{(pid=93226) log_opt_values /opt/stack/data/venv/lib/python3.12/site-packages/oslo_config/cfg.py:3253}}
Jun 29 20:48:20.188991 np0000003929 nova-scheduler[93226]: DEBUG cotyledon.oslo_config_glue [-] oslo_limit.connect_retries = None {{(pid=93226) log_opt_values /opt/stack/data/venv/lib/python3.12/site-packages/oslo_config/cfg.py:3253}}
Jun 29 20:48:20.188991 np0000003929 nova-scheduler[93226]: DEBUG cotyledon.oslo_config_glue [-] oslo_limit.connect_retry_delay = None {{(pid=93226) log_opt_values /opt/stack/data/venv/lib/python3.12/site-packages/oslo_config/cfg.py:3253}}
Jun 29 20:48:20.189320 np0000003929 nova-scheduler[93226]: DEBUG cotyledon.oslo_config_glue [-] oslo_limit.endpoint_id = None {{(pid=93226) log_opt_values /opt/stack/data/venv/lib/python3.12/site-packages/oslo_config/cfg.py:3253}}
Jun 29 20:48:20.189320 np0000003929 nova-scheduler[93226]: DEBUG cotyledon.oslo_config_glue [-] oslo_limit.endpoint_interface = public {{(pid=93226) log_opt_values /opt/stack/data/venv/lib/python3.12/site-packages/oslo_config/cfg.py:3253}}
Jun 29 20:48:20.189320 np0000003929 nova-scheduler[93226]: DEBUG cotyledon.oslo_config_glue [-] oslo_limit.endpoint_override = None {{(pid=93226) log_opt_values /opt/stack/data/venv/lib/python3.12/site-packages/oslo_config/cfg.py:3253}}
Jun 29 20:48:20.189320 np0000003929 nova-scheduler[93226]: DEBUG cotyledon.oslo_config_glue [-] oslo_limit.endpoint_region_name = None {{(pid=93226) log_opt_values /opt/stack/data/venv/lib/python3.12/site-packages/oslo_config/cfg.py:3253}}
Jun 29 20:48:20.189320 np0000003929 nova-scheduler[93226]: DEBUG cotyledon.oslo_config_glue [-] oslo_limit.endpoint_service_name = None {{(pid=93226) log_opt_values /opt/stack/data/venv/lib/python3.12/site-packages/oslo_config/cfg.py:3253}}
Jun 29 20:48:20.189320 np0000003929 nova-scheduler[93226]: DEBUG cotyledon.oslo_config_glue [-] oslo_limit.endpoint_service_type = None {{(pid=93226) log_opt_values /opt/stack/data/venv/lib/python3.12/site-packages/oslo_config/cfg.py:3253}}
Jun 29 20:48:20.189320 np0000003929 nova-scheduler[93226]: DEBUG cotyledon.oslo_config_glue [-] oslo_limit.insecure = False {{(pid=93226) log_opt_values /opt/stack/data/venv/lib/python3.12/site-packages/oslo_config/cfg.py:3253}}
Jun 29 20:48:20.189320 np0000003929 nova-scheduler[93226]: DEBUG cotyledon.oslo_config_glue [-] oslo_limit.keyfile = None {{(pid=93226) log_opt_values /opt/stack/data/venv/lib/python3.12/site-packages/oslo_config/cfg.py:3253}}
Jun 29 20:48:20.189320 np0000003929 nova-scheduler[93226]: DEBUG cotyledon.oslo_config_glue [-] oslo_limit.max_version = None {{(pid=93226) log_opt_values /opt/stack/data/venv/lib/python3.12/site-packages/oslo_config/cfg.py:3253}}
Jun 29 20:48:20.189612 np0000003929 nova-scheduler[93226]: DEBUG cotyledon.oslo_config_glue [-] oslo_limit.min_version = None {{(pid=93226) log_opt_values /opt/stack/data/venv/lib/python3.12/site-packages/oslo_config/cfg.py:3253}}
Jun 29 20:48:20.189612 np0000003929 nova-scheduler[93226]: DEBUG cotyledon.oslo_config_glue [-] oslo_limit.region_name = None {{(pid=93226) log_opt_values /opt/stack/data/venv/lib/python3.12/site-packages/oslo_config/cfg.py:3253}}
Jun 29 20:48:20.189687 np0000003929 nova-scheduler[93224]: INFO dbcounter [None req-1402d5a0-3502-4d23-b1b0-f199b7efc8ef None None] Registered counter for database nova_cell0
Jun 29 20:48:20.189735 np0000003929 nova-scheduler[93226]: DEBUG cotyledon.oslo_config_glue [-] oslo_limit.retriable_status_codes = None {{(pid=93226) log_opt_values /opt/stack/data/venv/lib/python3.12/site-packages/oslo_config/cfg.py:3253}}
Jun 29 20:48:20.189735 np0000003929 nova-scheduler[93226]: DEBUG cotyledon.oslo_config_glue [-] oslo_limit.service_name = None {{(pid=93226) log_opt_values /opt/stack/data/venv/lib/python3.12/site-packages/oslo_config/cfg.py:3253}}
Jun 29 20:48:20.189735 np0000003929 nova-scheduler[93226]: DEBUG cotyledon.oslo_config_glue [-] oslo_limit.service_type = None {{(pid=93226) log_opt_values /opt/stack/data/venv/lib/python3.12/site-packages/oslo_config/cfg.py:3253}}
Jun 29 20:48:20.189735 np0000003929 nova-scheduler[93226]: DEBUG cotyledon.oslo_config_glue [-] oslo_limit.split_loggers = False {{(pid=93226) log_opt_values /opt/stack/data/venv/lib/python3.12/site-packages/oslo_config/cfg.py:3253}}
Jun 29 20:48:20.189735 np0000003929 nova-scheduler[93226]: DEBUG cotyledon.oslo_config_glue [-] oslo_limit.status_code_retries = None {{(pid=93226) log_opt_values /opt/stack/data/venv/lib/python3.12/site-packages/oslo_config/cfg.py:3253}}
Jun 29 20:48:20.189735 np0000003929 nova-scheduler[93226]: DEBUG cotyledon.oslo_config_glue [-] oslo_limit.status_code_retry_delay = None {{(pid=93226) log_opt_values /opt/stack/data/venv/lib/python3.12/site-packages/oslo_config/cfg.py:3253}}
Jun 29 20:48:20.189735 np0000003929 nova-scheduler[93226]: DEBUG cotyledon.oslo_config_glue [-] oslo_limit.timeout = None {{(pid=93226) log_opt_values /opt/stack/data/venv/lib/python3.12/site-packages/oslo_config/cfg.py:3253}}
Jun 29 20:48:20.189735 np0000003929 nova-scheduler[93226]: DEBUG cotyledon.oslo_config_glue [-] oslo_limit.valid_interfaces = None {{(pid=93226) log_opt_values /opt/stack/data/venv/lib/python3.12/site-packages/oslo_config/cfg.py:3253}}
Jun 29 20:48:20.189735 np0000003929 nova-scheduler[93226]: DEBUG cotyledon.oslo_config_glue [-] oslo_limit.version = None {{(pid=93226) log_opt_values /opt/stack/data/venv/lib/python3.12/site-packages/oslo_config/cfg.py:3253}}
Jun 29 20:48:20.190014 np0000003929 nova-scheduler[93226]: DEBUG cotyledon.oslo_config_glue [-] oslo_reports.file_event_handler = None {{(pid=93226) log_opt_values /opt/stack/data/venv/lib/python3.12/site-packages/oslo_config/cfg.py:3253}}
Jun 29 20:48:20.190014 np0000003929 nova-scheduler[93226]: DEBUG cotyledon.oslo_config_glue [-] oslo_reports.file_event_handler_interval = 1 {{(pid=93226) log_opt_values /opt/stack/data/venv/lib/python3.12/site-packages/oslo_config/cfg.py:3253}}
Jun 29 20:48:20.190014 np0000003929 nova-scheduler[93226]: DEBUG cotyledon.oslo_config_glue [-] oslo_reports.log_dir = None {{(pid=93226) log_opt_values /opt/stack/data/venv/lib/python3.12/site-packages/oslo_config/cfg.py:3253}}
Jun 29 20:48:20.190014 np0000003929 nova-scheduler[93226]: DEBUG cotyledon.oslo_config_glue [-] ******************************************************************************** {{(pid=93226) log_opt_values /opt/stack/data/venv/lib/python3.12/site-packages/oslo_config/cfg.py:3260}}
Jun 29 20:48:20.190014 np0000003929 nova-scheduler[93226]: DEBUG cotyledon._service_worker [-] Run service ServiceWrapper(2) [93226] {{(pid=93226) wait_forever /opt/stack/data/venv/lib/python3.12/site-packages/cotyledon/_service_worker.py:218}}
Jun 29 20:48:20.190014 np0000003929 nova-scheduler[93226]: INFO nova.service [-] Starting scheduler node (version 33.1.0)
Jun 29 20:48:20.190014 np0000003929 nova-scheduler[93226]: INFO dbcounter [None req-3c7c3057-2817-4836-85c4-dde12d91bd9b None None] Registered counter for database nova_cell0
Jun 29 20:48:20.190265 np0000003929 nova-scheduler[93222]: DEBUG oslo_db.sqlalchemy.engines [None req-e2a5c250-a4f3-428e-a7ce-df67ddaf4a55 None None] MySQL server mode set to STRICT_TRANS_TABLES,STRICT_ALL_TABLES,NO_ZERO_IN_DATE,NO_ZERO_DATE,ERROR_FOR_DIVISION_BY_ZERO,TRADITIONAL,NO_ENGINE_SUBSTITUTION {{(pid=93222) _check_effective_sql_mode /opt/stack/data/venv/lib/python3.12/site-packages/oslo_db/sqlalchemy/engines.py:325}}
Jun 29 20:48:20.192076 np0000003929 nova-scheduler[93222]: DEBUG dbcounter [-] [93222] Writer thread running {{(pid=93222) stat_writer /opt/stack/data/venv/lib/python3.12/site-packages/dbcounter.py:102}}
Jun 29 20:48:20.209736 np0000003929 nova-scheduler[93224]: DEBUG oslo_db.sqlalchemy.engines [None req-1402d5a0-3502-4d23-b1b0-f199b7efc8ef None None] MySQL server mode set to STRICT_TRANS_TABLES,STRICT_ALL_TABLES,NO_ZERO_IN_DATE,NO_ZERO_DATE,ERROR_FOR_DIVISION_BY_ZERO,TRADITIONAL,NO_ENGINE_SUBSTITUTION {{(pid=93224) _check_effective_sql_mode /opt/stack/data/venv/lib/python3.12/site-packages/oslo_db/sqlalchemy/engines.py:325}}
Jun 29 20:48:20.214734 np0000003929 nova-scheduler[93222]: DEBUG nova.service [None req-e2a5c250-a4f3-428e-a7ce-df67ddaf4a55 None None] Creating RPC server for service: nova-scheduler on topic: scheduler {{(pid=93222) start /opt/stack/nova/nova/service.py:196}}
Jun 29 20:48:20.216971 np0000003929 nova-scheduler[93226]: DEBUG oslo_db.sqlalchemy.engines [None req-3c7c3057-2817-4836-85c4-dde12d91bd9b None None] MySQL server mode set to STRICT_TRANS_TABLES,STRICT_ALL_TABLES,NO_ZERO_IN_DATE,NO_ZERO_DATE,ERROR_FOR_DIVISION_BY_ZERO,TRADITIONAL,NO_ENGINE_SUBSTITUTION {{(pid=93226) _check_effective_sql_mode /opt/stack/data/venv/lib/python3.12/site-packages/oslo_db/sqlalchemy/engines.py:325}}
Jun 29 20:48:20.223625 np0000003929 nova-scheduler[93224]: DEBUG dbcounter [-] [93224] Writer thread running {{(pid=93224) stat_writer /opt/stack/data/venv/lib/python3.12/site-packages/dbcounter.py:102}}
Jun 29 20:48:20.228397 np0000003929 nova-scheduler[93224]: DEBUG nova.service [None req-1402d5a0-3502-4d23-b1b0-f199b7efc8ef None None] Creating RPC server for service: nova-scheduler on topic: scheduler {{(pid=93224) start /opt/stack/nova/nova/service.py:196}}
Jun 29 20:48:20.240740 np0000003929 nova-scheduler[93226]: DEBUG dbcounter [-] [93226] Writer thread running {{(pid=93226) stat_writer /opt/stack/data/venv/lib/python3.12/site-packages/dbcounter.py:102}}
Jun 29 20:48:20.243826 np0000003929 nova-scheduler[93226]: DEBUG nova.service [None req-3c7c3057-2817-4836-85c4-dde12d91bd9b None None] Creating RPC server for service: nova-scheduler on topic: scheduler {{(pid=93226) start /opt/stack/nova/nova/service.py:196}}
Jun 29 20:48:20.257883 np0000003929 nova-scheduler[93222]: DEBUG nova.service [None req-e2a5c250-a4f3-428e-a7ce-df67ddaf4a55 None None] Join ServiceGroup membership for this service scheduler {{(pid=93222) start /opt/stack/nova/nova/service.py:222}}
Jun 29 20:48:20.258099 np0000003929 nova-scheduler[93222]: DEBUG nova.servicegroup.drivers.db [None req-e2a5c250-a4f3-428e-a7ce-df67ddaf4a55 None None] DB_Driver: join new ServiceGroup member np0000003929 to the scheduler group, service = {{(pid=93222) join /opt/stack/nova/nova/servicegroup/drivers/db.py:44}}
Jun 29 20:48:20.258236 np0000003929 nova-scheduler[93224]: DEBUG nova.service [None req-1402d5a0-3502-4d23-b1b0-f199b7efc8ef None None] Join ServiceGroup membership for this service scheduler {{(pid=93224) start /opt/stack/nova/nova/service.py:222}}
Jun 29 20:48:20.258486 np0000003929 nova-scheduler[93224]: DEBUG nova.servicegroup.drivers.db [None req-1402d5a0-3502-4d23-b1b0-f199b7efc8ef None None] DB_Driver: join new ServiceGroup member np0000003929 to the scheduler group, service = {{(pid=93224) join /opt/stack/nova/nova/servicegroup/drivers/db.py:44}}
Jun 29 20:48:20.263250 np0000003929 nova-scheduler[93226]: DEBUG nova.service [None req-3c7c3057-2817-4836-85c4-dde12d91bd9b None None] Join ServiceGroup membership for this service scheduler {{(pid=93226) start /opt/stack/nova/nova/service.py:222}}
Jun 29 20:48:20.263490 np0000003929 nova-scheduler[93226]: DEBUG nova.servicegroup.drivers.db [None req-3c7c3057-2817-4836-85c4-dde12d91bd9b None None] DB_Driver: join new ServiceGroup member np0000003929 to the scheduler group, service = {{(pid=93226) join /opt/stack/nova/nova/servicegroup/drivers/db.py:44}}
Jun 29 20:48:25.277428 np0000003929 nova-scheduler[93224]: DEBUG oslo.service.backend._threading.loopingcall [-] Fixed interval looping call 'nova.servicegroup.drivers.db.DbDriver._report_state' sleeping for 119.98 seconds {{(pid=93224) _run_loop /opt/stack/data/venv/lib/python3.12/site-packages/oslo_service/backend/_threading/loopingcall.py:125}}
Jun 29 20:48:25.277846 np0000003929 nova-scheduler[93222]: DEBUG oslo.service.backend._threading.loopingcall [-] Fixed interval looping call 'nova.servicegroup.drivers.db.DbDriver._report_state' sleeping for 119.98 seconds {{(pid=93222) _run_loop /opt/stack/data/venv/lib/python3.12/site-packages/oslo_service/backend/_threading/loopingcall.py:125}}
Jun 29 20:48:25.285707 np0000003929 nova-scheduler[93226]: DEBUG oslo.service.backend._threading.loopingcall [-] Fixed interval looping call 'nova.servicegroup.drivers.db.DbDriver._report_state' sleeping for 119.98 seconds {{(pid=93226) _run_loop /opt/stack/data/venv/lib/python3.12/site-packages/oslo_service/backend/_threading/loopingcall.py:125}}
Jun 29 20:48:28.798512 np0000003929 nova-scheduler[92024]: DEBUG dbcounter [-] [92024] Writing DB stats nova_api:SELECT=3 {{(pid=92024) stat_writer /opt/stack/data/venv/lib/python3.12/site-packages/dbcounter.py:115}}
Jun 29 20:48:28.923561 np0000003929 nova-scheduler[92024]: DEBUG dbcounter [-] [92024] Writing DB stats nova_cell0:SELECT=1 {{(pid=92024) stat_writer /opt/stack/data/venv/lib/python3.12/site-packages/dbcounter.py:115}}
Jun 29 20:48:28.926947 np0000003929 nova-scheduler[92024]: DEBUG dbcounter [-] [92024] Writing DB stats nova_cell1:SELECT=1 {{(pid=92024) stat_writer /opt/stack/data/venv/lib/python3.12/site-packages/dbcounter.py:115}}
Jun 29 20:48:35.272442 np0000003929 nova-scheduler[93224]: DEBUG dbcounter [-] [93224] Writing DB stats nova_cell0:SELECT=3,nova_cell0:UPDATE=1 {{(pid=93224) stat_writer /opt/stack/data/venv/lib/python3.12/site-packages/dbcounter.py:115}}
Jun 29 20:48:35.273973 np0000003929 nova-scheduler[93222]: DEBUG dbcounter [-] [93222] Writing DB stats nova_cell0:SELECT=4,nova_cell0:INSERT=1,nova_cell0:UPDATE=1 {{(pid=93222) stat_writer /opt/stack/data/venv/lib/python3.12/site-packages/dbcounter.py:115}}
Jun 29 20:48:35.280790 np0000003929 nova-scheduler[93226]: DEBUG dbcounter [-] [93226] Writing DB stats nova_cell0:SELECT=3 {{(pid=93226) stat_writer /opt/stack/data/venv/lib/python3.12/site-packages/dbcounter.py:115}}
Jun 29 20:48:39.260477 np0000003929 nova-scheduler[93222]: DEBUG oslo.service.backend._threading.loopingcall [None req-2eb5ec86-bbe4-4e37-9a94-589870a881a2 None None] Dynamic interval looping call 'nova.service.Service.periodic_tasks' sleeping for 60.00 seconds {{(pid=93222) _run_loop /opt/stack/data/venv/lib/python3.12/site-packages/oslo_service/backend/_threading/loopingcall.py:125}}
Jun 29 20:48:43.260824 np0000003929 nova-scheduler[93224]: DEBUG oslo.service.backend._threading.loopingcall [None req-342d9251-d4ff-4243-a22e-8805ec000271 None None] Dynamic interval looping call 'nova.service.Service.periodic_tasks' sleeping for 60.00 seconds {{(pid=93224) _run_loop /opt/stack/data/venv/lib/python3.12/site-packages/oslo_service/backend/_threading/loopingcall.py:125}}
Jun 29 20:49:10.265675 np0000003929 nova-scheduler[93226]: DEBUG oslo.service.backend._threading.loopingcall [None req-e3e064c6-82f6-4de4-ab39-92ec5f0b1af2 None None] Dynamic interval looping call 'nova.service.Service.periodic_tasks' sleeping for 60.00 seconds {{(pid=93226) _run_loop /opt/stack/data/venv/lib/python3.12/site-packages/oslo_service/backend/_threading/loopingcall.py:125}}
Jun 29 20:49:39.260887 np0000003929 nova-scheduler[93222]: DEBUG oslo.service.backend._threading.loopingcall [None req-2eb5ec86-bbe4-4e37-9a94-589870a881a2 None None] Dynamic interval looping call 'nova.service.Service.periodic_tasks' sleeping for 60.00 seconds {{(pid=93222) _run_loop /opt/stack/data/venv/lib/python3.12/site-packages/oslo_service/backend/_threading/loopingcall.py:125}}
Jun 29 20:49:43.261251 np0000003929 nova-scheduler[93224]: DEBUG oslo.service.backend._threading.loopingcall [None req-342d9251-d4ff-4243-a22e-8805ec000271 None None] Dynamic interval looping call 'nova.service.Service.periodic_tasks' sleeping for 60.00 seconds {{(pid=93224) _run_loop /opt/stack/data/venv/lib/python3.12/site-packages/oslo_service/backend/_threading/loopingcall.py:125}}
Jun 29 20:50:10.266192 np0000003929 nova-scheduler[93226]: DEBUG oslo.service.backend._threading.loopingcall [None req-e3e064c6-82f6-4de4-ab39-92ec5f0b1af2 None None] Dynamic interval looping call 'nova.service.Service.periodic_tasks' sleeping for 60.00 seconds {{(pid=93226) _run_loop /opt/stack/data/venv/lib/python3.12/site-packages/oslo_service/backend/_threading/loopingcall.py:125}}
Jun 29 20:50:25.266372 np0000003929 nova-scheduler[93222]: DEBUG oslo.service.backend._threading.loopingcall [-] Fixed interval looping call 'nova.servicegroup.drivers.db.DbDriver._report_state' sleeping for 119.99 seconds {{(pid=93222) _run_loop /opt/stack/data/venv/lib/python3.12/site-packages/oslo_service/backend/_threading/loopingcall.py:125}}
Jun 29 20:50:25.269298 np0000003929 nova-scheduler[93224]: DEBUG oslo.service.backend._threading.loopingcall [-] Fixed interval looping call 'nova.servicegroup.drivers.db.DbDriver._report_state' sleeping for 119.99 seconds {{(pid=93224) _run_loop /opt/stack/data/venv/lib/python3.12/site-packages/oslo_service/backend/_threading/loopingcall.py:125}}
Jun 29 20:50:25.271942 np0000003929 nova-scheduler[93226]: DEBUG oslo.service.backend._threading.loopingcall [-] Fixed interval looping call 'nova.servicegroup.drivers.db.DbDriver._report_state' sleeping for 119.99 seconds {{(pid=93226) _run_loop /opt/stack/data/venv/lib/python3.12/site-packages/oslo_service/backend/_threading/loopingcall.py:125}}
Jun 29 20:50:35.261842 np0000003929 nova-scheduler[93222]: DEBUG dbcounter [-] [93222] Writing DB stats nova_cell0:SELECT=1,nova_cell0:UPDATE=1 {{(pid=93222) stat_writer /opt/stack/data/venv/lib/python3.12/site-packages/dbcounter.py:115}}
Jun 29 20:50:35.262243 np0000003929 nova-scheduler[93224]: DEBUG dbcounter [-] [93224] Writing DB stats nova_cell0:SELECT=1,nova_cell0:UPDATE=1 {{(pid=93224) stat_writer /opt/stack/data/venv/lib/python3.12/site-packages/dbcounter.py:115}}
Jun 29 20:50:35.270007 np0000003929 nova-scheduler[93226]: DEBUG dbcounter [-] [93226] Writing DB stats nova_cell0:SELECT=1 {{(pid=93226) stat_writer /opt/stack/data/venv/lib/python3.12/site-packages/dbcounter.py:115}}
Jun 29 20:50:39.261337 np0000003929 nova-scheduler[93222]: DEBUG oslo.service.backend._threading.loopingcall [None req-2eb5ec86-bbe4-4e37-9a94-589870a881a2 None None] Dynamic interval looping call 'nova.service.Service.periodic_tasks' sleeping for 60.00 seconds {{(pid=93222) _run_loop /opt/stack/data/venv/lib/python3.12/site-packages/oslo_service/backend/_threading/loopingcall.py:125}}
Jun 29 20:50:43.261796 np0000003929 nova-scheduler[93224]: DEBUG oslo.service.backend._threading.loopingcall [None req-342d9251-d4ff-4243-a22e-8805ec000271 None None] Dynamic interval looping call 'nova.service.Service.periodic_tasks' sleeping for 60.00 seconds {{(pid=93224) _run_loop /opt/stack/data/venv/lib/python3.12/site-packages/oslo_service/backend/_threading/loopingcall.py:125}}
Jun 29 20:50:55.278029 np0000003929 nova-scheduler[93222]: DEBUG nova.scheduler.manager [None req-65f93fa7-2048-4abe-a790-7ce425c1f1a6 tempest-ServerStableDeviceRescueTest-1268241044 tempest-ServerStableDeviceRescueTest-1268241044-project-member] Starting to schedule for instances: ['90625532-1952-4214-b18b-6519613a8ac2'] {{(pid=93222) select_destinations /opt/stack/nova/nova/scheduler/manager.py:209}}
Jun 29 20:50:55.279023 np0000003929 nova-scheduler[93222]: DEBUG nova.scheduler.request_filter [None req-65f93fa7-2048-4abe-a790-7ce425c1f1a6 tempest-ServerStableDeviceRescueTest-1268241044 tempest-ServerStableDeviceRescueTest-1268241044-project-member] compute_status_filter request filter added forbidden trait COMPUTE_STATUS_DISABLED {{(pid=93222) compute_status_filter /opt/stack/nova/nova/scheduler/request_filter.py:253}}
Jun 29 20:50:55.279023 np0000003929 nova-scheduler[93222]: DEBUG nova.scheduler.request_filter [None req-65f93fa7-2048-4abe-a790-7ce425c1f1a6 tempest-ServerStableDeviceRescueTest-1268241044 tempest-ServerStableDeviceRescueTest-1268241044-project-member] Request filter 'compute_status_filter' took 0.0 seconds {{(pid=93222) wrapper /opt/stack/nova/nova/scheduler/request_filter.py:46}}
Jun 29 20:50:55.279313 np0000003929 nova-scheduler[93222]: DEBUG nova.scheduler.request_filter [None req-65f93fa7-2048-4abe-a790-7ce425c1f1a6 tempest-ServerStableDeviceRescueTest-1268241044 tempest-ServerStableDeviceRescueTest-1268241044-project-member] Request filter 'accelerators_filter' took 0.0 seconds {{(pid=93222) wrapper /opt/stack/nova/nova/scheduler/request_filter.py:46}}
Jun 29 20:50:55.279588 np0000003929 nova-scheduler[93222]: DEBUG nova.scheduler.request_filter [None req-65f93fa7-2048-4abe-a790-7ce425c1f1a6 tempest-ServerStableDeviceRescueTest-1268241044 tempest-ServerStableDeviceRescueTest-1268241044-project-member] Request filter 'packed_virtqueue_filter' took 0.0 seconds {{(pid=93222) wrapper /opt/stack/nova/nova/scheduler/request_filter.py:46}}
Jun 29 20:50:55.280424 np0000003929 nova-scheduler[93222]: DEBUG nova.scheduler.request_filter [None req-65f93fa7-2048-4abe-a790-7ce425c1f1a6 tempest-ServerStableDeviceRescueTest-1268241044 tempest-ServerStableDeviceRescueTest-1268241044-project-member] Request filter 'remote_managed_ports_filter' took 0.0 seconds {{(pid=93222) wrapper /opt/stack/nova/nova/scheduler/request_filter.py:46}}
Jun 29 20:50:55.281310 np0000003929 nova-scheduler[93222]: DEBUG nova.scheduler.request_filter [None req-65f93fa7-2048-4abe-a790-7ce425c1f1a6 tempest-ServerStableDeviceRescueTest-1268241044 tempest-ServerStableDeviceRescueTest-1268241044-project-member] ephemeral_encryption_filter skipped {{(pid=93222) ephemeral_encryption_filter /opt/stack/nova/nova/scheduler/request_filter.py:426}}
Jun 29 20:50:55.282512 np0000003929 nova-scheduler[93222]: DEBUG nova.scheduler.request_filter [None req-65f93fa7-2048-4abe-a790-7ce425c1f1a6 tempest-ServerStableDeviceRescueTest-1268241044 tempest-ServerStableDeviceRescueTest-1268241044-project-member] virtio_sound_filter skipped {{(pid=93222) virtio_sound_filter /opt/stack/nova/nova/scheduler/request_filter.py:460}}
Jun 29 20:50:55.282992 np0000003929 nova-scheduler[93222]: DEBUG nova.scheduler.request_filter [None req-65f93fa7-2048-4abe-a790-7ce425c1f1a6 tempest-ServerStableDeviceRescueTest-1268241044 tempest-ServerStableDeviceRescueTest-1268241044-project-member] tpm_secret_security_filter skipped {{(pid=93222) tpm_secret_security_filter /opt/stack/nova/nova/scheduler/request_filter.py:477}}
Jun 29 20:50:55.306949 np0000003929 nova-scheduler[93224]: DEBUG nova.scheduler.manager [None req-df03608c-1dd5-49f7-8cf1-33612433885f tempest-ServerActionsTestOtherA-1872006079 tempest-ServerActionsTestOtherA-1872006079-project-member] Starting to schedule for instances: ['15aa14b9-b4f5-42ec-b225-0f6e4a451c2b'] {{(pid=93224) select_destinations /opt/stack/nova/nova/scheduler/manager.py:209}}
Jun 29 20:50:55.307687 np0000003929 nova-scheduler[93224]: DEBUG nova.scheduler.request_filter [None req-df03608c-1dd5-49f7-8cf1-33612433885f tempest-ServerActionsTestOtherA-1872006079 tempest-ServerActionsTestOtherA-1872006079-project-member] compute_status_filter request filter added forbidden trait COMPUTE_STATUS_DISABLED {{(pid=93224) compute_status_filter /opt/stack/nova/nova/scheduler/request_filter.py:253}}
Jun 29 20:50:55.307876 np0000003929 nova-scheduler[93224]: DEBUG nova.scheduler.request_filter [None req-df03608c-1dd5-49f7-8cf1-33612433885f tempest-ServerActionsTestOtherA-1872006079 tempest-ServerActionsTestOtherA-1872006079-project-member] Request filter 'compute_status_filter' took 0.0 seconds {{(pid=93224) wrapper /opt/stack/nova/nova/scheduler/request_filter.py:46}}
Jun 29 20:50:55.308226 np0000003929 nova-scheduler[93224]: DEBUG nova.scheduler.request_filter [None req-df03608c-1dd5-49f7-8cf1-33612433885f tempest-ServerActionsTestOtherA-1872006079 tempest-ServerActionsTestOtherA-1872006079-project-member] Request filter 'accelerators_filter' took 0.0 seconds {{(pid=93224) wrapper /opt/stack/nova/nova/scheduler/request_filter.py:46}}
Jun 29 20:50:55.308538 np0000003929 nova-scheduler[93224]: DEBUG nova.scheduler.request_filter [None req-df03608c-1dd5-49f7-8cf1-33612433885f tempest-ServerActionsTestOtherA-1872006079 tempest-ServerActionsTestOtherA-1872006079-project-member] Request filter 'packed_virtqueue_filter' took 0.0 seconds {{(pid=93224) wrapper /opt/stack/nova/nova/scheduler/request_filter.py:46}}
Jun 29 20:50:55.308798 np0000003929 nova-scheduler[93224]: DEBUG nova.scheduler.request_filter [None req-df03608c-1dd5-49f7-8cf1-33612433885f tempest-ServerActionsTestOtherA-1872006079 tempest-ServerActionsTestOtherA-1872006079-project-member] Request filter 'remote_managed_ports_filter' took 0.0 seconds {{(pid=93224) wrapper /opt/stack/nova/nova/scheduler/request_filter.py:46}}
Jun 29 20:50:55.308966 np0000003929 nova-scheduler[93224]: DEBUG nova.scheduler.request_filter [None req-df03608c-1dd5-49f7-8cf1-33612433885f tempest-ServerActionsTestOtherA-1872006079 tempest-ServerActionsTestOtherA-1872006079-project-member] ephemeral_encryption_filter skipped {{(pid=93224) ephemeral_encryption_filter /opt/stack/nova/nova/scheduler/request_filter.py:426}}
Jun 29 20:50:55.310530 np0000003929 nova-scheduler[93224]: DEBUG nova.scheduler.request_filter [None req-df03608c-1dd5-49f7-8cf1-33612433885f tempest-ServerActionsTestOtherA-1872006079 tempest-ServerActionsTestOtherA-1872006079-project-member] virtio_sound_filter skipped {{(pid=93224) virtio_sound_filter /opt/stack/nova/nova/scheduler/request_filter.py:460}}
Jun 29 20:50:55.310530 np0000003929 nova-scheduler[93224]: DEBUG nova.scheduler.request_filter [None req-df03608c-1dd5-49f7-8cf1-33612433885f tempest-ServerActionsTestOtherA-1872006079 tempest-ServerActionsTestOtherA-1872006079-project-member] tpm_secret_security_filter skipped {{(pid=93224) tpm_secret_security_filter /opt/stack/nova/nova/scheduler/request_filter.py:477}}
Jun 29 20:50:55.503960 np0000003929 nova-scheduler[93226]: DEBUG nova.scheduler.manager [None req-18917c24-4da2-4864-8bb1-572756ac21fd tempest-AttachVolumeShelveTestJSON-35444951 tempest-AttachVolumeShelveTestJSON-35444951-project-member] Starting to schedule for instances: ['a7da4d77-3db9-404f-ac2d-c4977a11fd1a'] {{(pid=93226) select_destinations /opt/stack/nova/nova/scheduler/manager.py:209}}
Jun 29 20:50:55.505100 np0000003929 nova-scheduler[93226]: DEBUG nova.scheduler.request_filter [None req-18917c24-4da2-4864-8bb1-572756ac21fd tempest-AttachVolumeShelveTestJSON-35444951 tempest-AttachVolumeShelveTestJSON-35444951-project-member] compute_status_filter request filter added forbidden trait COMPUTE_STATUS_DISABLED {{(pid=93226) compute_status_filter /opt/stack/nova/nova/scheduler/request_filter.py:253}}
Jun 29 20:50:55.505100 np0000003929 nova-scheduler[93226]: DEBUG nova.scheduler.request_filter [None req-18917c24-4da2-4864-8bb1-572756ac21fd tempest-AttachVolumeShelveTestJSON-35444951 tempest-AttachVolumeShelveTestJSON-35444951-project-member] Request filter 'compute_status_filter' took 0.0 seconds {{(pid=93226) wrapper /opt/stack/nova/nova/scheduler/request_filter.py:46}}
Jun 29 20:50:55.505100 np0000003929 nova-scheduler[93226]: DEBUG nova.scheduler.request_filter [None req-18917c24-4da2-4864-8bb1-572756ac21fd tempest-AttachVolumeShelveTestJSON-35444951 tempest-AttachVolumeShelveTestJSON-35444951-project-member] Request filter 'accelerators_filter' took 0.0 seconds {{(pid=93226) wrapper /opt/stack/nova/nova/scheduler/request_filter.py:46}}
Jun 29 20:50:55.505340 np0000003929 nova-scheduler[93226]: DEBUG nova.scheduler.request_filter [None req-18917c24-4da2-4864-8bb1-572756ac21fd tempest-AttachVolumeShelveTestJSON-35444951 tempest-AttachVolumeShelveTestJSON-35444951-project-member] Request filter 'packed_virtqueue_filter' took 0.0 seconds {{(pid=93226) wrapper /opt/stack/nova/nova/scheduler/request_filter.py:46}}
Jun 29 20:50:55.505627 np0000003929 nova-scheduler[93226]: DEBUG nova.scheduler.request_filter [None req-18917c24-4da2-4864-8bb1-572756ac21fd tempest-AttachVolumeShelveTestJSON-35444951 tempest-AttachVolumeShelveTestJSON-35444951-project-member] Request filter 'remote_managed_ports_filter' took 0.0 seconds {{(pid=93226) wrapper /opt/stack/nova/nova/scheduler/request_filter.py:46}}
Jun 29 20:50:55.505797 np0000003929 nova-scheduler[93226]: DEBUG nova.scheduler.request_filter [None req-18917c24-4da2-4864-8bb1-572756ac21fd tempest-AttachVolumeShelveTestJSON-35444951 tempest-AttachVolumeShelveTestJSON-35444951-project-member] ephemeral_encryption_filter skipped {{(pid=93226) ephemeral_encryption_filter /opt/stack/nova/nova/scheduler/request_filter.py:426}}
Jun 29 20:50:55.506003 np0000003929 nova-scheduler[93226]: DEBUG nova.scheduler.request_filter [None req-18917c24-4da2-4864-8bb1-572756ac21fd tempest-AttachVolumeShelveTestJSON-35444951 tempest-AttachVolumeShelveTestJSON-35444951-project-member] virtio_sound_filter skipped {{(pid=93226) virtio_sound_filter /opt/stack/nova/nova/scheduler/request_filter.py:460}}
Jun 29 20:50:55.506199 np0000003929 nova-scheduler[93226]: DEBUG nova.scheduler.request_filter [None req-18917c24-4da2-4864-8bb1-572756ac21fd tempest-AttachVolumeShelveTestJSON-35444951 tempest-AttachVolumeShelveTestJSON-35444951-project-member] tpm_secret_security_filter skipped {{(pid=93226) tpm_secret_security_filter /opt/stack/nova/nova/scheduler/request_filter.py:477}}
Jun 29 20:50:55.866241 np0000003929 nova-scheduler[93224]: INFO nova.utils [None req-df03608c-1dd5-49f7-8cf1-33612433885f tempest-ServerActionsTestOtherA-1872006079 tempest-ServerActionsTestOtherA-1872006079-project-member] The cell worker thread pool ForkProcess-2.cell_worker is initialized
Jun 29 20:50:55.866649 np0000003929 nova-scheduler[93224]: DEBUG oslo_concurrency.lockutils [None req-df03608c-1dd5-49f7-8cf1-33612433885f tempest-ServerActionsTestOtherA-1872006079 tempest-ServerActionsTestOtherA-1872006079-project-member] Acquiring lock "2b6cc96a-49be-4ba4-bd61-2085d409298a" by "nova.context.set_target_cell..get_or_set_cached_cell_and_set_connections" {{(pid=93224) inner /opt/stack/data/venv/lib/python3.12/site-packages/oslo_concurrency/lockutils.py:511}}
Jun 29 20:50:55.866873 np0000003929 nova-scheduler[93224]: DEBUG oslo_concurrency.lockutils [None req-df03608c-1dd5-49f7-8cf1-33612433885f tempest-ServerActionsTestOtherA-1872006079 tempest-ServerActionsTestOtherA-1872006079-project-member] Lock "2b6cc96a-49be-4ba4-bd61-2085d409298a" acquired by "nova.context.set_target_cell..get_or_set_cached_cell_and_set_connections" :: waited 0.000s {{(pid=93224) inner /opt/stack/data/venv/lib/python3.12/site-packages/oslo_concurrency/lockutils.py:524}}
Jun 29 20:50:55.868233 np0000003929 nova-scheduler[93224]: DEBUG oslo_concurrency.lockutils [None req-df03608c-1dd5-49f7-8cf1-33612433885f tempest-ServerActionsTestOtherA-1872006079 tempest-ServerActionsTestOtherA-1872006079-project-member] Lock "2b6cc96a-49be-4ba4-bd61-2085d409298a" "released" by "nova.context.set_target_cell..get_or_set_cached_cell_and_set_connections" :: held 0.001s {{(pid=93224) inner /opt/stack/data/venv/lib/python3.12/site-packages/oslo_concurrency/lockutils.py:543}}
Jun 29 20:50:55.869767 np0000003929 nova-scheduler[93224]: INFO dbcounter [None req-df03608c-1dd5-49f7-8cf1-33612433885f tempest-ServerActionsTestOtherA-1872006079 tempest-ServerActionsTestOtherA-1872006079-project-member] Registered counter for database nova_cell1
Jun 29 20:50:55.901233 np0000003929 nova-scheduler[93224]: DEBUG oslo_db.sqlalchemy.engines [None req-df03608c-1dd5-49f7-8cf1-33612433885f tempest-ServerActionsTestOtherA-1872006079 tempest-ServerActionsTestOtherA-1872006079-project-member] MySQL server mode set to STRICT_TRANS_TABLES,STRICT_ALL_TABLES,NO_ZERO_IN_DATE,NO_ZERO_DATE,ERROR_FOR_DIVISION_BY_ZERO,TRADITIONAL,NO_ENGINE_SUBSTITUTION {{(pid=93224) _check_effective_sql_mode /opt/stack/data/venv/lib/python3.12/site-packages/oslo_db/sqlalchemy/engines.py:325}}
Jun 29 20:50:55.907692 np0000003929 nova-scheduler[93224]: DEBUG dbcounter [-] [93224] Writer thread running {{(pid=93224) stat_writer /opt/stack/data/venv/lib/python3.12/site-packages/dbcounter.py:102}}
Jun 29 20:50:55.922570 np0000003929 nova-scheduler[93224]: DEBUG oslo_db.sqlalchemy.engines [None req-df03608c-1dd5-49f7-8cf1-33612433885f tempest-ServerActionsTestOtherA-1872006079 tempest-ServerActionsTestOtherA-1872006079-project-member] Parent process 92024 forked (93224) with an open database connection, which is being discarded and recreated. {{(pid=93224) checkout /opt/stack/data/venv/lib/python3.12/site-packages/oslo_db/sqlalchemy/engines.py:402}}
Jun 29 20:50:55.967291 np0000003929 nova-scheduler[93224]: DEBUG dbcounter [-] [93224] Writer thread running {{(pid=93224) stat_writer /opt/stack/data/venv/lib/python3.12/site-packages/dbcounter.py:102}}
Jun 29 20:50:55.970809 np0000003929 nova-scheduler[93224]: DEBUG oslo_concurrency.lockutils [None req-df03608c-1dd5-49f7-8cf1-33612433885f tempest-ServerActionsTestOtherA-1872006079 tempest-ServerActionsTestOtherA-1872006079-project-member] Acquiring lock "2b6cc96a-49be-4ba4-bd61-2085d409298a" by "nova.context.set_target_cell..get_or_set_cached_cell_and_set_connections" {{(pid=93224) inner /opt/stack/data/venv/lib/python3.12/site-packages/oslo_concurrency/lockutils.py:511}}
Jun 29 20:50:55.970809 np0000003929 nova-scheduler[93224]: DEBUG oslo_concurrency.lockutils [None req-df03608c-1dd5-49f7-8cf1-33612433885f tempest-ServerActionsTestOtherA-1872006079 tempest-ServerActionsTestOtherA-1872006079-project-member] Lock "2b6cc96a-49be-4ba4-bd61-2085d409298a" acquired by "nova.context.set_target_cell..get_or_set_cached_cell_and_set_connections" :: waited 0.000s {{(pid=93224) inner /opt/stack/data/venv/lib/python3.12/site-packages/oslo_concurrency/lockutils.py:524}}
Jun 29 20:50:55.970809 np0000003929 nova-scheduler[93224]: DEBUG oslo_concurrency.lockutils [None req-df03608c-1dd5-49f7-8cf1-33612433885f tempest-ServerActionsTestOtherA-1872006079 tempest-ServerActionsTestOtherA-1872006079-project-member] Lock "2b6cc96a-49be-4ba4-bd61-2085d409298a" "released" by "nova.context.set_target_cell..get_or_set_cached_cell_and_set_connections" :: held 0.000s {{(pid=93224) inner /opt/stack/data/venv/lib/python3.12/site-packages/oslo_concurrency/lockutils.py:543}}
Jun 29 20:50:55.974456 np0000003929 nova-scheduler[93224]: DEBUG oslo_concurrency.lockutils [None req-df03608c-1dd5-49f7-8cf1-33612433885f tempest-ServerActionsTestOtherA-1872006079 tempest-ServerActionsTestOtherA-1872006079-project-member] Acquiring lock "np0000003929-np0000003929" by "nova.scheduler.host_manager.HostState.update.._locked_update" {{(pid=93224) inner /opt/stack/data/venv/lib/python3.12/site-packages/oslo_concurrency/lockutils.py:511}}
Jun 29 20:50:55.975221 np0000003929 nova-scheduler[93224]: DEBUG oslo_concurrency.lockutils [None req-df03608c-1dd5-49f7-8cf1-33612433885f tempest-ServerActionsTestOtherA-1872006079 tempest-ServerActionsTestOtherA-1872006079-project-member] Lock "np0000003929-np0000003929" acquired by "nova.scheduler.host_manager.HostState.update.._locked_update" :: waited 0.000s {{(pid=93224) inner /opt/stack/data/venv/lib/python3.12/site-packages/oslo_concurrency/lockutils.py:524}}
Jun 29 20:50:55.976118 np0000003929 nova-scheduler[93224]: DEBUG nova.scheduler.host_manager [None req-df03608c-1dd5-49f7-8cf1-33612433885f tempest-ServerActionsTestOtherA-1872006079 tempest-ServerActionsTestOtherA-1872006079-project-member] Update host state from compute node: ComputeNode(cpu_allocation_ratio=4.0,cpu_info='{"arch": "x86_64", "model": "EPYC-Milan", "vendor": "AMD", "topology": {"cells": 1, "sockets": 16, "cores": 1, "threads": 1}, "maxphysaddr": {"mode": "emulate", "bits": 40}, "features": ["sha-ni", "svm", "fxsr", "stibp", "tsc", "perfctr_core", "apic", "pclmuldq", "mca", "pcid", "cr8legacy", "tsc_adjust", "cmov", "clzero", "vmcb-clean", "vgif", "xsaves", "sep", "3dnowprefetch", "adx", "null-sel-clr-base", "sse4a", "no-nested-data-bp", "smep", "nx", "avx", "popcnt", "rdpid", "clwb", "smap", "clflush", "abm", "fxsr_opt", "osvw", "msr", "sse4.1", "arat", "skip-l1dfl-vmentry", "rdtscp", "erms", "npt", "fma", "xsavec", "invpcid", "nrip-save", "ibpb", "ibrs", "lbrv", "lm", "sse2", "arch-capabilities", "bmi2", "hypervisor", "pge", "cx8", "gds-no", "amd-stibp", "pdpe1gb", "bmi1", "fsrm", "svme-addr-chk", "lahf_lm", "rdrand", "pfthreshold", "ssbd", "pat", "tsc-deadline", "vaes", "xsave", "vpclmulqdq", "cmp_legacy", "umip", "flushbyasid", "tsc-scale", "stibp-always-on", "v-vmsave-vmload", "rdctl-no", "virt-ssbd", "pae", "mtrr", "mds-no", "fpu", "topoext", "mmx", "pause-filter", "pku", "lfence-always-serializing", "xgetbv1", "rdseed", "movbe", "misalignsse", "xsaveopt", "de", "amd-psfd", "pse36", "pni", "syscall", "f16c", "amd-ssbd", "cx16", "mce", "vme", "ssse3", "spec-ctrl", "clflushopt", "mmxext", "avx2", "pschange-mc-no", "sse", "xsaveerptr", "aes", "wbnoinvd", "x2apic", "pse", "fsgsbase", "sse4.2"]}',created_at=2026-06-29T20:48:46Z,current_workload=0,deleted=False,deleted_at=None,disk_allocation_ratio=1.0,disk_available_least=73,free_disk_gb=95,free_ram_mb=62765,host='np0000003929',host_ip=10.4.3.231,hypervisor_hostname='np0000003929',hypervisor_type='QEMU',hypervisor_version=8002002,id=1,local_gb=95,local_gb_used=0,mapped=1,memory_mb=63277,memory_mb_used=512,metrics='[]',numa_topology='{"nova_object.name": "NUMATopology", "nova_object.namespace": "nova", "nova_object.version": "1.2", "nova_object.data": {"cells": [{"nova_object.name": "NUMACell", "nova_object.namespace": "nova", "nova_object.version": "1.5", "nova_object.data": {"id": 0, "cpuset": [0, 1, 2, 3, 4, 5, 6, 7, 8, 9, 10, 11, 12, 13, 14, 15], "pcpuset": [0, 1, 2, 3, 4, 5, 6, 7, 8, 9, 10, 11, 12, 13, 14, 15], "memory": 63277, "cpu_usage": 0, "memory_usage": 0, "pinned_cpus": [], "siblings": [[6], [12], [2], [15], [5], [11], [8], [14], [4], [1], [7], [10], [0], [13], [3], [9]], "mempages": [{"nova_object.name": "NUMAPagesTopology", "nova_object.namespace": "nova", "nova_object.version": "1.1", "nova_object.data": {"size_kb": 4, "total": 16177929, "used": 0, "reserved": 0}, "nova_object.changes": ["size_kb", "used", "total", "reserved"]}, {"nova_object.name": "NUMAPagesTopology", "nova_object.namespace": "nova", "nova_object.version": "1.1", "nova_object.data": {"size_kb": 2048, "total": 41, "used": 0, "reserved": 0}, "nova_object.changes": ["size_kb", "used", "total", "reserved"]}, {"nova_object.name": "NUMAPagesTopology", "nova_object.namespace": "nova", "nova_object.version": "1.1", "nova_object.data": {"size_kb": 1048576, "total": 0, "used": 0, "reserved": 0}, "nova_object.changes": ["size_kb", "used", "total", "reserved"]}], "network_metadata": {"nova_object.name": "NetworkMetadata", "nova_object.namespace": "nova", "nova_object.version": "1.0", "nova_object.data": {"physnets": [], "tunneled": false}, "nova_object.changes": ["tunneled", "physnets"]}, "socket": null}, "nova_object.changes": ["memory_usage", "cpuset", "id", "socket", "siblings", "memory", "pinned_cpus", "network_metadata", "cpu_usage", "pcpuset", "mempages"]}]}, "nova_object.changes": ["cells"]}',pci_device_pools=PciDevicePoolList,ram_allocation_ratio=1.0,running_vms=0,service_id=2,stats={failed_builds='0',uptime=' 20:50:31 up 13 min, 2 users, load average: 1.68, 1.51, 0.86
Jun 29 20:50:55.976118 np0000003929 nova-scheduler[93224]: '},supported_hv_specs=[HVSpec,HVSpec,HVSpec,HVSpec,HVSpec,HVSpec,HVSpec,HVSpec,HVSpec,HVSpec,HVSpec,HVSpec,HVSpec,HVSpec,HVSpec,HVSpec,HVSpec,HVSpec,HVSpec,HVSpec,HVSpec,HVSpec,HVSpec,HVSpec,HVSpec],updated_at=2026-06-29T20:50:33Z,uuid=30db4be6-ebf3-4364-bdfb-d19ba57e468e,vcpus=16,vcpus_used=0) {{(pid=93224) _locked_update /opt/stack/nova/nova/scheduler/host_manager.py:168}}
Jun 29 20:50:55.977018 np0000003929 nova-scheduler[93224]: DEBUG nova.scheduler.host_manager [None req-df03608c-1dd5-49f7-8cf1-33612433885f tempest-ServerActionsTestOtherA-1872006079 tempest-ServerActionsTestOtherA-1872006079-project-member] Update host state with aggregates: [] {{(pid=93224) _locked_update /opt/stack/nova/nova/scheduler/host_manager.py:171}}
Jun 29 20:50:55.977157 np0000003929 nova-scheduler[93224]: DEBUG nova.scheduler.host_manager [None req-df03608c-1dd5-49f7-8cf1-33612433885f tempest-ServerActionsTestOtherA-1872006079 tempest-ServerActionsTestOtherA-1872006079-project-member] Update host state with service dict: {'id': 2, 'uuid': 'b08c61fd-ec28-408d-92f1-dfb3f60d1bac', 'host': 'np0000003929', 'binary': 'nova-compute', 'topic': 'compute', 'report_count': 2, 'disabled': False, 'disabled_reason': None, 'last_seen_up': datetime.datetime(2026, 6, 29, 20, 50, 55, tzinfo=datetime.timezone.utc), 'forced_down': False, 'version': 72, 'created_at': datetime.datetime(2026, 6, 29, 20, 48, 44, tzinfo=datetime.timezone.utc), 'updated_at': datetime.datetime(2026, 6, 29, 20, 50, 55, tzinfo=datetime.timezone.utc), 'deleted_at': None, 'deleted': False} {{(pid=93224) _locked_update /opt/stack/nova/nova/scheduler/host_manager.py:174}}
Jun 29 20:50:55.977286 np0000003929 nova-scheduler[93224]: DEBUG nova.scheduler.host_manager [None req-df03608c-1dd5-49f7-8cf1-33612433885f tempest-ServerActionsTestOtherA-1872006079 tempest-ServerActionsTestOtherA-1872006079-project-member] Update host state with instances: [] {{(pid=93224) _locked_update /opt/stack/nova/nova/scheduler/host_manager.py:177}}
Jun 29 20:50:55.977415 np0000003929 nova-scheduler[93224]: DEBUG oslo_concurrency.lockutils [None req-df03608c-1dd5-49f7-8cf1-33612433885f tempest-ServerActionsTestOtherA-1872006079 tempest-ServerActionsTestOtherA-1872006079-project-member] Lock "np0000003929-np0000003929" "released" by "nova.scheduler.host_manager.HostState.update.._locked_update" :: held 0.003s {{(pid=93224) inner /opt/stack/data/venv/lib/python3.12/site-packages/oslo_concurrency/lockutils.py:543}}
Jun 29 20:50:55.978450 np0000003929 nova-scheduler[93224]: DEBUG nova.filters [None req-df03608c-1dd5-49f7-8cf1-33612433885f tempest-ServerActionsTestOtherA-1872006079 tempest-ServerActionsTestOtherA-1872006079-project-member] Starting with 1 host(s) {{(pid=93224) get_filtered_objects /opt/stack/nova/nova/filters.py:70}}
Jun 29 20:50:55.978701 np0000003929 nova-scheduler[93224]: DEBUG nova.filters [None req-df03608c-1dd5-49f7-8cf1-33612433885f tempest-ServerActionsTestOtherA-1872006079 tempest-ServerActionsTestOtherA-1872006079-project-member] Filter ComputeFilter returned 1 host(s) {{(pid=93224) get_filtered_objects /opt/stack/nova/nova/filters.py:102}}
Jun 29 20:50:55.978854 np0000003929 nova-scheduler[93224]: DEBUG nova.filters [None req-df03608c-1dd5-49f7-8cf1-33612433885f tempest-ServerActionsTestOtherA-1872006079 tempest-ServerActionsTestOtherA-1872006079-project-member] Filter ComputeCapabilitiesFilter returned 1 host(s) {{(pid=93224) get_filtered_objects /opt/stack/nova/nova/filters.py:102}}
Jun 29 20:50:55.979382 np0000003929 nova-scheduler[93224]: DEBUG nova.filters [None req-df03608c-1dd5-49f7-8cf1-33612433885f tempest-ServerActionsTestOtherA-1872006079 tempest-ServerActionsTestOtherA-1872006079-project-member] Filter ImagePropertiesFilter returned 1 host(s) {{(pid=93224) get_filtered_objects /opt/stack/nova/nova/filters.py:102}}
Jun 29 20:50:55.979515 np0000003929 nova-scheduler[93224]: DEBUG nova.filters [None req-df03608c-1dd5-49f7-8cf1-33612433885f tempest-ServerActionsTestOtherA-1872006079 tempest-ServerActionsTestOtherA-1872006079-project-member] Filter ServerGroupAntiAffinityFilter returned 1 host(s) {{(pid=93224) get_filtered_objects /opt/stack/nova/nova/filters.py:102}}
Jun 29 20:50:55.979622 np0000003929 nova-scheduler[93224]: DEBUG nova.filters [None req-df03608c-1dd5-49f7-8cf1-33612433885f tempest-ServerActionsTestOtherA-1872006079 tempest-ServerActionsTestOtherA-1872006079-project-member] Filter ServerGroupAffinityFilter returned 1 host(s) {{(pid=93224) get_filtered_objects /opt/stack/nova/nova/filters.py:102}}
Jun 29 20:50:55.979794 np0000003929 nova-scheduler[93224]: DEBUG nova.filters [None req-df03608c-1dd5-49f7-8cf1-33612433885f tempest-ServerActionsTestOtherA-1872006079 tempest-ServerActionsTestOtherA-1872006079-project-member] Filter SameHostFilter returned 1 host(s) {{(pid=93224) get_filtered_objects /opt/stack/nova/nova/filters.py:102}}
Jun 29 20:50:55.979924 np0000003929 nova-scheduler[93224]: DEBUG nova.filters [None req-df03608c-1dd5-49f7-8cf1-33612433885f tempest-ServerActionsTestOtherA-1872006079 tempest-ServerActionsTestOtherA-1872006079-project-member] Filter DifferentHostFilter returned 1 host(s) {{(pid=93224) get_filtered_objects /opt/stack/nova/nova/filters.py:102}}
Jun 29 20:50:55.980114 np0000003929 nova-scheduler[93224]: DEBUG nova.scheduler.manager [None req-df03608c-1dd5-49f7-8cf1-33612433885f tempest-ServerActionsTestOtherA-1872006079 tempest-ServerActionsTestOtherA-1872006079-project-member] Filtered [(np0000003929, np0000003929) ram: 62765MB disk: 74752MB io_ops: 0 instances: 0, allocation_candidates: 1] {{(pid=93224) _get_sorted_hosts /opt/stack/nova/nova/scheduler/manager.py:742}}
Jun 29 20:50:55.980366 np0000003929 nova-scheduler[93224]: DEBUG nova.scheduler.manager [None req-df03608c-1dd5-49f7-8cf1-33612433885f tempest-ServerActionsTestOtherA-1872006079 tempest-ServerActionsTestOtherA-1872006079-project-member] Weighed [WeighedHost [host: (np0000003929, np0000003929) ram: 62765MB disk: 74752MB io_ops: 0 instances: 0, allocation_candidates: 1, weight: 0.0]] {{(pid=93224) _get_sorted_hosts /opt/stack/nova/nova/scheduler/manager.py:764}}
Jun 29 20:50:55.980765 np0000003929 nova-scheduler[93224]: DEBUG nova.scheduler.utils [None req-df03608c-1dd5-49f7-8cf1-33612433885f tempest-ServerActionsTestOtherA-1872006079 tempest-ServerActionsTestOtherA-1872006079-project-member] Attempting to claim resources in the placement API for instance 15aa14b9-b4f5-42ec-b225-0f6e4a451c2b {{(pid=93224) claim_resources /opt/stack/nova/nova/scheduler/utils.py:1345}}
Jun 29 20:50:56.061812 np0000003929 nova-scheduler[93222]: INFO nova.utils [None req-65f93fa7-2048-4abe-a790-7ce425c1f1a6 tempest-ServerStableDeviceRescueTest-1268241044 tempest-ServerStableDeviceRescueTest-1268241044-project-member] The cell worker thread pool ForkProcess-1.cell_worker is initialized
Jun 29 20:50:56.062216 np0000003929 nova-scheduler[93222]: DEBUG oslo_concurrency.lockutils [None req-65f93fa7-2048-4abe-a790-7ce425c1f1a6 tempest-ServerStableDeviceRescueTest-1268241044 tempest-ServerStableDeviceRescueTest-1268241044-project-member] Acquiring lock "2b6cc96a-49be-4ba4-bd61-2085d409298a" by "nova.context.set_target_cell..get_or_set_cached_cell_and_set_connections" {{(pid=93222) inner /opt/stack/data/venv/lib/python3.12/site-packages/oslo_concurrency/lockutils.py:511}}
Jun 29 20:50:56.062428 np0000003929 nova-scheduler[93222]: DEBUG oslo_concurrency.lockutils [None req-65f93fa7-2048-4abe-a790-7ce425c1f1a6 tempest-ServerStableDeviceRescueTest-1268241044 tempest-ServerStableDeviceRescueTest-1268241044-project-member] Lock "2b6cc96a-49be-4ba4-bd61-2085d409298a" acquired by "nova.context.set_target_cell..get_or_set_cached_cell_and_set_connections" :: waited 0.000s {{(pid=93222) inner /opt/stack/data/venv/lib/python3.12/site-packages/oslo_concurrency/lockutils.py:524}}
Jun 29 20:50:56.063858 np0000003929 nova-scheduler[93222]: DEBUG oslo_concurrency.lockutils [None req-65f93fa7-2048-4abe-a790-7ce425c1f1a6 tempest-ServerStableDeviceRescueTest-1268241044 tempest-ServerStableDeviceRescueTest-1268241044-project-member] Lock "2b6cc96a-49be-4ba4-bd61-2085d409298a" "released" by "nova.context.set_target_cell..get_or_set_cached_cell_and_set_connections" :: held 0.001s {{(pid=93222) inner /opt/stack/data/venv/lib/python3.12/site-packages/oslo_concurrency/lockutils.py:543}}
Jun 29 20:50:56.066244 np0000003929 nova-scheduler[93222]: INFO dbcounter [None req-65f93fa7-2048-4abe-a790-7ce425c1f1a6 tempest-ServerStableDeviceRescueTest-1268241044 tempest-ServerStableDeviceRescueTest-1268241044-project-member] Registered counter for database nova_cell1
Jun 29 20:50:56.105526 np0000003929 nova-scheduler[93222]: DEBUG oslo_db.sqlalchemy.engines [None req-65f93fa7-2048-4abe-a790-7ce425c1f1a6 tempest-ServerStableDeviceRescueTest-1268241044 tempest-ServerStableDeviceRescueTest-1268241044-project-member] MySQL server mode set to STRICT_TRANS_TABLES,STRICT_ALL_TABLES,NO_ZERO_IN_DATE,NO_ZERO_DATE,ERROR_FOR_DIVISION_BY_ZERO,TRADITIONAL,NO_ENGINE_SUBSTITUTION {{(pid=93222) _check_effective_sql_mode /opt/stack/data/venv/lib/python3.12/site-packages/oslo_db/sqlalchemy/engines.py:325}}
Jun 29 20:50:56.114492 np0000003929 nova-scheduler[93222]: DEBUG dbcounter [-] [93222] Writer thread running {{(pid=93222) stat_writer /opt/stack/data/venv/lib/python3.12/site-packages/dbcounter.py:102}}
Jun 29 20:50:56.157205 np0000003929 nova-scheduler[93224]: DEBUG nova.scheduler.manager [None req-df03608c-1dd5-49f7-8cf1-33612433885f tempest-ServerActionsTestOtherA-1872006079 tempest-ServerActionsTestOtherA-1872006079-project-member] [instance: 15aa14b9-b4f5-42ec-b225-0f6e4a451c2b] Selected host: (np0000003929, np0000003929) ram: 62765MB disk: 74752MB io_ops: 0 instances: 0, allocation_candidates: 1 {{(pid=93224) _consume_selected_host /opt/stack/nova/nova/scheduler/manager.py:624}}
