Jun 29 08:00:46.912139 np0000003896 systemd[1]: Starting devstack@n-api-meta.service - Devstack devstack@n-api-meta.service...
Jun 29 08:00:46.917646 np0000003896 devstack@n-api-meta.service[95766]: [uWSGI] getting INI configuration from /etc/nova/nova-metadata-uwsgi.ini
Jun 29 08:00:46.920049 np0000003896 devstack@n-api-meta.service[95766]: *** Starting uWSGI 2.0.24-debian (64bit) on [Mon Jun 29 08:00:46 2026] ***
Jun 29 08:00:46.920049 np0000003896 devstack@n-api-meta.service[95766]: compiled with version: 13.2.0 on 17 April 2024 16:23:48
Jun 29 08:00:46.920049 np0000003896 devstack@n-api-meta.service[95766]: os: Linux-6.8.0-100-generic #100-Ubuntu SMP PREEMPT_DYNAMIC Tue Jan 13 16:40:06 UTC 2026
Jun 29 08:00:46.920049 np0000003896 devstack@n-api-meta.service[95766]: nodename: np0000003896
Jun 29 08:00:46.920049 np0000003896 devstack@n-api-meta.service[95766]: machine: x86_64
Jun 29 08:00:46.920049 np0000003896 devstack@n-api-meta.service[95766]: clock source: unix
Jun 29 08:00:46.920049 np0000003896 devstack@n-api-meta.service[95766]: pcre jit disabled
Jun 29 08:00:46.920049 np0000003896 devstack@n-api-meta.service[95766]: detected number of CPU cores: 16
Jun 29 08:00:46.920049 np0000003896 devstack@n-api-meta.service[95766]: current working directory: /
Jun 29 08:00:46.920049 np0000003896 devstack@n-api-meta.service[95766]: detected binary path: /usr/bin/uwsgi-core
Jun 29 08:00:46.920049 np0000003896 devstack@n-api-meta.service[95766]: your processes number limit is 257052
Jun 29 08:00:46.920049 np0000003896 devstack@n-api-meta.service[95766]: your memory page size is 4096 bytes
Jun 29 08:00:46.920049 np0000003896 devstack@n-api-meta.service[95766]: detected max file descriptor number: 2048
Jun 29 08:00:46.920359 np0000003896 devstack@n-api-meta.service[95766]: lock engine: pthread robust mutexes
Jun 29 08:00:46.920359 np0000003896 devstack@n-api-meta.service[95766]: thunder lock: enabled
Jun 29 08:00:46.920464 np0000003896 devstack@n-api-meta.service[95766]: uWSGI http bound on 0.0.0.0:8775 fd 5
Jun 29 08:00:46.920507 np0000003896 devstack@n-api-meta.service[95766]: uwsgi socket 0 bound to TCP address 127.0.0.1:34059 (port auto-assigned) fd 4
Jun 29 08:00:46.920507 np0000003896 devstack@n-api-meta.service[95766]: Python version: 3.12.3 (main, Mar 23 2026, 19:04:32) [GCC 13.3.0]
Jun 29 08:00:46.920548 np0000003896 devstack@n-api-meta.service[95766]: PEP 405 virtualenv detected: /opt/stack/data/venv
Jun 29 08:00:46.920548 np0000003896 devstack@n-api-meta.service[95766]: Set PythonHome to /opt/stack/data/venv
Jun 29 08:00:46.953951 np0000003896 devstack@n-api-meta.service[95766]: Python main interpreter initialized at 0x7d3ccf0a3668
Jun 29 08:00:46.953951 np0000003896 devstack@n-api-meta.service[95766]: python threads support enabled
Jun 29 08:00:46.953951 np0000003896 devstack@n-api-meta.service[95766]: your server socket listen backlog is limited to 100 connections
Jun 29 08:00:46.953951 np0000003896 devstack@n-api-meta.service[95766]: your mercy for graceful operations on workers is 80 seconds
Jun 29 08:00:46.954361 np0000003896 devstack@n-api-meta.service[95766]: mapped 671795 bytes (656 KB) for 4 cores
Jun 29 08:00:46.954497 np0000003896 devstack@n-api-meta.service[95766]: *** Operational MODE: preforking ***
Jun 29 08:00:46.954698 np0000003896 devstack@n-api-meta.service[95766]: *** uWSGI is running in multiple interpreter mode ***
Jun 29 08:00:46.954698 np0000003896 devstack@n-api-meta.service[95766]: spawned uWSGI master process (pid: 95766)
Jun 29 08:00:46.954849 np0000003896 systemd[1]: Started devstack@n-api-meta.service - Devstack devstack@n-api-meta.service.
Jun 29 08:00:46.955223 np0000003896 devstack@n-api-meta.service[95766]: spawned uWSGI worker 1 (pid: 95767, cores: 1)
Jun 29 08:00:46.955722 np0000003896 devstack@n-api-meta.service[95766]: spawned uWSGI worker 2 (pid: 95768, cores: 1)
Jun 29 08:00:46.956207 np0000003896 devstack@n-api-meta.service[95766]: spawned uWSGI worker 3 (pid: 95769, cores: 1)
Jun 29 08:00:46.956657 np0000003896 devstack@n-api-meta.service[95766]: spawned uWSGI worker 4 (pid: 95770, cores: 1)
Jun 29 08:00:46.957138 np0000003896 devstack@n-api-meta.service[95766]: spawned uWSGI http 1 (pid: 95771)
Jun 29 08:00:46.957138 np0000003896 devstack@n-api-meta.service[95766]: running "unix_signal:15 gracefully_kill_them_all" (master-start)...
Jun 29 08:00:48.959986 np0000003896 devstack@n-api-meta.service[95769]: INFO dbcounter [None req-5c47fafe-b8b2-4e75-addc-33cbf4fd5715 None None] Registered counter for database nova_api
Jun 29 08:00:48.984645 np0000003896 devstack@n-api-meta.service[95768]: INFO dbcounter [None req-0886362f-6288-4e09-844f-3196e3b5c157 None None] Registered counter for database nova_api
Jun 29 08:00:49.010331 np0000003896 devstack@n-api-meta.service[95769]: DEBUG oslo_db.sqlalchemy.engines [None req-5c47fafe-b8b2-4e75-addc-33cbf4fd5715 None None] MySQL server mode set to STRICT_TRANS_TABLES,STRICT_ALL_TABLES,NO_ZERO_IN_DATE,NO_ZERO_DATE,ERROR_FOR_DIVISION_BY_ZERO,TRADITIONAL,NO_ENGINE_SUBSTITUTION {{(pid=95769) _check_effective_sql_mode /opt/stack/data/venv/lib/python3.12/site-packages/oslo_db/sqlalchemy/engines.py:325}}
Jun 29 08:00:49.023575 np0000003896 devstack@n-api-meta.service[95767]: INFO dbcounter [None req-3d08d9b0-fe58-45a6-b829-6ae2f5ab5446 None None] Registered counter for database nova_api
Jun 29 08:00:49.036013 np0000003896 devstack@n-api-meta.service[95768]: DEBUG oslo_db.sqlalchemy.engines [None req-0886362f-6288-4e09-844f-3196e3b5c157 None None] MySQL server mode set to STRICT_TRANS_TABLES,STRICT_ALL_TABLES,NO_ZERO_IN_DATE,NO_ZERO_DATE,ERROR_FOR_DIVISION_BY_ZERO,TRADITIONAL,NO_ENGINE_SUBSTITUTION {{(pid=95768) _check_effective_sql_mode /opt/stack/data/venv/lib/python3.12/site-packages/oslo_db/sqlalchemy/engines.py:325}}
Jun 29 08:00:49.048321 np0000003896 devstack@n-api-meta.service[95769]: DEBUG dbcounter [-] [95769] Writer thread running {{(pid=95769) stat_writer /opt/stack/data/venv/lib/python3.12/site-packages/dbcounter.py:102}}
Jun 29 08:00:49.051770 np0000003896 devstack@n-api-meta.service[95769]: DEBUG nova.context [None req-5c47fafe-b8b2-4e75-addc-33cbf4fd5715 None None] Found 2 cells: 00000000-0000-0000-0000-000000000000(cell0),30f9a7c7-2cf4-476e-8e03-2b56ca5603d8(cell1) {{(pid=95769) load_cells /opt/stack/nova/nova/context.py:509}}
Jun 29 08:00:49.052153 np0000003896 devstack@n-api-meta.service[95769]: INFO nova.utils [None req-5c47fafe-b8b2-4e75-addc-33cbf4fd5715 None None] The cell worker thread pool MainProcess.cell_worker is initialized
Jun 29 08:00:49.055212 np0000003896 devstack@n-api-meta.service[95769]: DEBUG oslo_concurrency.lockutils [None req-5c47fafe-b8b2-4e75-addc-33cbf4fd5715 None None] Acquiring lock "00000000-0000-0000-0000-000000000000" by "nova.context.set_target_cell..get_or_set_cached_cell_and_set_connections" {{(pid=95769) inner /opt/stack/data/venv/lib/python3.12/site-packages/oslo_concurrency/lockutils.py:511}}
Jun 29 08:00:49.055380 np0000003896 devstack@n-api-meta.service[95769]: DEBUG oslo_concurrency.lockutils [None req-5c47fafe-b8b2-4e75-addc-33cbf4fd5715 None None] Lock "00000000-0000-0000-0000-000000000000" acquired by "nova.context.set_target_cell..get_or_set_cached_cell_and_set_connections" :: waited 0.001s {{(pid=95769) inner /opt/stack/data/venv/lib/python3.12/site-packages/oslo_concurrency/lockutils.py:524}}
Jun 29 08:00:49.056082 np0000003896 devstack@n-api-meta.service[95769]: DEBUG oslo_concurrency.lockutils [None req-5c47fafe-b8b2-4e75-addc-33cbf4fd5715 None None] Lock "00000000-0000-0000-0000-000000000000" "released" by "nova.context.set_target_cell..get_or_set_cached_cell_and_set_connections" :: held 0.001s {{(pid=95769) inner /opt/stack/data/venv/lib/python3.12/site-packages/oslo_concurrency/lockutils.py:543}}
Jun 29 08:00:49.056917 np0000003896 devstack@n-api-meta.service[95769]: DEBUG oslo_concurrency.lockutils [None req-5c47fafe-b8b2-4e75-addc-33cbf4fd5715 None None] Acquiring lock "30f9a7c7-2cf4-476e-8e03-2b56ca5603d8" by "nova.context.set_target_cell..get_or_set_cached_cell_and_set_connections" {{(pid=95769) inner /opt/stack/data/venv/lib/python3.12/site-packages/oslo_concurrency/lockutils.py:511}}
Jun 29 08:00:49.057174 np0000003896 devstack@n-api-meta.service[95769]: DEBUG oslo_concurrency.lockutils [None req-5c47fafe-b8b2-4e75-addc-33cbf4fd5715 None None] Lock "30f9a7c7-2cf4-476e-8e03-2b56ca5603d8" acquired by "nova.context.set_target_cell..get_or_set_cached_cell_and_set_connections" :: waited 0.000s {{(pid=95769) inner /opt/stack/data/venv/lib/python3.12/site-packages/oslo_concurrency/lockutils.py:524}}
Jun 29 08:00:49.058522 np0000003896 devstack@n-api-meta.service[95769]: DEBUG oslo_concurrency.lockutils [None req-5c47fafe-b8b2-4e75-addc-33cbf4fd5715 None None] Lock "30f9a7c7-2cf4-476e-8e03-2b56ca5603d8" "released" by "nova.context.set_target_cell..get_or_set_cached_cell_and_set_connections" :: held 0.001s {{(pid=95769) inner /opt/stack/data/venv/lib/python3.12/site-packages/oslo_concurrency/lockutils.py:543}}
Jun 29 08:00:49.058970 np0000003896 devstack@n-api-meta.service[95770]: INFO dbcounter [None req-3b769712-6220-4eb3-8bb2-e9b8f2e3b587 None None] Registered counter for database nova_api
Jun 29 08:00:49.062109 np0000003896 devstack@n-api-meta.service[95769]: INFO dbcounter [None req-5c47fafe-b8b2-4e75-addc-33cbf4fd5715 None None] Registered counter for database nova_cell0
Jun 29 08:00:49.065970 np0000003896 devstack@n-api-meta.service[95769]: INFO dbcounter [None req-5c47fafe-b8b2-4e75-addc-33cbf4fd5715 None None] Registered counter for database nova_cell1
Jun 29 08:00:49.072117 np0000003896 devstack@n-api-meta.service[95768]: DEBUG dbcounter [-] [95768] Writer thread running {{(pid=95768) stat_writer /opt/stack/data/venv/lib/python3.12/site-packages/dbcounter.py:102}}
Jun 29 08:00:49.075347 np0000003896 devstack@n-api-meta.service[95768]: DEBUG nova.context [None req-0886362f-6288-4e09-844f-3196e3b5c157 None None] Found 2 cells: 00000000-0000-0000-0000-000000000000(cell0),30f9a7c7-2cf4-476e-8e03-2b56ca5603d8(cell1) {{(pid=95768) load_cells /opt/stack/nova/nova/context.py:509}}
Jun 29 08:00:49.075607 np0000003896 devstack@n-api-meta.service[95768]: INFO nova.utils [None req-0886362f-6288-4e09-844f-3196e3b5c157 None None] The cell worker thread pool MainProcess.cell_worker is initialized
Jun 29 08:00:49.077840 np0000003896 devstack@n-api-meta.service[95768]: DEBUG oslo_concurrency.lockutils [None req-0886362f-6288-4e09-844f-3196e3b5c157 None None] Acquiring lock "00000000-0000-0000-0000-000000000000" by "nova.context.set_target_cell..get_or_set_cached_cell_and_set_connections" {{(pid=95768) inner /opt/stack/data/venv/lib/python3.12/site-packages/oslo_concurrency/lockutils.py:511}}
Jun 29 08:00:49.078017 np0000003896 devstack@n-api-meta.service[95768]: DEBUG oslo_concurrency.lockutils [None req-0886362f-6288-4e09-844f-3196e3b5c157 None None] Lock "00000000-0000-0000-0000-000000000000" acquired by "nova.context.set_target_cell..get_or_set_cached_cell_and_set_connections" :: waited 0.000s {{(pid=95768) inner /opt/stack/data/venv/lib/python3.12/site-packages/oslo_concurrency/lockutils.py:524}}
Jun 29 08:00:49.078408 np0000003896 devstack@n-api-meta.service[95768]: DEBUG oslo_concurrency.lockutils [None req-0886362f-6288-4e09-844f-3196e3b5c157 None None] Lock "00000000-0000-0000-0000-000000000000" "released" by "nova.context.set_target_cell..get_or_set_cached_cell_and_set_connections" :: held 0.000s {{(pid=95768) inner /opt/stack/data/venv/lib/python3.12/site-packages/oslo_concurrency/lockutils.py:543}}
Jun 29 08:00:49.079261 np0000003896 devstack@n-api-meta.service[95768]: DEBUG oslo_concurrency.lockutils [None req-0886362f-6288-4e09-844f-3196e3b5c157 None None] Acquiring lock "30f9a7c7-2cf4-476e-8e03-2b56ca5603d8" by "nova.context.set_target_cell..get_or_set_cached_cell_and_set_connections" {{(pid=95768) inner /opt/stack/data/venv/lib/python3.12/site-packages/oslo_concurrency/lockutils.py:511}}
Jun 29 08:00:49.079437 np0000003896 devstack@n-api-meta.service[95768]: DEBUG oslo_concurrency.lockutils [None req-0886362f-6288-4e09-844f-3196e3b5c157 None None] Lock "30f9a7c7-2cf4-476e-8e03-2b56ca5603d8" acquired by "nova.context.set_target_cell..get_or_set_cached_cell_and_set_connections" :: waited 0.000s {{(pid=95768) inner /opt/stack/data/venv/lib/python3.12/site-packages/oslo_concurrency/lockutils.py:524}}
Jun 29 08:00:49.080535 np0000003896 devstack@n-api-meta.service[95768]: DEBUG oslo_concurrency.lockutils [None req-0886362f-6288-4e09-844f-3196e3b5c157 None None] Lock "30f9a7c7-2cf4-476e-8e03-2b56ca5603d8" "released" by "nova.context.set_target_cell..get_or_set_cached_cell_and_set_connections" :: held 0.001s {{(pid=95768) inner /opt/stack/data/venv/lib/python3.12/site-packages/oslo_concurrency/lockutils.py:543}}
Jun 29 08:00:49.083793 np0000003896 devstack@n-api-meta.service[95767]: DEBUG oslo_db.sqlalchemy.engines [None req-3d08d9b0-fe58-45a6-b829-6ae2f5ab5446 None None] MySQL server mode set to STRICT_TRANS_TABLES,STRICT_ALL_TABLES,NO_ZERO_IN_DATE,NO_ZERO_DATE,ERROR_FOR_DIVISION_BY_ZERO,TRADITIONAL,NO_ENGINE_SUBSTITUTION {{(pid=95767) _check_effective_sql_mode /opt/stack/data/venv/lib/python3.12/site-packages/oslo_db/sqlalchemy/engines.py:325}}
Jun 29 08:00:49.083910 np0000003896 devstack@n-api-meta.service[95768]: INFO dbcounter [None req-0886362f-6288-4e09-844f-3196e3b5c157 None None] Registered counter for database nova_cell0
Jun 29 08:00:49.087218 np0000003896 devstack@n-api-meta.service[95768]: INFO dbcounter [None req-0886362f-6288-4e09-844f-3196e3b5c157 None None] Registered counter for database nova_cell1
Jun 29 08:00:49.114542 np0000003896 devstack@n-api-meta.service[95770]: DEBUG oslo_db.sqlalchemy.engines [None req-3b769712-6220-4eb3-8bb2-e9b8f2e3b587 None None] MySQL server mode set to STRICT_TRANS_TABLES,STRICT_ALL_TABLES,NO_ZERO_IN_DATE,NO_ZERO_DATE,ERROR_FOR_DIVISION_BY_ZERO,TRADITIONAL,NO_ENGINE_SUBSTITUTION {{(pid=95770) _check_effective_sql_mode /opt/stack/data/venv/lib/python3.12/site-packages/oslo_db/sqlalchemy/engines.py:325}}
Jun 29 08:00:49.123612 np0000003896 devstack@n-api-meta.service[95767]: DEBUG dbcounter [-] [95767] Writer thread running {{(pid=95767) stat_writer /opt/stack/data/venv/lib/python3.12/site-packages/dbcounter.py:102}}
Jun 29 08:00:49.126869 np0000003896 devstack@n-api-meta.service[95767]: DEBUG nova.context [None req-3d08d9b0-fe58-45a6-b829-6ae2f5ab5446 None None] Found 2 cells: 00000000-0000-0000-0000-000000000000(cell0),30f9a7c7-2cf4-476e-8e03-2b56ca5603d8(cell1) {{(pid=95767) load_cells /opt/stack/nova/nova/context.py:509}}
Jun 29 08:00:49.127241 np0000003896 devstack@n-api-meta.service[95767]: INFO nova.utils [None req-3d08d9b0-fe58-45a6-b829-6ae2f5ab5446 None None] The cell worker thread pool MainProcess.cell_worker is initialized
Jun 29 08:00:49.128363 np0000003896 devstack@n-api-meta.service[95769]: DEBUG oslo_db.sqlalchemy.engines [None req-5c47fafe-b8b2-4e75-addc-33cbf4fd5715 None None] MySQL server mode set to STRICT_TRANS_TABLES,STRICT_ALL_TABLES,NO_ZERO_IN_DATE,NO_ZERO_DATE,ERROR_FOR_DIVISION_BY_ZERO,TRADITIONAL,NO_ENGINE_SUBSTITUTION {{(pid=95769) _check_effective_sql_mode /opt/stack/data/venv/lib/python3.12/site-packages/oslo_db/sqlalchemy/engines.py:325}}
Jun 29 08:00:49.129713 np0000003896 devstack@n-api-meta.service[95767]: DEBUG oslo_concurrency.lockutils [None req-3d08d9b0-fe58-45a6-b829-6ae2f5ab5446 None None] Acquiring lock "00000000-0000-0000-0000-000000000000" by "nova.context.set_target_cell..get_or_set_cached_cell_and_set_connections" {{(pid=95767) inner /opt/stack/data/venv/lib/python3.12/site-packages/oslo_concurrency/lockutils.py:511}}
Jun 29 08:00:49.129993 np0000003896 devstack@n-api-meta.service[95767]: DEBUG oslo_concurrency.lockutils [None req-3d08d9b0-fe58-45a6-b829-6ae2f5ab5446 None None] Lock "00000000-0000-0000-0000-000000000000" acquired by "nova.context.set_target_cell..get_or_set_cached_cell_and_set_connections" :: waited 0.000s {{(pid=95767) inner /opt/stack/data/venv/lib/python3.12/site-packages/oslo_concurrency/lockutils.py:524}}
Jun 29 08:00:49.130525 np0000003896 devstack@n-api-meta.service[95767]: DEBUG oslo_concurrency.lockutils [None req-3d08d9b0-fe58-45a6-b829-6ae2f5ab5446 None None] Lock "00000000-0000-0000-0000-000000000000" "released" by "nova.context.set_target_cell..get_or_set_cached_cell_and_set_connections" :: held 0.001s {{(pid=95767) inner /opt/stack/data/venv/lib/python3.12/site-packages/oslo_concurrency/lockutils.py:543}}
Jun 29 08:00:49.131304 np0000003896 devstack@n-api-meta.service[95767]: DEBUG oslo_concurrency.lockutils [None req-3d08d9b0-fe58-45a6-b829-6ae2f5ab5446 None None] Acquiring lock "30f9a7c7-2cf4-476e-8e03-2b56ca5603d8" by "nova.context.set_target_cell..get_or_set_cached_cell_and_set_connections" {{(pid=95767) inner /opt/stack/data/venv/lib/python3.12/site-packages/oslo_concurrency/lockutils.py:511}}
Jun 29 08:00:49.131512 np0000003896 devstack@n-api-meta.service[95767]: DEBUG oslo_concurrency.lockutils [None req-3d08d9b0-fe58-45a6-b829-6ae2f5ab5446 None None] Lock "30f9a7c7-2cf4-476e-8e03-2b56ca5603d8" acquired by "nova.context.set_target_cell..get_or_set_cached_cell_and_set_connections" :: waited 0.000s {{(pid=95767) inner /opt/stack/data/venv/lib/python3.12/site-packages/oslo_concurrency/lockutils.py:524}}
Jun 29 08:00:49.132697 np0000003896 devstack@n-api-meta.service[95767]: DEBUG oslo_concurrency.lockutils [None req-3d08d9b0-fe58-45a6-b829-6ae2f5ab5446 None None] Lock "30f9a7c7-2cf4-476e-8e03-2b56ca5603d8" "released" by "nova.context.set_target_cell..get_or_set_cached_cell_and_set_connections" :: held 0.001s {{(pid=95767) inner /opt/stack/data/venv/lib/python3.12/site-packages/oslo_concurrency/lockutils.py:543}}
Jun 29 08:00:49.134838 np0000003896 devstack@n-api-meta.service[95767]: INFO dbcounter [None req-3d08d9b0-fe58-45a6-b829-6ae2f5ab5446 None None] Registered counter for database nova_cell0
Jun 29 08:00:49.139401 np0000003896 devstack@n-api-meta.service[95767]: INFO dbcounter [None req-3d08d9b0-fe58-45a6-b829-6ae2f5ab5446 None None] Registered counter for database nova_cell1
Jun 29 08:00:49.154822 np0000003896 devstack@n-api-meta.service[95770]: DEBUG dbcounter [-] [95770] Writer thread running {{(pid=95770) stat_writer /opt/stack/data/venv/lib/python3.12/site-packages/dbcounter.py:102}}
Jun 29 08:00:49.154951 np0000003896 devstack@n-api-meta.service[95768]: DEBUG oslo_db.sqlalchemy.engines [None req-0886362f-6288-4e09-844f-3196e3b5c157 None None] MySQL server mode set to STRICT_TRANS_TABLES,STRICT_ALL_TABLES,NO_ZERO_IN_DATE,NO_ZERO_DATE,ERROR_FOR_DIVISION_BY_ZERO,TRADITIONAL,NO_ENGINE_SUBSTITUTION {{(pid=95768) _check_effective_sql_mode /opt/stack/data/venv/lib/python3.12/site-packages/oslo_db/sqlalchemy/engines.py:325}}
Jun 29 08:00:49.156923 np0000003896 devstack@n-api-meta.service[95770]: DEBUG nova.context [None req-3b769712-6220-4eb3-8bb2-e9b8f2e3b587 None None] Found 2 cells: 00000000-0000-0000-0000-000000000000(cell0),30f9a7c7-2cf4-476e-8e03-2b56ca5603d8(cell1) {{(pid=95770) load_cells /opt/stack/nova/nova/context.py:509}}
Jun 29 08:00:49.157476 np0000003896 devstack@n-api-meta.service[95770]: INFO nova.utils [None req-3b769712-6220-4eb3-8bb2-e9b8f2e3b587 None None] The cell worker thread pool MainProcess.cell_worker is initialized
Jun 29 08:00:49.158383 np0000003896 devstack@n-api-meta.service[95768]: DEBUG oslo_db.sqlalchemy.engines [None req-0886362f-6288-4e09-844f-3196e3b5c157 None None] MySQL server mode set to STRICT_TRANS_TABLES,STRICT_ALL_TABLES,NO_ZERO_IN_DATE,NO_ZERO_DATE,ERROR_FOR_DIVISION_BY_ZERO,TRADITIONAL,NO_ENGINE_SUBSTITUTION {{(pid=95768) _check_effective_sql_mode /opt/stack/data/venv/lib/python3.12/site-packages/oslo_db/sqlalchemy/engines.py:325}}
Jun 29 08:00:49.159266 np0000003896 devstack@n-api-meta.service[95770]: DEBUG oslo_concurrency.lockutils [None req-3b769712-6220-4eb3-8bb2-e9b8f2e3b587 None None] Acquiring lock "00000000-0000-0000-0000-000000000000" by "nova.context.set_target_cell..get_or_set_cached_cell_and_set_connections" {{(pid=95770) inner /opt/stack/data/venv/lib/python3.12/site-packages/oslo_concurrency/lockutils.py:511}}
Jun 29 08:00:49.159437 np0000003896 devstack@n-api-meta.service[95770]: DEBUG oslo_concurrency.lockutils [None req-3b769712-6220-4eb3-8bb2-e9b8f2e3b587 None None] Lock "00000000-0000-0000-0000-000000000000" acquired by "nova.context.set_target_cell..get_or_set_cached_cell_and_set_connections" :: waited 0.000s {{(pid=95770) inner /opt/stack/data/venv/lib/python3.12/site-packages/oslo_concurrency/lockutils.py:524}}
Jun 29 08:00:49.160062 np0000003896 devstack@n-api-meta.service[95770]: DEBUG oslo_concurrency.lockutils [None req-3b769712-6220-4eb3-8bb2-e9b8f2e3b587 None None] Lock "00000000-0000-0000-0000-000000000000" "released" by "nova.context.set_target_cell..get_or_set_cached_cell_and_set_connections" :: held 0.000s {{(pid=95770) inner /opt/stack/data/venv/lib/python3.12/site-packages/oslo_concurrency/lockutils.py:543}}
Jun 29 08:00:49.162642 np0000003896 devstack@n-api-meta.service[95770]: DEBUG oslo_concurrency.lockutils [None req-3b769712-6220-4eb3-8bb2-e9b8f2e3b587 None None] Acquiring lock "30f9a7c7-2cf4-476e-8e03-2b56ca5603d8" by "nova.context.set_target_cell..get_or_set_cached_cell_and_set_connections" {{(pid=95770) inner /opt/stack/data/venv/lib/python3.12/site-packages/oslo_concurrency/lockutils.py:511}}
Jun 29 08:00:49.162642 np0000003896 devstack@n-api-meta.service[95770]: DEBUG oslo_concurrency.lockutils [None req-3b769712-6220-4eb3-8bb2-e9b8f2e3b587 None None] Lock "30f9a7c7-2cf4-476e-8e03-2b56ca5603d8" acquired by "nova.context.set_target_cell..get_or_set_cached_cell_and_set_connections" :: waited 0.000s {{(pid=95770) inner /opt/stack/data/venv/lib/python3.12/site-packages/oslo_concurrency/lockutils.py:524}}
Jun 29 08:00:49.162642 np0000003896 devstack@n-api-meta.service[95770]: DEBUG oslo_concurrency.lockutils [None req-3b769712-6220-4eb3-8bb2-e9b8f2e3b587 None None] Lock "30f9a7c7-2cf4-476e-8e03-2b56ca5603d8" "released" by "nova.context.set_target_cell..get_or_set_cached_cell_and_set_connections" :: held 0.001s {{(pid=95770) inner /opt/stack/data/venv/lib/python3.12/site-packages/oslo_concurrency/lockutils.py:543}}
Jun 29 08:00:49.163530 np0000003896 devstack@n-api-meta.service[95770]: INFO dbcounter [None req-3b769712-6220-4eb3-8bb2-e9b8f2e3b587 None None] Registered counter for database nova_cell0
Jun 29 08:00:49.168110 np0000003896 devstack@n-api-meta.service[95770]: INFO dbcounter [None req-3b769712-6220-4eb3-8bb2-e9b8f2e3b587 None None] Registered counter for database nova_cell1
Jun 29 08:00:49.179634 np0000003896 devstack@n-api-meta.service[95769]: DEBUG oslo_db.sqlalchemy.engines [None req-5c47fafe-b8b2-4e75-addc-33cbf4fd5715 None None] MySQL server mode set to STRICT_TRANS_TABLES,STRICT_ALL_TABLES,NO_ZERO_IN_DATE,NO_ZERO_DATE,ERROR_FOR_DIVISION_BY_ZERO,TRADITIONAL,NO_ENGINE_SUBSTITUTION {{(pid=95769) _check_effective_sql_mode /opt/stack/data/venv/lib/python3.12/site-packages/oslo_db/sqlalchemy/engines.py:325}}
Jun 29 08:00:49.211883 np0000003896 devstack@n-api-meta.service[95767]: DEBUG oslo_db.sqlalchemy.engines [None req-3d08d9b0-fe58-45a6-b829-6ae2f5ab5446 None None] MySQL server mode set to STRICT_TRANS_TABLES,STRICT_ALL_TABLES,NO_ZERO_IN_DATE,NO_ZERO_DATE,ERROR_FOR_DIVISION_BY_ZERO,TRADITIONAL,NO_ENGINE_SUBSTITUTION {{(pid=95767) _check_effective_sql_mode /opt/stack/data/venv/lib/python3.12/site-packages/oslo_db/sqlalchemy/engines.py:325}}
Jun 29 08:00:49.214538 np0000003896 devstack@n-api-meta.service[95767]: DEBUG oslo_db.sqlalchemy.engines [None req-3d08d9b0-fe58-45a6-b829-6ae2f5ab5446 None None] MySQL server mode set to STRICT_TRANS_TABLES,STRICT_ALL_TABLES,NO_ZERO_IN_DATE,NO_ZERO_DATE,ERROR_FOR_DIVISION_BY_ZERO,TRADITIONAL,NO_ENGINE_SUBSTITUTION {{(pid=95767) _check_effective_sql_mode /opt/stack/data/venv/lib/python3.12/site-packages/oslo_db/sqlalchemy/engines.py:325}}
Jun 29 08:00:49.234694 np0000003896 devstack@n-api-meta.service[95770]: DEBUG oslo_db.sqlalchemy.engines [None req-3b769712-6220-4eb3-8bb2-e9b8f2e3b587 None None] MySQL server mode set to STRICT_TRANS_TABLES,STRICT_ALL_TABLES,NO_ZERO_IN_DATE,NO_ZERO_DATE,ERROR_FOR_DIVISION_BY_ZERO,TRADITIONAL,NO_ENGINE_SUBSTITUTION {{(pid=95770) _check_effective_sql_mode /opt/stack/data/venv/lib/python3.12/site-packages/oslo_db/sqlalchemy/engines.py:325}}
Jun 29 08:00:49.240295 np0000003896 devstack@n-api-meta.service[95770]: DEBUG oslo_db.sqlalchemy.engines [None req-3b769712-6220-4eb3-8bb2-e9b8f2e3b587 None None] MySQL server mode set to STRICT_TRANS_TABLES,STRICT_ALL_TABLES,NO_ZERO_IN_DATE,NO_ZERO_DATE,ERROR_FOR_DIVISION_BY_ZERO,TRADITIONAL,NO_ENGINE_SUBSTITUTION {{(pid=95770) _check_effective_sql_mode /opt/stack/data/venv/lib/python3.12/site-packages/oslo_db/sqlalchemy/engines.py:325}}
Jun 29 08:00:49.252234 np0000003896 devstack@n-api-meta.service[95769]: DEBUG dbcounter [-] [95769] Writer thread running {{(pid=95769) stat_writer /opt/stack/data/venv/lib/python3.12/site-packages/dbcounter.py:102}}
Jun 29 08:00:49.257098 np0000003896 devstack@n-api-meta.service[95769]: DEBUG dbcounter [-] [95769] Writer thread running {{(pid=95769) stat_writer /opt/stack/data/venv/lib/python3.12/site-packages/dbcounter.py:102}}
Jun 29 08:00:49.260967 np0000003896 devstack@n-api-meta.service[95769]: INFO dbcounter [None req-5c47fafe-b8b2-4e75-addc-33cbf4fd5715 None None] Registered counter for database nova_cell0
Jun 29 08:00:49.286832 np0000003896 devstack@n-api-meta.service[95768]: DEBUG dbcounter [-] [95768] Writer thread running {{(pid=95768) stat_writer /opt/stack/data/venv/lib/python3.12/site-packages/dbcounter.py:102}}
Jun 29 08:00:49.287422 np0000003896 devstack@n-api-meta.service[95768]: DEBUG dbcounter [-] [95768] Writer thread running {{(pid=95768) stat_writer /opt/stack/data/venv/lib/python3.12/site-packages/dbcounter.py:102}}
Jun 29 08:00:49.296310 np0000003896 devstack@n-api-meta.service[95768]: INFO dbcounter [None req-0886362f-6288-4e09-844f-3196e3b5c157 None None] Registered counter for database nova_cell0
Jun 29 08:00:49.298066 np0000003896 devstack@n-api-meta.service[95769]: DEBUG oslo_db.sqlalchemy.engines [None req-5c47fafe-b8b2-4e75-addc-33cbf4fd5715 None None] MySQL server mode set to STRICT_TRANS_TABLES,STRICT_ALL_TABLES,NO_ZERO_IN_DATE,NO_ZERO_DATE,ERROR_FOR_DIVISION_BY_ZERO,TRADITIONAL,NO_ENGINE_SUBSTITUTION {{(pid=95769) _check_effective_sql_mode /opt/stack/data/venv/lib/python3.12/site-packages/oslo_db/sqlalchemy/engines.py:325}}
Jun 29 08:00:49.305111 np0000003896 devstack@n-api-meta.service[95769]: DEBUG dbcounter [-] [95769] Writer thread running {{(pid=95769) stat_writer /opt/stack/data/venv/lib/python3.12/site-packages/dbcounter.py:102}}
Jun 29 08:00:49.313020 np0000003896 devstack@n-api-meta.service[95767]: DEBUG dbcounter [-] [95767] Writer thread running {{(pid=95767) stat_writer /opt/stack/data/venv/lib/python3.12/site-packages/dbcounter.py:102}}
Jun 29 08:00:49.315656 np0000003896 devstack@n-api-meta.service[95767]: DEBUG dbcounter [-] [95767] Writer thread running {{(pid=95767) stat_writer /opt/stack/data/venv/lib/python3.12/site-packages/dbcounter.py:102}}
Jun 29 08:00:49.320896 np0000003896 devstack@n-api-meta.service[95767]: INFO dbcounter [None req-3d08d9b0-fe58-45a6-b829-6ae2f5ab5446 None None] Registered counter for database nova_cell0
Jun 29 08:00:49.340949 np0000003896 devstack@n-api-meta.service[95768]: DEBUG oslo_db.sqlalchemy.engines [None req-0886362f-6288-4e09-844f-3196e3b5c157 None None] MySQL server mode set to STRICT_TRANS_TABLES,STRICT_ALL_TABLES,NO_ZERO_IN_DATE,NO_ZERO_DATE,ERROR_FOR_DIVISION_BY_ZERO,TRADITIONAL,NO_ENGINE_SUBSTITUTION {{(pid=95768) _check_effective_sql_mode /opt/stack/data/venv/lib/python3.12/site-packages/oslo_db/sqlalchemy/engines.py:325}}
Jun 29 08:00:49.350447 np0000003896 devstack@n-api-meta.service[95768]: DEBUG dbcounter [-] [95768] Writer thread running {{(pid=95768) stat_writer /opt/stack/data/venv/lib/python3.12/site-packages/dbcounter.py:102}}
Jun 29 08:00:49.355395 np0000003896 devstack@n-api-meta.service[95769]: WARNING nova.api.metadata.handler [None req-5c47fafe-b8b2-4e75-addc-33cbf4fd5715 None None] metadata_proxy_shared_secret is not configured, the metadata information returned by the proxy cannot be trusted
Jun 29 08:00:49.356486 np0000003896 devstack@n-api-meta.service[95769]: DEBUG nova.api.openstack.wsgi_app [None req-5c47fafe-b8b2-4e75-addc-33cbf4fd5715 None None] ******************************************************************************** {{(pid=95769) log_opt_values /opt/stack/data/venv/lib/python3.12/site-packages/oslo_config/cfg.py:3226}}
Jun 29 08:00:49.356663 np0000003896 devstack@n-api-meta.service[95769]: DEBUG nova.api.openstack.wsgi_app [None req-5c47fafe-b8b2-4e75-addc-33cbf4fd5715 None None] Configuration options gathered from: {{(pid=95769) log_opt_values /opt/stack/data/venv/lib/python3.12/site-packages/oslo_config/cfg.py:3227}}
Jun 29 08:00:49.356884 np0000003896 devstack@n-api-meta.service[95769]: DEBUG nova.api.openstack.wsgi_app [None req-5c47fafe-b8b2-4e75-addc-33cbf4fd5715 None None] command line args: [] {{(pid=95769) log_opt_values /opt/stack/data/venv/lib/python3.12/site-packages/oslo_config/cfg.py:3228}}
Jun 29 08:00:49.357083 np0000003896 devstack@n-api-meta.service[95769]: DEBUG nova.api.openstack.wsgi_app [None req-5c47fafe-b8b2-4e75-addc-33cbf4fd5715 None None] config files: ['/etc/nova/api-paste.ini', '/etc/nova/nova.conf'] {{(pid=95769) log_opt_values /opt/stack/data/venv/lib/python3.12/site-packages/oslo_config/cfg.py:3229}}
Jun 29 08:00:49.357178 np0000003896 devstack@n-api-meta.service[95769]: DEBUG nova.api.openstack.wsgi_app [None req-5c47fafe-b8b2-4e75-addc-33cbf4fd5715 None None] ================================================================================ {{(pid=95769) log_opt_values /opt/stack/data/venv/lib/python3.12/site-packages/oslo_config/cfg.py:3234}}
Jun 29 08:00:49.357363 np0000003896 devstack@n-api-meta.service[95769]: DEBUG nova.api.openstack.wsgi_app [None req-5c47fafe-b8b2-4e75-addc-33cbf4fd5715 None None] allow_resize_to_same_host = True {{(pid=95769) log_opt_values /opt/stack/data/venv/lib/python3.12/site-packages/oslo_config/cfg.py:3242}}
Jun 29 08:00:49.357521 np0000003896 devstack@n-api-meta.service[95769]: DEBUG nova.api.openstack.wsgi_app [None req-5c47fafe-b8b2-4e75-addc-33cbf4fd5715 None None] arq_binding_timeout = 300 {{(pid=95769) log_opt_values /opt/stack/data/venv/lib/python3.12/site-packages/oslo_config/cfg.py:3242}}
Jun 29 08:00:49.357640 np0000003896 devstack@n-api-meta.service[95769]: DEBUG nova.api.openstack.wsgi_app [None req-5c47fafe-b8b2-4e75-addc-33cbf4fd5715 None None] block_device_allocate_retries = 60 {{(pid=95769) log_opt_values /opt/stack/data/venv/lib/python3.12/site-packages/oslo_config/cfg.py:3242}}
Jun 29 08:00:49.357779 np0000003896 devstack@n-api-meta.service[95769]: DEBUG nova.api.openstack.wsgi_app [None req-5c47fafe-b8b2-4e75-addc-33cbf4fd5715 None None] block_device_allocate_retries_interval = 3 {{(pid=95769) log_opt_values /opt/stack/data/venv/lib/python3.12/site-packages/oslo_config/cfg.py:3242}}
Jun 29 08:00:49.357890 np0000003896 devstack@n-api-meta.service[95769]: DEBUG nova.api.openstack.wsgi_app [None req-5c47fafe-b8b2-4e75-addc-33cbf4fd5715 None None] cell_worker_thread_pool_size = 5 {{(pid=95769) log_opt_values /opt/stack/data/venv/lib/python3.12/site-packages/oslo_config/cfg.py:3242}}
Jun 29 08:00:49.358052 np0000003896 devstack@n-api-meta.service[95769]: DEBUG nova.api.openstack.wsgi_app [None req-5c47fafe-b8b2-4e75-addc-33cbf4fd5715 None None] cert = self.pem {{(pid=95769) log_opt_values /opt/stack/data/venv/lib/python3.12/site-packages/oslo_config/cfg.py:3242}}
Jun 29 08:00:49.358191 np0000003896 devstack@n-api-meta.service[95769]: DEBUG nova.api.openstack.wsgi_app [None req-5c47fafe-b8b2-4e75-addc-33cbf4fd5715 None None] compute_driver = libvirt.LibvirtDriver {{(pid=95769) log_opt_values /opt/stack/data/venv/lib/python3.12/site-packages/oslo_config/cfg.py:3242}}
Jun 29 08:00:49.358377 np0000003896 devstack@n-api-meta.service[95769]: DEBUG nova.api.openstack.wsgi_app [None req-5c47fafe-b8b2-4e75-addc-33cbf4fd5715 None None] compute_monitors = [] {{(pid=95769) log_opt_values /opt/stack/data/venv/lib/python3.12/site-packages/oslo_config/cfg.py:3242}}
Jun 29 08:00:49.358578 np0000003896 devstack@n-api-meta.service[95769]: DEBUG nova.api.openstack.wsgi_app [None req-5c47fafe-b8b2-4e75-addc-33cbf4fd5715 None None] config_dir = [] {{(pid=95769) log_opt_values /opt/stack/data/venv/lib/python3.12/site-packages/oslo_config/cfg.py:3242}}
Jun 29 08:00:49.358918 np0000003896 devstack@n-api-meta.service[95769]: DEBUG nova.api.openstack.wsgi_app [None req-5c47fafe-b8b2-4e75-addc-33cbf4fd5715 None None] config_drive_format = iso9660 {{(pid=95769) log_opt_values /opt/stack/data/venv/lib/python3.12/site-packages/oslo_config/cfg.py:3242}}
Jun 29 08:00:49.359079 np0000003896 devstack@n-api-meta.service[95769]: DEBUG nova.api.openstack.wsgi_app [None req-5c47fafe-b8b2-4e75-addc-33cbf4fd5715 None None] config_file = ['/etc/nova/api-paste.ini', '/etc/nova/nova.conf'] {{(pid=95769) log_opt_values /opt/stack/data/venv/lib/python3.12/site-packages/oslo_config/cfg.py:3242}}
Jun 29 08:00:49.359269 np0000003896 devstack@n-api-meta.service[95769]: DEBUG nova.api.openstack.wsgi_app [None req-5c47fafe-b8b2-4e75-addc-33cbf4fd5715 None None] config_source = [] {{(pid=95769) log_opt_values /opt/stack/data/venv/lib/python3.12/site-packages/oslo_config/cfg.py:3242}}
Jun 29 08:00:49.359390 np0000003896 devstack@n-api-meta.service[95769]: DEBUG nova.api.openstack.wsgi_app [None req-5c47fafe-b8b2-4e75-addc-33cbf4fd5715 None None] console_host = np0000003896 {{(pid=95769) log_opt_values /opt/stack/data/venv/lib/python3.12/site-packages/oslo_config/cfg.py:3242}}
Jun 29 08:00:49.359931 np0000003896 devstack@n-api-meta.service[95769]: DEBUG nova.api.openstack.wsgi_app [None req-5c47fafe-b8b2-4e75-addc-33cbf4fd5715 None None] control_exchange = nova {{(pid=95769) log_opt_values /opt/stack/data/venv/lib/python3.12/site-packages/oslo_config/cfg.py:3242}}
Jun 29 08:00:49.359931 np0000003896 devstack@n-api-meta.service[95769]: DEBUG nova.api.openstack.wsgi_app [None req-5c47fafe-b8b2-4e75-addc-33cbf4fd5715 None None] cpu_allocation_ratio = None {{(pid=95769) log_opt_values /opt/stack/data/venv/lib/python3.12/site-packages/oslo_config/cfg.py:3242}}
Jun 29 08:00:49.360048 np0000003896 devstack@n-api-meta.service[95769]: DEBUG nova.api.openstack.wsgi_app [None req-5c47fafe-b8b2-4e75-addc-33cbf4fd5715 None None] daemon = False {{(pid=95769) log_opt_values /opt/stack/data/venv/lib/python3.12/site-packages/oslo_config/cfg.py:3242}}
Jun 29 08:00:49.360210 np0000003896 devstack@n-api-meta.service[95769]: DEBUG nova.api.openstack.wsgi_app [None req-5c47fafe-b8b2-4e75-addc-33cbf4fd5715 None None] debug = True {{(pid=95769) log_opt_values /opt/stack/data/venv/lib/python3.12/site-packages/oslo_config/cfg.py:3242}}
Jun 29 08:00:49.360614 np0000003896 devstack@n-api-meta.service[95769]: DEBUG nova.api.openstack.wsgi_app [None req-5c47fafe-b8b2-4e75-addc-33cbf4fd5715 None None] default_access_ip_network_name = None {{(pid=95769) log_opt_values /opt/stack/data/venv/lib/python3.12/site-packages/oslo_config/cfg.py:3242}}
Jun 29 08:00:49.360614 np0000003896 devstack@n-api-meta.service[95769]: DEBUG nova.api.openstack.wsgi_app [None req-5c47fafe-b8b2-4e75-addc-33cbf4fd5715 None None] default_availability_zone = nova {{(pid=95769) log_opt_values /opt/stack/data/venv/lib/python3.12/site-packages/oslo_config/cfg.py:3242}}
Jun 29 08:00:49.361178 np0000003896 devstack@n-api-meta.service[95769]: DEBUG nova.api.openstack.wsgi_app [None req-5c47fafe-b8b2-4e75-addc-33cbf4fd5715 None None] default_ephemeral_format = ext4 {{(pid=95769) log_opt_values /opt/stack/data/venv/lib/python3.12/site-packages/oslo_config/cfg.py:3242}}
Jun 29 08:00:49.361178 np0000003896 devstack@n-api-meta.service[95769]: DEBUG nova.api.openstack.wsgi_app [None req-5c47fafe-b8b2-4e75-addc-33cbf4fd5715 None None] default_green_pool_size = 1000 {{(pid=95769) log_opt_values /opt/stack/data/venv/lib/python3.12/site-packages/oslo_config/cfg.py:3242}}
Jun 29 08:00:49.361286 np0000003896 devstack@n-api-meta.service[95770]: DEBUG dbcounter [-] [95770] Writer thread running {{(pid=95770) stat_writer /opt/stack/data/venv/lib/python3.12/site-packages/dbcounter.py:102}}
Jun 29 08:00:49.361339 np0000003896 devstack@n-api-meta.service[95769]: DEBUG nova.api.openstack.wsgi_app [None req-5c47fafe-b8b2-4e75-addc-33cbf4fd5715 None None] default_log_levels = ['amqp=WARN', 'boto=WARN', 'sqlalchemy=WARN', 'suds=INFO', 'oslo.messaging=INFO', 'oslo_messaging=INFO', 'iso8601=WARN', 'requests.packages.urllib3.connectionpool=WARN', 'urllib3.connectionpool=WARN', 'websocket=WARN', 'requests.packages.urllib3.util.retry=WARN', 'urllib3.util.retry=WARN', 'keystonemiddleware=WARN', 'routes.middleware=WARN', 'stevedore=WARN', 'taskflow=WARN', 'keystoneauth=WARN', 'oslo.cache=INFO', 'oslo_policy=INFO', 'dogpile.core.dogpile=INFO', 'glanceclient=WARN', 'oslo.privsep.daemon=INFO'] {{(pid=95769) log_opt_values /opt/stack/data/venv/lib/python3.12/site-packages/oslo_config/cfg.py:3242}}
Jun 29 08:00:49.361513 np0000003896 devstack@n-api-meta.service[95769]: DEBUG nova.api.openstack.wsgi_app [None req-5c47fafe-b8b2-4e75-addc-33cbf4fd5715 None None] default_schedule_zone = None {{(pid=95769) log_opt_values /opt/stack/data/venv/lib/python3.12/site-packages/oslo_config/cfg.py:3242}}
Jun 29 08:00:49.361582 np0000003896 devstack@n-api-meta.service[95770]: DEBUG dbcounter [-] [95770] Writer thread running {{(pid=95770) stat_writer /opt/stack/data/venv/lib/python3.12/site-packages/dbcounter.py:102}}
Jun 29 08:00:49.361741 np0000003896 devstack@n-api-meta.service[95769]: DEBUG nova.api.openstack.wsgi_app [None req-5c47fafe-b8b2-4e75-addc-33cbf4fd5715 None None] default_thread_pool_size = 10 {{(pid=95769) log_opt_values /opt/stack/data/venv/lib/python3.12/site-packages/oslo_config/cfg.py:3242}}
Jun 29 08:00:49.361912 np0000003896 devstack@n-api-meta.service[95769]: DEBUG nova.api.openstack.wsgi_app [None req-5c47fafe-b8b2-4e75-addc-33cbf4fd5715 None None] disk_allocation_ratio = None {{(pid=95769) log_opt_values /opt/stack/data/venv/lib/python3.12/site-packages/oslo_config/cfg.py:3242}}
Jun 29 08:00:49.362089 np0000003896 devstack@n-api-meta.service[95769]: DEBUG nova.api.openstack.wsgi_app [None req-5c47fafe-b8b2-4e75-addc-33cbf4fd5715 None None] enable_new_services = True {{(pid=95769) log_opt_values /opt/stack/data/venv/lib/python3.12/site-packages/oslo_config/cfg.py:3242}}
Jun 29 08:00:49.362264 np0000003896 devstack@n-api-meta.service[95769]: DEBUG nova.api.openstack.wsgi_app [None req-5c47fafe-b8b2-4e75-addc-33cbf4fd5715 None None] flat_injected = False {{(pid=95769) log_opt_values /opt/stack/data/venv/lib/python3.12/site-packages/oslo_config/cfg.py:3242}}
Jun 29 08:00:49.362441 np0000003896 devstack@n-api-meta.service[95769]: DEBUG nova.api.openstack.wsgi_app [None req-5c47fafe-b8b2-4e75-addc-33cbf4fd5715 None None] force_config_drive = True {{(pid=95769) log_opt_values /opt/stack/data/venv/lib/python3.12/site-packages/oslo_config/cfg.py:3242}}
Jun 29 08:00:49.362621 np0000003896 devstack@n-api-meta.service[95769]: DEBUG nova.api.openstack.wsgi_app [None req-5c47fafe-b8b2-4e75-addc-33cbf4fd5715 None None] force_raw_images = True {{(pid=95769) log_opt_values /opt/stack/data/venv/lib/python3.12/site-packages/oslo_config/cfg.py:3242}}
Jun 29 08:00:49.362820 np0000003896 devstack@n-api-meta.service[95769]: DEBUG nova.api.openstack.wsgi_app [None req-5c47fafe-b8b2-4e75-addc-33cbf4fd5715 None None] graceful_shutdown_timeout = 5 {{(pid=95769) log_opt_values /opt/stack/data/venv/lib/python3.12/site-packages/oslo_config/cfg.py:3242}}
Jun 29 08:00:49.363016 np0000003896 devstack@n-api-meta.service[95769]: DEBUG nova.api.openstack.wsgi_app [None req-5c47fafe-b8b2-4e75-addc-33cbf4fd5715 None None] heal_instance_info_cache_interval = -1 {{(pid=95769) log_opt_values /opt/stack/data/venv/lib/python3.12/site-packages/oslo_config/cfg.py:3242}}
Jun 29 08:00:49.363302 np0000003896 devstack@n-api-meta.service[95769]: DEBUG nova.api.openstack.wsgi_app [None req-5c47fafe-b8b2-4e75-addc-33cbf4fd5715 None None] host = np0000003896 {{(pid=95769) log_opt_values /opt/stack/data/venv/lib/python3.12/site-packages/oslo_config/cfg.py:3242}}
Jun 29 08:00:49.363507 np0000003896 devstack@n-api-meta.service[95769]: DEBUG nova.api.openstack.wsgi_app [None req-5c47fafe-b8b2-4e75-addc-33cbf4fd5715 None None] initial_cpu_allocation_ratio = 4.0 {{(pid=95769) log_opt_values /opt/stack/data/venv/lib/python3.12/site-packages/oslo_config/cfg.py:3242}}
Jun 29 08:00:49.363637 np0000003896 devstack@n-api-meta.service[95769]: DEBUG nova.api.openstack.wsgi_app [None req-5c47fafe-b8b2-4e75-addc-33cbf4fd5715 None None] initial_disk_allocation_ratio = 1.0 {{(pid=95769) log_opt_values /opt/stack/data/venv/lib/python3.12/site-packages/oslo_config/cfg.py:3242}}
Jun 29 08:00:49.363774 np0000003896 devstack@n-api-meta.service[95769]: DEBUG nova.api.openstack.wsgi_app [None req-5c47fafe-b8b2-4e75-addc-33cbf4fd5715 None None] initial_ram_allocation_ratio = 1.0 {{(pid=95769) log_opt_values /opt/stack/data/venv/lib/python3.12/site-packages/oslo_config/cfg.py:3242}}
Jun 29 08:00:49.363949 np0000003896 devstack@n-api-meta.service[95769]: DEBUG nova.api.openstack.wsgi_app [None req-5c47fafe-b8b2-4e75-addc-33cbf4fd5715 None None] injected_network_template = /opt/stack/nova/nova/virt/interfaces.template {{(pid=95769) log_opt_values /opt/stack/data/venv/lib/python3.12/site-packages/oslo_config/cfg.py:3242}}
Jun 29 08:00:49.364065 np0000003896 devstack@n-api-meta.service[95769]: DEBUG nova.api.openstack.wsgi_app [None req-5c47fafe-b8b2-4e75-addc-33cbf4fd5715 None None] instance_build_timeout = 0 {{(pid=95769) log_opt_values /opt/stack/data/venv/lib/python3.12/site-packages/oslo_config/cfg.py:3242}}
Jun 29 08:00:49.364181 np0000003896 devstack@n-api-meta.service[95769]: DEBUG nova.api.openstack.wsgi_app [None req-5c47fafe-b8b2-4e75-addc-33cbf4fd5715 None None] instance_delete_interval = 300 {{(pid=95769) log_opt_values /opt/stack/data/venv/lib/python3.12/site-packages/oslo_config/cfg.py:3242}}
Jun 29 08:00:49.364303 np0000003896 devstack@n-api-meta.service[95769]: DEBUG nova.api.openstack.wsgi_app [None req-5c47fafe-b8b2-4e75-addc-33cbf4fd5715 None None] instance_format = [instance: %(uuid)s] {{(pid=95769) log_opt_values /opt/stack/data/venv/lib/python3.12/site-packages/oslo_config/cfg.py:3242}}
Jun 29 08:00:49.364464 np0000003896 devstack@n-api-meta.service[95769]: DEBUG nova.api.openstack.wsgi_app [None req-5c47fafe-b8b2-4e75-addc-33cbf4fd5715 None None] instance_name_template = instance-%08x {{(pid=95769) log_opt_values /opt/stack/data/venv/lib/python3.12/site-packages/oslo_config/cfg.py:3242}}
Jun 29 08:00:49.364589 np0000003896 devstack@n-api-meta.service[95769]: DEBUG nova.api.openstack.wsgi_app [None req-5c47fafe-b8b2-4e75-addc-33cbf4fd5715 None None] instance_usage_audit = False {{(pid=95769) log_opt_values /opt/stack/data/venv/lib/python3.12/site-packages/oslo_config/cfg.py:3242}}
Jun 29 08:00:49.364716 np0000003896 devstack@n-api-meta.service[95769]: DEBUG nova.api.openstack.wsgi_app [None req-5c47fafe-b8b2-4e75-addc-33cbf4fd5715 None None] instance_usage_audit_period = month {{(pid=95769) log_opt_values /opt/stack/data/venv/lib/python3.12/site-packages/oslo_config/cfg.py:3242}}
Jun 29 08:00:49.364866 np0000003896 devstack@n-api-meta.service[95769]: DEBUG nova.api.openstack.wsgi_app [None req-5c47fafe-b8b2-4e75-addc-33cbf4fd5715 None None] instance_uuid_format = [instance: %(uuid)s] {{(pid=95769) log_opt_values /opt/stack/data/venv/lib/python3.12/site-packages/oslo_config/cfg.py:3242}}
Jun 29 08:00:49.365024 np0000003896 devstack@n-api-meta.service[95769]: DEBUG nova.api.openstack.wsgi_app [None req-5c47fafe-b8b2-4e75-addc-33cbf4fd5715 None None] instances_path = /opt/stack/data/nova/instances {{(pid=95769) log_opt_values /opt/stack/data/venv/lib/python3.12/site-packages/oslo_config/cfg.py:3242}}
Jun 29 08:00:49.365147 np0000003896 devstack@n-api-meta.service[95769]: DEBUG nova.api.openstack.wsgi_app [None req-5c47fafe-b8b2-4e75-addc-33cbf4fd5715 None None] internal_service_availability_zone = internal {{(pid=95769) log_opt_values /opt/stack/data/venv/lib/python3.12/site-packages/oslo_config/cfg.py:3242}}
Jun 29 08:00:49.365268 np0000003896 devstack@n-api-meta.service[95769]: DEBUG nova.api.openstack.wsgi_app [None req-5c47fafe-b8b2-4e75-addc-33cbf4fd5715 None None] key = None {{(pid=95769) log_opt_values /opt/stack/data/venv/lib/python3.12/site-packages/oslo_config/cfg.py:3242}}
Jun 29 08:00:49.365336 np0000003896 devstack@n-api-meta.service[95770]: INFO dbcounter [None req-3b769712-6220-4eb3-8bb2-e9b8f2e3b587 None None] Registered counter for database nova_cell0
Jun 29 08:00:49.365382 np0000003896 devstack@n-api-meta.service[95769]: DEBUG nova.api.openstack.wsgi_app [None req-5c47fafe-b8b2-4e75-addc-33cbf4fd5715 None None] live_migration_retry_count = 30 {{(pid=95769) log_opt_values /opt/stack/data/venv/lib/python3.12/site-packages/oslo_config/cfg.py:3242}}
Jun 29 08:00:49.365532 np0000003896 devstack@n-api-meta.service[95769]: DEBUG nova.api.openstack.wsgi_app [None req-5c47fafe-b8b2-4e75-addc-33cbf4fd5715 None None] log_color = False {{(pid=95769) log_opt_values /opt/stack/data/venv/lib/python3.12/site-packages/oslo_config/cfg.py:3242}}
Jun 29 08:00:49.365653 np0000003896 devstack@n-api-meta.service[95769]: DEBUG nova.api.openstack.wsgi_app [None req-5c47fafe-b8b2-4e75-addc-33cbf4fd5715 None None] log_config_append = None {{(pid=95769) log_opt_values /opt/stack/data/venv/lib/python3.12/site-packages/oslo_config/cfg.py:3242}}
Jun 29 08:00:49.365787 np0000003896 devstack@n-api-meta.service[95769]: DEBUG nova.api.openstack.wsgi_app [None req-5c47fafe-b8b2-4e75-addc-33cbf4fd5715 None None] log_date_format = %Y-%m-%d %H:%M:%S {{(pid=95769) log_opt_values /opt/stack/data/venv/lib/python3.12/site-packages/oslo_config/cfg.py:3242}}
Jun 29 08:00:49.365901 np0000003896 devstack@n-api-meta.service[95769]: DEBUG nova.api.openstack.wsgi_app [None req-5c47fafe-b8b2-4e75-addc-33cbf4fd5715 None None] log_dir = None {{(pid=95769) log_opt_values /opt/stack/data/venv/lib/python3.12/site-packages/oslo_config/cfg.py:3242}}
Jun 29 08:00:49.366014 np0000003896 devstack@n-api-meta.service[95769]: DEBUG nova.api.openstack.wsgi_app [None req-5c47fafe-b8b2-4e75-addc-33cbf4fd5715 None None] log_file = None {{(pid=95769) log_opt_values /opt/stack/data/venv/lib/python3.12/site-packages/oslo_config/cfg.py:3242}}
Jun 29 08:00:49.366103 np0000003896 devstack@n-api-meta.service[95769]: DEBUG nova.api.openstack.wsgi_app [None req-5c47fafe-b8b2-4e75-addc-33cbf4fd5715 None None] log_options = True {{(pid=95769) log_opt_values /opt/stack/data/venv/lib/python3.12/site-packages/oslo_config/cfg.py:3242}}
Jun 29 08:00:49.366214 np0000003896 devstack@n-api-meta.service[95769]: DEBUG nova.api.openstack.wsgi_app [None req-5c47fafe-b8b2-4e75-addc-33cbf4fd5715 None None] log_rotate_interval = 1 {{(pid=95769) log_opt_values /opt/stack/data/venv/lib/python3.12/site-packages/oslo_config/cfg.py:3242}}
Jun 29 08:00:49.366370 np0000003896 devstack@n-api-meta.service[95769]: DEBUG nova.api.openstack.wsgi_app [None req-5c47fafe-b8b2-4e75-addc-33cbf4fd5715 None None] log_rotate_interval_type = days {{(pid=95769) log_opt_values /opt/stack/data/venv/lib/python3.12/site-packages/oslo_config/cfg.py:3242}}
Jun 29 08:00:49.366503 np0000003896 devstack@n-api-meta.service[95769]: DEBUG nova.api.openstack.wsgi_app [None req-5c47fafe-b8b2-4e75-addc-33cbf4fd5715 None None] log_rotation_type = none {{(pid=95769) log_opt_values /opt/stack/data/venv/lib/python3.12/site-packages/oslo_config/cfg.py:3242}}
Jun 29 08:00:49.366595 np0000003896 devstack@n-api-meta.service[95769]: DEBUG nova.api.openstack.wsgi_app [None req-5c47fafe-b8b2-4e75-addc-33cbf4fd5715 None None] logging_context_format_string = %(color)s%(levelname)s %(name)s [%(global_request_id)s %(request_id)s %(project_name)s %(user_name)s%(color)s] %(instance)s%(color)s%(message)s {{(pid=95769) log_opt_values /opt/stack/data/venv/lib/python3.12/site-packages/oslo_config/cfg.py:3242}}
Jun 29 08:00:49.366685 np0000003896 devstack@n-api-meta.service[95769]: DEBUG nova.api.openstack.wsgi_app [None req-5c47fafe-b8b2-4e75-addc-33cbf4fd5715 None None] logging_debug_format_suffix = {{(pid=%(process)d) %(funcName)s %(pathname)s:%(lineno)d}} {{(pid=95769) log_opt_values /opt/stack/data/venv/lib/python3.12/site-packages/oslo_config/cfg.py:3242}}
Jun 29 08:00:49.366820 np0000003896 devstack@n-api-meta.service[95769]: DEBUG nova.api.openstack.wsgi_app [None req-5c47fafe-b8b2-4e75-addc-33cbf4fd5715 None None] logging_default_format_string = %(color)s%(levelname)s %(name)s [-%(color)s] %(instance)s%(color)s%(message)s {{(pid=95769) log_opt_values /opt/stack/data/venv/lib/python3.12/site-packages/oslo_config/cfg.py:3242}}
Jun 29 08:00:49.366945 np0000003896 devstack@n-api-meta.service[95769]: DEBUG nova.api.openstack.wsgi_app [None req-5c47fafe-b8b2-4e75-addc-33cbf4fd5715 None None] logging_exception_prefix = ERROR %(name)s %(instance)s {{(pid=95769) log_opt_values /opt/stack/data/venv/lib/python3.12/site-packages/oslo_config/cfg.py:3242}}
Jun 29 08:00:49.367033 np0000003896 devstack@n-api-meta.service[95769]: DEBUG nova.api.openstack.wsgi_app [None req-5c47fafe-b8b2-4e75-addc-33cbf4fd5715 None None] logging_user_identity_format = %(user)s %(project)s %(domain)s %(system_scope)s %(user_domain)s %(project_domain)s {{(pid=95769) log_opt_values /opt/stack/data/venv/lib/python3.12/site-packages/oslo_config/cfg.py:3242}}
Jun 29 08:00:49.367191 np0000003896 devstack@n-api-meta.service[95769]: DEBUG nova.api.openstack.wsgi_app [None req-5c47fafe-b8b2-4e75-addc-33cbf4fd5715 None None] long_rpc_timeout = 1800 {{(pid=95769) log_opt_values /opt/stack/data/venv/lib/python3.12/site-packages/oslo_config/cfg.py:3242}}
