Jun 29 08:00:48.501480 np0000003896 nova-scheduler[96345]: DEBUG cotyledon.oslo_config_glue [-] profiler.es_doc_type = notification {{(pid=96345) log_opt_values /opt/stack/data/venv/lib/python3.12/site-packages/oslo_config/cfg.py:3253}}
Jun 29 08:00:48.501480 np0000003896 nova-scheduler[96345]: DEBUG cotyledon.oslo_config_glue [-] profiler.es_scroll_size = 10000 {{(pid=96345) log_opt_values /opt/stack/data/venv/lib/python3.12/site-packages/oslo_config/cfg.py:3253}}
Jun 29 08:00:48.501480 np0000003896 nova-scheduler[96345]: DEBUG cotyledon.oslo_config_glue [-] profiler.es_scroll_time = 2m {{(pid=96345) log_opt_values /opt/stack/data/venv/lib/python3.12/site-packages/oslo_config/cfg.py:3253}}
Jun 29 08:00:48.501657 np0000003896 nova-scheduler[96345]: DEBUG cotyledon.oslo_config_glue [-] profiler.filter_error_trace = False {{(pid=96345) log_opt_values /opt/stack/data/venv/lib/python3.12/site-packages/oslo_config/cfg.py:3253}}
Jun 29 08:00:48.501657 np0000003896 nova-scheduler[96345]: DEBUG cotyledon.oslo_config_glue [-] profiler.hmac_keys = **** {{(pid=96345) log_opt_values /opt/stack/data/venv/lib/python3.12/site-packages/oslo_config/cfg.py:3253}}
Jun 29 08:00:48.501657 np0000003896 nova-scheduler[96345]: DEBUG cotyledon.oslo_config_glue [-] profiler.sentinel_service_name = mymaster {{(pid=96345) log_opt_values /opt/stack/data/venv/lib/python3.12/site-packages/oslo_config/cfg.py:3253}}
Jun 29 08:00:48.501657 np0000003896 nova-scheduler[96345]: DEBUG cotyledon.oslo_config_glue [-] profiler.socket_timeout = 0.1 {{(pid=96345) log_opt_values /opt/stack/data/venv/lib/python3.12/site-packages/oslo_config/cfg.py:3253}}
Jun 29 08:00:48.501657 np0000003896 nova-scheduler[96345]: DEBUG cotyledon.oslo_config_glue [-] profiler.trace_requests = False {{(pid=96345) log_opt_values /opt/stack/data/venv/lib/python3.12/site-packages/oslo_config/cfg.py:3253}}
Jun 29 08:00:48.501657 np0000003896 nova-scheduler[96345]: DEBUG cotyledon.oslo_config_glue [-] profiler.trace_sqlalchemy = False {{(pid=96345) log_opt_values /opt/stack/data/venv/lib/python3.12/site-packages/oslo_config/cfg.py:3253}}
Jun 29 08:00:48.501657 np0000003896 nova-scheduler[96345]: DEBUG cotyledon.oslo_config_glue [-] profiler_jaeger.process_tags = {} {{(pid=96345) log_opt_values /opt/stack/data/venv/lib/python3.12/site-packages/oslo_config/cfg.py:3253}}
Jun 29 08:00:48.501657 np0000003896 nova-scheduler[96345]: DEBUG cotyledon.oslo_config_glue [-] profiler_jaeger.service_name_prefix = None {{(pid=96345) log_opt_values /opt/stack/data/venv/lib/python3.12/site-packages/oslo_config/cfg.py:3253}}
Jun 29 08:00:48.501657 np0000003896 nova-scheduler[96345]: DEBUG cotyledon.oslo_config_glue [-] profiler_otlp.service_name_prefix = None {{(pid=96345) log_opt_values /opt/stack/data/venv/lib/python3.12/site-packages/oslo_config/cfg.py:3253}}
Jun 29 08:00:48.501830 np0000003896 nova-scheduler[96345]: DEBUG cotyledon.oslo_config_glue [-] oslo_messaging_rabbit.amqp_auto_delete = False {{(pid=96345) log_opt_values /opt/stack/data/venv/lib/python3.12/site-packages/oslo_config/cfg.py:3253}}
Jun 29 08:00:48.501830 np0000003896 nova-scheduler[96345]: DEBUG cotyledon.oslo_config_glue [-] oslo_messaging_rabbit.amqp_durable_queues = False {{(pid=96345) log_opt_values /opt/stack/data/venv/lib/python3.12/site-packages/oslo_config/cfg.py:3253}}
Jun 29 08:00:48.501830 np0000003896 nova-scheduler[96345]: DEBUG cotyledon.oslo_config_glue [-] oslo_messaging_rabbit.conn_pool_min_size = 2 {{(pid=96345) log_opt_values /opt/stack/data/venv/lib/python3.12/site-packages/oslo_config/cfg.py:3253}}
Jun 29 08:00:48.501830 np0000003896 nova-scheduler[96345]: DEBUG cotyledon.oslo_config_glue [-] oslo_messaging_rabbit.conn_pool_ttl = 1200 {{(pid=96345) log_opt_values /opt/stack/data/venv/lib/python3.12/site-packages/oslo_config/cfg.py:3253}}
Jun 29 08:00:48.501830 np0000003896 nova-scheduler[96345]: DEBUG cotyledon.oslo_config_glue [-] oslo_messaging_rabbit.direct_mandatory_flag = True {{(pid=96345) log_opt_values /opt/stack/data/venv/lib/python3.12/site-packages/oslo_config/cfg.py:3253}}
Jun 29 08:00:48.501830 np0000003896 nova-scheduler[96345]: DEBUG cotyledon.oslo_config_glue [-] oslo_messaging_rabbit.enable_cancel_on_failover = False {{(pid=96345) log_opt_values /opt/stack/data/venv/lib/python3.12/site-packages/oslo_config/cfg.py:3253}}
Jun 29 08:00:48.501830 np0000003896 nova-scheduler[96345]: DEBUG cotyledon.oslo_config_glue [-] oslo_messaging_rabbit.heartbeat_rate = 3 {{(pid=96345) log_opt_values /opt/stack/data/venv/lib/python3.12/site-packages/oslo_config/cfg.py:3253}}
Jun 29 08:00:48.501830 np0000003896 nova-scheduler[96345]: DEBUG cotyledon.oslo_config_glue [-] oslo_messaging_rabbit.heartbeat_timeout_threshold = 60 {{(pid=96345) log_opt_values /opt/stack/data/venv/lib/python3.12/site-packages/oslo_config/cfg.py:3253}}
Jun 29 08:00:48.501830 np0000003896 nova-scheduler[96345]: DEBUG cotyledon.oslo_config_glue [-] oslo_messaging_rabbit.hostname = np0000003896 {{(pid=96345) log_opt_values /opt/stack/data/venv/lib/python3.12/site-packages/oslo_config/cfg.py:3253}}
Jun 29 08:00:48.501990 np0000003896 nova-scheduler[96345]: DEBUG cotyledon.oslo_config_glue [-] oslo_messaging_rabbit.kombu_compression = None {{(pid=96345) log_opt_values /opt/stack/data/venv/lib/python3.12/site-packages/oslo_config/cfg.py:3253}}
Jun 29 08:00:48.501990 np0000003896 nova-scheduler[96345]: DEBUG cotyledon.oslo_config_glue [-] oslo_messaging_rabbit.kombu_failover_strategy = round-robin {{(pid=96345) log_opt_values /opt/stack/data/venv/lib/python3.12/site-packages/oslo_config/cfg.py:3253}}
Jun 29 08:00:48.501990 np0000003896 nova-scheduler[96345]: DEBUG cotyledon.oslo_config_glue [-] oslo_messaging_rabbit.kombu_missing_consumer_retry_timeout = 60 {{(pid=96345) log_opt_values /opt/stack/data/venv/lib/python3.12/site-packages/oslo_config/cfg.py:3253}}
Jun 29 08:00:48.501990 np0000003896 nova-scheduler[96345]: DEBUG cotyledon.oslo_config_glue [-] oslo_messaging_rabbit.kombu_reconnect_delay = 1.0 {{(pid=96345) log_opt_values /opt/stack/data/venv/lib/python3.12/site-packages/oslo_config/cfg.py:3253}}
Jun 29 08:00:48.501990 np0000003896 nova-scheduler[96345]: DEBUG cotyledon.oslo_config_glue [-] oslo_messaging_rabbit.kombu_reconnect_splay = 0.0 {{(pid=96345) log_opt_values /opt/stack/data/venv/lib/python3.12/site-packages/oslo_config/cfg.py:3253}}
Jun 29 08:00:48.501990 np0000003896 nova-scheduler[96345]: DEBUG cotyledon.oslo_config_glue [-] oslo_messaging_rabbit.processname = nova-scheduler {{(pid=96345) log_opt_values /opt/stack/data/venv/lib/python3.12/site-packages/oslo_config/cfg.py:3253}}
Jun 29 08:00:48.501990 np0000003896 nova-scheduler[96345]: DEBUG cotyledon.oslo_config_glue [-] oslo_messaging_rabbit.rabbit_ha_queues = False {{(pid=96345) log_opt_values /opt/stack/data/venv/lib/python3.12/site-packages/oslo_config/cfg.py:3253}}
Jun 29 08:00:48.501990 np0000003896 nova-scheduler[96345]: DEBUG cotyledon.oslo_config_glue [-] oslo_messaging_rabbit.rabbit_interval_max = 30 {{(pid=96345) log_opt_values /opt/stack/data/venv/lib/python3.12/site-packages/oslo_config/cfg.py:3253}}
Jun 29 08:00:48.501990 np0000003896 nova-scheduler[96345]: DEBUG cotyledon.oslo_config_glue [-] oslo_messaging_rabbit.rabbit_login_method = AMQPLAIN {{(pid=96345) log_opt_values /opt/stack/data/venv/lib/python3.12/site-packages/oslo_config/cfg.py:3253}}
Jun 29 08:00:48.502147 np0000003896 nova-scheduler[96345]: DEBUG cotyledon.oslo_config_glue [-] oslo_messaging_rabbit.rabbit_qos_prefetch_count = 0 {{(pid=96345) log_opt_values /opt/stack/data/venv/lib/python3.12/site-packages/oslo_config/cfg.py:3253}}
Jun 29 08:00:48.502147 np0000003896 nova-scheduler[96345]: DEBUG cotyledon.oslo_config_glue [-] oslo_messaging_rabbit.rabbit_quorum_delivery_limit = 0 {{(pid=96345) log_opt_values /opt/stack/data/venv/lib/python3.12/site-packages/oslo_config/cfg.py:3253}}
Jun 29 08:00:48.502147 np0000003896 nova-scheduler[96345]: DEBUG cotyledon.oslo_config_glue [-] oslo_messaging_rabbit.rabbit_quorum_max_memory_bytes = 0 {{(pid=96345) log_opt_values /opt/stack/data/venv/lib/python3.12/site-packages/oslo_config/cfg.py:3253}}
Jun 29 08:00:48.502147 np0000003896 nova-scheduler[96345]: DEBUG cotyledon.oslo_config_glue [-] oslo_messaging_rabbit.rabbit_quorum_max_memory_length = 0 {{(pid=96345) log_opt_values /opt/stack/data/venv/lib/python3.12/site-packages/oslo_config/cfg.py:3253}}
Jun 29 08:00:48.502147 np0000003896 nova-scheduler[96345]: DEBUG cotyledon.oslo_config_glue [-] oslo_messaging_rabbit.rabbit_quorum_queue = False {{(pid=96345) log_opt_values /opt/stack/data/venv/lib/python3.12/site-packages/oslo_config/cfg.py:3253}}
Jun 29 08:00:48.502147 np0000003896 nova-scheduler[96345]: DEBUG cotyledon.oslo_config_glue [-] oslo_messaging_rabbit.rabbit_retry_backoff = 2 {{(pid=96345) log_opt_values /opt/stack/data/venv/lib/python3.12/site-packages/oslo_config/cfg.py:3253}}
Jun 29 08:00:48.502147 np0000003896 nova-scheduler[96345]: DEBUG cotyledon.oslo_config_glue [-] oslo_messaging_rabbit.rabbit_retry_interval = 1 {{(pid=96345) log_opt_values /opt/stack/data/venv/lib/python3.12/site-packages/oslo_config/cfg.py:3253}}
Jun 29 08:00:48.502147 np0000003896 nova-scheduler[96345]: DEBUG cotyledon.oslo_config_glue [-] oslo_messaging_rabbit.rabbit_stream_fanout = False {{(pid=96345) log_opt_values /opt/stack/data/venv/lib/python3.12/site-packages/oslo_config/cfg.py:3253}}
Jun 29 08:00:48.502286 np0000003896 nova-scheduler[96345]: DEBUG cotyledon.oslo_config_glue [-] oslo_messaging_rabbit.rabbit_transient_queues_ttl = 1800 {{(pid=96345) log_opt_values /opt/stack/data/venv/lib/python3.12/site-packages/oslo_config/cfg.py:3253}}
Jun 29 08:00:48.502286 np0000003896 nova-scheduler[96345]: DEBUG cotyledon.oslo_config_glue [-] oslo_messaging_rabbit.rabbit_transient_quorum_queue = False {{(pid=96345) log_opt_values /opt/stack/data/venv/lib/python3.12/site-packages/oslo_config/cfg.py:3253}}
Jun 29 08:00:48.502286 np0000003896 nova-scheduler[96345]: DEBUG cotyledon.oslo_config_glue [-] oslo_messaging_rabbit.rpc_conn_pool_size = 30 {{(pid=96345) log_opt_values /opt/stack/data/venv/lib/python3.12/site-packages/oslo_config/cfg.py:3253}}
Jun 29 08:00:48.502286 np0000003896 nova-scheduler[96345]: DEBUG cotyledon.oslo_config_glue [-] oslo_messaging_rabbit.ssl = False {{(pid=96345) log_opt_values /opt/stack/data/venv/lib/python3.12/site-packages/oslo_config/cfg.py:3253}}
Jun 29 08:00:48.502286 np0000003896 nova-scheduler[96345]: DEBUG cotyledon.oslo_config_glue [-] oslo_messaging_rabbit.ssl_ca_file = {{(pid=96345) log_opt_values /opt/stack/data/venv/lib/python3.12/site-packages/oslo_config/cfg.py:3253}}
Jun 29 08:00:48.502286 np0000003896 nova-scheduler[96345]: DEBUG cotyledon.oslo_config_glue [-] oslo_messaging_rabbit.ssl_cert_file = {{(pid=96345) log_opt_values /opt/stack/data/venv/lib/python3.12/site-packages/oslo_config/cfg.py:3253}}
Jun 29 08:00:48.502286 np0000003896 nova-scheduler[96345]: DEBUG cotyledon.oslo_config_glue [-] oslo_messaging_rabbit.ssl_enforce_fips_mode = False {{(pid=96345) log_opt_values /opt/stack/data/venv/lib/python3.12/site-packages/oslo_config/cfg.py:3253}}
Jun 29 08:00:48.502286 np0000003896 nova-scheduler[96345]: DEBUG cotyledon.oslo_config_glue [-] oslo_messaging_rabbit.ssl_enforce_hostname_verification = True {{(pid=96345) log_opt_values /opt/stack/data/venv/lib/python3.12/site-packages/oslo_config/cfg.py:3253}}
Jun 29 08:00:48.502286 np0000003896 nova-scheduler[96345]: DEBUG cotyledon.oslo_config_glue [-] oslo_messaging_rabbit.ssl_key_file = {{(pid=96345) log_opt_values /opt/stack/data/venv/lib/python3.12/site-packages/oslo_config/cfg.py:3253}}
Jun 29 08:00:48.502471 np0000003896 nova-scheduler[96345]: DEBUG cotyledon.oslo_config_glue [-] oslo_messaging_rabbit.ssl_version = {{(pid=96345) log_opt_values /opt/stack/data/venv/lib/python3.12/site-packages/oslo_config/cfg.py:3253}}
Jun 29 08:00:48.502471 np0000003896 nova-scheduler[96345]: DEBUG cotyledon.oslo_config_glue [-] oslo_messaging_rabbit.use_queue_manager = False {{(pid=96345) log_opt_values /opt/stack/data/venv/lib/python3.12/site-packages/oslo_config/cfg.py:3253}}
Jun 29 08:00:48.502471 np0000003896 nova-scheduler[96345]: DEBUG cotyledon.oslo_config_glue [-] oslo_messaging_notifications.driver = ['messagingv2'] {{(pid=96345) log_opt_values /opt/stack/data/venv/lib/python3.12/site-packages/oslo_config/cfg.py:3253}}
Jun 29 08:00:48.502471 np0000003896 nova-scheduler[96345]: DEBUG cotyledon.oslo_config_glue [-] oslo_messaging_notifications.retry = -1 {{(pid=96345) log_opt_values /opt/stack/data/venv/lib/python3.12/site-packages/oslo_config/cfg.py:3253}}
Jun 29 08:00:48.502471 np0000003896 nova-scheduler[96345]: DEBUG cotyledon.oslo_config_glue [-] oslo_messaging_notifications.topics = ['notifications'] {{(pid=96345) log_opt_values /opt/stack/data/venv/lib/python3.12/site-packages/oslo_config/cfg.py:3253}}
Jun 29 08:00:48.502471 np0000003896 nova-scheduler[96345]: DEBUG cotyledon.oslo_config_glue [-] oslo_messaging_notifications.transport_url = **** {{(pid=96345) log_opt_values /opt/stack/data/venv/lib/python3.12/site-packages/oslo_config/cfg.py:3253}}
Jun 29 08:00:48.502471 np0000003896 nova-scheduler[96345]: DEBUG cotyledon.oslo_config_glue [-] oslo_limit.auth_section = None {{(pid=96345) log_opt_values /opt/stack/data/venv/lib/python3.12/site-packages/oslo_config/cfg.py:3253}}
Jun 29 08:00:48.502471 np0000003896 nova-scheduler[96345]: DEBUG cotyledon.oslo_config_glue [-] oslo_limit.auth_type = None {{(pid=96345) log_opt_values /opt/stack/data/venv/lib/python3.12/site-packages/oslo_config/cfg.py:3253}}
Jun 29 08:00:48.502471 np0000003896 nova-scheduler[96345]: DEBUG cotyledon.oslo_config_glue [-] oslo_limit.cafile = None {{(pid=96345) log_opt_values /opt/stack/data/venv/lib/python3.12/site-packages/oslo_config/cfg.py:3253}}
Jun 29 08:00:48.502692 np0000003896 nova-scheduler[96345]: DEBUG cotyledon.oslo_config_glue [-] oslo_limit.certfile = None {{(pid=96345) log_opt_values /opt/stack/data/venv/lib/python3.12/site-packages/oslo_config/cfg.py:3253}}
Jun 29 08:00:48.502692 np0000003896 nova-scheduler[96345]: DEBUG cotyledon.oslo_config_glue [-] oslo_limit.collect_timing = False {{(pid=96345) log_opt_values /opt/stack/data/venv/lib/python3.12/site-packages/oslo_config/cfg.py:3253}}
Jun 29 08:00:48.502692 np0000003896 nova-scheduler[96345]: DEBUG cotyledon.oslo_config_glue [-] oslo_limit.connect_retries = None {{(pid=96345) log_opt_values /opt/stack/data/venv/lib/python3.12/site-packages/oslo_config/cfg.py:3253}}
Jun 29 08:00:48.502692 np0000003896 nova-scheduler[96345]: DEBUG cotyledon.oslo_config_glue [-] oslo_limit.connect_retry_delay = None {{(pid=96345) log_opt_values /opt/stack/data/venv/lib/python3.12/site-packages/oslo_config/cfg.py:3253}}
Jun 29 08:00:48.502692 np0000003896 nova-scheduler[96345]: DEBUG cotyledon.oslo_config_glue [-] oslo_limit.endpoint_id = None {{(pid=96345) log_opt_values /opt/stack/data/venv/lib/python3.12/site-packages/oslo_config/cfg.py:3253}}
Jun 29 08:00:48.502692 np0000003896 nova-scheduler[96345]: DEBUG cotyledon.oslo_config_glue [-] oslo_limit.endpoint_interface = public {{(pid=96345) log_opt_values /opt/stack/data/venv/lib/python3.12/site-packages/oslo_config/cfg.py:3253}}
Jun 29 08:00:48.502692 np0000003896 nova-scheduler[96345]: DEBUG cotyledon.oslo_config_glue [-] oslo_limit.endpoint_override = None {{(pid=96345) log_opt_values /opt/stack/data/venv/lib/python3.12/site-packages/oslo_config/cfg.py:3253}}
Jun 29 08:00:48.502692 np0000003896 nova-scheduler[96345]: DEBUG cotyledon.oslo_config_glue [-] oslo_limit.endpoint_region_name = None {{(pid=96345) log_opt_values /opt/stack/data/venv/lib/python3.12/site-packages/oslo_config/cfg.py:3253}}
Jun 29 08:00:48.502692 np0000003896 nova-scheduler[96345]: DEBUG cotyledon.oslo_config_glue [-] oslo_limit.endpoint_service_name = None {{(pid=96345) log_opt_values /opt/stack/data/venv/lib/python3.12/site-packages/oslo_config/cfg.py:3253}}
Jun 29 08:00:48.502907 np0000003896 nova-scheduler[96345]: DEBUG cotyledon.oslo_config_glue [-] oslo_limit.endpoint_service_type = None {{(pid=96345) log_opt_values /opt/stack/data/venv/lib/python3.12/site-packages/oslo_config/cfg.py:3253}}
Jun 29 08:00:48.502907 np0000003896 nova-scheduler[96345]: DEBUG cotyledon.oslo_config_glue [-] oslo_limit.insecure = False {{(pid=96345) log_opt_values /opt/stack/data/venv/lib/python3.12/site-packages/oslo_config/cfg.py:3253}}
Jun 29 08:00:48.502907 np0000003896 nova-scheduler[96345]: DEBUG cotyledon.oslo_config_glue [-] oslo_limit.keyfile = None {{(pid=96345) log_opt_values /opt/stack/data/venv/lib/python3.12/site-packages/oslo_config/cfg.py:3253}}
Jun 29 08:00:48.502907 np0000003896 nova-scheduler[96345]: DEBUG cotyledon.oslo_config_glue [-] oslo_limit.max_version = None {{(pid=96345) log_opt_values /opt/stack/data/venv/lib/python3.12/site-packages/oslo_config/cfg.py:3253}}
Jun 29 08:00:48.502907 np0000003896 nova-scheduler[96345]: DEBUG cotyledon.oslo_config_glue [-] oslo_limit.min_version = None {{(pid=96345) log_opt_values /opt/stack/data/venv/lib/python3.12/site-packages/oslo_config/cfg.py:3253}}
Jun 29 08:00:48.502907 np0000003896 nova-scheduler[96345]: DEBUG cotyledon.oslo_config_glue [-] oslo_limit.region_name = None {{(pid=96345) log_opt_values /opt/stack/data/venv/lib/python3.12/site-packages/oslo_config/cfg.py:3253}}
Jun 29 08:00:48.502907 np0000003896 nova-scheduler[96345]: DEBUG cotyledon.oslo_config_glue [-] oslo_limit.retriable_status_codes = None {{(pid=96345) log_opt_values /opt/stack/data/venv/lib/python3.12/site-packages/oslo_config/cfg.py:3253}}
Jun 29 08:00:48.502907 np0000003896 nova-scheduler[96345]: DEBUG cotyledon.oslo_config_glue [-] oslo_limit.service_name = None {{(pid=96345) log_opt_values /opt/stack/data/venv/lib/python3.12/site-packages/oslo_config/cfg.py:3253}}
Jun 29 08:00:48.502907 np0000003896 nova-scheduler[96345]: DEBUG cotyledon.oslo_config_glue [-] oslo_limit.service_type = None {{(pid=96345) log_opt_values /opt/stack/data/venv/lib/python3.12/site-packages/oslo_config/cfg.py:3253}}
Jun 29 08:00:48.503171 np0000003896 nova-scheduler[96345]: DEBUG cotyledon.oslo_config_glue [-] oslo_limit.split_loggers = False {{(pid=96345) log_opt_values /opt/stack/data/venv/lib/python3.12/site-packages/oslo_config/cfg.py:3253}}
Jun 29 08:00:48.503171 np0000003896 nova-scheduler[96345]: DEBUG cotyledon.oslo_config_glue [-] oslo_limit.status_code_retries = None {{(pid=96345) log_opt_values /opt/stack/data/venv/lib/python3.12/site-packages/oslo_config/cfg.py:3253}}
Jun 29 08:00:48.503171 np0000003896 nova-scheduler[96345]: DEBUG cotyledon.oslo_config_glue [-] oslo_limit.status_code_retry_delay = None {{(pid=96345) log_opt_values /opt/stack/data/venv/lib/python3.12/site-packages/oslo_config/cfg.py:3253}}
Jun 29 08:00:48.503171 np0000003896 nova-scheduler[96345]: DEBUG cotyledon.oslo_config_glue [-] oslo_limit.timeout = None {{(pid=96345) log_opt_values /opt/stack/data/venv/lib/python3.12/site-packages/oslo_config/cfg.py:3253}}
Jun 29 08:00:48.503171 np0000003896 nova-scheduler[96345]: DEBUG cotyledon.oslo_config_glue [-] oslo_limit.valid_interfaces = None {{(pid=96345) log_opt_values /opt/stack/data/venv/lib/python3.12/site-packages/oslo_config/cfg.py:3253}}
Jun 29 08:00:48.503171 np0000003896 nova-scheduler[96345]: DEBUG cotyledon.oslo_config_glue [-] oslo_limit.version = None {{(pid=96345) log_opt_values /opt/stack/data/venv/lib/python3.12/site-packages/oslo_config/cfg.py:3253}}
Jun 29 08:00:48.503171 np0000003896 nova-scheduler[96345]: DEBUG cotyledon.oslo_config_glue [-] oslo_reports.file_event_handler = None {{(pid=96345) log_opt_values /opt/stack/data/venv/lib/python3.12/site-packages/oslo_config/cfg.py:3253}}
Jun 29 08:00:48.503171 np0000003896 nova-scheduler[96345]: DEBUG cotyledon.oslo_config_glue [-] oslo_reports.file_event_handler_interval = 1 {{(pid=96345) log_opt_values /opt/stack/data/venv/lib/python3.12/site-packages/oslo_config/cfg.py:3253}}
Jun 29 08:00:48.503171 np0000003896 nova-scheduler[96345]: DEBUG cotyledon.oslo_config_glue [-] oslo_reports.log_dir = None {{(pid=96345) log_opt_values /opt/stack/data/venv/lib/python3.12/site-packages/oslo_config/cfg.py:3253}}
Jun 29 08:00:48.503347 np0000003896 nova-scheduler[96345]: DEBUG cotyledon.oslo_config_glue [-] ******************************************************************************** {{(pid=96345) log_opt_values /opt/stack/data/venv/lib/python3.12/site-packages/oslo_config/cfg.py:3260}}
Jun 29 08:00:48.503347 np0000003896 nova-scheduler[96345]: DEBUG cotyledon._service_worker [-] Run service ServiceWrapper(3) [96345] {{(pid=96345) wait_forever /opt/stack/data/venv/lib/python3.12/site-packages/cotyledon/_service_worker.py:218}}
Jun 29 08:00:48.503347 np0000003896 nova-scheduler[96345]: INFO nova.service [-] Starting scheduler node (version 33.1.0)
Jun 29 08:00:48.503347 np0000003896 nova-scheduler[96345]: INFO dbcounter [None req-84b7344f-b92f-4d7b-ac39-1ad7050803d3 None None] Registered counter for database nova_cell0
Jun 29 08:00:48.503430 np0000003896 nova-scheduler[96339]: DEBUG oslo_db.sqlalchemy.engines [None req-d1c8fcda-5d01-498b-8139-12c883f1231a None None] MySQL server mode set to STRICT_TRANS_TABLES,STRICT_ALL_TABLES,NO_ZERO_IN_DATE,NO_ZERO_DATE,ERROR_FOR_DIVISION_BY_ZERO,TRADITIONAL,NO_ENGINE_SUBSTITUTION {{(pid=96339) _check_effective_sql_mode /opt/stack/data/venv/lib/python3.12/site-packages/oslo_db/sqlalchemy/engines.py:325}}
Jun 29 08:00:48.503430 np0000003896 nova-scheduler[96339]: DEBUG dbcounter [-] [96339] Writer thread running {{(pid=96339) stat_writer /opt/stack/data/venv/lib/python3.12/site-packages/dbcounter.py:102}}
Jun 29 08:00:48.503490 np0000003896 nova-scheduler[96341]: DEBUG oslo_db.sqlalchemy.engines [None req-1e200f11-e331-4777-8b6b-e483b52a898b None None] MySQL server mode set to STRICT_TRANS_TABLES,STRICT_ALL_TABLES,NO_ZERO_IN_DATE,NO_ZERO_DATE,ERROR_FOR_DIVISION_BY_ZERO,TRADITIONAL,NO_ENGINE_SUBSTITUTION {{(pid=96341) _check_effective_sql_mode /opt/stack/data/venv/lib/python3.12/site-packages/oslo_db/sqlalchemy/engines.py:325}}
Jun 29 08:00:48.503524 np0000003896 nova-scheduler[96343]: DEBUG oslo_db.sqlalchemy.engines [None req-ca5b9d12-1153-43c8-ae23-5d979fa8628d None None] MySQL server mode set to STRICT_TRANS_TABLES,STRICT_ALL_TABLES,NO_ZERO_IN_DATE,NO_ZERO_DATE,ERROR_FOR_DIVISION_BY_ZERO,TRADITIONAL,NO_ENGINE_SUBSTITUTION {{(pid=96343) _check_effective_sql_mode /opt/stack/data/venv/lib/python3.12/site-packages/oslo_db/sqlalchemy/engines.py:325}}
Jun 29 08:00:48.510212 np0000003896 nova-scheduler[96341]: DEBUG dbcounter [-] [96341] Writer thread running {{(pid=96341) stat_writer /opt/stack/data/venv/lib/python3.12/site-packages/dbcounter.py:102}}
Jun 29 08:00:48.512842 np0000003896 nova-scheduler[96343]: DEBUG dbcounter [-] [96343] Writer thread running {{(pid=96343) stat_writer /opt/stack/data/venv/lib/python3.12/site-packages/dbcounter.py:102}}
Jun 29 08:00:48.512964 np0000003896 nova-scheduler[96339]: DEBUG nova.service [None req-d1c8fcda-5d01-498b-8139-12c883f1231a None None] Creating RPC server for service: nova-scheduler on topic: scheduler {{(pid=96339) start /opt/stack/nova/nova/service.py:196}}
Jun 29 08:00:48.515114 np0000003896 nova-scheduler[96341]: DEBUG nova.service [None req-1e200f11-e331-4777-8b6b-e483b52a898b None None] Creating RPC server for service: nova-scheduler on topic: scheduler {{(pid=96341) start /opt/stack/nova/nova/service.py:196}}
Jun 29 08:00:48.517565 np0000003896 nova-scheduler[96343]: DEBUG nova.service [None req-ca5b9d12-1153-43c8-ae23-5d979fa8628d None None] Creating RPC server for service: nova-scheduler on topic: scheduler {{(pid=96343) start /opt/stack/nova/nova/service.py:196}}
Jun 29 08:00:48.522293 np0000003896 nova-scheduler[96345]: DEBUG oslo_db.sqlalchemy.engines [None req-84b7344f-b92f-4d7b-ac39-1ad7050803d3 None None] MySQL server mode set to STRICT_TRANS_TABLES,STRICT_ALL_TABLES,NO_ZERO_IN_DATE,NO_ZERO_DATE,ERROR_FOR_DIVISION_BY_ZERO,TRADITIONAL,NO_ENGINE_SUBSTITUTION {{(pid=96345) _check_effective_sql_mode /opt/stack/data/venv/lib/python3.12/site-packages/oslo_db/sqlalchemy/engines.py:325}}
Jun 29 08:00:48.535044 np0000003896 nova-scheduler[96345]: DEBUG dbcounter [-] [96345] Writer thread running {{(pid=96345) stat_writer /opt/stack/data/venv/lib/python3.12/site-packages/dbcounter.py:102}}
Jun 29 08:00:48.539637 np0000003896 nova-scheduler[96345]: DEBUG nova.service [None req-84b7344f-b92f-4d7b-ac39-1ad7050803d3 None None] Creating RPC server for service: nova-scheduler on topic: scheduler {{(pid=96345) start /opt/stack/nova/nova/service.py:196}}
Jun 29 08:00:48.558831 np0000003896 nova-scheduler[96339]: DEBUG nova.service [None req-d1c8fcda-5d01-498b-8139-12c883f1231a None None] Join ServiceGroup membership for this service scheduler {{(pid=96339) start /opt/stack/nova/nova/service.py:222}}
Jun 29 08:00:48.559121 np0000003896 nova-scheduler[96339]: DEBUG nova.servicegroup.drivers.db [None req-d1c8fcda-5d01-498b-8139-12c883f1231a None None] DB_Driver: join new ServiceGroup member np0000003896 to the scheduler group, service = {{(pid=96339) join /opt/stack/nova/nova/servicegroup/drivers/db.py:44}}
Jun 29 08:00:48.559756 np0000003896 nova-scheduler[96343]: DEBUG nova.service [None req-ca5b9d12-1153-43c8-ae23-5d979fa8628d None None] Join ServiceGroup membership for this service scheduler {{(pid=96343) start /opt/stack/nova/nova/service.py:222}}
Jun 29 08:00:48.560158 np0000003896 nova-scheduler[96343]: DEBUG nova.servicegroup.drivers.db [None req-ca5b9d12-1153-43c8-ae23-5d979fa8628d None None] DB_Driver: join new ServiceGroup member np0000003896 to the scheduler group, service = {{(pid=96343) join /opt/stack/nova/nova/servicegroup/drivers/db.py:44}}
Jun 29 08:00:48.561486 np0000003896 nova-scheduler[96341]: DEBUG nova.service [None req-1e200f11-e331-4777-8b6b-e483b52a898b None None] Join ServiceGroup membership for this service scheduler {{(pid=96341) start /opt/stack/nova/nova/service.py:222}}
Jun 29 08:00:48.562386 np0000003896 nova-scheduler[96341]: DEBUG nova.servicegroup.drivers.db [None req-1e200f11-e331-4777-8b6b-e483b52a898b None None] DB_Driver: join new ServiceGroup member np0000003896 to the scheduler group, service = {{(pid=96341) join /opt/stack/nova/nova/servicegroup/drivers/db.py:44}}
Jun 29 08:00:48.569112 np0000003896 nova-scheduler[96345]: DEBUG nova.service [None req-84b7344f-b92f-4d7b-ac39-1ad7050803d3 None None] Join ServiceGroup membership for this service scheduler {{(pid=96345) start /opt/stack/nova/nova/service.py:222}}
Jun 29 08:00:48.569239 np0000003896 nova-scheduler[96345]: DEBUG nova.servicegroup.drivers.db [None req-84b7344f-b92f-4d7b-ac39-1ad7050803d3 None None] DB_Driver: join new ServiceGroup member np0000003896 to the scheduler group, service = {{(pid=96345) join /opt/stack/nova/nova/servicegroup/drivers/db.py:44}}
Jun 29 08:00:53.576104 np0000003896 nova-scheduler[96339]: DEBUG oslo.service.backend._threading.loopingcall [-] Fixed interval looping call 'nova.servicegroup.drivers.db.DbDriver._report_state' sleeping for 119.98 seconds {{(pid=96339) _run_loop /opt/stack/data/venv/lib/python3.12/site-packages/oslo_service/backend/_threading/loopingcall.py:125}}
Jun 29 08:00:53.577468 np0000003896 nova-scheduler[96341]: DEBUG oslo.service.backend._threading.loopingcall [-] Fixed interval looping call 'nova.servicegroup.drivers.db.DbDriver._report_state' sleeping for 119.99 seconds {{(pid=96341) _run_loop /opt/stack/data/venv/lib/python3.12/site-packages/oslo_service/backend/_threading/loopingcall.py:125}}
Jun 29 08:00:53.578745 np0000003896 nova-scheduler[96343]: DEBUG oslo.service.backend._threading.loopingcall [-] Fixed interval looping call 'nova.servicegroup.drivers.db.DbDriver._report_state' sleeping for 119.98 seconds {{(pid=96343) _run_loop /opt/stack/data/venv/lib/python3.12/site-packages/oslo_service/backend/_threading/loopingcall.py:125}}
Jun 29 08:00:53.583432 np0000003896 nova-scheduler[96345]: DEBUG oslo.service.backend._threading.loopingcall [-] Fixed interval looping call 'nova.servicegroup.drivers.db.DbDriver._report_state' sleeping for 119.99 seconds {{(pid=96345) _run_loop /opt/stack/data/venv/lib/python3.12/site-packages/oslo_service/backend/_threading/loopingcall.py:125}}
Jun 29 08:00:57.055768 np0000003896 nova-scheduler[95146]: DEBUG dbcounter [-] [95146] Writing DB stats nova_api:SELECT=3 {{(pid=95146) stat_writer /opt/stack/data/venv/lib/python3.12/site-packages/dbcounter.py:115}}
Jun 29 08:00:57.196947 np0000003896 nova-scheduler[95146]: DEBUG dbcounter [-] [95146] Writing DB stats nova_cell0:SELECT=1 {{(pid=95146) stat_writer /opt/stack/data/venv/lib/python3.12/site-packages/dbcounter.py:115}}
Jun 29 08:00:57.207042 np0000003896 nova-scheduler[95146]: DEBUG dbcounter [-] [95146] Writing DB stats nova_cell1:SELECT=1 {{(pid=95146) stat_writer /opt/stack/data/venv/lib/python3.12/site-packages/dbcounter.py:115}}
Jun 29 08:00:58.565470 np0000003896 nova-scheduler[96341]: DEBUG oslo.service.backend._threading.loopingcall [None req-9bc91a39-e643-4515-b749-bb9fe35e2fbf None None] Dynamic interval looping call 'nova.service.Service.periodic_tasks' sleeping for 60.00 seconds {{(pid=96341) _run_loop /opt/stack/data/venv/lib/python3.12/site-packages/oslo_service/backend/_threading/loopingcall.py:125}}
Jun 29 08:01:03.571835 np0000003896 nova-scheduler[96339]: DEBUG dbcounter [-] [96339] Writing DB stats nova_cell0:SELECT=4,nova_cell0:INSERT=1,nova_cell0:UPDATE=1 {{(pid=96339) stat_writer /opt/stack/data/venv/lib/python3.12/site-packages/dbcounter.py:115}}
Jun 29 08:01:03.575575 np0000003896 nova-scheduler[96341]: DEBUG dbcounter [-] [96341] Writing DB stats nova_cell0:SELECT=3,nova_cell0:UPDATE=1 {{(pid=96341) stat_writer /opt/stack/data/venv/lib/python3.12/site-packages/dbcounter.py:115}}
Jun 29 08:01:03.576076 np0000003896 nova-scheduler[96343]: DEBUG dbcounter [-] [96343] Writing DB stats nova_cell0:SELECT=3,nova_cell0:UPDATE=1 {{(pid=96343) stat_writer /opt/stack/data/venv/lib/python3.12/site-packages/dbcounter.py:115}}
Jun 29 08:01:03.579593 np0000003896 nova-scheduler[96345]: DEBUG dbcounter [-] [96345] Writing DB stats nova_cell0:SELECT=3 {{(pid=96345) stat_writer /opt/stack/data/venv/lib/python3.12/site-packages/dbcounter.py:115}}
Jun 29 08:01:06.561706 np0000003896 nova-scheduler[96339]: DEBUG oslo.service.backend._threading.loopingcall [None req-2118bd39-9129-4fc4-8f2d-34459fba8dbe None None] Dynamic interval looping call 'nova.service.Service.periodic_tasks' sleeping for 60.00 seconds {{(pid=96339) _run_loop /opt/stack/data/venv/lib/python3.12/site-packages/oslo_service/backend/_threading/loopingcall.py:125}}
Jun 29 08:01:14.572587 np0000003896 nova-scheduler[96345]: DEBUG oslo.service.backend._threading.loopingcall [None req-7d987ad2-20a7-4ca3-b122-0227e7a52e61 None None] Dynamic interval looping call 'nova.service.Service.periodic_tasks' sleeping for 60.00 seconds {{(pid=96345) _run_loop /opt/stack/data/venv/lib/python3.12/site-packages/oslo_service/backend/_threading/loopingcall.py:125}}
Jun 29 08:01:22.563177 np0000003896 nova-scheduler[96343]: DEBUG oslo.service.backend._threading.loopingcall [None req-b8571337-b380-47fb-9441-0dcf02a2d8dd None None] Dynamic interval looping call 'nova.service.Service.periodic_tasks' sleeping for 60.00 seconds {{(pid=96343) _run_loop /opt/stack/data/venv/lib/python3.12/site-packages/oslo_service/backend/_threading/loopingcall.py:125}}
Jun 29 08:01:58.566167 np0000003896 nova-scheduler[96341]: DEBUG oslo.service.backend._threading.loopingcall [None req-9bc91a39-e643-4515-b749-bb9fe35e2fbf None None] Dynamic interval looping call 'nova.service.Service.periodic_tasks' sleeping for 60.00 seconds {{(pid=96341) _run_loop /opt/stack/data/venv/lib/python3.12/site-packages/oslo_service/backend/_threading/loopingcall.py:125}}
Jun 29 08:02:06.562302 np0000003896 nova-scheduler[96339]: DEBUG oslo.service.backend._threading.loopingcall [None req-2118bd39-9129-4fc4-8f2d-34459fba8dbe None None] Dynamic interval looping call 'nova.service.Service.periodic_tasks' sleeping for 60.00 seconds {{(pid=96339) _run_loop /opt/stack/data/venv/lib/python3.12/site-packages/oslo_service/backend/_threading/loopingcall.py:125}}
Jun 29 08:02:14.573148 np0000003896 nova-scheduler[96345]: DEBUG oslo.service.backend._threading.loopingcall [None req-7d987ad2-20a7-4ca3-b122-0227e7a52e61 None None] Dynamic interval looping call 'nova.service.Service.periodic_tasks' sleeping for 60.00 seconds {{(pid=96345) _run_loop /opt/stack/data/venv/lib/python3.12/site-packages/oslo_service/backend/_threading/loopingcall.py:125}}
Jun 29 08:02:22.563811 np0000003896 nova-scheduler[96343]: DEBUG oslo.service.backend._threading.loopingcall [None req-b8571337-b380-47fb-9441-0dcf02a2d8dd None None] Dynamic interval looping call 'nova.service.Service.periodic_tasks' sleeping for 60.00 seconds {{(pid=96343) _run_loop /opt/stack/data/venv/lib/python3.12/site-packages/oslo_service/backend/_threading/loopingcall.py:125}}
Jun 29 08:02:53.564705 np0000003896 nova-scheduler[96339]: DEBUG oslo.service.backend._threading.loopingcall [-] Fixed interval looping call 'nova.servicegroup.drivers.db.DbDriver._report_state' sleeping for 119.99 seconds {{(pid=96339) _run_loop /opt/stack/data/venv/lib/python3.12/site-packages/oslo_service/backend/_threading/loopingcall.py:125}}
Jun 29 08:02:53.565142 np0000003896 nova-scheduler[96343]: DEBUG oslo.service.backend._threading.loopingcall [-] Fixed interval looping call 'nova.servicegroup.drivers.db.DbDriver._report_state' sleeping for 119.99 seconds {{(pid=96343) _run_loop /opt/stack/data/venv/lib/python3.12/site-packages/oslo_service/backend/_threading/loopingcall.py:125}}
Jun 29 08:02:53.572128 np0000003896 nova-scheduler[96341]: DEBUG oslo.service.backend._threading.loopingcall [-] Fixed interval looping call 'nova.servicegroup.drivers.db.DbDriver._report_state' sleeping for 120.00 seconds {{(pid=96341) _run_loop /opt/stack/data/venv/lib/python3.12/site-packages/oslo_service/backend/_threading/loopingcall.py:125}}
Jun 29 08:02:53.577702 np0000003896 nova-scheduler[96345]: DEBUG oslo.service.backend._threading.loopingcall [-] Fixed interval looping call 'nova.servicegroup.drivers.db.DbDriver._report_state' sleeping for 120.00 seconds {{(pid=96345) _run_loop /opt/stack/data/venv/lib/python3.12/site-packages/oslo_service/backend/_threading/loopingcall.py:125}}
Jun 29 08:02:58.566695 np0000003896 nova-scheduler[96341]: DEBUG oslo.service.backend._threading.loopingcall [None req-9bc91a39-e643-4515-b749-bb9fe35e2fbf None None] Dynamic interval looping call 'nova.service.Service.periodic_tasks' sleeping for 60.00 seconds {{(pid=96341) _run_loop /opt/stack/data/venv/lib/python3.12/site-packages/oslo_service/backend/_threading/loopingcall.py:125}}
Jun 29 08:03:03.559427 np0000003896 nova-scheduler[96339]: DEBUG dbcounter [-] [96339] Writing DB stats nova_cell0:SELECT=1,nova_cell0:UPDATE=1 {{(pid=96339) stat_writer /opt/stack/data/venv/lib/python3.12/site-packages/dbcounter.py:115}}
Jun 29 08:03:03.561900 np0000003896 nova-scheduler[96343]: DEBUG dbcounter [-] [96343] Writing DB stats nova_cell0:SELECT=1,nova_cell0:UPDATE=1 {{(pid=96343) stat_writer /opt/stack/data/venv/lib/python3.12/site-packages/dbcounter.py:115}}
Jun 29 08:03:03.569239 np0000003896 nova-scheduler[96341]: DEBUG dbcounter [-] [96341] Writing DB stats nova_cell0:SELECT=1 {{(pid=96341) stat_writer /opt/stack/data/venv/lib/python3.12/site-packages/dbcounter.py:115}}
Jun 29 08:03:03.575636 np0000003896 nova-scheduler[96345]: DEBUG dbcounter [-] [96345] Writing DB stats nova_cell0:SELECT=1 {{(pid=96345) stat_writer /opt/stack/data/venv/lib/python3.12/site-packages/dbcounter.py:115}}
Jun 29 08:03:06.562774 np0000003896 nova-scheduler[96339]: DEBUG oslo.service.backend._threading.loopingcall [None req-2118bd39-9129-4fc4-8f2d-34459fba8dbe None None] Dynamic interval looping call 'nova.service.Service.periodic_tasks' sleeping for 60.00 seconds {{(pid=96339) _run_loop /opt/stack/data/venv/lib/python3.12/site-packages/oslo_service/backend/_threading/loopingcall.py:125}}
Jun 29 08:03:14.573552 np0000003896 nova-scheduler[96345]: DEBUG oslo.service.backend._threading.loopingcall [None req-7d987ad2-20a7-4ca3-b122-0227e7a52e61 None None] Dynamic interval looping call 'nova.service.Service.periodic_tasks' sleeping for 60.00 seconds {{(pid=96345) _run_loop /opt/stack/data/venv/lib/python3.12/site-packages/oslo_service/backend/_threading/loopingcall.py:125}}
Jun 29 08:03:22.564344 np0000003896 nova-scheduler[96343]: DEBUG oslo.service.backend._threading.loopingcall [None req-b8571337-b380-47fb-9441-0dcf02a2d8dd None None] Dynamic interval looping call 'nova.service.Service.periodic_tasks' sleeping for 60.00 seconds {{(pid=96343) _run_loop /opt/stack/data/venv/lib/python3.12/site-packages/oslo_service/backend/_threading/loopingcall.py:125}}
Jun 29 08:03:34.201989 np0000003896 nova-scheduler[96339]: DEBUG nova.scheduler.manager [None req-d2ed1c5f-ea4a-4855-8a3e-923837b8e2b0 tempest-ServerRescueNegativeTestJSON-1565200502 tempest-ServerRescueNegativeTestJSON-1565200502-project-member] Starting to schedule for instances: ['c159fab8-8b34-47d0-924c-749ef6c29ea6'] {{(pid=96339) select_destinations /opt/stack/nova/nova/scheduler/manager.py:209}}
Jun 29 08:03:34.202438 np0000003896 nova-scheduler[96339]: DEBUG nova.scheduler.request_filter [None req-d2ed1c5f-ea4a-4855-8a3e-923837b8e2b0 tempest-ServerRescueNegativeTestJSON-1565200502 tempest-ServerRescueNegativeTestJSON-1565200502-project-member] compute_status_filter request filter added forbidden trait COMPUTE_STATUS_DISABLED {{(pid=96339) compute_status_filter /opt/stack/nova/nova/scheduler/request_filter.py:253}}
Jun 29 08:03:34.202536 np0000003896 nova-scheduler[96339]: DEBUG nova.scheduler.request_filter [None req-d2ed1c5f-ea4a-4855-8a3e-923837b8e2b0 tempest-ServerRescueNegativeTestJSON-1565200502 tempest-ServerRescueNegativeTestJSON-1565200502-project-member] Request filter 'compute_status_filter' took 0.0 seconds {{(pid=96339) wrapper /opt/stack/nova/nova/scheduler/request_filter.py:46}}
Jun 29 08:03:34.202788 np0000003896 nova-scheduler[96339]: DEBUG nova.scheduler.request_filter [None req-d2ed1c5f-ea4a-4855-8a3e-923837b8e2b0 tempest-ServerRescueNegativeTestJSON-1565200502 tempest-ServerRescueNegativeTestJSON-1565200502-project-member] Request filter 'accelerators_filter' took 0.0 seconds {{(pid=96339) wrapper /opt/stack/nova/nova/scheduler/request_filter.py:46}}
Jun 29 08:03:34.216230 np0000003896 nova-scheduler[96339]: DEBUG nova.scheduler.request_filter [None req-d2ed1c5f-ea4a-4855-8a3e-923837b8e2b0 tempest-ServerRescueNegativeTestJSON-1565200502 tempest-ServerRescueNegativeTestJSON-1565200502-project-member] Request filter 'packed_virtqueue_filter' took 0.0 seconds {{(pid=96339) wrapper /opt/stack/nova/nova/scheduler/request_filter.py:46}}
Jun 29 08:03:34.216230 np0000003896 nova-scheduler[96339]: DEBUG nova.scheduler.request_filter [None req-d2ed1c5f-ea4a-4855-8a3e-923837b8e2b0 tempest-ServerRescueNegativeTestJSON-1565200502 tempest-ServerRescueNegativeTestJSON-1565200502-project-member] Request filter 'remote_managed_ports_filter' took 0.0 seconds {{(pid=96339) wrapper /opt/stack/nova/nova/scheduler/request_filter.py:46}}
Jun 29 08:03:34.216230 np0000003896 nova-scheduler[96339]: DEBUG nova.scheduler.request_filter [None req-d2ed1c5f-ea4a-4855-8a3e-923837b8e2b0 tempest-ServerRescueNegativeTestJSON-1565200502 tempest-ServerRescueNegativeTestJSON-1565200502-project-member] ephemeral_encryption_filter skipped {{(pid=96339) ephemeral_encryption_filter /opt/stack/nova/nova/scheduler/request_filter.py:426}}
Jun 29 08:03:34.216230 np0000003896 nova-scheduler[96339]: DEBUG nova.scheduler.request_filter [None req-d2ed1c5f-ea4a-4855-8a3e-923837b8e2b0 tempest-ServerRescueNegativeTestJSON-1565200502 tempest-ServerRescueNegativeTestJSON-1565200502-project-member] virtio_sound_filter skipped {{(pid=96339) virtio_sound_filter /opt/stack/nova/nova/scheduler/request_filter.py:460}}
Jun 29 08:03:34.217429 np0000003896 nova-scheduler[96339]: DEBUG nova.scheduler.request_filter [None req-d2ed1c5f-ea4a-4855-8a3e-923837b8e2b0 tempest-ServerRescueNegativeTestJSON-1565200502 tempest-ServerRescueNegativeTestJSON-1565200502-project-member] tpm_secret_security_filter skipped {{(pid=96339) tpm_secret_security_filter /opt/stack/nova/nova/scheduler/request_filter.py:477}}
Jun 29 08:03:34.878524 np0000003896 nova-scheduler[96339]: INFO nova.utils [None req-d2ed1c5f-ea4a-4855-8a3e-923837b8e2b0 tempest-ServerRescueNegativeTestJSON-1565200502 tempest-ServerRescueNegativeTestJSON-1565200502-project-member] The cell worker thread pool ForkProcess-1.cell_worker is initialized
Jun 29 08:03:34.878971 np0000003896 nova-scheduler[96339]: DEBUG oslo_concurrency.lockutils [None req-d2ed1c5f-ea4a-4855-8a3e-923837b8e2b0 tempest-ServerRescueNegativeTestJSON-1565200502 tempest-ServerRescueNegativeTestJSON-1565200502-project-member] Acquiring lock "30f9a7c7-2cf4-476e-8e03-2b56ca5603d8" by "nova.context.set_target_cell..get_or_set_cached_cell_and_set_connections" {{(pid=96339) inner /opt/stack/data/venv/lib/python3.12/site-packages/oslo_concurrency/lockutils.py:511}}
Jun 29 08:03:34.879185 np0000003896 nova-scheduler[96339]: DEBUG oslo_concurrency.lockutils [None req-d2ed1c5f-ea4a-4855-8a3e-923837b8e2b0 tempest-ServerRescueNegativeTestJSON-1565200502 tempest-ServerRescueNegativeTestJSON-1565200502-project-member] Lock "30f9a7c7-2cf4-476e-8e03-2b56ca5603d8" acquired by "nova.context.set_target_cell..get_or_set_cached_cell_and_set_connections" :: waited 0.000s {{(pid=96339) inner /opt/stack/data/venv/lib/python3.12/site-packages/oslo_concurrency/lockutils.py:524}}
Jun 29 08:03:34.880880 np0000003896 nova-scheduler[96339]: DEBUG oslo_concurrency.lockutils [None req-d2ed1c5f-ea4a-4855-8a3e-923837b8e2b0 tempest-ServerRescueNegativeTestJSON-1565200502 tempest-ServerRescueNegativeTestJSON-1565200502-project-member] Lock "30f9a7c7-2cf4-476e-8e03-2b56ca5603d8" "released" by "nova.context.set_target_cell..get_or_set_cached_cell_and_set_connections" :: held 0.002s {{(pid=96339) inner /opt/stack/data/venv/lib/python3.12/site-packages/oslo_concurrency/lockutils.py:543}}
Jun 29 08:03:34.883137 np0000003896 nova-scheduler[96339]: INFO dbcounter [None req-d2ed1c5f-ea4a-4855-8a3e-923837b8e2b0 tempest-ServerRescueNegativeTestJSON-1565200502 tempest-ServerRescueNegativeTestJSON-1565200502-project-member] Registered counter for database nova_cell1
Jun 29 08:03:34.927042 np0000003896 nova-scheduler[96339]: DEBUG oslo_db.sqlalchemy.engines [None req-d2ed1c5f-ea4a-4855-8a3e-923837b8e2b0 tempest-ServerRescueNegativeTestJSON-1565200502 tempest-ServerRescueNegativeTestJSON-1565200502-project-member] MySQL server mode set to STRICT_TRANS_TABLES,STRICT_ALL_TABLES,NO_ZERO_IN_DATE,NO_ZERO_DATE,ERROR_FOR_DIVISION_BY_ZERO,TRADITIONAL,NO_ENGINE_SUBSTITUTION {{(pid=96339) _check_effective_sql_mode /opt/stack/data/venv/lib/python3.12/site-packages/oslo_db/sqlalchemy/engines.py:325}}
Jun 29 08:03:34.933685 np0000003896 nova-scheduler[96339]: DEBUG dbcounter [-] [96339] Writer thread running {{(pid=96339) stat_writer /opt/stack/data/venv/lib/python3.12/site-packages/dbcounter.py:102}}
Jun 29 08:03:34.947701 np0000003896 nova-scheduler[96339]: DEBUG oslo_db.sqlalchemy.engines [None req-d2ed1c5f-ea4a-4855-8a3e-923837b8e2b0 tempest-ServerRescueNegativeTestJSON-1565200502 tempest-ServerRescueNegativeTestJSON-1565200502-project-member] Parent process 95146 forked (96339) with an open database connection, which is being discarded and recreated. {{(pid=96339) checkout /opt/stack/data/venv/lib/python3.12/site-packages/oslo_db/sqlalchemy/engines.py:402}}
Jun 29 08:03:34.990254 np0000003896 nova-scheduler[96339]: DEBUG dbcounter [-] [96339] Writer thread running {{(pid=96339) stat_writer /opt/stack/data/venv/lib/python3.12/site-packages/dbcounter.py:102}}
Jun 29 08:03:34.992989 np0000003896 nova-scheduler[96339]: DEBUG oslo_concurrency.lockutils [None req-d2ed1c5f-ea4a-4855-8a3e-923837b8e2b0 tempest-ServerRescueNegativeTestJSON-1565200502 tempest-ServerRescueNegativeTestJSON-1565200502-project-member] Acquiring lock "30f9a7c7-2cf4-476e-8e03-2b56ca5603d8" by "nova.context.set_target_cell..get_or_set_cached_cell_and_set_connections" {{(pid=96339) inner /opt/stack/data/venv/lib/python3.12/site-packages/oslo_concurrency/lockutils.py:511}}
Jun 29 08:03:34.993155 np0000003896 nova-scheduler[96339]: DEBUG oslo_concurrency.lockutils [None req-d2ed1c5f-ea4a-4855-8a3e-923837b8e2b0 tempest-ServerRescueNegativeTestJSON-1565200502 tempest-ServerRescueNegativeTestJSON-1565200502-project-member] Lock "30f9a7c7-2cf4-476e-8e03-2b56ca5603d8" acquired by "nova.context.set_target_cell..get_or_set_cached_cell_and_set_connections" :: waited 0.000s {{(pid=96339) inner /opt/stack/data/venv/lib/python3.12/site-packages/oslo_concurrency/lockutils.py:524}}
Jun 29 08:03:34.993260 np0000003896 nova-scheduler[96339]: DEBUG oslo_concurrency.lockutils [None req-d2ed1c5f-ea4a-4855-8a3e-923837b8e2b0 tempest-ServerRescueNegativeTestJSON-1565200502 tempest-ServerRescueNegativeTestJSON-1565200502-project-member] Lock "30f9a7c7-2cf4-476e-8e03-2b56ca5603d8" "released" by "nova.context.set_target_cell..get_or_set_cached_cell_and_set_connections" :: held 0.000s {{(pid=96339) inner /opt/stack/data/venv/lib/python3.12/site-packages/oslo_concurrency/lockutils.py:543}}
Jun 29 08:03:34.996228 np0000003896 nova-scheduler[96339]: DEBUG oslo_concurrency.lockutils [None req-d2ed1c5f-ea4a-4855-8a3e-923837b8e2b0 tempest-ServerRescueNegativeTestJSON-1565200502 tempest-ServerRescueNegativeTestJSON-1565200502-project-member] Acquiring lock "np0000003896-np0000003896" by "nova.scheduler.host_manager.HostState.update.._locked_update" {{(pid=96339) inner /opt/stack/data/venv/lib/python3.12/site-packages/oslo_concurrency/lockutils.py:511}}
Jun 29 08:03:34.996394 np0000003896 nova-scheduler[96339]: DEBUG oslo_concurrency.lockutils [None req-d2ed1c5f-ea4a-4855-8a3e-923837b8e2b0 tempest-ServerRescueNegativeTestJSON-1565200502 tempest-ServerRescueNegativeTestJSON-1565200502-project-member] Lock "np0000003896-np0000003896" acquired by "nova.scheduler.host_manager.HostState.update.._locked_update" :: waited 0.000s {{(pid=96339) inner /opt/stack/data/venv/lib/python3.12/site-packages/oslo_concurrency/lockutils.py:524}}
