Jun 29 08:00:54.265854 np0000003896 nova-conductor[98767]: DEBUG cotyledon.oslo_config_glue [-] profiler.sentinel_service_name = mymaster {{(pid=98767) log_opt_values /opt/stack/data/venv/lib/python3.12/site-packages/oslo_config/cfg.py:3253}}
Jun 29 08:00:54.266041 np0000003896 nova-conductor[98767]: DEBUG cotyledon.oslo_config_glue [-] profiler.socket_timeout = 0.1 {{(pid=98767) log_opt_values /opt/stack/data/venv/lib/python3.12/site-packages/oslo_config/cfg.py:3253}}
Jun 29 08:00:54.266041 np0000003896 nova-conductor[98767]: DEBUG cotyledon.oslo_config_glue [-] profiler.trace_requests = False {{(pid=98767) log_opt_values /opt/stack/data/venv/lib/python3.12/site-packages/oslo_config/cfg.py:3253}}
Jun 29 08:00:54.266127 np0000003896 nova-conductor[98761]: INFO dbcounter [None req-cd88a2d6-d163-44ec-866e-a70e7465822b None None] Registered counter for database nova_cell0
Jun 29 08:00:54.266193 np0000003896 nova-conductor[98767]: DEBUG cotyledon.oslo_config_glue [-] profiler.trace_sqlalchemy = False {{(pid=98767) log_opt_values /opt/stack/data/venv/lib/python3.12/site-packages/oslo_config/cfg.py:3253}}
Jun 29 08:00:54.266193 np0000003896 nova-conductor[98767]: DEBUG cotyledon.oslo_config_glue [-] profiler_jaeger.process_tags = {} {{(pid=98767) log_opt_values /opt/stack/data/venv/lib/python3.12/site-packages/oslo_config/cfg.py:3253}}
Jun 29 08:00:54.266193 np0000003896 nova-conductor[98767]: DEBUG cotyledon.oslo_config_glue [-] profiler_jaeger.service_name_prefix = None {{(pid=98767) log_opt_values /opt/stack/data/venv/lib/python3.12/site-packages/oslo_config/cfg.py:3253}}
Jun 29 08:00:54.266193 np0000003896 nova-conductor[98767]: DEBUG cotyledon.oslo_config_glue [-] profiler_otlp.service_name_prefix = None {{(pid=98767) log_opt_values /opt/stack/data/venv/lib/python3.12/site-packages/oslo_config/cfg.py:3253}}
Jun 29 08:00:54.266193 np0000003896 nova-conductor[98767]: DEBUG cotyledon.oslo_config_glue [-] oslo_messaging_rabbit.amqp_auto_delete = False {{(pid=98767) log_opt_values /opt/stack/data/venv/lib/python3.12/site-packages/oslo_config/cfg.py:3253}}
Jun 29 08:00:54.266193 np0000003896 nova-conductor[98767]: DEBUG cotyledon.oslo_config_glue [-] oslo_messaging_rabbit.amqp_durable_queues = False {{(pid=98767) log_opt_values /opt/stack/data/venv/lib/python3.12/site-packages/oslo_config/cfg.py:3253}}
Jun 29 08:00:54.266193 np0000003896 nova-conductor[98767]: DEBUG cotyledon.oslo_config_glue [-] oslo_messaging_rabbit.conn_pool_min_size = 2 {{(pid=98767) log_opt_values /opt/stack/data/venv/lib/python3.12/site-packages/oslo_config/cfg.py:3253}}
Jun 29 08:00:54.266193 np0000003896 nova-conductor[98767]: DEBUG cotyledon.oslo_config_glue [-] oslo_messaging_rabbit.conn_pool_ttl = 1200 {{(pid=98767) log_opt_values /opt/stack/data/venv/lib/python3.12/site-packages/oslo_config/cfg.py:3253}}
Jun 29 08:00:54.266193 np0000003896 nova-conductor[98767]: DEBUG cotyledon.oslo_config_glue [-] oslo_messaging_rabbit.direct_mandatory_flag = True {{(pid=98767) log_opt_values /opt/stack/data/venv/lib/python3.12/site-packages/oslo_config/cfg.py:3253}}
Jun 29 08:00:54.266391 np0000003896 nova-conductor[98767]: DEBUG cotyledon.oslo_config_glue [-] oslo_messaging_rabbit.enable_cancel_on_failover = False {{(pid=98767) log_opt_values /opt/stack/data/venv/lib/python3.12/site-packages/oslo_config/cfg.py:3253}}
Jun 29 08:00:54.266391 np0000003896 nova-conductor[98767]: DEBUG cotyledon.oslo_config_glue [-] oslo_messaging_rabbit.heartbeat_rate = 3 {{(pid=98767) log_opt_values /opt/stack/data/venv/lib/python3.12/site-packages/oslo_config/cfg.py:3253}}
Jun 29 08:00:54.266391 np0000003896 nova-conductor[98767]: DEBUG cotyledon.oslo_config_glue [-] oslo_messaging_rabbit.heartbeat_timeout_threshold = 60 {{(pid=98767) log_opt_values /opt/stack/data/venv/lib/python3.12/site-packages/oslo_config/cfg.py:3253}}
Jun 29 08:00:54.266391 np0000003896 nova-conductor[98767]: DEBUG cotyledon.oslo_config_glue [-] oslo_messaging_rabbit.hostname = np0000003896 {{(pid=98767) log_opt_values /opt/stack/data/venv/lib/python3.12/site-packages/oslo_config/cfg.py:3253}}
Jun 29 08:00:54.266391 np0000003896 nova-conductor[98767]: DEBUG cotyledon.oslo_config_glue [-] oslo_messaging_rabbit.kombu_compression = None {{(pid=98767) log_opt_values /opt/stack/data/venv/lib/python3.12/site-packages/oslo_config/cfg.py:3253}}
Jun 29 08:00:54.266391 np0000003896 nova-conductor[98767]: DEBUG cotyledon.oslo_config_glue [-] oslo_messaging_rabbit.kombu_failover_strategy = round-robin {{(pid=98767) log_opt_values /opt/stack/data/venv/lib/python3.12/site-packages/oslo_config/cfg.py:3253}}
Jun 29 08:00:54.266391 np0000003896 nova-conductor[98767]: DEBUG cotyledon.oslo_config_glue [-] oslo_messaging_rabbit.kombu_missing_consumer_retry_timeout = 60 {{(pid=98767) log_opt_values /opt/stack/data/venv/lib/python3.12/site-packages/oslo_config/cfg.py:3253}}
Jun 29 08:00:54.266391 np0000003896 nova-conductor[98767]: DEBUG cotyledon.oslo_config_glue [-] oslo_messaging_rabbit.kombu_reconnect_delay = 1.0 {{(pid=98767) log_opt_values /opt/stack/data/venv/lib/python3.12/site-packages/oslo_config/cfg.py:3253}}
Jun 29 08:00:54.266391 np0000003896 nova-conductor[98767]: DEBUG cotyledon.oslo_config_glue [-] oslo_messaging_rabbit.kombu_reconnect_splay = 0.0 {{(pid=98767) log_opt_values /opt/stack/data/venv/lib/python3.12/site-packages/oslo_config/cfg.py:3253}}
Jun 29 08:00:54.266582 np0000003896 nova-conductor[98767]: DEBUG cotyledon.oslo_config_glue [-] oslo_messaging_rabbit.processname = nova-conductor {{(pid=98767) log_opt_values /opt/stack/data/venv/lib/python3.12/site-packages/oslo_config/cfg.py:3253}}
Jun 29 08:00:54.266582 np0000003896 nova-conductor[98767]: DEBUG cotyledon.oslo_config_glue [-] oslo_messaging_rabbit.rabbit_ha_queues = False {{(pid=98767) log_opt_values /opt/stack/data/venv/lib/python3.12/site-packages/oslo_config/cfg.py:3253}}
Jun 29 08:00:54.266582 np0000003896 nova-conductor[98767]: DEBUG cotyledon.oslo_config_glue [-] oslo_messaging_rabbit.rabbit_interval_max = 30 {{(pid=98767) log_opt_values /opt/stack/data/venv/lib/python3.12/site-packages/oslo_config/cfg.py:3253}}
Jun 29 08:00:54.266582 np0000003896 nova-conductor[98767]: DEBUG cotyledon.oslo_config_glue [-] oslo_messaging_rabbit.rabbit_login_method = AMQPLAIN {{(pid=98767) log_opt_values /opt/stack/data/venv/lib/python3.12/site-packages/oslo_config/cfg.py:3253}}
Jun 29 08:00:54.266582 np0000003896 nova-conductor[98767]: DEBUG cotyledon.oslo_config_glue [-] oslo_messaging_rabbit.rabbit_qos_prefetch_count = 0 {{(pid=98767) log_opt_values /opt/stack/data/venv/lib/python3.12/site-packages/oslo_config/cfg.py:3253}}
Jun 29 08:00:54.266582 np0000003896 nova-conductor[98767]: DEBUG cotyledon.oslo_config_glue [-] oslo_messaging_rabbit.rabbit_quorum_delivery_limit = 0 {{(pid=98767) log_opt_values /opt/stack/data/venv/lib/python3.12/site-packages/oslo_config/cfg.py:3253}}
Jun 29 08:00:54.266582 np0000003896 nova-conductor[98767]: DEBUG cotyledon.oslo_config_glue [-] oslo_messaging_rabbit.rabbit_quorum_max_memory_bytes = 0 {{(pid=98767) log_opt_values /opt/stack/data/venv/lib/python3.12/site-packages/oslo_config/cfg.py:3253}}
Jun 29 08:00:54.266582 np0000003896 nova-conductor[98767]: DEBUG cotyledon.oslo_config_glue [-] oslo_messaging_rabbit.rabbit_quorum_max_memory_length = 0 {{(pid=98767) log_opt_values /opt/stack/data/venv/lib/python3.12/site-packages/oslo_config/cfg.py:3253}}
Jun 29 08:00:54.266582 np0000003896 nova-conductor[98767]: DEBUG cotyledon.oslo_config_glue [-] oslo_messaging_rabbit.rabbit_quorum_queue = False {{(pid=98767) log_opt_values /opt/stack/data/venv/lib/python3.12/site-packages/oslo_config/cfg.py:3253}}
Jun 29 08:00:54.266871 np0000003896 nova-conductor[98767]: DEBUG cotyledon.oslo_config_glue [-] oslo_messaging_rabbit.rabbit_retry_backoff = 2 {{(pid=98767) log_opt_values /opt/stack/data/venv/lib/python3.12/site-packages/oslo_config/cfg.py:3253}}
Jun 29 08:00:54.266871 np0000003896 nova-conductor[98767]: DEBUG cotyledon.oslo_config_glue [-] oslo_messaging_rabbit.rabbit_retry_interval = 1 {{(pid=98767) log_opt_values /opt/stack/data/venv/lib/python3.12/site-packages/oslo_config/cfg.py:3253}}
Jun 29 08:00:54.266871 np0000003896 nova-conductor[98767]: DEBUG cotyledon.oslo_config_glue [-] oslo_messaging_rabbit.rabbit_stream_fanout = False {{(pid=98767) log_opt_values /opt/stack/data/venv/lib/python3.12/site-packages/oslo_config/cfg.py:3253}}
Jun 29 08:00:54.266871 np0000003896 nova-conductor[98767]: DEBUG cotyledon.oslo_config_glue [-] oslo_messaging_rabbit.rabbit_transient_queues_ttl = 1800 {{(pid=98767) log_opt_values /opt/stack/data/venv/lib/python3.12/site-packages/oslo_config/cfg.py:3253}}
Jun 29 08:00:54.266871 np0000003896 nova-conductor[98767]: DEBUG cotyledon.oslo_config_glue [-] oslo_messaging_rabbit.rabbit_transient_quorum_queue = False {{(pid=98767) log_opt_values /opt/stack/data/venv/lib/python3.12/site-packages/oslo_config/cfg.py:3253}}
Jun 29 08:00:54.266871 np0000003896 nova-conductor[98767]: DEBUG cotyledon.oslo_config_glue [-] oslo_messaging_rabbit.rpc_conn_pool_size = 30 {{(pid=98767) log_opt_values /opt/stack/data/venv/lib/python3.12/site-packages/oslo_config/cfg.py:3253}}
Jun 29 08:00:54.266871 np0000003896 nova-conductor[98767]: DEBUG cotyledon.oslo_config_glue [-] oslo_messaging_rabbit.ssl = False {{(pid=98767) log_opt_values /opt/stack/data/venv/lib/python3.12/site-packages/oslo_config/cfg.py:3253}}
Jun 29 08:00:54.266871 np0000003896 nova-conductor[98767]: DEBUG cotyledon.oslo_config_glue [-] oslo_messaging_rabbit.ssl_ca_file = {{(pid=98767) log_opt_values /opt/stack/data/venv/lib/python3.12/site-packages/oslo_config/cfg.py:3253}}
Jun 29 08:00:54.266871 np0000003896 nova-conductor[98767]: DEBUG cotyledon.oslo_config_glue [-] oslo_messaging_rabbit.ssl_cert_file = {{(pid=98767) log_opt_values /opt/stack/data/venv/lib/python3.12/site-packages/oslo_config/cfg.py:3253}}
Jun 29 08:00:54.267051 np0000003896 nova-conductor[98767]: DEBUG cotyledon.oslo_config_glue [-] oslo_messaging_rabbit.ssl_enforce_fips_mode = False {{(pid=98767) log_opt_values /opt/stack/data/venv/lib/python3.12/site-packages/oslo_config/cfg.py:3253}}
Jun 29 08:00:54.267051 np0000003896 nova-conductor[98767]: DEBUG cotyledon.oslo_config_glue [-] oslo_messaging_rabbit.ssl_enforce_hostname_verification = True {{(pid=98767) log_opt_values /opt/stack/data/venv/lib/python3.12/site-packages/oslo_config/cfg.py:3253}}
Jun 29 08:00:54.267051 np0000003896 nova-conductor[98767]: DEBUG cotyledon.oslo_config_glue [-] oslo_messaging_rabbit.ssl_key_file = {{(pid=98767) log_opt_values /opt/stack/data/venv/lib/python3.12/site-packages/oslo_config/cfg.py:3253}}
Jun 29 08:00:54.267051 np0000003896 nova-conductor[98767]: DEBUG cotyledon.oslo_config_glue [-] oslo_messaging_rabbit.ssl_version = {{(pid=98767) log_opt_values /opt/stack/data/venv/lib/python3.12/site-packages/oslo_config/cfg.py:3253}}
Jun 29 08:00:54.267051 np0000003896 nova-conductor[98767]: DEBUG cotyledon.oslo_config_glue [-] oslo_messaging_rabbit.use_queue_manager = False {{(pid=98767) log_opt_values /opt/stack/data/venv/lib/python3.12/site-packages/oslo_config/cfg.py:3253}}
Jun 29 08:00:54.267051 np0000003896 nova-conductor[98767]: DEBUG cotyledon.oslo_config_glue [-] oslo_messaging_notifications.driver = ['messagingv2'] {{(pid=98767) log_opt_values /opt/stack/data/venv/lib/python3.12/site-packages/oslo_config/cfg.py:3253}}
Jun 29 08:00:54.267051 np0000003896 nova-conductor[98767]: DEBUG cotyledon.oslo_config_glue [-] oslo_messaging_notifications.retry = -1 {{(pid=98767) log_opt_values /opt/stack/data/venv/lib/python3.12/site-packages/oslo_config/cfg.py:3253}}
Jun 29 08:00:54.267051 np0000003896 nova-conductor[98767]: DEBUG cotyledon.oslo_config_glue [-] oslo_messaging_notifications.topics = ['notifications'] {{(pid=98767) log_opt_values /opt/stack/data/venv/lib/python3.12/site-packages/oslo_config/cfg.py:3253}}
Jun 29 08:00:54.267051 np0000003896 nova-conductor[98767]: DEBUG cotyledon.oslo_config_glue [-] oslo_messaging_notifications.transport_url = **** {{(pid=98767) log_opt_values /opt/stack/data/venv/lib/python3.12/site-packages/oslo_config/cfg.py:3253}}
Jun 29 08:00:54.267296 np0000003896 nova-conductor[98767]: DEBUG cotyledon.oslo_config_glue [-] oslo_limit.auth_section = None {{(pid=98767) log_opt_values /opt/stack/data/venv/lib/python3.12/site-packages/oslo_config/cfg.py:3253}}
Jun 29 08:00:54.267296 np0000003896 nova-conductor[98767]: DEBUG cotyledon.oslo_config_glue [-] oslo_limit.auth_type = None {{(pid=98767) log_opt_values /opt/stack/data/venv/lib/python3.12/site-packages/oslo_config/cfg.py:3253}}
Jun 29 08:00:54.267296 np0000003896 nova-conductor[98767]: DEBUG cotyledon.oslo_config_glue [-] oslo_limit.cafile = None {{(pid=98767) log_opt_values /opt/stack/data/venv/lib/python3.12/site-packages/oslo_config/cfg.py:3253}}
Jun 29 08:00:54.267296 np0000003896 nova-conductor[98767]: DEBUG cotyledon.oslo_config_glue [-] oslo_limit.certfile = None {{(pid=98767) log_opt_values /opt/stack/data/venv/lib/python3.12/site-packages/oslo_config/cfg.py:3253}}
Jun 29 08:00:54.267296 np0000003896 nova-conductor[98767]: DEBUG cotyledon.oslo_config_glue [-] oslo_limit.collect_timing = False {{(pid=98767) log_opt_values /opt/stack/data/venv/lib/python3.12/site-packages/oslo_config/cfg.py:3253}}
Jun 29 08:00:54.267296 np0000003896 nova-conductor[98767]: DEBUG cotyledon.oslo_config_glue [-] oslo_limit.connect_retries = None {{(pid=98767) log_opt_values /opt/stack/data/venv/lib/python3.12/site-packages/oslo_config/cfg.py:3253}}
Jun 29 08:00:54.267296 np0000003896 nova-conductor[98767]: DEBUG cotyledon.oslo_config_glue [-] oslo_limit.connect_retry_delay = None {{(pid=98767) log_opt_values /opt/stack/data/venv/lib/python3.12/site-packages/oslo_config/cfg.py:3253}}
Jun 29 08:00:54.267296 np0000003896 nova-conductor[98767]: DEBUG cotyledon.oslo_config_glue [-] oslo_limit.endpoint_id = None {{(pid=98767) log_opt_values /opt/stack/data/venv/lib/python3.12/site-packages/oslo_config/cfg.py:3253}}
Jun 29 08:00:54.267296 np0000003896 nova-conductor[98767]: DEBUG cotyledon.oslo_config_glue [-] oslo_limit.endpoint_interface = public {{(pid=98767) log_opt_values /opt/stack/data/venv/lib/python3.12/site-packages/oslo_config/cfg.py:3253}}
Jun 29 08:00:54.267459 np0000003896 nova-conductor[98767]: DEBUG cotyledon.oslo_config_glue [-] oslo_limit.endpoint_override = None {{(pid=98767) log_opt_values /opt/stack/data/venv/lib/python3.12/site-packages/oslo_config/cfg.py:3253}}
Jun 29 08:00:54.267459 np0000003896 nova-conductor[98767]: DEBUG cotyledon.oslo_config_glue [-] oslo_limit.endpoint_region_name = None {{(pid=98767) log_opt_values /opt/stack/data/venv/lib/python3.12/site-packages/oslo_config/cfg.py:3253}}
Jun 29 08:00:54.267459 np0000003896 nova-conductor[98767]: DEBUG cotyledon.oslo_config_glue [-] oslo_limit.endpoint_service_name = None {{(pid=98767) log_opt_values /opt/stack/data/venv/lib/python3.12/site-packages/oslo_config/cfg.py:3253}}
Jun 29 08:00:54.267459 np0000003896 nova-conductor[98767]: DEBUG cotyledon.oslo_config_glue [-] oslo_limit.endpoint_service_type = None {{(pid=98767) log_opt_values /opt/stack/data/venv/lib/python3.12/site-packages/oslo_config/cfg.py:3253}}
Jun 29 08:00:54.267459 np0000003896 nova-conductor[98767]: DEBUG cotyledon.oslo_config_glue [-] oslo_limit.insecure = False {{(pid=98767) log_opt_values /opt/stack/data/venv/lib/python3.12/site-packages/oslo_config/cfg.py:3253}}
Jun 29 08:00:54.267459 np0000003896 nova-conductor[98767]: DEBUG cotyledon.oslo_config_glue [-] oslo_limit.keyfile = None {{(pid=98767) log_opt_values /opt/stack/data/venv/lib/python3.12/site-packages/oslo_config/cfg.py:3253}}
Jun 29 08:00:54.267459 np0000003896 nova-conductor[98767]: DEBUG cotyledon.oslo_config_glue [-] oslo_limit.max_version = None {{(pid=98767) log_opt_values /opt/stack/data/venv/lib/python3.12/site-packages/oslo_config/cfg.py:3253}}
Jun 29 08:00:54.267459 np0000003896 nova-conductor[98767]: DEBUG cotyledon.oslo_config_glue [-] oslo_limit.min_version = None {{(pid=98767) log_opt_values /opt/stack/data/venv/lib/python3.12/site-packages/oslo_config/cfg.py:3253}}
Jun 29 08:00:54.267459 np0000003896 nova-conductor[98767]: DEBUG cotyledon.oslo_config_glue [-] oslo_limit.region_name = None {{(pid=98767) log_opt_values /opt/stack/data/venv/lib/python3.12/site-packages/oslo_config/cfg.py:3253}}
Jun 29 08:00:54.267662 np0000003896 nova-conductor[98767]: DEBUG cotyledon.oslo_config_glue [-] oslo_limit.retriable_status_codes = None {{(pid=98767) log_opt_values /opt/stack/data/venv/lib/python3.12/site-packages/oslo_config/cfg.py:3253}}
Jun 29 08:00:54.267662 np0000003896 nova-conductor[98767]: DEBUG cotyledon.oslo_config_glue [-] oslo_limit.service_name = None {{(pid=98767) log_opt_values /opt/stack/data/venv/lib/python3.12/site-packages/oslo_config/cfg.py:3253}}
Jun 29 08:00:54.267662 np0000003896 nova-conductor[98767]: DEBUG cotyledon.oslo_config_glue [-] oslo_limit.service_type = None {{(pid=98767) log_opt_values /opt/stack/data/venv/lib/python3.12/site-packages/oslo_config/cfg.py:3253}}
Jun 29 08:00:54.267662 np0000003896 nova-conductor[98767]: DEBUG cotyledon.oslo_config_glue [-] oslo_limit.split_loggers = False {{(pid=98767) log_opt_values /opt/stack/data/venv/lib/python3.12/site-packages/oslo_config/cfg.py:3253}}
Jun 29 08:00:54.267662 np0000003896 nova-conductor[98767]: DEBUG cotyledon.oslo_config_glue [-] oslo_limit.status_code_retries = None {{(pid=98767) log_opt_values /opt/stack/data/venv/lib/python3.12/site-packages/oslo_config/cfg.py:3253}}
Jun 29 08:00:54.267662 np0000003896 nova-conductor[98767]: DEBUG cotyledon.oslo_config_glue [-] oslo_limit.status_code_retry_delay = None {{(pid=98767) log_opt_values /opt/stack/data/venv/lib/python3.12/site-packages/oslo_config/cfg.py:3253}}
Jun 29 08:00:54.267662 np0000003896 nova-conductor[98767]: DEBUG cotyledon.oslo_config_glue [-] oslo_limit.timeout = None {{(pid=98767) log_opt_values /opt/stack/data/venv/lib/python3.12/site-packages/oslo_config/cfg.py:3253}}
Jun 29 08:00:54.267662 np0000003896 nova-conductor[98767]: DEBUG cotyledon.oslo_config_glue [-] oslo_limit.valid_interfaces = None {{(pid=98767) log_opt_values /opt/stack/data/venv/lib/python3.12/site-packages/oslo_config/cfg.py:3253}}
Jun 29 08:00:54.267662 np0000003896 nova-conductor[98767]: DEBUG cotyledon.oslo_config_glue [-] oslo_limit.version = None {{(pid=98767) log_opt_values /opt/stack/data/venv/lib/python3.12/site-packages/oslo_config/cfg.py:3253}}
Jun 29 08:00:54.267859 np0000003896 nova-conductor[98767]: DEBUG cotyledon.oslo_config_glue [-] oslo_reports.file_event_handler = None {{(pid=98767) log_opt_values /opt/stack/data/venv/lib/python3.12/site-packages/oslo_config/cfg.py:3253}}
Jun 29 08:00:54.267859 np0000003896 nova-conductor[98767]: DEBUG cotyledon.oslo_config_glue [-] oslo_reports.file_event_handler_interval = 1 {{(pid=98767) log_opt_values /opt/stack/data/venv/lib/python3.12/site-packages/oslo_config/cfg.py:3253}}
Jun 29 08:00:54.267859 np0000003896 nova-conductor[98767]: DEBUG cotyledon.oslo_config_glue [-] oslo_reports.log_dir = None {{(pid=98767) log_opt_values /opt/stack/data/venv/lib/python3.12/site-packages/oslo_config/cfg.py:3253}}
Jun 29 08:00:54.267859 np0000003896 nova-conductor[98767]: DEBUG cotyledon.oslo_config_glue [-] ******************************************************************************** {{(pid=98767) log_opt_values /opt/stack/data/venv/lib/python3.12/site-packages/oslo_config/cfg.py:3260}}
Jun 29 08:00:54.267859 np0000003896 nova-conductor[98767]: DEBUG cotyledon._service_worker [-] Run service ServiceWrapper(3) [98767] {{(pid=98767) wait_forever /opt/stack/data/venv/lib/python3.12/site-packages/cotyledon/_service_worker.py:218}}
Jun 29 08:00:54.267951 np0000003896 nova-conductor[98743]: DEBUG oslo_db.sqlalchemy.engines [None req-6929199a-9fdb-4914-8f97-3214039927c9 None None] MySQL server mode set to STRICT_TRANS_TABLES,STRICT_ALL_TABLES,NO_ZERO_IN_DATE,NO_ZERO_DATE,ERROR_FOR_DIVISION_BY_ZERO,TRADITIONAL,NO_ENGINE_SUBSTITUTION {{(pid=98743) _check_effective_sql_mode /opt/stack/data/venv/lib/python3.12/site-packages/oslo_db/sqlalchemy/engines.py:325}}
Jun 29 08:00:54.267986 np0000003896 nova-conductor[98767]: INFO nova.service [-] Starting conductor node (version 33.1.0)
Jun 29 08:00:54.267986 np0000003896 nova-conductor[98767]: INFO dbcounter [None req-0399352b-876a-470c-a641-9486d6a9fd85 None None] Registered counter for database nova_cell0
Jun 29 08:00:54.268035 np0000003896 nova-conductor[98755]: DEBUG oslo_db.sqlalchemy.engines [None req-d5877602-9d53-40b0-a41a-9fb2bef0815d None None] MySQL server mode set to STRICT_TRANS_TABLES,STRICT_ALL_TABLES,NO_ZERO_IN_DATE,NO_ZERO_DATE,ERROR_FOR_DIVISION_BY_ZERO,TRADITIONAL,NO_ENGINE_SUBSTITUTION {{(pid=98755) _check_effective_sql_mode /opt/stack/data/venv/lib/python3.12/site-packages/oslo_db/sqlalchemy/engines.py:325}}
Jun 29 08:00:54.268065 np0000003896 nova-conductor[98743]: DEBUG dbcounter [-] [98743] Writer thread running {{(pid=98743) stat_writer /opt/stack/data/venv/lib/python3.12/site-packages/dbcounter.py:102}}
Jun 29 08:00:54.268104 np0000003896 nova-conductor[98755]: DEBUG dbcounter [-] [98755] Writer thread running {{(pid=98755) stat_writer /opt/stack/data/venv/lib/python3.12/site-packages/dbcounter.py:102}}
Jun 29 08:00:54.273567 np0000003896 nova-conductor[98743]: DEBUG nova.service [None req-6929199a-9fdb-4914-8f97-3214039927c9 None None] Creating RPC server for service: nova-conductor on topic: conductor {{(pid=98743) start /opt/stack/nova/nova/service.py:196}}
Jun 29 08:00:54.278884 np0000003896 nova-conductor[98755]: DEBUG nova.service [None req-d5877602-9d53-40b0-a41a-9fb2bef0815d None None] Creating RPC server for service: nova-conductor on topic: conductor {{(pid=98755) start /opt/stack/nova/nova/service.py:196}}
Jun 29 08:00:54.293891 np0000003896 nova-conductor[98767]: DEBUG oslo_db.sqlalchemy.engines [None req-0399352b-876a-470c-a641-9486d6a9fd85 None None] MySQL server mode set to STRICT_TRANS_TABLES,STRICT_ALL_TABLES,NO_ZERO_IN_DATE,NO_ZERO_DATE,ERROR_FOR_DIVISION_BY_ZERO,TRADITIONAL,NO_ENGINE_SUBSTITUTION {{(pid=98767) _check_effective_sql_mode /opt/stack/data/venv/lib/python3.12/site-packages/oslo_db/sqlalchemy/engines.py:325}}
Jun 29 08:00:54.296916 np0000003896 nova-conductor[98761]: DEBUG oslo_db.sqlalchemy.engines [None req-cd88a2d6-d163-44ec-866e-a70e7465822b None None] MySQL server mode set to STRICT_TRANS_TABLES,STRICT_ALL_TABLES,NO_ZERO_IN_DATE,NO_ZERO_DATE,ERROR_FOR_DIVISION_BY_ZERO,TRADITIONAL,NO_ENGINE_SUBSTITUTION {{(pid=98761) _check_effective_sql_mode /opt/stack/data/venv/lib/python3.12/site-packages/oslo_db/sqlalchemy/engines.py:325}}
Jun 29 08:00:54.302400 np0000003896 nova-conductor[98755]: DEBUG nova.service [None req-d5877602-9d53-40b0-a41a-9fb2bef0815d None None] Join ServiceGroup membership for this service conductor {{(pid=98755) start /opt/stack/nova/nova/service.py:222}}
Jun 29 08:00:54.302722 np0000003896 nova-conductor[98755]: DEBUG nova.servicegroup.drivers.db [None req-d5877602-9d53-40b0-a41a-9fb2bef0815d None None] DB_Driver: join new ServiceGroup member np0000003896 to the conductor group, service = {{(pid=98755) join /opt/stack/nova/nova/servicegroup/drivers/db.py:44}}
Jun 29 08:00:54.303552 np0000003896 nova-conductor[98743]: DEBUG nova.service [None req-6929199a-9fdb-4914-8f97-3214039927c9 None None] Join ServiceGroup membership for this service conductor {{(pid=98743) start /opt/stack/nova/nova/service.py:222}}
Jun 29 08:00:54.304055 np0000003896 nova-conductor[98743]: DEBUG nova.servicegroup.drivers.db [None req-6929199a-9fdb-4914-8f97-3214039927c9 None None] DB_Driver: join new ServiceGroup member np0000003896 to the conductor group, service = {{(pid=98743) join /opt/stack/nova/nova/servicegroup/drivers/db.py:44}}
Jun 29 08:00:54.306347 np0000003896 nova-conductor[98767]: DEBUG dbcounter [-] [98767] Writer thread running {{(pid=98767) stat_writer /opt/stack/data/venv/lib/python3.12/site-packages/dbcounter.py:102}}
Jun 29 08:00:54.309070 np0000003896 nova-conductor[98761]: DEBUG dbcounter [-] [98761] Writer thread running {{(pid=98761) stat_writer /opt/stack/data/venv/lib/python3.12/site-packages/dbcounter.py:102}}
Jun 29 08:00:54.310515 np0000003896 nova-conductor[98767]: DEBUG nova.service [None req-0399352b-876a-470c-a641-9486d6a9fd85 None None] Creating RPC server for service: nova-conductor on topic: conductor {{(pid=98767) start /opt/stack/nova/nova/service.py:196}}
Jun 29 08:00:54.312774 np0000003896 nova-conductor[98761]: DEBUG nova.service [None req-cd88a2d6-d163-44ec-866e-a70e7465822b None None] Creating RPC server for service: nova-conductor on topic: conductor {{(pid=98761) start /opt/stack/nova/nova/service.py:196}}
Jun 29 08:00:54.350888 np0000003896 nova-conductor[98761]: DEBUG nova.service [None req-cd88a2d6-d163-44ec-866e-a70e7465822b None None] Join ServiceGroup membership for this service conductor {{(pid=98761) start /opt/stack/nova/nova/service.py:222}}
Jun 29 08:00:54.351001 np0000003896 nova-conductor[98767]: DEBUG nova.service [None req-0399352b-876a-470c-a641-9486d6a9fd85 None None] Join ServiceGroup membership for this service conductor {{(pid=98767) start /opt/stack/nova/nova/service.py:222}}
Jun 29 08:00:54.351088 np0000003896 nova-conductor[98761]: DEBUG nova.servicegroup.drivers.db [None req-cd88a2d6-d163-44ec-866e-a70e7465822b None None] DB_Driver: join new ServiceGroup member np0000003896 to the conductor group, service = {{(pid=98761) join /opt/stack/nova/nova/servicegroup/drivers/db.py:44}}
Jun 29 08:00:54.351144 np0000003896 nova-conductor[98767]: DEBUG nova.servicegroup.drivers.db [None req-0399352b-876a-470c-a641-9486d6a9fd85 None None] DB_Driver: join new ServiceGroup member np0000003896 to the conductor group, service = {{(pid=98767) join /opt/stack/nova/nova/servicegroup/drivers/db.py:44}}
Jun 29 08:00:54.353560 np0000003896 nova-conductor[98761]: DEBUG oslo.service.backend._threading.loopingcall [None req-e87bb660-772a-4082-97ce-0195032c2899 None None] Dynamic interval looping call 'nova.service.Service.periodic_tasks' sleeping for 60.00 seconds {{(pid=98761) _run_loop /opt/stack/data/venv/lib/python3.12/site-packages/oslo_service/backend/_threading/loopingcall.py:125}}
Jun 29 08:00:59.318332 np0000003896 nova-conductor[98755]: DEBUG oslo.service.backend._threading.loopingcall [-] Fixed interval looping call 'nova.servicegroup.drivers.db.DbDriver._report_state' sleeping for 119.99 seconds {{(pid=98755) _run_loop /opt/stack/data/venv/lib/python3.12/site-packages/oslo_service/backend/_threading/loopingcall.py:125}}
Jun 29 08:00:59.319591 np0000003896 nova-conductor[98743]: DEBUG oslo.service.backend._threading.loopingcall [-] Fixed interval looping call 'nova.servicegroup.drivers.db.DbDriver._report_state' sleeping for 119.99 seconds {{(pid=98743) _run_loop /opt/stack/data/venv/lib/python3.12/site-packages/oslo_service/backend/_threading/loopingcall.py:125}}
Jun 29 08:00:59.365896 np0000003896 nova-conductor[98767]: DEBUG oslo.service.backend._threading.loopingcall [-] Fixed interval looping call 'nova.servicegroup.drivers.db.DbDriver._report_state' sleeping for 119.99 seconds {{(pid=98767) _run_loop /opt/stack/data/venv/lib/python3.12/site-packages/oslo_service/backend/_threading/loopingcall.py:125}}
Jun 29 08:00:59.366669 np0000003896 nova-conductor[98761]: DEBUG oslo.service.backend._threading.loopingcall [-] Fixed interval looping call 'nova.servicegroup.drivers.db.DbDriver._report_state' sleeping for 119.99 seconds {{(pid=98761) _run_loop /opt/stack/data/venv/lib/python3.12/site-packages/oslo_service/backend/_threading/loopingcall.py:125}}
Jun 29 08:01:02.857583 np0000003896 nova-conductor[97286]: DEBUG dbcounter [-] [97286] Writing DB stats nova_api:SELECT=1 {{(pid=97286) stat_writer /opt/stack/data/venv/lib/python3.12/site-packages/dbcounter.py:115}}
Jun 29 08:01:03.008629 np0000003896 nova-conductor[97286]: DEBUG dbcounter [-] [97286] Writing DB stats nova_cell0:SELECT=1 {{(pid=97286) stat_writer /opt/stack/data/venv/lib/python3.12/site-packages/dbcounter.py:115}}
Jun 29 08:01:03.013348 np0000003896 nova-conductor[97286]: DEBUG dbcounter [-] [97286] Writing DB stats nova_cell1:SELECT=1 {{(pid=97286) stat_writer /opt/stack/data/venv/lib/python3.12/site-packages/dbcounter.py:115}}
Jun 29 08:01:06.306024 np0000003896 nova-conductor[98743]: DEBUG oslo.service.backend._threading.loopingcall [None req-7a059859-696f-41c4-8b1f-b31298544429 None None] Dynamic interval looping call 'nova.service.Service.periodic_tasks' sleeping for 60.00 seconds {{(pid=98743) _run_loop /opt/stack/data/venv/lib/python3.12/site-packages/oslo_service/backend/_threading/loopingcall.py:125}}
Jun 29 08:01:09.312580 np0000003896 nova-conductor[98755]: DEBUG dbcounter [-] [98755] Writing DB stats nova_cell0:SELECT=5,nova_cell0:INSERT=1,nova_cell0:UPDATE=1 {{(pid=98755) stat_writer /opt/stack/data/venv/lib/python3.12/site-packages/dbcounter.py:115}}
Jun 29 08:01:09.313565 np0000003896 nova-conductor[98743]: DEBUG dbcounter [-] [98743] Writing DB stats nova_cell0:SELECT=4,nova_cell0:INSERT=1,nova_cell0:UPDATE=1 {{(pid=98743) stat_writer /opt/stack/data/venv/lib/python3.12/site-packages/dbcounter.py:115}}
Jun 29 08:01:09.361723 np0000003896 nova-conductor[98767]: DEBUG dbcounter [-] [98767] Writing DB stats nova_cell0:SELECT=3 {{(pid=98767) stat_writer /opt/stack/data/venv/lib/python3.12/site-packages/dbcounter.py:115}}
Jun 29 08:01:09.362129 np0000003896 nova-conductor[98761]: DEBUG dbcounter [-] [98761] Writing DB stats nova_cell0:SELECT=3 {{(pid=98761) stat_writer /opt/stack/data/venv/lib/python3.12/site-packages/dbcounter.py:115}}
Jun 29 08:01:24.305625 np0000003896 nova-conductor[98755]: DEBUG oslo.service.backend._threading.loopingcall [None req-91e1c387-eb68-416b-a3f6-3d57e31b9e0e None None] Dynamic interval looping call 'nova.service.Service.periodic_tasks' sleeping for 60.00 seconds {{(pid=98755) _run_loop /opt/stack/data/venv/lib/python3.12/site-packages/oslo_service/backend/_threading/loopingcall.py:125}}
Jun 29 08:01:34.353606 np0000003896 nova-conductor[98767]: DEBUG oslo.service.backend._threading.loopingcall [None req-c0953d87-52c7-4137-bbdd-837753cf0936 None None] Dynamic interval looping call 'nova.service.Service.periodic_tasks' sleeping for 60.00 seconds {{(pid=98767) _run_loop /opt/stack/data/venv/lib/python3.12/site-packages/oslo_service/backend/_threading/loopingcall.py:125}}
Jun 29 08:01:54.354090 np0000003896 nova-conductor[98761]: DEBUG oslo.service.backend._threading.loopingcall [None req-e87bb660-772a-4082-97ce-0195032c2899 None None] Dynamic interval looping call 'nova.service.Service.periodic_tasks' sleeping for 60.00 seconds {{(pid=98761) _run_loop /opt/stack/data/venv/lib/python3.12/site-packages/oslo_service/backend/_threading/loopingcall.py:125}}
Jun 29 08:02:06.306402 np0000003896 nova-conductor[98743]: DEBUG oslo.service.backend._threading.loopingcall [None req-7a059859-696f-41c4-8b1f-b31298544429 None None] Dynamic interval looping call 'nova.service.Service.periodic_tasks' sleeping for 60.00 seconds {{(pid=98743) _run_loop /opt/stack/data/venv/lib/python3.12/site-packages/oslo_service/backend/_threading/loopingcall.py:125}}
Jun 29 08:02:24.306181 np0000003896 nova-conductor[98755]: DEBUG oslo.service.backend._threading.loopingcall [None req-91e1c387-eb68-416b-a3f6-3d57e31b9e0e None None] Dynamic interval looping call 'nova.service.Service.periodic_tasks' sleeping for 60.00 seconds {{(pid=98755) _run_loop /opt/stack/data/venv/lib/python3.12/site-packages/oslo_service/backend/_threading/loopingcall.py:125}}
Jun 29 08:02:34.354248 np0000003896 nova-conductor[98767]: DEBUG oslo.service.backend._threading.loopingcall [None req-c0953d87-52c7-4137-bbdd-837753cf0936 None None] Dynamic interval looping call 'nova.service.Service.periodic_tasks' sleeping for 60.00 seconds {{(pid=98767) _run_loop /opt/stack/data/venv/lib/python3.12/site-packages/oslo_service/backend/_threading/loopingcall.py:125}}
Jun 29 08:02:54.354574 np0000003896 nova-conductor[98761]: DEBUG oslo.service.backend._threading.loopingcall [None req-e87bb660-772a-4082-97ce-0195032c2899 None None] Dynamic interval looping call 'nova.service.Service.periodic_tasks' sleeping for 60.00 seconds {{(pid=98761) _run_loop /opt/stack/data/venv/lib/python3.12/site-packages/oslo_service/backend/_threading/loopingcall.py:125}}
Jun 29 08:02:59.315908 np0000003896 nova-conductor[98755]: DEBUG oslo.service.backend._threading.loopingcall [-] Fixed interval looping call 'nova.servicegroup.drivers.db.DbDriver._report_state' sleeping for 119.99 seconds {{(pid=98755) _run_loop /opt/stack/data/venv/lib/python3.12/site-packages/oslo_service/backend/_threading/loopingcall.py:125}}
Jun 29 08:02:59.316341 np0000003896 nova-conductor[98743]: DEBUG oslo.service.backend._threading.loopingcall [-] Fixed interval looping call 'nova.servicegroup.drivers.db.DbDriver._report_state' sleeping for 119.99 seconds {{(pid=98743) _run_loop /opt/stack/data/venv/lib/python3.12/site-packages/oslo_service/backend/_threading/loopingcall.py:125}}
Jun 29 08:02:59.359591 np0000003896 nova-conductor[98767]: DEBUG oslo.service.backend._threading.loopingcall [-] Fixed interval looping call 'nova.servicegroup.drivers.db.DbDriver._report_state' sleeping for 120.00 seconds {{(pid=98767) _run_loop /opt/stack/data/venv/lib/python3.12/site-packages/oslo_service/backend/_threading/loopingcall.py:125}}
Jun 29 08:02:59.360005 np0000003896 nova-conductor[98761]: DEBUG oslo.service.backend._threading.loopingcall [-] Fixed interval looping call 'nova.servicegroup.drivers.db.DbDriver._report_state' sleeping for 120.00 seconds {{(pid=98761) _run_loop /opt/stack/data/venv/lib/python3.12/site-packages/oslo_service/backend/_threading/loopingcall.py:125}}
Jun 29 08:03:06.306883 np0000003896 nova-conductor[98743]: DEBUG oslo.service.backend._threading.loopingcall [None req-7a059859-696f-41c4-8b1f-b31298544429 None None] Dynamic interval looping call 'nova.service.Service.periodic_tasks' sleeping for 60.00 seconds {{(pid=98743) _run_loop /opt/stack/data/venv/lib/python3.12/site-packages/oslo_service/backend/_threading/loopingcall.py:125}}
Jun 29 08:03:09.312843 np0000003896 nova-conductor[98755]: DEBUG dbcounter [-] [98755] Writing DB stats nova_cell0:SELECT=1,nova_cell0:UPDATE=1 {{(pid=98755) stat_writer /opt/stack/data/venv/lib/python3.12/site-packages/dbcounter.py:115}}
Jun 29 08:03:09.313459 np0000003896 nova-conductor[98743]: DEBUG dbcounter [-] [98743] Writing DB stats nova_cell0:SELECT=1,nova_cell0:UPDATE=1 {{(pid=98743) stat_writer /opt/stack/data/venv/lib/python3.12/site-packages/dbcounter.py:115}}
Jun 29 08:03:09.357922 np0000003896 nova-conductor[98767]: DEBUG dbcounter [-] [98767] Writing DB stats nova_cell0:SELECT=1 {{(pid=98767) stat_writer /opt/stack/data/venv/lib/python3.12/site-packages/dbcounter.py:115}}
Jun 29 08:03:09.358384 np0000003896 nova-conductor[98761]: DEBUG dbcounter [-] [98761] Writing DB stats nova_cell0:SELECT=1 {{(pid=98761) stat_writer /opt/stack/data/venv/lib/python3.12/site-packages/dbcounter.py:115}}
Jun 29 08:03:24.644000 np0000003896 nova-conductor[98755]: DEBUG oslo.service.backend._threading.loopingcall [None req-91e1c387-eb68-416b-a3f6-3d57e31b9e0e None None] Dynamic interval looping call 'nova.service.Service.periodic_tasks' sleeping for 60.00 seconds {{(pid=98755) _run_loop /opt/stack/data/venv/lib/python3.12/site-packages/oslo_service/backend/_threading/loopingcall.py:125}}
Jun 29 08:03:34.114620 np0000003896 nova-conductor[98755]: DEBUG oslo_db.sqlalchemy.engines [None req-d2ed1c5f-ea4a-4855-8a3e-923837b8e2b0 tempest-ServerRescueNegativeTestJSON-1565200502 tempest-ServerRescueNegativeTestJSON-1565200502-project-member] Parent process 97286 forked (98755) with an open database connection, which is being discarded and recreated. {{(pid=98755) checkout /opt/stack/data/venv/lib/python3.12/site-packages/oslo_db/sqlalchemy/engines.py:402}}
Jun 29 08:03:34.169890 np0000003896 nova-conductor[98755]: DEBUG dbcounter [-] [98755] Writer thread running {{(pid=98755) stat_writer /opt/stack/data/venv/lib/python3.12/site-packages/dbcounter.py:102}}
Jun 29 08:03:34.354850 np0000003896 nova-conductor[98767]: DEBUG oslo.service.backend._threading.loopingcall [None req-c0953d87-52c7-4137-bbdd-837753cf0936 None None] Dynamic interval looping call 'nova.service.Service.periodic_tasks' sleeping for 60.00 seconds {{(pid=98767) _run_loop /opt/stack/data/venv/lib/python3.12/site-packages/oslo_service/backend/_threading/loopingcall.py:125}}
Jun 29 08:03:35.197109 np0000003896 nova-conductor[98755]: DEBUG nova.conductor.manager [None req-d2ed1c5f-ea4a-4855-8a3e-923837b8e2b0 tempest-ServerRescueNegativeTestJSON-1565200502 tempest-ServerRescueNegativeTestJSON-1565200502-project-member] Took 1.03 seconds to select destinations for 1 instance(s). {{(pid=98755) _schedule_instances /opt/stack/nova/nova/conductor/manager.py:968}}
Jun 29 08:03:35.226348 np0000003896 nova-conductor[98755]: DEBUG oslo_concurrency.lockutils [None req-d2ed1c5f-ea4a-4855-8a3e-923837b8e2b0 tempest-ServerRescueNegativeTestJSON-1565200502 tempest-ServerRescueNegativeTestJSON-1565200502-project-member] Acquiring lock "30f9a7c7-2cf4-476e-8e03-2b56ca5603d8" by "nova.context.set_target_cell..get_or_set_cached_cell_and_set_connections" {{(pid=98755) inner /opt/stack/data/venv/lib/python3.12/site-packages/oslo_concurrency/lockutils.py:511}}
Jun 29 08:03:35.226543 np0000003896 nova-conductor[98755]: DEBUG oslo_concurrency.lockutils [None req-d2ed1c5f-ea4a-4855-8a3e-923837b8e2b0 tempest-ServerRescueNegativeTestJSON-1565200502 tempest-ServerRescueNegativeTestJSON-1565200502-project-member] Lock "30f9a7c7-2cf4-476e-8e03-2b56ca5603d8" acquired by "nova.context.set_target_cell..get_or_set_cached_cell_and_set_connections" :: waited 0.000s {{(pid=98755) inner /opt/stack/data/venv/lib/python3.12/site-packages/oslo_concurrency/lockutils.py:524}}
Jun 29 08:03:35.227914 np0000003896 nova-conductor[98755]: DEBUG oslo_concurrency.lockutils [None req-d2ed1c5f-ea4a-4855-8a3e-923837b8e2b0 tempest-ServerRescueNegativeTestJSON-1565200502 tempest-ServerRescueNegativeTestJSON-1565200502-project-member] Lock "30f9a7c7-2cf4-476e-8e03-2b56ca5603d8" "released" by "nova.context.set_target_cell..get_or_set_cached_cell_and_set_connections" :: held 0.001s {{(pid=98755) inner /opt/stack/data/venv/lib/python3.12/site-packages/oslo_concurrency/lockutils.py:543}}
Jun 29 08:03:35.232795 np0000003896 nova-conductor[98755]: INFO dbcounter [None req-d2ed1c5f-ea4a-4855-8a3e-923837b8e2b0 tempest-ServerRescueNegativeTestJSON-1565200502 tempest-ServerRescueNegativeTestJSON-1565200502-project-member] Registered counter for database nova_cell1
Jun 29 08:03:35.283265 np0000003896 nova-conductor[98755]: DEBUG oslo_db.sqlalchemy.engines [None req-d2ed1c5f-ea4a-4855-8a3e-923837b8e2b0 tempest-ServerRescueNegativeTestJSON-1565200502 tempest-ServerRescueNegativeTestJSON-1565200502-project-member] MySQL server mode set to STRICT_TRANS_TABLES,STRICT_ALL_TABLES,NO_ZERO_IN_DATE,NO_ZERO_DATE,ERROR_FOR_DIVISION_BY_ZERO,TRADITIONAL,NO_ENGINE_SUBSTITUTION {{(pid=98755) _check_effective_sql_mode /opt/stack/data/venv/lib/python3.12/site-packages/oslo_db/sqlalchemy/engines.py:325}}
Jun 29 08:03:35.291436 np0000003896 nova-conductor[98755]: DEBUG dbcounter [-] [98755] Writer thread running {{(pid=98755) stat_writer /opt/stack/data/venv/lib/python3.12/site-packages/dbcounter.py:102}}
Jun 29 08:03:35.368262 np0000003896 nova-conductor[98755]: INFO nova.utils [None req-d2ed1c5f-ea4a-4855-8a3e-923837b8e2b0 tempest-ServerRescueNegativeTestJSON-1565200502 tempest-ServerRescueNegativeTestJSON-1565200502-project-member] The cell worker thread pool ForkProcess-2.cell_worker is initialized
Jun 29 08:03:35.369130 np0000003896 nova-conductor[98755]: DEBUG oslo_concurrency.lockutils [None req-d2ed1c5f-ea4a-4855-8a3e-923837b8e2b0 tempest-ServerRescueNegativeTestJSON-1565200502 tempest-ServerRescueNegativeTestJSON-1565200502-project-member] Acquiring lock "00000000-0000-0000-0000-000000000000" by "nova.context.set_target_cell..get_or_set_cached_cell_and_set_connections" {{(pid=98755) inner /opt/stack/data/venv/lib/python3.12/site-packages/oslo_concurrency/lockutils.py:511}}
Jun 29 08:03:35.369130 np0000003896 nova-conductor[98755]: DEBUG oslo_concurrency.lockutils [None req-d2ed1c5f-ea4a-4855-8a3e-923837b8e2b0 tempest-ServerRescueNegativeTestJSON-1565200502 tempest-ServerRescueNegativeTestJSON-1565200502-project-member] Lock "00000000-0000-0000-0000-000000000000" acquired by "nova.context.set_target_cell..get_or_set_cached_cell_and_set_connections" :: waited 0.000s {{(pid=98755) inner /opt/stack/data/venv/lib/python3.12/site-packages/oslo_concurrency/lockutils.py:524}}
Jun 29 08:03:35.369347 np0000003896 nova-conductor[98755]: DEBUG oslo_concurrency.lockutils [None req-d2ed1c5f-ea4a-4855-8a3e-923837b8e2b0 tempest-ServerRescueNegativeTestJSON-1565200502 tempest-ServerRescueNegativeTestJSON-1565200502-project-member] Lock "00000000-0000-0000-0000-000000000000" "released" by "nova.context.set_target_cell..get_or_set_cached_cell_and_set_connections" :: held 0.000s {{(pid=98755) inner /opt/stack/data/venv/lib/python3.12/site-packages/oslo_concurrency/lockutils.py:543}}
Jun 29 08:03:35.370832 np0000003896 nova-conductor[98755]: DEBUG oslo_concurrency.lockutils [None req-d2ed1c5f-ea4a-4855-8a3e-923837b8e2b0 tempest-ServerRescueNegativeTestJSON-1565200502 tempest-ServerRescueNegativeTestJSON-1565200502-project-member] Acquiring lock "30f9a7c7-2cf4-476e-8e03-2b56ca5603d8" by "nova.context.set_target_cell..get_or_set_cached_cell_and_set_connections" {{(pid=98755) inner /opt/stack/data/venv/lib/python3.12/site-packages/oslo_concurrency/lockutils.py:511}}
Jun 29 08:03:35.370832 np0000003896 nova-conductor[98755]: DEBUG oslo_concurrency.lockutils [None req-d2ed1c5f-ea4a-4855-8a3e-923837b8e2b0 tempest-ServerRescueNegativeTestJSON-1565200502 tempest-ServerRescueNegativeTestJSON-1565200502-project-member] Lock "30f9a7c7-2cf4-476e-8e03-2b56ca5603d8" acquired by "nova.context.set_target_cell..get_or_set_cached_cell_and_set_connections" :: waited 0.000s {{(pid=98755) inner /opt/stack/data/venv/lib/python3.12/site-packages/oslo_concurrency/lockutils.py:524}}
Jun 29 08:03:35.370832 np0000003896 nova-conductor[98755]: DEBUG oslo_concurrency.lockutils [None req-d2ed1c5f-ea4a-4855-8a3e-923837b8e2b0 tempest-ServerRescueNegativeTestJSON-1565200502 tempest-ServerRescueNegativeTestJSON-1565200502-project-member] Lock "30f9a7c7-2cf4-476e-8e03-2b56ca5603d8" "released" by "nova.context.set_target_cell..get_or_set_cached_cell_and_set_connections" :: held 0.000s {{(pid=98755) inner /opt/stack/data/venv/lib/python3.12/site-packages/oslo_concurrency/lockutils.py:543}}
Jun 29 08:03:35.373368 np0000003896 nova-conductor[98755]: INFO dbcounter [None req-d2ed1c5f-ea4a-4855-8a3e-923837b8e2b0 tempest-ServerRescueNegativeTestJSON-1565200502 tempest-ServerRescueNegativeTestJSON-1565200502-project-member] Registered counter for database nova_cell0
Jun 29 08:03:35.433386 np0000003896 nova-conductor[98755]: DEBUG oslo_db.sqlalchemy.engines [None req-d2ed1c5f-ea4a-4855-8a3e-923837b8e2b0 tempest-ServerRescueNegativeTestJSON-1565200502 tempest-ServerRescueNegativeTestJSON-1565200502-project-member] MySQL server mode set to STRICT_TRANS_TABLES,STRICT_ALL_TABLES,NO_ZERO_IN_DATE,NO_ZERO_DATE,ERROR_FOR_DIVISION_BY_ZERO,TRADITIONAL,NO_ENGINE_SUBSTITUTION {{(pid=98755) _check_effective_sql_mode /opt/stack/data/venv/lib/python3.12/site-packages/oslo_db/sqlalchemy/engines.py:325}}
Jun 29 08:03:35.444155 np0000003896 nova-conductor[98755]: DEBUG dbcounter [-] [98755] Writer thread running {{(pid=98755) stat_writer /opt/stack/data/venv/lib/python3.12/site-packages/dbcounter.py:102}}
Jun 29 08:03:35.468106 np0000003896 nova-conductor[98755]: DEBUG nova.quota [None req-d2ed1c5f-ea4a-4855-8a3e-923837b8e2b0 tempest-ServerRescueNegativeTestJSON-1565200502 tempest-ServerRescueNegativeTestJSON-1565200502-project-member] Getting quotas for project 0d36c84e219a472e8ad313b600370ea2. Resources: {'instances', 'cores', 'ram'} {{(pid=98755) _get_quotas /opt/stack/nova/nova/quota.py:389}}
Jun 29 08:03:35.474135 np0000003896 nova-conductor[98755]: DEBUG nova.quota [None req-d2ed1c5f-ea4a-4855-8a3e-923837b8e2b0 tempest-ServerRescueNegativeTestJSON-1565200502 tempest-ServerRescueNegativeTestJSON-1565200502-project-member] Getting quotas for user 28af315783a44554a5835caa915c7f1a and project 0d36c84e219a472e8ad313b600370ea2. Resources: {'instances', 'cores', 'ram'} {{(pid=98755) _get_quotas /opt/stack/nova/nova/quota.py:379}}
Jun 29 08:03:35.482747 np0000003896 nova-conductor[98755]: DEBUG nova.conductor.manager [None req-d2ed1c5f-ea4a-4855-8a3e-923837b8e2b0 tempest-ServerRescueNegativeTestJSON-1565200502 tempest-ServerRescueNegativeTestJSON-1565200502-project-member] [instance: c159fab8-8b34-47d0-924c-749ef6c29ea6] Selected host: np0000003896; Selected node: np0000003896; Alternates: [] {{(pid=98755) schedule_and_build_instances /opt/stack/nova/nova/conductor/manager.py:1784}}
Jun 29 08:03:35.483581 np0000003896 nova-conductor[98755]: DEBUG oslo_concurrency.lockutils [None req-d2ed1c5f-ea4a-4855-8a3e-923837b8e2b0 tempest-ServerRescueNegativeTestJSON-1565200502 tempest-ServerRescueNegativeTestJSON-1565200502-project-member] Acquiring lock "30f9a7c7-2cf4-476e-8e03-2b56ca5603d8" by "nova.context.set_target_cell..get_or_set_cached_cell_and_set_connections" {{(pid=98755) inner /opt/stack/data/venv/lib/python3.12/site-packages/oslo_concurrency/lockutils.py:511}}
Jun 29 08:03:35.483581 np0000003896 nova-conductor[98755]: DEBUG oslo_concurrency.lockutils [None req-d2ed1c5f-ea4a-4855-8a3e-923837b8e2b0 tempest-ServerRescueNegativeTestJSON-1565200502 tempest-ServerRescueNegativeTestJSON-1565200502-project-member] Lock "30f9a7c7-2cf4-476e-8e03-2b56ca5603d8" acquired by "nova.context.set_target_cell..get_or_set_cached_cell_and_set_connections" :: waited 0.000s {{(pid=98755) inner /opt/stack/data/venv/lib/python3.12/site-packages/oslo_concurrency/lockutils.py:524}}
Jun 29 08:03:35.483934 np0000003896 nova-conductor[98755]: DEBUG oslo_concurrency.lockutils [None req-d2ed1c5f-ea4a-4855-8a3e-923837b8e2b0 tempest-ServerRescueNegativeTestJSON-1565200502 tempest-ServerRescueNegativeTestJSON-1565200502-project-member] Lock "30f9a7c7-2cf4-476e-8e03-2b56ca5603d8" "released" by "nova.context.set_target_cell..get_or_set_cached_cell_and_set_connections" :: held 0.000s {{(pid=98755) inner /opt/stack/data/venv/lib/python3.12/site-packages/oslo_concurrency/lockutils.py:543}}
Jun 29 08:03:35.498079 np0000003896 nova-conductor[98755]: DEBUG nova.conductor.manager [None req-d2ed1c5f-ea4a-4855-8a3e-923837b8e2b0 tempest-ServerRescueNegativeTestJSON-1565200502 tempest-ServerRescueNegativeTestJSON-1565200502-project-member] [instance: c159fab8-8b34-47d0-924c-749ef6c29ea6] block_device_mapping [BlockDeviceMapping(attachment_id=,boot_index=0,connection_info=None,created_at=,delete_on_termination=True,deleted=,deleted_at=,destination_type='local',device_name=None,device_type='disk',disk_bus=None,encrypted=False,encryption_format=None,encryption_options=None,encryption_secret_uuid=None,guest_format=None,id=,image_id='d5c0c05c-1101-4b70-9b7d-d704e05d90eb',instance=,instance_uuid=,no_device=False,snapshot_id=None,source_type='image',tag=None,updated_at=,uuid=,volume_id=None,volume_size=None,volume_type=None)] {{(pid=98755) _create_block_device_mapping /opt/stack/nova/nova/conductor/manager.py:1529}}
Jun 29 08:03:35.498809 np0000003896 nova-conductor[98755]: DEBUG oslo_concurrency.lockutils [None req-d2ed1c5f-ea4a-4855-8a3e-923837b8e2b0 tempest-ServerRescueNegativeTestJSON-1565200502 tempest-ServerRescueNegativeTestJSON-1565200502-project-member] Acquiring lock "30f9a7c7-2cf4-476e-8e03-2b56ca5603d8" by "nova.context.set_target_cell..get_or_set_cached_cell_and_set_connections" {{(pid=98755) inner /opt/stack/data/venv/lib/python3.12/site-packages/oslo_concurrency/lockutils.py:511}}
Jun 29 08:03:35.498965 np0000003896 nova-conductor[98755]: DEBUG oslo_concurrency.lockutils [None req-d2ed1c5f-ea4a-4855-8a3e-923837b8e2b0 tempest-ServerRescueNegativeTestJSON-1565200502 tempest-ServerRescueNegativeTestJSON-1565200502-project-member] Lock "30f9a7c7-2cf4-476e-8e03-2b56ca5603d8" acquired by "nova.context.set_target_cell..get_or_set_cached_cell_and_set_connections" :: waited 0.000s {{(pid=98755) inner /opt/stack/data/venv/lib/python3.12/site-packages/oslo_concurrency/lockutils.py:524}}
Jun 29 08:03:35.499093 np0000003896 nova-conductor[98755]: DEBUG oslo_concurrency.lockutils [None req-d2ed1c5f-ea4a-4855-8a3e-923837b8e2b0 tempest-ServerRescueNegativeTestJSON-1565200502 tempest-ServerRescueNegativeTestJSON-1565200502-project-member] Lock "30f9a7c7-2cf4-476e-8e03-2b56ca5603d8" "released" by "nova.context.set_target_cell..get_or_set_cached_cell_and_set_connections" :: held 0.000s {{(pid=98755) inner /opt/stack/data/venv/lib/python3.12/site-packages/oslo_concurrency/lockutils.py:543}}
Jun 29 08:03:35.591877 np0000003896 nova-conductor[98755]: DEBUG oslo_concurrency.lockutils [None req-d2ed1c5f-ea4a-4855-8a3e-923837b8e2b0 tempest-ServerRescueNegativeTestJSON-1565200502 tempest-ServerRescueNegativeTestJSON-1565200502-project-member] Acquiring lock "30f9a7c7-2cf4-476e-8e03-2b56ca5603d8" by "nova.context.set_target_cell..get_or_set_cached_cell_and_set_connections" {{(pid=98755) inner /opt/stack/data/venv/lib/python3.12/site-packages/oslo_concurrency/lockutils.py:511}}
Jun 29 08:03:35.591877 np0000003896 nova-conductor[98755]: DEBUG oslo_concurrency.lockutils [None req-d2ed1c5f-ea4a-4855-8a3e-923837b8e2b0 tempest-ServerRescueNegativeTestJSON-1565200502 tempest-ServerRescueNegativeTestJSON-1565200502-project-member] Lock "30f9a7c7-2cf4-476e-8e03-2b56ca5603d8" acquired by "nova.context.set_target_cell..get_or_set_cached_cell_and_set_connections" :: waited 0.001s {{(pid=98755) inner /opt/stack/data/venv/lib/python3.12/site-packages/oslo_concurrency/lockutils.py:524}}
