Jul 06 18:48:47.508497 np0000004655 nova-scheduler[93297]: DEBUG cotyledon.oslo_config_glue [-] oslo_messaging_notifications.driver = ['messagingv2'] {{(pid=93297) log_opt_values /opt/stack/data/venv/lib/python3.12/site-packages/oslo_config/cfg.py:3253}}
Jul 06 18:48:47.508547 np0000004655 nova-scheduler[93297]: DEBUG cotyledon.oslo_config_glue [-] oslo_messaging_notifications.retry = -1 {{(pid=93297) log_opt_values /opt/stack/data/venv/lib/python3.12/site-packages/oslo_config/cfg.py:3253}}
Jul 06 18:48:47.508594 np0000004655 nova-scheduler[93297]: DEBUG cotyledon.oslo_config_glue [-] oslo_messaging_notifications.topics = ['notifications'] {{(pid=93297) log_opt_values /opt/stack/data/venv/lib/python3.12/site-packages/oslo_config/cfg.py:3253}}
Jul 06 18:48:47.508642 np0000004655 nova-scheduler[93297]: DEBUG cotyledon.oslo_config_glue [-] oslo_messaging_notifications.transport_url = **** {{(pid=93297) log_opt_values /opt/stack/data/venv/lib/python3.12/site-packages/oslo_config/cfg.py:3253}}
Jul 06 18:48:47.508703 np0000004655 nova-scheduler[93297]: DEBUG cotyledon.oslo_config_glue [-] oslo_limit.auth_section = None {{(pid=93297) log_opt_values /opt/stack/data/venv/lib/python3.12/site-packages/oslo_config/cfg.py:3253}}
Jul 06 18:48:47.508762 np0000004655 nova-scheduler[93297]: DEBUG cotyledon.oslo_config_glue [-] oslo_limit.auth_type = None {{(pid=93297) log_opt_values /opt/stack/data/venv/lib/python3.12/site-packages/oslo_config/cfg.py:3253}}
Jul 06 18:48:47.508809 np0000004655 nova-scheduler[93297]: DEBUG cotyledon.oslo_config_glue [-] oslo_limit.cafile = None {{(pid=93297) log_opt_values /opt/stack/data/venv/lib/python3.12/site-packages/oslo_config/cfg.py:3253}}
Jul 06 18:48:47.508862 np0000004655 nova-scheduler[93297]: DEBUG cotyledon.oslo_config_glue [-] oslo_limit.certfile = None {{(pid=93297) log_opt_values /opt/stack/data/venv/lib/python3.12/site-packages/oslo_config/cfg.py:3253}}
Jul 06 18:48:47.508969 np0000004655 nova-scheduler[93297]: DEBUG cotyledon.oslo_config_glue [-] oslo_limit.collect_timing = False {{(pid=93297) log_opt_values /opt/stack/data/venv/lib/python3.12/site-packages/oslo_config/cfg.py:3253}}
Jul 06 18:48:47.508969 np0000004655 nova-scheduler[93297]: DEBUG cotyledon.oslo_config_glue [-] oslo_limit.connect_retries = None {{(pid=93297) log_opt_values /opt/stack/data/venv/lib/python3.12/site-packages/oslo_config/cfg.py:3253}}
Jul 06 18:48:47.509022 np0000004655 nova-scheduler[93297]: DEBUG cotyledon.oslo_config_glue [-] oslo_limit.connect_retry_delay = None {{(pid=93297) log_opt_values /opt/stack/data/venv/lib/python3.12/site-packages/oslo_config/cfg.py:3253}}
Jul 06 18:48:47.509065 np0000004655 nova-scheduler[93297]: DEBUG cotyledon.oslo_config_glue [-] oslo_limit.endpoint_id = None {{(pid=93297) log_opt_values /opt/stack/data/venv/lib/python3.12/site-packages/oslo_config/cfg.py:3253}}
Jul 06 18:48:47.509109 np0000004655 nova-scheduler[93297]: DEBUG cotyledon.oslo_config_glue [-] oslo_limit.endpoint_interface = public {{(pid=93297) log_opt_values /opt/stack/data/venv/lib/python3.12/site-packages/oslo_config/cfg.py:3253}}
Jul 06 18:48:47.509151 np0000004655 nova-scheduler[93297]: DEBUG cotyledon.oslo_config_glue [-] oslo_limit.endpoint_override = None {{(pid=93297) log_opt_values /opt/stack/data/venv/lib/python3.12/site-packages/oslo_config/cfg.py:3253}}
Jul 06 18:48:47.509178 np0000004655 nova-scheduler[93297]: DEBUG cotyledon.oslo_config_glue [-] oslo_limit.endpoint_region_name = None {{(pid=93297) log_opt_values /opt/stack/data/venv/lib/python3.12/site-packages/oslo_config/cfg.py:3253}}
Jul 06 18:48:47.509230 np0000004655 nova-scheduler[93297]: DEBUG cotyledon.oslo_config_glue [-] oslo_limit.endpoint_service_name = None {{(pid=93297) log_opt_values /opt/stack/data/venv/lib/python3.12/site-packages/oslo_config/cfg.py:3253}}
Jul 06 18:48:47.509265 np0000004655 nova-scheduler[93297]: DEBUG cotyledon.oslo_config_glue [-] oslo_limit.endpoint_service_type = None {{(pid=93297) log_opt_values /opt/stack/data/venv/lib/python3.12/site-packages/oslo_config/cfg.py:3253}}
Jul 06 18:48:47.509304 np0000004655 nova-scheduler[93297]: DEBUG cotyledon.oslo_config_glue [-] oslo_limit.insecure = False {{(pid=93297) log_opt_values /opt/stack/data/venv/lib/python3.12/site-packages/oslo_config/cfg.py:3253}}
Jul 06 18:48:47.509333 np0000004655 nova-scheduler[93297]: DEBUG cotyledon.oslo_config_glue [-] oslo_limit.keyfile = None {{(pid=93297) log_opt_values /opt/stack/data/venv/lib/python3.12/site-packages/oslo_config/cfg.py:3253}}
Jul 06 18:48:47.509373 np0000004655 nova-scheduler[93297]: DEBUG cotyledon.oslo_config_glue [-] oslo_limit.max_version = None {{(pid=93297) log_opt_values /opt/stack/data/venv/lib/python3.12/site-packages/oslo_config/cfg.py:3253}}
Jul 06 18:48:47.509410 np0000004655 nova-scheduler[93297]: DEBUG cotyledon.oslo_config_glue [-] oslo_limit.min_version = None {{(pid=93297) log_opt_values /opt/stack/data/venv/lib/python3.12/site-packages/oslo_config/cfg.py:3253}}
Jul 06 18:48:47.509456 np0000004655 nova-scheduler[93297]: DEBUG cotyledon.oslo_config_glue [-] oslo_limit.region_name = None {{(pid=93297) log_opt_values /opt/stack/data/venv/lib/python3.12/site-packages/oslo_config/cfg.py:3253}}
Jul 06 18:48:47.509508 np0000004655 nova-scheduler[93297]: DEBUG cotyledon.oslo_config_glue [-] oslo_limit.retriable_status_codes = None {{(pid=93297) log_opt_values /opt/stack/data/venv/lib/python3.12/site-packages/oslo_config/cfg.py:3253}}
Jul 06 18:48:47.509562 np0000004655 nova-scheduler[93297]: DEBUG cotyledon.oslo_config_glue [-] oslo_limit.service_name = None {{(pid=93297) log_opt_values /opt/stack/data/venv/lib/python3.12/site-packages/oslo_config/cfg.py:3253}}
Jul 06 18:48:47.509603 np0000004655 nova-scheduler[93297]: DEBUG cotyledon.oslo_config_glue [-] oslo_limit.service_type = None {{(pid=93297) log_opt_values /opt/stack/data/venv/lib/python3.12/site-packages/oslo_config/cfg.py:3253}}
Jul 06 18:48:47.509630 np0000004655 nova-scheduler[93297]: DEBUG cotyledon.oslo_config_glue [-] oslo_limit.split_loggers = False {{(pid=93297) log_opt_values /opt/stack/data/venv/lib/python3.12/site-packages/oslo_config/cfg.py:3253}}
Jul 06 18:48:47.509692 np0000004655 nova-scheduler[93297]: DEBUG cotyledon.oslo_config_glue [-] oslo_limit.status_code_retries = None {{(pid=93297) log_opt_values /opt/stack/data/venv/lib/python3.12/site-packages/oslo_config/cfg.py:3253}}
Jul 06 18:48:47.509729 np0000004655 nova-scheduler[93297]: DEBUG cotyledon.oslo_config_glue [-] oslo_limit.status_code_retry_delay = None {{(pid=93297) log_opt_values /opt/stack/data/venv/lib/python3.12/site-packages/oslo_config/cfg.py:3253}}
Jul 06 18:48:47.509769 np0000004655 nova-scheduler[93297]: DEBUG cotyledon.oslo_config_glue [-] oslo_limit.timeout = None {{(pid=93297) log_opt_values /opt/stack/data/venv/lib/python3.12/site-packages/oslo_config/cfg.py:3253}}
Jul 06 18:48:47.509808 np0000004655 nova-scheduler[93297]: DEBUG cotyledon.oslo_config_glue [-] oslo_limit.valid_interfaces = None {{(pid=93297) log_opt_values /opt/stack/data/venv/lib/python3.12/site-packages/oslo_config/cfg.py:3253}}
Jul 06 18:48:47.509843 np0000004655 nova-scheduler[93297]: DEBUG cotyledon.oslo_config_glue [-] oslo_limit.version = None {{(pid=93297) log_opt_values /opt/stack/data/venv/lib/python3.12/site-packages/oslo_config/cfg.py:3253}}
Jul 06 18:48:47.509900 np0000004655 nova-scheduler[93297]: DEBUG cotyledon.oslo_config_glue [-] oslo_reports.file_event_handler = None {{(pid=93297) log_opt_values /opt/stack/data/venv/lib/python3.12/site-packages/oslo_config/cfg.py:3253}}
Jul 06 18:48:47.509950 np0000004655 nova-scheduler[93297]: DEBUG cotyledon.oslo_config_glue [-] oslo_reports.file_event_handler_interval = 1 {{(pid=93297) log_opt_values /opt/stack/data/venv/lib/python3.12/site-packages/oslo_config/cfg.py:3253}}
Jul 06 18:48:47.510017 np0000004655 nova-scheduler[93297]: DEBUG cotyledon.oslo_config_glue [-] oslo_reports.log_dir = None {{(pid=93297) log_opt_values /opt/stack/data/venv/lib/python3.12/site-packages/oslo_config/cfg.py:3253}}
Jul 06 18:48:47.510097 np0000004655 nova-scheduler[93297]: DEBUG cotyledon.oslo_config_glue [-] ******************************************************************************** {{(pid=93297) log_opt_values /opt/stack/data/venv/lib/python3.12/site-packages/oslo_config/cfg.py:3260}}
Jul 06 18:48:47.510301 np0000004655 nova-scheduler[93297]: DEBUG cotyledon._service_worker [-] Run service ServiceWrapper(2) [93297] {{(pid=93297) wait_forever /opt/stack/data/venv/lib/python3.12/site-packages/cotyledon/_service_worker.py:218}}
Jul 06 18:48:47.511906 np0000004655 nova-scheduler[93297]: INFO nova.service [-] Starting scheduler node (version 33.1.0)
Jul 06 18:48:47.516537 np0000004655 nova-scheduler[93293]: DEBUG dbcounter [-] [93293] Writer thread running {{(pid=93293) stat_writer /opt/stack/data/venv/lib/python3.12/site-packages/dbcounter.py:102}}
Jul 06 18:48:47.517365 np0000004655 nova-scheduler[93297]: INFO dbcounter [None req-05aac900-5255-4900-b41d-b2f72ea1226e None None] Registered counter for database nova_cell0
Jul 06 18:48:47.532727 np0000004655 nova-scheduler[93295]: DEBUG oslo_db.sqlalchemy.engines [None req-a8fadb98-740a-466d-b11c-1263e15d6926 None None] MySQL server mode set to STRICT_TRANS_TABLES,STRICT_ALL_TABLES,NO_ZERO_IN_DATE,NO_ZERO_DATE,ERROR_FOR_DIVISION_BY_ZERO,TRADITIONAL,NO_ENGINE_SUBSTITUTION {{(pid=93295) _check_effective_sql_mode /opt/stack/data/venv/lib/python3.12/site-packages/oslo_db/sqlalchemy/engines.py:325}}
Jul 06 18:48:47.550042 np0000004655 nova-scheduler[93293]: DEBUG nova.service [None req-040dfa24-3b6a-44f6-bbca-f5a060d56218 None None] Creating RPC server for service: nova-scheduler on topic: scheduler {{(pid=93293) start /opt/stack/nova/nova/service.py:196}}
Jul 06 18:48:47.551733 np0000004655 nova-scheduler[93295]: DEBUG dbcounter [-] [93295] Writer thread running {{(pid=93295) stat_writer /opt/stack/data/venv/lib/python3.12/site-packages/dbcounter.py:102}}
Jul 06 18:48:47.555085 np0000004655 nova-scheduler[93295]: DEBUG nova.service [None req-a8fadb98-740a-466d-b11c-1263e15d6926 None None] Creating RPC server for service: nova-scheduler on topic: scheduler {{(pid=93295) start /opt/stack/nova/nova/service.py:196}}
Jul 06 18:48:47.557496 np0000004655 nova-scheduler[93297]: DEBUG oslo_db.sqlalchemy.engines [None req-05aac900-5255-4900-b41d-b2f72ea1226e None None] MySQL server mode set to STRICT_TRANS_TABLES,STRICT_ALL_TABLES,NO_ZERO_IN_DATE,NO_ZERO_DATE,ERROR_FOR_DIVISION_BY_ZERO,TRADITIONAL,NO_ENGINE_SUBSTITUTION {{(pid=93297) _check_effective_sql_mode /opt/stack/data/venv/lib/python3.12/site-packages/oslo_db/sqlalchemy/engines.py:325}}
Jul 06 18:48:47.566933 np0000004655 nova-scheduler[93297]: DEBUG dbcounter [-] [93297] Writer thread running {{(pid=93297) stat_writer /opt/stack/data/venv/lib/python3.12/site-packages/dbcounter.py:102}}
Jul 06 18:48:47.569743 np0000004655 nova-scheduler[93297]: DEBUG nova.service [None req-05aac900-5255-4900-b41d-b2f72ea1226e None None] Creating RPC server for service: nova-scheduler on topic: scheduler {{(pid=93297) start /opt/stack/nova/nova/service.py:196}}
Jul 06 18:48:47.578725 np0000004655 nova-scheduler[93295]: DEBUG nova.service [None req-a8fadb98-740a-466d-b11c-1263e15d6926 None None] Join ServiceGroup membership for this service scheduler {{(pid=93295) start /opt/stack/nova/nova/service.py:222}}
Jul 06 18:48:47.579146 np0000004655 nova-scheduler[93295]: DEBUG nova.servicegroup.drivers.db [None req-a8fadb98-740a-466d-b11c-1263e15d6926 None None] DB_Driver: join new ServiceGroup member np0000004655 to the scheduler group, service = {{(pid=93295) join /opt/stack/nova/nova/servicegroup/drivers/db.py:44}}
Jul 06 18:48:47.586953 np0000004655 nova-scheduler[93293]: DEBUG nova.service [None req-040dfa24-3b6a-44f6-bbca-f5a060d56218 None None] Join ServiceGroup membership for this service scheduler {{(pid=93293) start /opt/stack/nova/nova/service.py:222}}
Jul 06 18:48:47.587181 np0000004655 nova-scheduler[93293]: DEBUG nova.servicegroup.drivers.db [None req-040dfa24-3b6a-44f6-bbca-f5a060d56218 None None] DB_Driver: join new ServiceGroup member np0000004655 to the scheduler group, service = {{(pid=93293) join /opt/stack/nova/nova/servicegroup/drivers/db.py:44}}
Jul 06 18:48:47.589454 np0000004655 nova-scheduler[93297]: DEBUG nova.service [None req-05aac900-5255-4900-b41d-b2f72ea1226e None None] Join ServiceGroup membership for this service scheduler {{(pid=93297) start /opt/stack/nova/nova/service.py:222}}
Jul 06 18:48:47.589619 np0000004655 nova-scheduler[93297]: DEBUG nova.servicegroup.drivers.db [None req-05aac900-5255-4900-b41d-b2f72ea1226e None None] DB_Driver: join new ServiceGroup member np0000004655 to the scheduler group, service = {{(pid=93297) join /opt/stack/nova/nova/servicegroup/drivers/db.py:44}}
Jul 06 18:48:51.591533 np0000004655 nova-scheduler[93297]: DEBUG oslo.service.backend._threading.loopingcall [None req-94dfb9c4-70ee-4ff7-a3dd-b91ef8722c5f None None] Dynamic interval looping call 'nova.service.Service.periodic_tasks' sleeping for 60.00 seconds {{(pid=93297) _run_loop /opt/stack/data/venv/lib/python3.12/site-packages/oslo_service/backend/_threading/loopingcall.py:125}}
Jul 06 18:48:52.603091 np0000004655 nova-scheduler[93295]: DEBUG oslo.service.backend._threading.loopingcall [-] Fixed interval looping call 'nova.servicegroup.drivers.db.DbDriver._report_state' sleeping for 119.98 seconds {{(pid=93295) _run_loop /opt/stack/data/venv/lib/python3.12/site-packages/oslo_service/backend/_threading/loopingcall.py:125}}
Jul 06 18:48:52.603951 np0000004655 nova-scheduler[93297]: DEBUG oslo.service.backend._threading.loopingcall [-] Fixed interval looping call 'nova.servicegroup.drivers.db.DbDriver._report_state' sleeping for 119.99 seconds {{(pid=93297) _run_loop /opt/stack/data/venv/lib/python3.12/site-packages/oslo_service/backend/_threading/loopingcall.py:125}}
Jul 06 18:48:52.604603 np0000004655 nova-scheduler[93293]: DEBUG oslo.service.backend._threading.loopingcall [-] Fixed interval looping call 'nova.servicegroup.drivers.db.DbDriver._report_state' sleeping for 119.98 seconds {{(pid=93293) _run_loop /opt/stack/data/venv/lib/python3.12/site-packages/oslo_service/backend/_threading/loopingcall.py:125}}
Jul 06 18:48:56.091157 np0000004655 nova-scheduler[92089]: DEBUG dbcounter [-] [92089] Writing DB stats nova_api:SELECT=3 {{(pid=92089) stat_writer /opt/stack/data/venv/lib/python3.12/site-packages/dbcounter.py:115}}
Jul 06 18:48:56.237967 np0000004655 nova-scheduler[92089]: DEBUG dbcounter [-] [92089] Writing DB stats nova_cell0:SELECT=1 {{(pid=92089) stat_writer /opt/stack/data/venv/lib/python3.12/site-packages/dbcounter.py:115}}
Jul 06 18:48:56.242420 np0000004655 nova-scheduler[92089]: DEBUG dbcounter [-] [92089] Writing DB stats nova_cell1:SELECT=1 {{(pid=92089) stat_writer /opt/stack/data/venv/lib/python3.12/site-packages/dbcounter.py:115}}
Jul 06 18:49:02.595766 np0000004655 nova-scheduler[93295]: DEBUG dbcounter [-] [93295] Writing DB stats nova_cell0:SELECT=3,nova_cell0:UPDATE=1 {{(pid=93295) stat_writer /opt/stack/data/venv/lib/python3.12/site-packages/dbcounter.py:115}}
Jul 06 18:49:02.601291 np0000004655 nova-scheduler[93297]: DEBUG dbcounter [-] [93297] Writing DB stats nova_cell0:SELECT=3,nova_cell0:UPDATE=1 {{(pid=93297) stat_writer /opt/stack/data/venv/lib/python3.12/site-packages/dbcounter.py:115}}
Jul 06 18:49:02.602555 np0000004655 nova-scheduler[93293]: DEBUG dbcounter [-] [93293] Writing DB stats nova_cell0:SELECT=4,nova_cell0:INSERT=1,nova_cell0:UPDATE=1 {{(pid=93293) stat_writer /opt/stack/data/venv/lib/python3.12/site-packages/dbcounter.py:115}}
Jul 06 18:49:21.581229 np0000004655 nova-scheduler[93295]: DEBUG oslo.service.backend._threading.loopingcall [None req-b7534cd6-7ef3-4e5d-859c-608140e8ec8e None None] Dynamic interval looping call 'nova.service.Service.periodic_tasks' sleeping for 60.00 seconds {{(pid=93295) _run_loop /opt/stack/data/venv/lib/python3.12/site-packages/oslo_service/backend/_threading/loopingcall.py:125}}
Jul 06 18:49:25.589208 np0000004655 nova-scheduler[93293]: DEBUG oslo.service.backend._threading.loopingcall [None req-7f2e5fa4-7072-4c37-b20d-810b9f1b8f93 None None] Dynamic interval looping call 'nova.service.Service.periodic_tasks' sleeping for 60.00 seconds {{(pid=93293) _run_loop /opt/stack/data/venv/lib/python3.12/site-packages/oslo_service/backend/_threading/loopingcall.py:125}}
Jul 06 18:49:51.591894 np0000004655 nova-scheduler[93297]: DEBUG oslo.service.backend._threading.loopingcall [None req-94dfb9c4-70ee-4ff7-a3dd-b91ef8722c5f None None] Dynamic interval looping call 'nova.service.Service.periodic_tasks' sleeping for 60.00 seconds {{(pid=93297) _run_loop /opt/stack/data/venv/lib/python3.12/site-packages/oslo_service/backend/_threading/loopingcall.py:125}}
Jul 06 18:50:21.581982 np0000004655 nova-scheduler[93295]: DEBUG oslo.service.backend._threading.loopingcall [None req-b7534cd6-7ef3-4e5d-859c-608140e8ec8e None None] Dynamic interval looping call 'nova.service.Service.periodic_tasks' sleeping for 60.00 seconds {{(pid=93295) _run_loop /opt/stack/data/venv/lib/python3.12/site-packages/oslo_service/backend/_threading/loopingcall.py:125}}
Jul 06 18:50:25.590408 np0000004655 nova-scheduler[93293]: DEBUG oslo.service.backend._threading.loopingcall [None req-7f2e5fa4-7072-4c37-b20d-810b9f1b8f93 None None] Dynamic interval looping call 'nova.service.Service.periodic_tasks' sleeping for 60.00 seconds {{(pid=93293) _run_loop /opt/stack/data/venv/lib/python3.12/site-packages/oslo_service/backend/_threading/loopingcall.py:125}}
Jul 06 18:50:51.592632 np0000004655 nova-scheduler[93297]: DEBUG oslo.service.backend._threading.loopingcall [None req-94dfb9c4-70ee-4ff7-a3dd-b91ef8722c5f None None] Dynamic interval looping call 'nova.service.Service.periodic_tasks' sleeping for 60.00 seconds {{(pid=93297) _run_loop /opt/stack/data/venv/lib/python3.12/site-packages/oslo_service/backend/_threading/loopingcall.py:125}}
Jul 06 18:50:52.591060 np0000004655 nova-scheduler[93295]: DEBUG oslo.service.backend._threading.loopingcall [-] Fixed interval looping call 'nova.servicegroup.drivers.db.DbDriver._report_state' sleeping for 119.99 seconds {{(pid=93295) _run_loop /opt/stack/data/venv/lib/python3.12/site-packages/oslo_service/backend/_threading/loopingcall.py:125}}
Jul 06 18:50:52.591463 np0000004655 nova-scheduler[93293]: DEBUG oslo.service.backend._threading.loopingcall [-] Fixed interval looping call 'nova.servicegroup.drivers.db.DbDriver._report_state' sleeping for 119.99 seconds {{(pid=93293) _run_loop /opt/stack/data/venv/lib/python3.12/site-packages/oslo_service/backend/_threading/loopingcall.py:125}}
Jul 06 18:50:52.599975 np0000004655 nova-scheduler[93297]: DEBUG oslo.service.backend._threading.loopingcall [-] Fixed interval looping call 'nova.servicegroup.drivers.db.DbDriver._report_state' sleeping for 119.99 seconds {{(pid=93297) _run_loop /opt/stack/data/venv/lib/python3.12/site-packages/oslo_service/backend/_threading/loopingcall.py:125}}
Jul 06 18:51:02.587728 np0000004655 nova-scheduler[93295]: DEBUG dbcounter [-] [93295] Writing DB stats nova_cell0:SELECT=1,nova_cell0:UPDATE=1 {{(pid=93295) stat_writer /opt/stack/data/venv/lib/python3.12/site-packages/dbcounter.py:115}}
Jul 06 18:51:02.588423 np0000004655 nova-scheduler[93293]: DEBUG dbcounter [-] [93293] Writing DB stats nova_cell0:SELECT=1,nova_cell0:UPDATE=1 {{(pid=93293) stat_writer /opt/stack/data/venv/lib/python3.12/site-packages/dbcounter.py:115}}
Jul 06 18:51:02.597257 np0000004655 nova-scheduler[93297]: DEBUG dbcounter [-] [93297] Writing DB stats nova_cell0:SELECT=1 {{(pid=93297) stat_writer /opt/stack/data/venv/lib/python3.12/site-packages/dbcounter.py:115}}
Jul 06 18:51:03.435472 np0000004655 nova-scheduler[93295]: DEBUG nova.scheduler.manager [None req-554e5d8e-7964-4606-9ee6-4b90132de7c6 tempest-ImageDependencyTests-1433757366 tempest-ImageDependencyTests-1433757366-project-member] Starting to schedule for instances: ['21341672-580e-4d96-add6-da62ae7d3aac'] {{(pid=93295) select_destinations /opt/stack/nova/nova/scheduler/manager.py:209}}
Jul 06 18:51:03.436681 np0000004655 nova-scheduler[93295]: DEBUG nova.scheduler.request_filter [None req-554e5d8e-7964-4606-9ee6-4b90132de7c6 tempest-ImageDependencyTests-1433757366 tempest-ImageDependencyTests-1433757366-project-member] compute_status_filter request filter added forbidden trait COMPUTE_STATUS_DISABLED {{(pid=93295) compute_status_filter /opt/stack/nova/nova/scheduler/request_filter.py:253}}
Jul 06 18:51:03.436887 np0000004655 nova-scheduler[93295]: DEBUG nova.scheduler.request_filter [None req-554e5d8e-7964-4606-9ee6-4b90132de7c6 tempest-ImageDependencyTests-1433757366 tempest-ImageDependencyTests-1433757366-project-member] Request filter 'compute_status_filter' took 0.0 seconds {{(pid=93295) wrapper /opt/stack/nova/nova/scheduler/request_filter.py:46}}
Jul 06 18:51:03.437304 np0000004655 nova-scheduler[93295]: DEBUG nova.scheduler.request_filter [None req-554e5d8e-7964-4606-9ee6-4b90132de7c6 tempest-ImageDependencyTests-1433757366 tempest-ImageDependencyTests-1433757366-project-member] Request filter 'accelerators_filter' took 0.0 seconds {{(pid=93295) wrapper /opt/stack/nova/nova/scheduler/request_filter.py:46}}
Jul 06 18:51:03.437453 np0000004655 nova-scheduler[93295]: DEBUG nova.scheduler.request_filter [None req-554e5d8e-7964-4606-9ee6-4b90132de7c6 tempest-ImageDependencyTests-1433757366 tempest-ImageDependencyTests-1433757366-project-member] Request filter 'packed_virtqueue_filter' took 0.0 seconds {{(pid=93295) wrapper /opt/stack/nova/nova/scheduler/request_filter.py:46}}
Jul 06 18:51:03.437920 np0000004655 nova-scheduler[93295]: DEBUG nova.scheduler.request_filter [None req-554e5d8e-7964-4606-9ee6-4b90132de7c6 tempest-ImageDependencyTests-1433757366 tempest-ImageDependencyTests-1433757366-project-member] Request filter 'remote_managed_ports_filter' took 0.0 seconds {{(pid=93295) wrapper /opt/stack/nova/nova/scheduler/request_filter.py:46}}
Jul 06 18:51:03.438126 np0000004655 nova-scheduler[93295]: DEBUG nova.scheduler.request_filter [None req-554e5d8e-7964-4606-9ee6-4b90132de7c6 tempest-ImageDependencyTests-1433757366 tempest-ImageDependencyTests-1433757366-project-member] ephemeral_encryption_filter skipped {{(pid=93295) ephemeral_encryption_filter /opt/stack/nova/nova/scheduler/request_filter.py:426}}
Jul 06 18:51:03.438521 np0000004655 nova-scheduler[93295]: DEBUG nova.scheduler.request_filter [None req-554e5d8e-7964-4606-9ee6-4b90132de7c6 tempest-ImageDependencyTests-1433757366 tempest-ImageDependencyTests-1433757366-project-member] virtio_sound_filter skipped {{(pid=93295) virtio_sound_filter /opt/stack/nova/nova/scheduler/request_filter.py:460}}
Jul 06 18:51:03.438909 np0000004655 nova-scheduler[93295]: DEBUG nova.scheduler.request_filter [None req-554e5d8e-7964-4606-9ee6-4b90132de7c6 tempest-ImageDependencyTests-1433757366 tempest-ImageDependencyTests-1433757366-project-member] tpm_secret_security_filter skipped {{(pid=93295) tpm_secret_security_filter /opt/stack/nova/nova/scheduler/request_filter.py:477}}
Jul 06 18:51:03.936888 np0000004655 nova-scheduler[93295]: INFO nova.utils [None req-554e5d8e-7964-4606-9ee6-4b90132de7c6 tempest-ImageDependencyTests-1433757366 tempest-ImageDependencyTests-1433757366-project-member] The cell worker thread pool ForkProcess-2.cell_worker is initialized
Jul 06 18:51:03.937530 np0000004655 nova-scheduler[93295]: DEBUG oslo_concurrency.lockutils [None req-554e5d8e-7964-4606-9ee6-4b90132de7c6 tempest-ImageDependencyTests-1433757366 tempest-ImageDependencyTests-1433757366-project-member] Acquiring lock "e586b1a8-76ba-4456-aecf-8f8afee1ce93" by "nova.context.set_target_cell..get_or_set_cached_cell_and_set_connections" {{(pid=93295) inner /opt/stack/data/venv/lib/python3.12/site-packages/oslo_concurrency/lockutils.py:511}}
Jul 06 18:51:03.937995 np0000004655 nova-scheduler[93295]: DEBUG oslo_concurrency.lockutils [None req-554e5d8e-7964-4606-9ee6-4b90132de7c6 tempest-ImageDependencyTests-1433757366 tempest-ImageDependencyTests-1433757366-project-member] Lock "e586b1a8-76ba-4456-aecf-8f8afee1ce93" acquired by "nova.context.set_target_cell..get_or_set_cached_cell_and_set_connections" :: waited 0.001s {{(pid=93295) inner /opt/stack/data/venv/lib/python3.12/site-packages/oslo_concurrency/lockutils.py:524}}
Jul 06 18:51:03.940732 np0000004655 nova-scheduler[93295]: DEBUG oslo_concurrency.lockutils [None req-554e5d8e-7964-4606-9ee6-4b90132de7c6 tempest-ImageDependencyTests-1433757366 tempest-ImageDependencyTests-1433757366-project-member] Lock "e586b1a8-76ba-4456-aecf-8f8afee1ce93" "released" by "nova.context.set_target_cell..get_or_set_cached_cell_and_set_connections" :: held 0.002s {{(pid=93295) inner /opt/stack/data/venv/lib/python3.12/site-packages/oslo_concurrency/lockutils.py:543}}
Jul 06 18:51:03.943076 np0000004655 nova-scheduler[93295]: INFO dbcounter [None req-554e5d8e-7964-4606-9ee6-4b90132de7c6 tempest-ImageDependencyTests-1433757366 tempest-ImageDependencyTests-1433757366-project-member] Registered counter for database nova_cell1
Jul 06 18:51:03.974782 np0000004655 nova-scheduler[93295]: DEBUG oslo_db.sqlalchemy.engines [None req-554e5d8e-7964-4606-9ee6-4b90132de7c6 tempest-ImageDependencyTests-1433757366 tempest-ImageDependencyTests-1433757366-project-member] MySQL server mode set to STRICT_TRANS_TABLES,STRICT_ALL_TABLES,NO_ZERO_IN_DATE,NO_ZERO_DATE,ERROR_FOR_DIVISION_BY_ZERO,TRADITIONAL,NO_ENGINE_SUBSTITUTION {{(pid=93295) _check_effective_sql_mode /opt/stack/data/venv/lib/python3.12/site-packages/oslo_db/sqlalchemy/engines.py:325}}
Jul 06 18:51:03.981801 np0000004655 nova-scheduler[93295]: DEBUG dbcounter [-] [93295] Writer thread running {{(pid=93295) stat_writer /opt/stack/data/venv/lib/python3.12/site-packages/dbcounter.py:102}}
Jul 06 18:51:03.996481 np0000004655 nova-scheduler[93295]: DEBUG oslo_db.sqlalchemy.engines [None req-554e5d8e-7964-4606-9ee6-4b90132de7c6 tempest-ImageDependencyTests-1433757366 tempest-ImageDependencyTests-1433757366-project-member] Parent process 92089 forked (93295) with an open database connection, which is being discarded and recreated. {{(pid=93295) checkout /opt/stack/data/venv/lib/python3.12/site-packages/oslo_db/sqlalchemy/engines.py:402}}
Jul 06 18:51:04.042430 np0000004655 nova-scheduler[93295]: DEBUG dbcounter [-] [93295] Writer thread running {{(pid=93295) stat_writer /opt/stack/data/venv/lib/python3.12/site-packages/dbcounter.py:102}}
Jul 06 18:51:04.047201 np0000004655 nova-scheduler[93295]: DEBUG oslo_concurrency.lockutils [None req-554e5d8e-7964-4606-9ee6-4b90132de7c6 tempest-ImageDependencyTests-1433757366 tempest-ImageDependencyTests-1433757366-project-member] Acquiring lock "e586b1a8-76ba-4456-aecf-8f8afee1ce93" by "nova.context.set_target_cell..get_or_set_cached_cell_and_set_connections" {{(pid=93295) inner /opt/stack/data/venv/lib/python3.12/site-packages/oslo_concurrency/lockutils.py:511}}
Jul 06 18:51:04.047362 np0000004655 nova-scheduler[93295]: DEBUG oslo_concurrency.lockutils [None req-554e5d8e-7964-4606-9ee6-4b90132de7c6 tempest-ImageDependencyTests-1433757366 tempest-ImageDependencyTests-1433757366-project-member] Lock "e586b1a8-76ba-4456-aecf-8f8afee1ce93" acquired by "nova.context.set_target_cell..get_or_set_cached_cell_and_set_connections" :: waited 0.000s {{(pid=93295) inner /opt/stack/data/venv/lib/python3.12/site-packages/oslo_concurrency/lockutils.py:524}}
Jul 06 18:51:04.047486 np0000004655 nova-scheduler[93295]: DEBUG oslo_concurrency.lockutils [None req-554e5d8e-7964-4606-9ee6-4b90132de7c6 tempest-ImageDependencyTests-1433757366 tempest-ImageDependencyTests-1433757366-project-member] Lock "e586b1a8-76ba-4456-aecf-8f8afee1ce93" "released" by "nova.context.set_target_cell..get_or_set_cached_cell_and_set_connections" :: held 0.000s {{(pid=93295) inner /opt/stack/data/venv/lib/python3.12/site-packages/oslo_concurrency/lockutils.py:543}}
Jul 06 18:51:04.053064 np0000004655 nova-scheduler[93295]: DEBUG oslo_concurrency.lockutils [None req-554e5d8e-7964-4606-9ee6-4b90132de7c6 tempest-ImageDependencyTests-1433757366 tempest-ImageDependencyTests-1433757366-project-member] Acquiring lock "np0000004655-np0000004655" by "nova.scheduler.host_manager.HostState.update.._locked_update" {{(pid=93295) inner /opt/stack/data/venv/lib/python3.12/site-packages/oslo_concurrency/lockutils.py:511}}
Jul 06 18:51:04.053307 np0000004655 nova-scheduler[93295]: DEBUG oslo_concurrency.lockutils [None req-554e5d8e-7964-4606-9ee6-4b90132de7c6 tempest-ImageDependencyTests-1433757366 tempest-ImageDependencyTests-1433757366-project-member] Lock "np0000004655-np0000004655" acquired by "nova.scheduler.host_manager.HostState.update.._locked_update" :: waited 0.000s {{(pid=93295) inner /opt/stack/data/venv/lib/python3.12/site-packages/oslo_concurrency/lockutils.py:524}}
Jul 06 18:51:04.054214 np0000004655 nova-scheduler[93295]: DEBUG nova.scheduler.host_manager [None req-554e5d8e-7964-4606-9ee6-4b90132de7c6 tempest-ImageDependencyTests-1433757366 tempest-ImageDependencyTests-1433757366-project-member] Update host state from compute node: ComputeNode(cpu_allocation_ratio=4.0,cpu_info='{"arch": "x86_64", "model": "EPYC-Milan", "vendor": "AMD", "topology": {"cells": 1, "sockets": 16, "cores": 1, "threads": 1}, "maxphysaddr": {"mode": "emulate", "bits": 40}, "features": ["topoext", "tsc-scale", "3dnowprefetch", "v-vmsave-vmload", "ssse3", "vgif", "xsave", "cx8", "rdctl-no", "pdpe1gb", "fsgsbase", "cr8legacy", "clflush", "virt-ssbd", "pat", "amd-ssbd", "msr", "fxsr_opt", "nx", "sse4.2", "sep", "avx", "no-nested-data-bp", "syscall", "pni", "smep", "vmcb-clean", "xsaves", "misalignsse", "umip", "flushbyasid", "sha-ni", "fsrm", "ssbd", "avx2", "lbrv", "tsc", "pschange-mc-no", "pause-filter", "bmi1", "arat", "erms", "de", "cmov", "wbnoinvd", "skip-l1dfl-vmentry", "vpclmulqdq", "rdpid", "mds-no", "vme", "sse", "ibrs", "mmxext", "invpcid", "apic", "lfence-always-serializing", "mce", "npt", "amd-stibp", "fpu", "abm", "cx16", "popcnt", "clzero", "sse2", "fxsr", "nrip-save", "tsc-deadline", "lahf_lm", "ibpb", "x2apic", "pse", "pge", "sse4a", "xsavec", "cmp_legacy", "lm", "bmi2", "rdseed", "svme-addr-chk", "stibp-always-on", "pse36", "mca", "gds-no", "clwb", "null-sel-clr-base", "spec-ctrl", "stibp", "aes", "vaes", "pcid", "pclmuldq", "pfthreshold", "perfctr_core", "smap", "pae", "svm", "xgetbv1", "xsaveopt", "osvw", "clflushopt", "movbe", "mmx", "xsaveerptr", "hypervisor", "pku", "rdrand", "sse4.1", "adx", "f16c", "amd-psfd", "mtrr", "arch-capabilities", "tsc_adjust", "rdtscp", "fma"]}',created_at=2026-07-06T18:49:14Z,current_workload=0,deleted=False,deleted_at=None,disk_allocation_ratio=1.0,disk_available_least=73,free_disk_gb=95,free_ram_mb=62765,host='np0000004655',host_ip=10.4.3.78,hypervisor_hostname='np0000004655',hypervisor_type='QEMU',hypervisor_version=8002002,id=1,local_gb=95,local_gb_used=0,mapped=1,memory_mb=63277,memory_mb_used=512,metrics='[]',numa_topology='{"nova_object.name": "NUMATopology", "nova_object.namespace": "nova", "nova_object.version": "1.2", "nova_object.data": {"cells": [{"nova_object.name": "NUMACell", "nova_object.namespace": "nova", "nova_object.version": "1.5", "nova_object.data": {"id": 0, "cpuset": [0, 1, 2, 3, 4, 5, 6, 7, 8, 9, 10, 11, 12, 13, 14, 15], "pcpuset": [0, 1, 2, 3, 4, 5, 6, 7, 8, 9, 10, 11, 12, 13, 14, 15], "memory": 63277, "cpu_usage": 0, "memory_usage": 0, "pinned_cpus": [], "siblings": [[6], [12], [2], [15], [5], [11], [8], [14], [4], [1], [7], [10], [0], [13], [3], [9]], "mempages": [{"nova_object.name": "NUMAPagesTopology", "nova_object.namespace": "nova", "nova_object.version": "1.1", "nova_object.data": {"size_kb": 4, "total": 16177928, "used": 0, "reserved": 0}, "nova_object.changes": ["used", "total", "reserved", "size_kb"]}, {"nova_object.name": "NUMAPagesTopology", "nova_object.namespace": "nova", "nova_object.version": "1.1", "nova_object.data": {"size_kb": 2048, "total": 41, "used": 0, "reserved": 0}, "nova_object.changes": ["used", "total", "reserved", "size_kb"]}, {"nova_object.name": "NUMAPagesTopology", "nova_object.namespace": "nova", "nova_object.version": "1.1", "nova_object.data": {"size_kb": 1048576, "total": 0, "used": 0, "reserved": 0}, "nova_object.changes": ["used", "total", "reserved", "size_kb"]}], "network_metadata": {"nova_object.name": "NetworkMetadata", "nova_object.namespace": "nova", "nova_object.version": "1.0", "nova_object.data": {"physnets": [], "tunneled": false}, "nova_object.changes": ["physnets", "tunneled"]}, "socket": null}, "nova_object.changes": ["memory", "pinned_cpus", "id", "socket", "cpuset", "cpu_usage", "memory_usage", "mempages", "pcpuset", "network_metadata", "siblings"]}]}, "nova_object.changes": ["cells"]}',pci_device_pools=PciDevicePoolList,ram_allocation_ratio=1.0,running_vms=0,service_id=2,stats={failed_builds='0',uptime=' 18:50:58 up 15 min, 2 users, load average: 2.32, 1.46, 0.81
Jul 06 18:51:04.054214 np0000004655 nova-scheduler[93295]: '},supported_hv_specs=[HVSpec,HVSpec,HVSpec,HVSpec,HVSpec,HVSpec,HVSpec,HVSpec,HVSpec,HVSpec,HVSpec,HVSpec,HVSpec,HVSpec,HVSpec,HVSpec,HVSpec,HVSpec,HVSpec,HVSpec,HVSpec,HVSpec,HVSpec,HVSpec,HVSpec],updated_at=2026-07-06T18:51:00Z,uuid=9063acce-1b44-47d7-aba6-a0877fc782e1,vcpus=16,vcpus_used=0) {{(pid=93295) _locked_update /opt/stack/nova/nova/scheduler/host_manager.py:168}}
Jul 06 18:51:04.055159 np0000004655 nova-scheduler[93295]: DEBUG nova.scheduler.host_manager [None req-554e5d8e-7964-4606-9ee6-4b90132de7c6 tempest-ImageDependencyTests-1433757366 tempest-ImageDependencyTests-1433757366-project-member] Update host state with aggregates: [] {{(pid=93295) _locked_update /opt/stack/nova/nova/scheduler/host_manager.py:171}}
Jul 06 18:51:04.055369 np0000004655 nova-scheduler[93295]: DEBUG nova.scheduler.host_manager [None req-554e5d8e-7964-4606-9ee6-4b90132de7c6 tempest-ImageDependencyTests-1433757366 tempest-ImageDependencyTests-1433757366-project-member] Update host state with service dict: {'id': 2, 'uuid': '6e1d7531-587b-49cc-93d0-f0400f51ab10', 'host': 'np0000004655', 'binary': 'nova-compute', 'topic': 'compute', 'report_count': 1, 'disabled': False, 'disabled_reason': None, 'last_seen_up': datetime.datetime(2026, 7, 6, 18, 49, 23, tzinfo=datetime.timezone.utc), 'forced_down': False, 'version': 72, 'created_at': datetime.datetime(2026, 7, 6, 18, 49, 12, tzinfo=datetime.timezone.utc), 'updated_at': datetime.datetime(2026, 7, 6, 18, 49, 23, tzinfo=datetime.timezone.utc), 'deleted_at': None, 'deleted': False} {{(pid=93295) _locked_update /opt/stack/nova/nova/scheduler/host_manager.py:174}}
Jul 06 18:51:04.055369 np0000004655 nova-scheduler[93295]: DEBUG nova.scheduler.host_manager [None req-554e5d8e-7964-4606-9ee6-4b90132de7c6 tempest-ImageDependencyTests-1433757366 tempest-ImageDependencyTests-1433757366-project-member] Update host state with instances: [] {{(pid=93295) _locked_update /opt/stack/nova/nova/scheduler/host_manager.py:177}}
Jul 06 18:51:04.055529 np0000004655 nova-scheduler[93295]: DEBUG oslo_concurrency.lockutils [None req-554e5d8e-7964-4606-9ee6-4b90132de7c6 tempest-ImageDependencyTests-1433757366 tempest-ImageDependencyTests-1433757366-project-member] Lock "np0000004655-np0000004655" "released" by "nova.scheduler.host_manager.HostState.update.._locked_update" :: held 0.002s {{(pid=93295) inner /opt/stack/data/venv/lib/python3.12/site-packages/oslo_concurrency/lockutils.py:543}}
Jul 06 18:51:04.055850 np0000004655 nova-scheduler[93295]: DEBUG nova.filters [None req-554e5d8e-7964-4606-9ee6-4b90132de7c6 tempest-ImageDependencyTests-1433757366 tempest-ImageDependencyTests-1433757366-project-member] Starting with 1 host(s) {{(pid=93295) get_filtered_objects /opt/stack/nova/nova/filters.py:70}}
Jul 06 18:51:04.056039 np0000004655 nova-scheduler[93295]: DEBUG nova.filters [None req-554e5d8e-7964-4606-9ee6-4b90132de7c6 tempest-ImageDependencyTests-1433757366 tempest-ImageDependencyTests-1433757366-project-member] Filter ComputeFilter returned 1 host(s) {{(pid=93295) get_filtered_objects /opt/stack/nova/nova/filters.py:102}}
Jul 06 18:51:04.056178 np0000004655 nova-scheduler[93295]: DEBUG nova.filters [None req-554e5d8e-7964-4606-9ee6-4b90132de7c6 tempest-ImageDependencyTests-1433757366 tempest-ImageDependencyTests-1433757366-project-member] Filter ComputeCapabilitiesFilter returned 1 host(s) {{(pid=93295) get_filtered_objects /opt/stack/nova/nova/filters.py:102}}
Jul 06 18:51:04.056379 np0000004655 nova-scheduler[93295]: DEBUG nova.filters [None req-554e5d8e-7964-4606-9ee6-4b90132de7c6 tempest-ImageDependencyTests-1433757366 tempest-ImageDependencyTests-1433757366-project-member] Filter ImagePropertiesFilter returned 1 host(s) {{(pid=93295) get_filtered_objects /opt/stack/nova/nova/filters.py:102}}
Jul 06 18:51:04.056485 np0000004655 nova-scheduler[93295]: DEBUG nova.filters [None req-554e5d8e-7964-4606-9ee6-4b90132de7c6 tempest-ImageDependencyTests-1433757366 tempest-ImageDependencyTests-1433757366-project-member] Filter ServerGroupAntiAffinityFilter returned 1 host(s) {{(pid=93295) get_filtered_objects /opt/stack/nova/nova/filters.py:102}}
Jul 06 18:51:04.056683 np0000004655 nova-scheduler[93295]: DEBUG nova.filters [None req-554e5d8e-7964-4606-9ee6-4b90132de7c6 tempest-ImageDependencyTests-1433757366 tempest-ImageDependencyTests-1433757366-project-member] Filter ServerGroupAffinityFilter returned 1 host(s) {{(pid=93295) get_filtered_objects /opt/stack/nova/nova/filters.py:102}}
Jul 06 18:51:04.056768 np0000004655 nova-scheduler[93295]: DEBUG nova.filters [None req-554e5d8e-7964-4606-9ee6-4b90132de7c6 tempest-ImageDependencyTests-1433757366 tempest-ImageDependencyTests-1433757366-project-member] Filter SameHostFilter returned 1 host(s) {{(pid=93295) get_filtered_objects /opt/stack/nova/nova/filters.py:102}}
Jul 06 18:51:04.056948 np0000004655 nova-scheduler[93295]: DEBUG nova.filters [None req-554e5d8e-7964-4606-9ee6-4b90132de7c6 tempest-ImageDependencyTests-1433757366 tempest-ImageDependencyTests-1433757366-project-member] Filter DifferentHostFilter returned 1 host(s) {{(pid=93295) get_filtered_objects /opt/stack/nova/nova/filters.py:102}}
Jul 06 18:51:04.057137 np0000004655 nova-scheduler[93295]: DEBUG nova.scheduler.manager [None req-554e5d8e-7964-4606-9ee6-4b90132de7c6 tempest-ImageDependencyTests-1433757366 tempest-ImageDependencyTests-1433757366-project-member] Filtered [(np0000004655, np0000004655) ram: 62765MB disk: 74752MB io_ops: 0 instances: 0, allocation_candidates: 1] {{(pid=93295) _get_sorted_hosts /opt/stack/nova/nova/scheduler/manager.py:742}}
Jul 06 18:51:04.057309 np0000004655 nova-scheduler[93295]: DEBUG nova.scheduler.manager [None req-554e5d8e-7964-4606-9ee6-4b90132de7c6 tempest-ImageDependencyTests-1433757366 tempest-ImageDependencyTests-1433757366-project-member] Weighed [WeighedHost [host: (np0000004655, np0000004655) ram: 62765MB disk: 74752MB io_ops: 0 instances: 0, allocation_candidates: 1, weight: 0.0]] {{(pid=93295) _get_sorted_hosts /opt/stack/nova/nova/scheduler/manager.py:764}}
Jul 06 18:51:04.057530 np0000004655 nova-scheduler[93295]: DEBUG nova.scheduler.utils [None req-554e5d8e-7964-4606-9ee6-4b90132de7c6 tempest-ImageDependencyTests-1433757366 tempest-ImageDependencyTests-1433757366-project-member] Attempting to claim resources in the placement API for instance 21341672-580e-4d96-add6-da62ae7d3aac {{(pid=93295) claim_resources /opt/stack/nova/nova/scheduler/utils.py:1345}}
Jul 06 18:51:04.218794 np0000004655 nova-scheduler[93295]: DEBUG nova.scheduler.manager [None req-554e5d8e-7964-4606-9ee6-4b90132de7c6 tempest-ImageDependencyTests-1433757366 tempest-ImageDependencyTests-1433757366-project-member] [instance: 21341672-580e-4d96-add6-da62ae7d3aac] Selected host: (np0000004655, np0000004655) ram: 62765MB disk: 74752MB io_ops: 0 instances: 0, allocation_candidates: 1 {{(pid=93295) _consume_selected_host /opt/stack/nova/nova/scheduler/manager.py:624}}
Jul 06 18:51:04.219158 np0000004655 nova-scheduler[93295]: DEBUG oslo_concurrency.lockutils [None req-554e5d8e-7964-4606-9ee6-4b90132de7c6 tempest-ImageDependencyTests-1433757366 tempest-ImageDependencyTests-1433757366-project-member] Acquiring lock "np0000004655-np0000004655" by "nova.scheduler.host_manager.HostState.consume_from_request.._locked" {{(pid=93295) inner /opt/stack/data/venv/lib/python3.12/site-packages/oslo_concurrency/lockutils.py:511}}
Jul 06 18:51:04.219370 np0000004655 nova-scheduler[93295]: DEBUG oslo_concurrency.lockutils [None req-554e5d8e-7964-4606-9ee6-4b90132de7c6 tempest-ImageDependencyTests-1433757366 tempest-ImageDependencyTests-1433757366-project-member] Lock "np0000004655-np0000004655" acquired by "nova.scheduler.host_manager.HostState.consume_from_request.._locked" :: waited 0.000s {{(pid=93295) inner /opt/stack/data/venv/lib/python3.12/site-packages/oslo_concurrency/lockutils.py:524}}
Jul 06 18:51:04.219556 np0000004655 nova-scheduler[93295]: DEBUG oslo_concurrency.lockutils [None req-554e5d8e-7964-4606-9ee6-4b90132de7c6 tempest-ImageDependencyTests-1433757366 tempest-ImageDependencyTests-1433757366-project-member] Lock "np0000004655-np0000004655" "released" by "nova.scheduler.host_manager.HostState.consume_from_request.._locked" :: held 0.000s {{(pid=93295) inner /opt/stack/data/venv/lib/python3.12/site-packages/oslo_concurrency/lockutils.py:543}}
Jul 06 18:51:06.487557 np0000004655 nova-scheduler[93293]: DEBUG nova.scheduler.manager [None req-3b871e5a-6464-48e8-9176-f54508b93ba1 tempest-ServerRescueNegativeTestJSON-702939974 tempest-ServerRescueNegativeTestJSON-702939974-project-member] Starting to schedule for instances: ['95b172f6-a63c-4d98-8079-0b59e6ad885a'] {{(pid=93293) select_destinations /opt/stack/nova/nova/scheduler/manager.py:209}}
Jul 06 18:51:06.488078 np0000004655 nova-scheduler[93293]: DEBUG nova.scheduler.request_filter [None req-3b871e5a-6464-48e8-9176-f54508b93ba1 tempest-ServerRescueNegativeTestJSON-702939974 tempest-ServerRescueNegativeTestJSON-702939974-project-member] compute_status_filter request filter added forbidden trait COMPUTE_STATUS_DISABLED {{(pid=93293) compute_status_filter /opt/stack/nova/nova/scheduler/request_filter.py:253}}
Jul 06 18:51:06.488194 np0000004655 nova-scheduler[93293]: DEBUG nova.scheduler.request_filter [None req-3b871e5a-6464-48e8-9176-f54508b93ba1 tempest-ServerRescueNegativeTestJSON-702939974 tempest-ServerRescueNegativeTestJSON-702939974-project-member] Request filter 'compute_status_filter' took 0.0 seconds {{(pid=93293) wrapper /opt/stack/nova/nova/scheduler/request_filter.py:46}}
Jul 06 18:51:06.488448 np0000004655 nova-scheduler[93293]: DEBUG nova.scheduler.request_filter [None req-3b871e5a-6464-48e8-9176-f54508b93ba1 tempest-ServerRescueNegativeTestJSON-702939974 tempest-ServerRescueNegativeTestJSON-702939974-project-member] Request filter 'accelerators_filter' took 0.0 seconds {{(pid=93293) wrapper /opt/stack/nova/nova/scheduler/request_filter.py:46}}
Jul 06 18:51:06.488996 np0000004655 nova-scheduler[93293]: DEBUG nova.scheduler.request_filter [None req-3b871e5a-6464-48e8-9176-f54508b93ba1 tempest-ServerRescueNegativeTestJSON-702939974 tempest-ServerRescueNegativeTestJSON-702939974-project-member] Request filter 'packed_virtqueue_filter' took 0.0 seconds {{(pid=93293) wrapper /opt/stack/nova/nova/scheduler/request_filter.py:46}}
Jul 06 18:51:06.489206 np0000004655 nova-scheduler[93293]: DEBUG nova.scheduler.request_filter [None req-3b871e5a-6464-48e8-9176-f54508b93ba1 tempest-ServerRescueNegativeTestJSON-702939974 tempest-ServerRescueNegativeTestJSON-702939974-project-member] Request filter 'remote_managed_ports_filter' took 0.0 seconds {{(pid=93293) wrapper /opt/stack/nova/nova/scheduler/request_filter.py:46}}
Jul 06 18:51:06.489342 np0000004655 nova-scheduler[93293]: DEBUG nova.scheduler.request_filter [None req-3b871e5a-6464-48e8-9176-f54508b93ba1 tempest-ServerRescueNegativeTestJSON-702939974 tempest-ServerRescueNegativeTestJSON-702939974-project-member] ephemeral_encryption_filter skipped {{(pid=93293) ephemeral_encryption_filter /opt/stack/nova/nova/scheduler/request_filter.py:426}}
Jul 06 18:51:06.489473 np0000004655 nova-scheduler[93293]: DEBUG nova.scheduler.request_filter [None req-3b871e5a-6464-48e8-9176-f54508b93ba1 tempest-ServerRescueNegativeTestJSON-702939974 tempest-ServerRescueNegativeTestJSON-702939974-project-member] virtio_sound_filter skipped {{(pid=93293) virtio_sound_filter /opt/stack/nova/nova/scheduler/request_filter.py:460}}
Jul 06 18:51:06.489587 np0000004655 nova-scheduler[93293]: DEBUG nova.scheduler.request_filter [None req-3b871e5a-6464-48e8-9176-f54508b93ba1 tempest-ServerRescueNegativeTestJSON-702939974 tempest-ServerRescueNegativeTestJSON-702939974-project-member] tpm_secret_security_filter skipped {{(pid=93293) tpm_secret_security_filter /opt/stack/nova/nova/scheduler/request_filter.py:477}}
Jul 06 18:51:06.565679 np0000004655 nova-scheduler[93297]: DEBUG nova.scheduler.manager [None req-d3e0da3d-34f7-40c5-8e74-1e81bf745c48 tempest-DeleteServersTestJSON-1536597943 tempest-DeleteServersTestJSON-1536597943-project-member] Starting to schedule for instances: ['b678c862-6b48-47d3-a0c1-593025424476'] {{(pid=93297) select_destinations /opt/stack/nova/nova/scheduler/manager.py:209}}
Jul 06 18:51:06.567395 np0000004655 nova-scheduler[93297]: DEBUG nova.scheduler.request_filter [None req-d3e0da3d-34f7-40c5-8e74-1e81bf745c48 tempest-DeleteServersTestJSON-1536597943 tempest-DeleteServersTestJSON-1536597943-project-member] compute_status_filter request filter added forbidden trait COMPUTE_STATUS_DISABLED {{(pid=93297) compute_status_filter /opt/stack/nova/nova/scheduler/request_filter.py:253}}
Jul 06 18:51:06.567595 np0000004655 nova-scheduler[93297]: DEBUG nova.scheduler.request_filter [None req-d3e0da3d-34f7-40c5-8e74-1e81bf745c48 tempest-DeleteServersTestJSON-1536597943 tempest-DeleteServersTestJSON-1536597943-project-member] Request filter 'compute_status_filter' took 0.0 seconds {{(pid=93297) wrapper /opt/stack/nova/nova/scheduler/request_filter.py:46}}
Jul 06 18:51:06.567908 np0000004655 nova-scheduler[93297]: DEBUG nova.scheduler.request_filter [None req-d3e0da3d-34f7-40c5-8e74-1e81bf745c48 tempest-DeleteServersTestJSON-1536597943 tempest-DeleteServersTestJSON-1536597943-project-member] Request filter 'accelerators_filter' took 0.0 seconds {{(pid=93297) wrapper /opt/stack/nova/nova/scheduler/request_filter.py:46}}
Jul 06 18:51:06.568213 np0000004655 nova-scheduler[93297]: DEBUG nova.scheduler.request_filter [None req-d3e0da3d-34f7-40c5-8e74-1e81bf745c48 tempest-DeleteServersTestJSON-1536597943 tempest-DeleteServersTestJSON-1536597943-project-member] Request filter 'packed_virtqueue_filter' took 0.0 seconds {{(pid=93297) wrapper /opt/stack/nova/nova/scheduler/request_filter.py:46}}
Jul 06 18:51:06.569451 np0000004655 nova-scheduler[93297]: DEBUG nova.scheduler.request_filter [None req-d3e0da3d-34f7-40c5-8e74-1e81bf745c48 tempest-DeleteServersTestJSON-1536597943 tempest-DeleteServersTestJSON-1536597943-project-member] Request filter 'remote_managed_ports_filter' took 0.0 seconds {{(pid=93297) wrapper /opt/stack/nova/nova/scheduler/request_filter.py:46}}
Jul 06 18:51:06.570128 np0000004655 nova-scheduler[93297]: DEBUG nova.scheduler.request_filter [None req-d3e0da3d-34f7-40c5-8e74-1e81bf745c48 tempest-DeleteServersTestJSON-1536597943 tempest-DeleteServersTestJSON-1536597943-project-member] ephemeral_encryption_filter skipped {{(pid=93297) ephemeral_encryption_filter /opt/stack/nova/nova/scheduler/request_filter.py:426}}
Jul 06 18:51:06.570128 np0000004655 nova-scheduler[93297]: DEBUG nova.scheduler.request_filter [None req-d3e0da3d-34f7-40c5-8e74-1e81bf745c48 tempest-DeleteServersTestJSON-1536597943 tempest-DeleteServersTestJSON-1536597943-project-member] virtio_sound_filter skipped {{(pid=93297) virtio_sound_filter /opt/stack/nova/nova/scheduler/request_filter.py:460}}
Jul 06 18:51:06.570377 np0000004655 nova-scheduler[93297]: DEBUG nova.scheduler.request_filter [None req-d3e0da3d-34f7-40c5-8e74-1e81bf745c48 tempest-DeleteServersTestJSON-1536597943 tempest-DeleteServersTestJSON-1536597943-project-member] tpm_secret_security_filter skipped {{(pid=93297) tpm_secret_security_filter /opt/stack/nova/nova/scheduler/request_filter.py:477}}
Jul 06 18:51:06.618516 np0000004655 nova-scheduler[93293]: INFO nova.utils [None req-3b871e5a-6464-48e8-9176-f54508b93ba1 tempest-ServerRescueNegativeTestJSON-702939974 tempest-ServerRescueNegativeTestJSON-702939974-project-member] The cell worker thread pool ForkProcess-1.cell_worker is initialized
Jul 06 18:51:06.618991 np0000004655 nova-scheduler[93293]: DEBUG oslo_concurrency.lockutils [None req-3b871e5a-6464-48e8-9176-f54508b93ba1 tempest-ServerRescueNegativeTestJSON-702939974 tempest-ServerRescueNegativeTestJSON-702939974-project-member] Acquiring lock "e586b1a8-76ba-4456-aecf-8f8afee1ce93" by "nova.context.set_target_cell..get_or_set_cached_cell_and_set_connections" {{(pid=93293) inner /opt/stack/data/venv/lib/python3.12/site-packages/oslo_concurrency/lockutils.py:511}}
Jul 06 18:51:06.619287 np0000004655 nova-scheduler[93293]: DEBUG oslo_concurrency.lockutils [None req-3b871e5a-6464-48e8-9176-f54508b93ba1 tempest-ServerRescueNegativeTestJSON-702939974 tempest-ServerRescueNegativeTestJSON-702939974-project-member] Lock "e586b1a8-76ba-4456-aecf-8f8afee1ce93" acquired by "nova.context.set_target_cell..get_or_set_cached_cell_and_set_connections" :: waited 0.000s {{(pid=93293) inner /opt/stack/data/venv/lib/python3.12/site-packages/oslo_concurrency/lockutils.py:524}}
