May 27 23:05:13.520320 np0000001565 devstack@g-api.service[101963]: DEBUG glance.api.middleware.version_negotiation [None req-ae85766f-10d2-4fc5-95df-58178f9d58be tempest-AttachVolumeShelveTestJSON-876504441 tempest-AttachVolumeShelveTestJSON-876504441-project-member] Matched version: v2 {{(pid=101963) process_request /opt/stack/glance/glance/api/middleware/version_negotiation.py:69}}
May 27 23:05:13.520320 np0000001565 devstack@g-api.service[101963]: DEBUG glance.api.middleware.version_negotiation [None req-ae85766f-10d2-4fc5-95df-58178f9d58be tempest-AttachVolumeShelveTestJSON-876504441 tempest-AttachVolumeShelveTestJSON-876504441-project-member] new path /v2/schemas/image {{(pid=101963) process_request /opt/stack/glance/glance/api/middleware/version_negotiation.py:70}}
May 27 23:05:13.525561 np0000001565 devstack@g-api.service[101963]: [pid: 101963|app: 0|req: 101/297] 127.0.0.1 () {44 vars in 1051 bytes} [Wed May 27 23:05:13 2026] GET /v2/schemas/image => generated 6083 bytes in 6 msecs (HTTP/1.1 200) 4 headers in 158 bytes (1 switches on core 0)
May 27 23:05:13.589729 np0000001565 devstack@g-api.service[101964]: DEBUG glance.api.middleware.version_negotiation [None req-ae85766f-10d2-4fc5-95df-58178f9d58be tempest-AttachVolumeShelveTestJSON-876504441 tempest-AttachVolumeShelveTestJSON-876504441-project-member] Determining version of request: GET /v2/schemas/image Accept: */* {{(pid=101964) process_request /opt/stack/glance/glance/api/middleware/version_negotiation.py:44}}
May 27 23:05:13.590674 np0000001565 devstack@g-api.service[101964]: DEBUG glance.api.middleware.version_negotiation [None req-ae85766f-10d2-4fc5-95df-58178f9d58be tempest-AttachVolumeShelveTestJSON-876504441 tempest-AttachVolumeShelveTestJSON-876504441-project-member] Using url versioning {{(pid=101964) process_request /opt/stack/glance/glance/api/middleware/version_negotiation.py:57}}
May 27 23:05:13.590674 np0000001565 devstack@g-api.service[101964]: DEBUG glance.api.middleware.version_negotiation [None req-ae85766f-10d2-4fc5-95df-58178f9d58be tempest-AttachVolumeShelveTestJSON-876504441 tempest-AttachVolumeShelveTestJSON-876504441-project-member] Matched version: v2 {{(pid=101964) process_request /opt/stack/glance/glance/api/middleware/version_negotiation.py:69}}
May 27 23:05:13.590674 np0000001565 devstack@g-api.service[101964]: DEBUG glance.api.middleware.version_negotiation [None req-ae85766f-10d2-4fc5-95df-58178f9d58be tempest-AttachVolumeShelveTestJSON-876504441 tempest-AttachVolumeShelveTestJSON-876504441-project-member] new path /v2/schemas/image {{(pid=101964) process_request /opt/stack/glance/glance/api/middleware/version_negotiation.py:70}}
May 27 23:05:13.592610 np0000001565 devstack@g-api.service[101964]: [pid: 101964|app: 0|req: 103/298] 127.0.0.1 () {44 vars in 1051 bytes} [Wed May 27 23:05:13 2026] GET /v2/schemas/image => generated 6083 bytes in 3 msecs (HTTP/1.1 200) 4 headers in 158 bytes (1 switches on core 0)
May 27 23:05:13.627533 np0000001565 devstack@g-api.service[101965]: DEBUG glance.api.middleware.version_negotiation [None req-ae85766f-10d2-4fc5-95df-58178f9d58be tempest-AttachVolumeShelveTestJSON-876504441 tempest-AttachVolumeShelveTestJSON-876504441-project-member] Determining version of request: PATCH /v2/images/bbac9f2e-6d3e-4928-a8b7-178798b2db6c Accept: */* {{(pid=101965) process_request /opt/stack/glance/glance/api/middleware/version_negotiation.py:44}}
May 27 23:05:13.627702 np0000001565 devstack@g-api.service[101965]: DEBUG glance.api.middleware.version_negotiation [None req-ae85766f-10d2-4fc5-95df-58178f9d58be tempest-AttachVolumeShelveTestJSON-876504441 tempest-AttachVolumeShelveTestJSON-876504441-project-member] Using url versioning {{(pid=101965) process_request /opt/stack/glance/glance/api/middleware/version_negotiation.py:57}}
May 27 23:05:13.627841 np0000001565 devstack@g-api.service[101965]: DEBUG glance.api.middleware.version_negotiation [None req-ae85766f-10d2-4fc5-95df-58178f9d58be tempest-AttachVolumeShelveTestJSON-876504441 tempest-AttachVolumeShelveTestJSON-876504441-project-member] Matched version: v2 {{(pid=101965) process_request /opt/stack/glance/glance/api/middleware/version_negotiation.py:69}}
May 27 23:05:13.627939 np0000001565 devstack@g-api.service[101965]: DEBUG glance.api.middleware.version_negotiation [None req-ae85766f-10d2-4fc5-95df-58178f9d58be tempest-AttachVolumeShelveTestJSON-876504441 tempest-AttachVolumeShelveTestJSON-876504441-project-member] new path /v2/images/bbac9f2e-6d3e-4928-a8b7-178798b2db6c {{(pid=101965) process_request /opt/stack/glance/glance/api/middleware/version_negotiation.py:70}}
May 27 23:05:13.767751 np0000001565 devstack@g-api.service[101965]: [pid: 101965|app: 0|req: 95/299] 127.0.0.1 () {46 vars in 1154 bytes} [Wed May 27 23:05:13 2026] PATCH /v2/images/bbac9f2e-6d3e-4928-a8b7-178798b2db6c => generated 1447 bytes in 140 msecs (HTTP/1.1 200) 4 headers in 158 bytes (1 switches on core 0)
May 27 23:05:13.801715 np0000001565 devstack@g-api.service[101963]: DEBUG glance.api.middleware.version_negotiation [None req-ae85766f-10d2-4fc5-95df-58178f9d58be tempest-AttachVolumeShelveTestJSON-876504441 tempest-AttachVolumeShelveTestJSON-876504441-project-member] Determining version of request: GET /v2/images/bbac9f2e-6d3e-4928-a8b7-178798b2db6c Accept: */* {{(pid=101963) process_request /opt/stack/glance/glance/api/middleware/version_negotiation.py:44}}
May 27 23:05:13.801853 np0000001565 devstack@g-api.service[101963]: DEBUG glance.api.middleware.version_negotiation [None req-ae85766f-10d2-4fc5-95df-58178f9d58be tempest-AttachVolumeShelveTestJSON-876504441 tempest-AttachVolumeShelveTestJSON-876504441-project-member] Using url versioning {{(pid=101963) process_request /opt/stack/glance/glance/api/middleware/version_negotiation.py:57}}
May 27 23:05:13.802015 np0000001565 devstack@g-api.service[101963]: DEBUG glance.api.middleware.version_negotiation [None req-ae85766f-10d2-4fc5-95df-58178f9d58be tempest-AttachVolumeShelveTestJSON-876504441 tempest-AttachVolumeShelveTestJSON-876504441-project-member] Matched version: v2 {{(pid=101963) process_request /opt/stack/glance/glance/api/middleware/version_negotiation.py:69}}
May 27 23:05:13.802141 np0000001565 devstack@g-api.service[101963]: DEBUG glance.api.middleware.version_negotiation [None req-ae85766f-10d2-4fc5-95df-58178f9d58be tempest-AttachVolumeShelveTestJSON-876504441 tempest-AttachVolumeShelveTestJSON-876504441-project-member] new path /v2/images/bbac9f2e-6d3e-4928-a8b7-178798b2db6c {{(pid=101963) process_request /opt/stack/glance/glance/api/middleware/version_negotiation.py:70}}
May 27 23:05:13.811145 np0000001565 devstack@g-api.service[101963]: [pid: 101963|app: 0|req: 102/300] 127.0.0.1 () {44 vars in 1111 bytes} [Wed May 27 23:05:13 2026] GET /v2/images/bbac9f2e-6d3e-4928-a8b7-178798b2db6c => generated 1447 bytes in 9 msecs (HTTP/1.1 200) 4 headers in 158 bytes (1 switches on core 0)
May 27 23:05:13.857216 np0000001565 devstack@g-api.service[101964]: DEBUG glance.api.middleware.version_negotiation [None req-ae85766f-10d2-4fc5-95df-58178f9d58be tempest-AttachVolumeShelveTestJSON-876504441 tempest-AttachVolumeShelveTestJSON-876504441-project-member] Determining version of request: PUT /v2/images/bbac9f2e-6d3e-4928-a8b7-178798b2db6c/file Accept: */* {{(pid=101964) process_request /opt/stack/glance/glance/api/middleware/version_negotiation.py:44}}
May 27 23:05:13.858690 np0000001565 devstack@g-api.service[101964]: DEBUG glance.api.middleware.version_negotiation [None req-ae85766f-10d2-4fc5-95df-58178f9d58be tempest-AttachVolumeShelveTestJSON-876504441 tempest-AttachVolumeShelveTestJSON-876504441-project-member] Using url versioning {{(pid=101964) process_request /opt/stack/glance/glance/api/middleware/version_negotiation.py:57}}
May 27 23:05:13.859004 np0000001565 devstack@g-api.service[101964]: DEBUG glance.api.middleware.version_negotiation [None req-ae85766f-10d2-4fc5-95df-58178f9d58be tempest-AttachVolumeShelveTestJSON-876504441 tempest-AttachVolumeShelveTestJSON-876504441-project-member] Matched version: v2 {{(pid=101964) process_request /opt/stack/glance/glance/api/middleware/version_negotiation.py:69}}
May 27 23:05:13.859004 np0000001565 devstack@g-api.service[101964]: DEBUG glance.api.middleware.version_negotiation [None req-ae85766f-10d2-4fc5-95df-58178f9d58be tempest-AttachVolumeShelveTestJSON-876504441 tempest-AttachVolumeShelveTestJSON-876504441-project-member] new path /v2/images/bbac9f2e-6d3e-4928-a8b7-178798b2db6c/file {{(pid=101964) process_request /opt/stack/glance/glance/api/middleware/version_negotiation.py:70}}
May 27 23:05:14.335244 np0000001565 devstack@g-api.service[101964]: INFO glance.api.v2.image_data [None req-ae85766f-10d2-4fc5-95df-58178f9d58be tempest-AttachVolumeShelveTestJSON-876504441 tempest-AttachVolumeShelveTestJSON-876504441-project-member] Unable to create trust: no such option collect_timing in group [keystone_authtoken] Use the existing user token.
May 27 23:05:14.538930 np0000001565 devstack@g-api.service[101965]: DEBUG glance.api.middleware.version_negotiation [None req-ae85766f-10d2-4fc5-95df-58178f9d58be tempest-AttachVolumeShelveTestJSON-876504441 tempest-AttachVolumeShelveTestJSON-876504441-project-member] Determining version of request: GET /v2/images/6300a9f9-2b54-4283-b976-5a0c9409f522 Accept: application/json {{(pid=101965) process_request /opt/stack/glance/glance/api/middleware/version_negotiation.py:44}}
May 27 23:05:14.539158 np0000001565 devstack@g-api.service[101965]: DEBUG glance.api.middleware.version_negotiation [None req-ae85766f-10d2-4fc5-95df-58178f9d58be tempest-AttachVolumeShelveTestJSON-876504441 tempest-AttachVolumeShelveTestJSON-876504441-project-member] Using url versioning {{(pid=101965) process_request /opt/stack/glance/glance/api/middleware/version_negotiation.py:57}}
May 27 23:05:14.539203 np0000001565 devstack@g-api.service[101965]: DEBUG glance.api.middleware.version_negotiation [None req-ae85766f-10d2-4fc5-95df-58178f9d58be tempest-AttachVolumeShelveTestJSON-876504441 tempest-AttachVolumeShelveTestJSON-876504441-project-member] Matched version: v2 {{(pid=101965) process_request /opt/stack/glance/glance/api/middleware/version_negotiation.py:69}}
May 27 23:05:14.539312 np0000001565 devstack@g-api.service[101965]: DEBUG glance.api.middleware.version_negotiation [None req-ae85766f-10d2-4fc5-95df-58178f9d58be tempest-AttachVolumeShelveTestJSON-876504441 tempest-AttachVolumeShelveTestJSON-876504441-project-member] new path /v2/images/6300a9f9-2b54-4283-b976-5a0c9409f522 {{(pid=101965) process_request /opt/stack/glance/glance/api/middleware/version_negotiation.py:70}}
May 27 23:05:14.629744 np0000001565 devstack@g-api.service[101965]: [pid: 101965|app: 0|req: 96/301] 127.0.0.1 () {40 vars in 834 bytes} [Wed May 27 23:05:14 2026] GET /v2/images/6300a9f9-2b54-4283-b976-5a0c9409f522 => generated 1044 bytes in 91 msecs (HTTP/1.1 200) 4 headers in 158 bytes (1 switches on core 0)
May 27 23:05:14.649424 np0000001565 devstack@g-api.service[101963]: DEBUG glance.api.middleware.version_negotiation [None req-ae85766f-10d2-4fc5-95df-58178f9d58be tempest-AttachVolumeShelveTestJSON-876504441 tempest-AttachVolumeShelveTestJSON-876504441-project-member] Determining version of request: GET /v2/images/6300a9f9-2b54-4283-b976-5a0c9409f522 Accept: */* {{(pid=101963) process_request /opt/stack/glance/glance/api/middleware/version_negotiation.py:44}}
May 27 23:05:14.650019 np0000001565 devstack@g-api.service[101963]: DEBUG glance.api.middleware.version_negotiation [None req-ae85766f-10d2-4fc5-95df-58178f9d58be tempest-AttachVolumeShelveTestJSON-876504441 tempest-AttachVolumeShelveTestJSON-876504441-project-member] Using url versioning {{(pid=101963) process_request /opt/stack/glance/glance/api/middleware/version_negotiation.py:57}}
May 27 23:05:14.650019 np0000001565 devstack@g-api.service[101963]: DEBUG glance.api.middleware.version_negotiation [None req-ae85766f-10d2-4fc5-95df-58178f9d58be tempest-AttachVolumeShelveTestJSON-876504441 tempest-AttachVolumeShelveTestJSON-876504441-project-member] Matched version: v2 {{(pid=101963) process_request /opt/stack/glance/glance/api/middleware/version_negotiation.py:69}}
May 27 23:05:14.650019 np0000001565 devstack@g-api.service[101963]: DEBUG glance.api.middleware.version_negotiation [None req-ae85766f-10d2-4fc5-95df-58178f9d58be tempest-AttachVolumeShelveTestJSON-876504441 tempest-AttachVolumeShelveTestJSON-876504441-project-member] new path /v2/images/6300a9f9-2b54-4283-b976-5a0c9409f522 {{(pid=101963) process_request /opt/stack/glance/glance/api/middleware/version_negotiation.py:70}}
May 27 23:05:14.658128 np0000001565 devstack@g-api.service[101963]: [pid: 101963|app: 0|req: 103/302] 127.0.0.1 () {44 vars in 1111 bytes} [Wed May 27 23:05:14 2026] GET /v2/images/6300a9f9-2b54-4283-b976-5a0c9409f522 => generated 1044 bytes in 9 msecs (HTTP/1.1 200) 4 headers in 158 bytes (1 switches on core 0)
May 27 23:05:14.664434 np0000001565 devstack@g-api.service[101965]: DEBUG glance.api.middleware.version_negotiation [None req-e6f420e2-94fd-43d2-8195-4990578a5181 tempest-VolumesImageMetadata-1839262083 tempest-VolumesImageMetadata-1839262083-project-member] Determining version of request: GET /v2/schemas/image Accept: */* {{(pid=101965) process_request /opt/stack/glance/glance/api/middleware/version_negotiation.py:44}}
May 27 23:05:14.664586 np0000001565 devstack@g-api.service[101965]: DEBUG glance.api.middleware.version_negotiation [None req-e6f420e2-94fd-43d2-8195-4990578a5181 tempest-VolumesImageMetadata-1839262083 tempest-VolumesImageMetadata-1839262083-project-member] Using url versioning {{(pid=101965) process_request /opt/stack/glance/glance/api/middleware/version_negotiation.py:57}}
May 27 23:05:14.664722 np0000001565 devstack@g-api.service[101965]: DEBUG glance.api.middleware.version_negotiation [None req-e6f420e2-94fd-43d2-8195-4990578a5181 tempest-VolumesImageMetadata-1839262083 tempest-VolumesImageMetadata-1839262083-project-member] Matched version: v2 {{(pid=101965) process_request /opt/stack/glance/glance/api/middleware/version_negotiation.py:69}}
May 27 23:05:14.664820 np0000001565 devstack@g-api.service[101965]: DEBUG glance.api.middleware.version_negotiation [None req-e6f420e2-94fd-43d2-8195-4990578a5181 tempest-VolumesImageMetadata-1839262083 tempest-VolumesImageMetadata-1839262083-project-member] new path /v2/schemas/image {{(pid=101965) process_request /opt/stack/glance/glance/api/middleware/version_negotiation.py:70}}
May 27 23:05:14.668703 np0000001565 devstack@g-api.service[101965]: [pid: 101965|app: 0|req: 97/303] 127.0.0.1 () {44 vars in 1051 bytes} [Wed May 27 23:05:14 2026] GET /v2/schemas/image => generated 6083 bytes in 4 msecs (HTTP/1.1 200) 4 headers in 158 bytes (1 switches on core 0)
May 27 23:05:14.677648 np0000001565 devstack@g-api.service[101963]: DEBUG glance.api.middleware.version_negotiation [None req-af2e63e0-e743-44d0-882b-60399909ef98 tempest-VolumesImageMetadata-1839262083 tempest-VolumesImageMetadata-1839262083-project-member] Determining version of request: GET /v2/schemas/image Accept: */* {{(pid=101963) process_request /opt/stack/glance/glance/api/middleware/version_negotiation.py:44}}
May 27 23:05:14.677790 np0000001565 devstack@g-api.service[101963]: DEBUG glance.api.middleware.version_negotiation [None req-af2e63e0-e743-44d0-882b-60399909ef98 tempest-VolumesImageMetadata-1839262083 tempest-VolumesImageMetadata-1839262083-project-member] Using url versioning {{(pid=101963) process_request /opt/stack/glance/glance/api/middleware/version_negotiation.py:57}}
May 27 23:05:14.677897 np0000001565 devstack@g-api.service[101963]: DEBUG glance.api.middleware.version_negotiation [None req-af2e63e0-e743-44d0-882b-60399909ef98 tempest-VolumesImageMetadata-1839262083 tempest-VolumesImageMetadata-1839262083-project-member] Matched version: v2 {{(pid=101963) process_request /opt/stack/glance/glance/api/middleware/version_negotiation.py:69}}
May 27 23:05:14.677992 np0000001565 devstack@g-api.service[101963]: DEBUG glance.api.middleware.version_negotiation [None req-af2e63e0-e743-44d0-882b-60399909ef98 tempest-VolumesImageMetadata-1839262083 tempest-VolumesImageMetadata-1839262083-project-member] new path /v2/schemas/image {{(pid=101963) process_request /opt/stack/glance/glance/api/middleware/version_negotiation.py:70}}
May 27 23:05:14.679976 np0000001565 devstack@g-api.service[101963]: [pid: 101963|app: 0|req: 104/304] 127.0.0.1 () {44 vars in 1051 bytes} [Wed May 27 23:05:14 2026] GET /v2/schemas/image => generated 6083 bytes in 2 msecs (HTTP/1.1 200) 4 headers in 158 bytes (1 switches on core 0)
May 27 23:05:14.690005 np0000001565 devstack@g-api.service[101965]: DEBUG glance.api.middleware.version_negotiation [None req-af2e63e0-e743-44d0-882b-60399909ef98 tempest-VolumesImageMetadata-1839262083 tempest-VolumesImageMetadata-1839262083-project-member] Determining version of request: GET /v2/images/6300a9f9-2b54-4283-b976-5a0c9409f522 Accept: */* {{(pid=101965) process_request /opt/stack/glance/glance/api/middleware/version_negotiation.py:44}}
May 27 23:05:14.690128 np0000001565 devstack@g-api.service[101965]: DEBUG glance.api.middleware.version_negotiation [None req-af2e63e0-e743-44d0-882b-60399909ef98 tempest-VolumesImageMetadata-1839262083 tempest-VolumesImageMetadata-1839262083-project-member] Using url versioning {{(pid=101965) process_request /opt/stack/glance/glance/api/middleware/version_negotiation.py:57}}
May 27 23:05:14.690236 np0000001565 devstack@g-api.service[101965]: DEBUG glance.api.middleware.version_negotiation [None req-af2e63e0-e743-44d0-882b-60399909ef98 tempest-VolumesImageMetadata-1839262083 tempest-VolumesImageMetadata-1839262083-project-member] Matched version: v2 {{(pid=101965) process_request /opt/stack/glance/glance/api/middleware/version_negotiation.py:69}}
May 27 23:05:14.690365 np0000001565 devstack@g-api.service[101965]: DEBUG glance.api.middleware.version_negotiation [None req-af2e63e0-e743-44d0-882b-60399909ef98 tempest-VolumesImageMetadata-1839262083 tempest-VolumesImageMetadata-1839262083-project-member] new path /v2/images/6300a9f9-2b54-4283-b976-5a0c9409f522 {{(pid=101965) process_request /opt/stack/glance/glance/api/middleware/version_negotiation.py:70}}
May 27 23:05:14.709979 np0000001565 devstack@g-api.service[101965]: [pid: 101965|app: 0|req: 98/305] 127.0.0.1 () {44 vars in 1111 bytes} [Wed May 27 23:05:14 2026] GET /v2/images/6300a9f9-2b54-4283-b976-5a0c9409f522 => generated 1044 bytes in 20 msecs (HTTP/1.1 200) 4 headers in 158 bytes (1 switches on core 0)
May 27 23:05:14.718604 np0000001565 devstack@g-api.service[101963]: DEBUG glance.api.middleware.version_negotiation [None req-af2e63e0-e743-44d0-882b-60399909ef98 tempest-VolumesImageMetadata-1839262083 tempest-VolumesImageMetadata-1839262083-project-member] Determining version of request: GET /v2/schemas/image Accept: */* {{(pid=101963) process_request /opt/stack/glance/glance/api/middleware/version_negotiation.py:44}}
May 27 23:05:14.718785 np0000001565 devstack@g-api.service[101963]: DEBUG glance.api.middleware.version_negotiation [None req-af2e63e0-e743-44d0-882b-60399909ef98 tempest-VolumesImageMetadata-1839262083 tempest-VolumesImageMetadata-1839262083-project-member] Using url versioning {{(pid=101963) process_request /opt/stack/glance/glance/api/middleware/version_negotiation.py:57}}
May 27 23:05:14.718907 np0000001565 devstack@g-api.service[101963]: DEBUG glance.api.middleware.version_negotiation [None req-af2e63e0-e743-44d0-882b-60399909ef98 tempest-VolumesImageMetadata-1839262083 tempest-VolumesImageMetadata-1839262083-project-member] Matched version: v2 {{(pid=101963) process_request /opt/stack/glance/glance/api/middleware/version_negotiation.py:69}}
May 27 23:05:14.719091 np0000001565 devstack@g-api.service[101963]: DEBUG glance.api.middleware.version_negotiation [None req-af2e63e0-e743-44d0-882b-60399909ef98 tempest-VolumesImageMetadata-1839262083 tempest-VolumesImageMetadata-1839262083-project-member] new path /v2/schemas/image {{(pid=101963) process_request /opt/stack/glance/glance/api/middleware/version_negotiation.py:70}}
May 27 23:05:14.723348 np0000001565 devstack@g-api.service[101963]: [pid: 101963|app: 0|req: 105/306] 127.0.0.1 () {44 vars in 1051 bytes} [Wed May 27 23:05:14 2026] GET /v2/schemas/image => generated 6083 bytes in 5 msecs (HTTP/1.1 200) 4 headers in 158 bytes (1 switches on core 0)
May 27 23:05:14.733478 np0000001565 devstack@g-api.service[101965]: DEBUG glance.api.middleware.version_negotiation [None req-af2e63e0-e743-44d0-882b-60399909ef98 tempest-VolumesImageMetadata-1839262083 tempest-VolumesImageMetadata-1839262083-project-member] Determining version of request: GET /v2/schemas/image Accept: */* {{(pid=101965) process_request /opt/stack/glance/glance/api/middleware/version_negotiation.py:44}}
May 27 23:05:14.733698 np0000001565 devstack@g-api.service[101965]: DEBUG glance.api.middleware.version_negotiation [None req-af2e63e0-e743-44d0-882b-60399909ef98 tempest-VolumesImageMetadata-1839262083 tempest-VolumesImageMetadata-1839262083-project-member] Using url versioning {{(pid=101965) process_request /opt/stack/glance/glance/api/middleware/version_negotiation.py:57}}
May 27 23:05:14.733878 np0000001565 devstack@g-api.service[101965]: DEBUG glance.api.middleware.version_negotiation [None req-af2e63e0-e743-44d0-882b-60399909ef98 tempest-VolumesImageMetadata-1839262083 tempest-VolumesImageMetadata-1839262083-project-member] Matched version: v2 {{(pid=101965) process_request /opt/stack/glance/glance/api/middleware/version_negotiation.py:69}}
May 27 23:05:14.734026 np0000001565 devstack@g-api.service[101965]: DEBUG glance.api.middleware.version_negotiation [None req-af2e63e0-e743-44d0-882b-60399909ef98 tempest-VolumesImageMetadata-1839262083 tempest-VolumesImageMetadata-1839262083-project-member] new path /v2/schemas/image {{(pid=101965) process_request /opt/stack/glance/glance/api/middleware/version_negotiation.py:70}}
May 27 23:05:14.743264 np0000001565 devstack@g-api.service[101965]: [pid: 101965|app: 0|req: 99/307] 127.0.0.1 () {44 vars in 1051 bytes} [Wed May 27 23:05:14 2026] GET /v2/schemas/image => generated 6083 bytes in 10 msecs (HTTP/1.1 200) 4 headers in 158 bytes (1 switches on core 0)
May 27 23:05:14.771931 np0000001565 devstack@g-api.service[101963]: DEBUG glance.api.middleware.version_negotiation [None req-af2e63e0-e743-44d0-882b-60399909ef98 tempest-VolumesImageMetadata-1839262083 tempest-VolumesImageMetadata-1839262083-project-member] Determining version of request: GET /v2/images/6300a9f9-2b54-4283-b976-5a0c9409f522 Accept: */* {{(pid=101963) process_request /opt/stack/glance/glance/api/middleware/version_negotiation.py:44}}
May 27 23:05:14.772095 np0000001565 devstack@g-api.service[101963]: DEBUG glance.api.middleware.version_negotiation [None req-af2e63e0-e743-44d0-882b-60399909ef98 tempest-VolumesImageMetadata-1839262083 tempest-VolumesImageMetadata-1839262083-project-member] Using url versioning {{(pid=101963) process_request /opt/stack/glance/glance/api/middleware/version_negotiation.py:57}}
May 27 23:05:14.772222 np0000001565 devstack@g-api.service[101963]: DEBUG glance.api.middleware.version_negotiation [None req-af2e63e0-e743-44d0-882b-60399909ef98 tempest-VolumesImageMetadata-1839262083 tempest-VolumesImageMetadata-1839262083-project-member] Matched version: v2 {{(pid=101963) process_request /opt/stack/glance/glance/api/middleware/version_negotiation.py:69}}
May 27 23:05:14.772313 np0000001565 devstack@g-api.service[101963]: DEBUG glance.api.middleware.version_negotiation [None req-af2e63e0-e743-44d0-882b-60399909ef98 tempest-VolumesImageMetadata-1839262083 tempest-VolumesImageMetadata-1839262083-project-member] new path /v2/images/6300a9f9-2b54-4283-b976-5a0c9409f522 {{(pid=101963) process_request /opt/stack/glance/glance/api/middleware/version_negotiation.py:70}}
May 27 23:05:14.779768 np0000001565 devstack@g-api.service[101964]: DEBUG glance.location [None req-ae85766f-10d2-4fc5-95df-58178f9d58be tempest-AttachVolumeShelveTestJSON-876504441 tempest-AttachVolumeShelveTestJSON-876504441-project-member] Enabling in-flight format inspection for qcow2 {{(pid=101964) set_data /opt/stack/glance/glance/location.py:616}}
May 27 23:05:14.780075 np0000001565 devstack@g-api.service[101964]: DEBUG glance_store.backend [None req-ae85766f-10d2-4fc5-95df-58178f9d58be tempest-AttachVolumeShelveTestJSON-876504441 tempest-AttachVolumeShelveTestJSON-876504441-project-member] Attempting to import store swift {{(pid=101964) _load_store /opt/stack/data/venv/lib/python3.12/site-packages/glance_store/backend.py:215}}
May 27 23:05:14.781277 np0000001565 devstack@g-api.service[101964]: DEBUG glance_store.capabilities [None req-ae85766f-10d2-4fc5-95df-58178f9d58be tempest-AttachVolumeShelveTestJSON-876504441 tempest-AttachVolumeShelveTestJSON-876504441-project-member] Store glance_store._drivers.swift.store.SingleTenantStore doesn't support updating dynamic storage capabilities. Please overwrite 'update_capabilities' method of the store to implement updating logics if needed. {{(pid=101964) update_capabilities /opt/stack/data/venv/lib/python3.12/site-packages/glance_store/capabilities.py:91}}
May 27 23:05:14.781396 np0000001565 devstack@g-api.service[101964]: DEBUG glance_store.driver [None req-ae85766f-10d2-4fc5-95df-58178f9d58be tempest-AttachVolumeShelveTestJSON-876504441 tempest-AttachVolumeShelveTestJSON-876504441-project-member] Late loading location class glance_store._drivers.swift.store.StoreLocation {{(pid=101964) get_store_location_class /opt/stack/data/venv/lib/python3.12/site-packages/glance_store/driver.py:134}}
May 27 23:05:14.781736 np0000001565 devstack@g-api.service[101964]: DEBUG glance_store.location [None req-ae85766f-10d2-4fc5-95df-58178f9d58be tempest-AttachVolumeShelveTestJSON-876504441 tempest-AttachVolumeShelveTestJSON-876504441-project-member] Registering scheme swift+https with {'store': , 'location_class': , 'store_entry': 'swift'} {{(pid=101964) register_scheme_map /opt/stack/data/venv/lib/python3.12/site-packages/glance_store/location.py:146}}
May 27 23:05:14.781808 np0000001565 devstack@g-api.service[101963]: [pid: 101963|app: 0|req: 106/308] 127.0.0.1 () {44 vars in 1111 bytes} [Wed May 27 23:05:14 2026] GET /v2/images/6300a9f9-2b54-4283-b976-5a0c9409f522 => generated 1044 bytes in 10 msecs (HTTP/1.1 200) 4 headers in 158 bytes (1 switches on core 0)
May 27 23:05:14.781868 np0000001565 devstack@g-api.service[101964]: DEBUG glance_store.location [None req-ae85766f-10d2-4fc5-95df-58178f9d58be tempest-AttachVolumeShelveTestJSON-876504441 tempest-AttachVolumeShelveTestJSON-876504441-project-member] Registering scheme swift+https with {'store': , 'location_class': , 'store_entry': 'swift'} {{(pid=101964) register_scheme_map /opt/stack/data/venv/lib/python3.12/site-packages/glance_store/location.py:146}}
May 27 23:05:14.781868 np0000001565 devstack@g-api.service[101964]: DEBUG glance_store.location [None req-ae85766f-10d2-4fc5-95df-58178f9d58be tempest-AttachVolumeShelveTestJSON-876504441 tempest-AttachVolumeShelveTestJSON-876504441-project-member] Registering scheme swift with {'store': , 'location_class': , 'store_entry': 'swift'} {{(pid=101964) register_scheme_map /opt/stack/data/venv/lib/python3.12/site-packages/glance_store/location.py:146}}
May 27 23:05:14.782084 np0000001565 devstack@g-api.service[101964]: DEBUG glance_store.location [None req-ae85766f-10d2-4fc5-95df-58178f9d58be tempest-AttachVolumeShelveTestJSON-876504441 tempest-AttachVolumeShelveTestJSON-876504441-project-member] Registering scheme swift+https with {'store': , 'location_class': , 'store_entry': 'swift'} {{(pid=101964) register_scheme_map /opt/stack/data/venv/lib/python3.12/site-packages/glance_store/location.py:146}}
May 27 23:05:14.782166 np0000001565 devstack@g-api.service[101964]: DEBUG glance_store.location [None req-ae85766f-10d2-4fc5-95df-58178f9d58be tempest-AttachVolumeShelveTestJSON-876504441 tempest-AttachVolumeShelveTestJSON-876504441-project-member] Registering scheme swift with {'store': , 'location_class': , 'store_entry': 'swift'} {{(pid=101964) register_scheme_map /opt/stack/data/venv/lib/python3.12/site-packages/glance_store/location.py:146}}
May 27 23:05:14.782240 np0000001565 devstack@g-api.service[101964]: DEBUG glance_store.location [None req-ae85766f-10d2-4fc5-95df-58178f9d58be tempest-AttachVolumeShelveTestJSON-876504441 tempest-AttachVolumeShelveTestJSON-876504441-project-member] Registering scheme swift+http with {'store': , 'location_class': , 'store_entry': 'swift'} {{(pid=101964) register_scheme_map /opt/stack/data/venv/lib/python3.12/site-packages/glance_store/location.py:146}}
May 27 23:05:14.782313 np0000001565 devstack@g-api.service[101964]: DEBUG glance_store.location [None req-ae85766f-10d2-4fc5-95df-58178f9d58be tempest-AttachVolumeShelveTestJSON-876504441 tempest-AttachVolumeShelveTestJSON-876504441-project-member] Registering scheme swift+https with {'store': , 'location_class': , 'store_entry': 'swift'} {{(pid=101964) register_scheme_map /opt/stack/data/venv/lib/python3.12/site-packages/glance_store/location.py:146}}
May 27 23:05:14.782403 np0000001565 devstack@g-api.service[101964]: DEBUG glance_store.location [None req-ae85766f-10d2-4fc5-95df-58178f9d58be tempest-AttachVolumeShelveTestJSON-876504441 tempest-AttachVolumeShelveTestJSON-876504441-project-member] Registering scheme swift with {'store': , 'location_class': , 'store_entry': 'swift'} {{(pid=101964) register_scheme_map /opt/stack/data/venv/lib/python3.12/site-packages/glance_store/location.py:146}}
May 27 23:05:14.782499 np0000001565 devstack@g-api.service[101964]: DEBUG glance_store.location [None req-ae85766f-10d2-4fc5-95df-58178f9d58be tempest-AttachVolumeShelveTestJSON-876504441 tempest-AttachVolumeShelveTestJSON-876504441-project-member] Registering scheme swift+http with {'store': , 'location_class': , 'store_entry': 'swift'} {{(pid=101964) register_scheme_map /opt/stack/data/venv/lib/python3.12/site-packages/glance_store/location.py:146}}
May 27 23:05:14.782559 np0000001565 devstack@g-api.service[101964]: DEBUG glance_store.location [None req-ae85766f-10d2-4fc5-95df-58178f9d58be tempest-AttachVolumeShelveTestJSON-876504441 tempest-AttachVolumeShelveTestJSON-876504441-project-member] Registering scheme swift+config with {'store': , 'location_class': , 'store_entry': 'swift'} {{(pid=101964) register_scheme_map /opt/stack/data/venv/lib/python3.12/site-packages/glance_store/location.py:146}}
May 27 23:05:14.792746 np0000001565 devstack@g-api.service[101965]: DEBUG glance.api.middleware.version_negotiation [None req-af2e63e0-e743-44d0-882b-60399909ef98 tempest-VolumesImageMetadata-1839262083 tempest-VolumesImageMetadata-1839262083-project-member] Determining version of request: GET /v2/schemas/image Accept: */* {{(pid=101965) process_request /opt/stack/glance/glance/api/middleware/version_negotiation.py:44}}
May 27 23:05:14.793011 np0000001565 devstack@g-api.service[101965]: DEBUG glance.api.middleware.version_negotiation [None req-af2e63e0-e743-44d0-882b-60399909ef98 tempest-VolumesImageMetadata-1839262083 tempest-VolumesImageMetadata-1839262083-project-member] Using url versioning {{(pid=101965) process_request /opt/stack/glance/glance/api/middleware/version_negotiation.py:57}}
May 27 23:05:14.793205 np0000001565 devstack@g-api.service[101965]: DEBUG glance.api.middleware.version_negotiation [None req-af2e63e0-e743-44d0-882b-60399909ef98 tempest-VolumesImageMetadata-1839262083 tempest-VolumesImageMetadata-1839262083-project-member] Matched version: v2 {{(pid=101965) process_request /opt/stack/glance/glance/api/middleware/version_negotiation.py:69}}
May 27 23:05:14.793308 np0000001565 devstack@g-api.service[101965]: DEBUG glance.api.middleware.version_negotiation [None req-af2e63e0-e743-44d0-882b-60399909ef98 tempest-VolumesImageMetadata-1839262083 tempest-VolumesImageMetadata-1839262083-project-member] new path /v2/schemas/image {{(pid=101965) process_request /opt/stack/glance/glance/api/middleware/version_negotiation.py:70}}
May 27 23:05:14.798004 np0000001565 devstack@g-api.service[101965]: [pid: 101965|app: 0|req: 100/309] 127.0.0.1 () {44 vars in 1051 bytes} [Wed May 27 23:05:14 2026] GET /v2/schemas/image => generated 6083 bytes in 7 msecs (HTTP/1.1 200) 4 headers in 158 bytes (1 switches on core 0)
May 27 23:05:14.976870 np0000001565 devstack@g-api.service[101964]: DEBUG swiftclient [None req-ae85766f-10d2-4fc5-95df-58178f9d58be tempest-AttachVolumeShelveTestJSON-876504441 tempest-AttachVolumeShelveTestJSON-876504441-project-member] REQ: curl -i https://10.4.3.11:8080/v1/AUTH_afc0ea3c57c54a2a8ab611425139476c/glance -I -H "X-Auth-Token: gAAAAABqF3iqvfW8..." {{(pid=101964) http_log /opt/stack/data/venv/lib/python3.12/site-packages/swiftclient/client.py:160}}
May 27 23:05:14.977008 np0000001565 devstack@g-api.service[101964]: DEBUG swiftclient [None req-ae85766f-10d2-4fc5-95df-58178f9d58be tempest-AttachVolumeShelveTestJSON-876504441 tempest-AttachVolumeShelveTestJSON-876504441-project-member] RESP STATUS: 204 No Content {{(pid=101964) http_log /opt/stack/data/venv/lib/python3.12/site-packages/swiftclient/client.py:161}}
May 27 23:05:14.977208 np0000001565 devstack@g-api.service[101964]: DEBUG swiftclient [None req-ae85766f-10d2-4fc5-95df-58178f9d58be tempest-AttachVolumeShelveTestJSON-876504441 tempest-AttachVolumeShelveTestJSON-876504441-project-member] RESP HEADERS: {'Date': 'Wed, 27 May 2026 23:05:14 GMT', 'Server': 'Apache/2.4.58 (Ubuntu)', 'Content-Type': 'text/plain; charset=utf-8', 'X-Container-Object-Count': '3', 'X-Container-Bytes-Used': '64356352', 'X-Timestamp': '1779922685.10911', 'Last-Modified': 'Wed, 27 May 2026 22:58:06 GMT', 'Accept-Ranges': 'bytes', 'X-Storage-Policy': 'Policy-0', 'X-Container-Sharding': 'False', 'Vary': 'Accept', 'X-Trans-Id': 'txb6a26eaf880f4aaa9effb-006a1778aa', 'X-Openstack-Request-Id': 'txb6a26eaf880f4aaa9effb-006a1778aa', 'Connection': 'close'} {{(pid=101964) http_log /opt/stack/data/venv/lib/python3.12/site-packages/swiftclient/client.py:162}}
May 27 23:05:14.977427 np0000001565 devstack@g-api.service[101964]: DEBUG glance_store._drivers.swift.store [None req-ae85766f-10d2-4fc5-95df-58178f9d58be tempest-AttachVolumeShelveTestJSON-876504441 tempest-AttachVolumeShelveTestJSON-876504441-project-member] Adding image object 'bbac9f2e-6d3e-4928-a8b7-178798b2db6c' to Swift {{(pid=101964) add /opt/stack/data/venv/lib/python3.12/site-packages/glance_store/_drivers/swift/store.py:970}}
May 27 23:05:14.977541 np0000001565 devstack@g-api.service[101964]: DEBUG glance_store._drivers.swift.store [None req-ae85766f-10d2-4fc5-95df-58178f9d58be tempest-AttachVolumeShelveTestJSON-876504441 tempest-AttachVolumeShelveTestJSON-876504441-project-member] Cannot determine image size because it is either not provided in the request or chunked-transfer encoding is used. Adding image as a segmented object to Swift. {{(pid=101964) add /opt/stack/data/venv/lib/python3.12/site-packages/glance_store/_drivers/swift/store.py:994}}
May 27 23:05:14.984089 np0000001565 devstack@g-api.service[101964]: DEBUG oslo_utils.imageutils.format_inspector [None req-ae85766f-10d2-4fc5-95df-58178f9d58be tempest-AttachVolumeShelveTestJSON-876504441 tempest-AttachVolumeShelveTestJSON-876504441-project-member] Format inspector for vmdk does not match, excluding from consideration (Signature KDMV not found: b'QFI\xfb') {{(pid=101964) _process_chunk /opt/stack/data/venv/lib/python3.12/site-packages/oslo_utils/imageutils/format_inspector.py:1538}}
May 27 23:05:14.986545 np0000001565 devstack@g-api.service[101964]: DEBUG oslo_utils.imageutils.format_inspector [None req-ae85766f-10d2-4fc5-95df-58178f9d58be tempest-AttachVolumeShelveTestJSON-876504441 tempest-AttachVolumeShelveTestJSON-876504441-project-member] Format inspector for vhdx does not match, excluding from consideration (Region signature not found at 30000) {{(pid=101964) _process_chunk /opt/stack/data/venv/lib/python3.12/site-packages/oslo_utils/imageutils/format_inspector.py:1538}}
May 27 23:05:15.134558 np0000001565 devstack@g-api.service[101963]: DEBUG glance.api.middleware.version_negotiation [None req-af2e63e0-e743-44d0-882b-60399909ef98 tempest-VolumesImageMetadata-1839262083 tempest-VolumesImageMetadata-1839262083-project-member] Determining version of request: GET /versions Accept: */* {{(pid=101963) process_request /opt/stack/glance/glance/api/middleware/version_negotiation.py:44}}
May 27 23:05:15.135260 np0000001565 devstack@g-api.service[101963]: [pid: 101963|app: 0|req: 107/310] 127.0.0.1 () {44 vars in 1035 bytes} [Wed May 27 23:05:15 2026] GET /versions => generated 1394 bytes in 1 msecs (HTTP/1.1 200) 3 headers in 92 bytes (1 switches on core 0)
May 27 23:05:15.145892 np0000001565 devstack@g-api.service[101965]: DEBUG glance.api.middleware.version_negotiation [None req-af2e63e0-e743-44d0-882b-60399909ef98 tempest-VolumesImageMetadata-1839262083 tempest-VolumesImageMetadata-1839262083-project-member] Determining version of request: GET /v2/images/6300a9f9-2b54-4283-b976-5a0c9409f522/locations Accept: */* {{(pid=101965) process_request /opt/stack/glance/glance/api/middleware/version_negotiation.py:44}}
May 27 23:05:15.146137 np0000001565 devstack@g-api.service[101965]: DEBUG glance.api.middleware.version_negotiation [None req-af2e63e0-e743-44d0-882b-60399909ef98 tempest-VolumesImageMetadata-1839262083 tempest-VolumesImageMetadata-1839262083-project-member] Using url versioning {{(pid=101965) process_request /opt/stack/glance/glance/api/middleware/version_negotiation.py:57}}
May 27 23:05:15.146309 np0000001565 devstack@g-api.service[101965]: DEBUG glance.api.middleware.version_negotiation [None req-af2e63e0-e743-44d0-882b-60399909ef98 tempest-VolumesImageMetadata-1839262083 tempest-VolumesImageMetadata-1839262083-project-member] Matched version: v2 {{(pid=101965) process_request /opt/stack/glance/glance/api/middleware/version_negotiation.py:69}}
May 27 23:05:15.149346 np0000001565 devstack@g-api.service[101965]: DEBUG glance.api.middleware.version_negotiation [None req-af2e63e0-e743-44d0-882b-60399909ef98 tempest-VolumesImageMetadata-1839262083 tempest-VolumesImageMetadata-1839262083-project-member] new path /v2/images/6300a9f9-2b54-4283-b976-5a0c9409f522/locations {{(pid=101965) process_request /opt/stack/glance/glance/api/middleware/version_negotiation.py:70}}
May 27 23:05:15.187792 np0000001565 devstack@g-api.service[101965]: [pid: 101965|app: 0|req: 101/311] 127.0.0.1 () {44 vars in 1131 bytes} [Wed May 27 23:05:15 2026] GET /v2/images/6300a9f9-2b54-4283-b976-5a0c9409f522/locations => generated 92 bytes in 42 msecs (HTTP/1.1 200) 4 headers in 156 bytes (1 switches on core 0)
May 27 23:05:15.196544 np0000001565 devstack@g-api.service[101963]: DEBUG glance.api.middleware.version_negotiation [None req-af2e63e0-e743-44d0-882b-60399909ef98 tempest-VolumesImageMetadata-1839262083 tempest-VolumesImageMetadata-1839262083-project-member] Determining version of request: GET /v2/images/6300a9f9-2b54-4283-b976-5a0c9409f522 Accept: */* {{(pid=101963) process_request /opt/stack/glance/glance/api/middleware/version_negotiation.py:44}}
May 27 23:05:15.196663 np0000001565 devstack@g-api.service[101963]: DEBUG glance.api.middleware.version_negotiation [None req-af2e63e0-e743-44d0-882b-60399909ef98 tempest-VolumesImageMetadata-1839262083 tempest-VolumesImageMetadata-1839262083-project-member] Using url versioning {{(pid=101963) process_request /opt/stack/glance/glance/api/middleware/version_negotiation.py:57}}
May 27 23:05:15.196785 np0000001565 devstack@g-api.service[101963]: DEBUG glance.api.middleware.version_negotiation [None req-af2e63e0-e743-44d0-882b-60399909ef98 tempest-VolumesImageMetadata-1839262083 tempest-VolumesImageMetadata-1839262083-project-member] Matched version: v2 {{(pid=101963) process_request /opt/stack/glance/glance/api/middleware/version_negotiation.py:69}}
May 27 23:05:15.196870 np0000001565 devstack@g-api.service[101963]: DEBUG glance.api.middleware.version_negotiation [None req-af2e63e0-e743-44d0-882b-60399909ef98 tempest-VolumesImageMetadata-1839262083 tempest-VolumesImageMetadata-1839262083-project-member] new path /v2/images/6300a9f9-2b54-4283-b976-5a0c9409f522 {{(pid=101963) process_request /opt/stack/glance/glance/api/middleware/version_negotiation.py:70}}
May 27 23:05:15.207305 np0000001565 devstack@g-api.service[101963]: [pid: 101963|app: 0|req: 108/312] 127.0.0.1 () {44 vars in 1111 bytes} [Wed May 27 23:05:15 2026] GET /v2/images/6300a9f9-2b54-4283-b976-5a0c9409f522 => generated 1044 bytes in 11 msecs (HTTP/1.1 200) 4 headers in 158 bytes (1 switches on core 0)
May 27 23:05:15.224060 np0000001565 devstack@g-api.service[101965]: DEBUG glance.api.middleware.version_negotiation [None req-af2e63e0-e743-44d0-882b-60399909ef98 service glance] Determining version of request: GET /v2/schemas/image Accept: */* {{(pid=101965) process_request /opt/stack/glance/glance/api/middleware/version_negotiation.py:44}}
May 27 23:05:15.224284 np0000001565 devstack@g-api.service[101965]: DEBUG glance.api.middleware.version_negotiation [None req-af2e63e0-e743-44d0-882b-60399909ef98 service glance] Using url versioning {{(pid=101965) process_request /opt/stack/glance/glance/api/middleware/version_negotiation.py:57}}
May 27 23:05:15.224500 np0000001565 devstack@g-api.service[101965]: DEBUG glance.api.middleware.version_negotiation [None req-af2e63e0-e743-44d0-882b-60399909ef98 service glance] Matched version: v2 {{(pid=101965) process_request /opt/stack/glance/glance/api/middleware/version_negotiation.py:69}}
May 27 23:05:15.224657 np0000001565 devstack@g-api.service[101965]: DEBUG glance.api.middleware.version_negotiation [None req-af2e63e0-e743-44d0-882b-60399909ef98 service glance] new path /v2/schemas/image {{(pid=101965) process_request /opt/stack/glance/glance/api/middleware/version_negotiation.py:70}}
May 27 23:05:15.228019 np0000001565 devstack@g-api.service[101965]: [pid: 101965|app: 0|req: 102/313] 127.0.0.1 () {44 vars in 1051 bytes} [Wed May 27 23:05:15 2026] GET /v2/schemas/image => generated 6083 bytes in 4 msecs (HTTP/1.1 200) 4 headers in 158 bytes (1 switches on core 0)
May 27 23:05:15.235302 np0000001565 devstack@g-api.service[101963]: DEBUG glance.api.middleware.version_negotiation [None req-af2e63e0-e743-44d0-882b-60399909ef98 tempest-VolumesImageMetadata-1839262083 tempest-VolumesImageMetadata-1839262083-project-member] Determining version of request: GET /v2/schemas/image Accept: */* {{(pid=101963) process_request /opt/stack/glance/glance/api/middleware/version_negotiation.py:44}}
May 27 23:05:15.235437 np0000001565 devstack@g-api.service[101963]: DEBUG glance.api.middleware.version_negotiation [None req-af2e63e0-e743-44d0-882b-60399909ef98 tempest-VolumesImageMetadata-1839262083 tempest-VolumesImageMetadata-1839262083-project-member] Using url versioning {{(pid=101963) process_request /opt/stack/glance/glance/api/middleware/version_negotiation.py:57}}
May 27 23:05:15.235569 np0000001565 devstack@g-api.service[101963]: DEBUG glance.api.middleware.version_negotiation [None req-af2e63e0-e743-44d0-882b-60399909ef98 tempest-VolumesImageMetadata-1839262083 tempest-VolumesImageMetadata-1839262083-project-member] Matched version: v2 {{(pid=101963) process_request /opt/stack/glance/glance/api/middleware/version_negotiation.py:69}}
May 27 23:05:15.235652 np0000001565 devstack@g-api.service[101963]: DEBUG glance.api.middleware.version_negotiation [None req-af2e63e0-e743-44d0-882b-60399909ef98 tempest-VolumesImageMetadata-1839262083 tempest-VolumesImageMetadata-1839262083-project-member] new path /v2/schemas/image {{(pid=101963) process_request /opt/stack/glance/glance/api/middleware/version_negotiation.py:70}}
May 27 23:05:15.238014 np0000001565 devstack@g-api.service[101963]: [pid: 101963|app: 0|req: 109/314] 127.0.0.1 () {44 vars in 1051 bytes} [Wed May 27 23:05:15 2026] GET /v2/schemas/image => generated 6083 bytes in 3 msecs (HTTP/1.1 200) 4 headers in 158 bytes (1 switches on core 0)
May 27 23:05:15.476373 np0000001565 devstack@g-api.service[101964]: DEBUG swiftclient [None req-ae85766f-10d2-4fc5-95df-58178f9d58be tempest-AttachVolumeShelveTestJSON-876504441 tempest-AttachVolumeShelveTestJSON-876504441-project-member] REQ: curl -i https://10.4.3.11:8080/v1/AUTH_afc0ea3c57c54a2a8ab611425139476c/glance/bbac9f2e-6d3e-4928-a8b7-178798b2db6c-00001 -X PUT -H "X-Auth-Token: gAAAAABqF3iqvfW8..." {{(pid=101964) http_log /opt/stack/data/venv/lib/python3.12/site-packages/swiftclient/client.py:160}}
May 27 23:05:15.477657 np0000001565 devstack@g-api.service[101964]: DEBUG swiftclient [None req-ae85766f-10d2-4fc5-95df-58178f9d58be tempest-AttachVolumeShelveTestJSON-876504441 tempest-AttachVolumeShelveTestJSON-876504441-project-member] RESP STATUS: 201 Created {{(pid=101964) http_log /opt/stack/data/venv/lib/python3.12/site-packages/swiftclient/client.py:161}}
May 27 23:05:15.477657 np0000001565 devstack@g-api.service[101964]: DEBUG swiftclient [None req-ae85766f-10d2-4fc5-95df-58178f9d58be tempest-AttachVolumeShelveTestJSON-876504441 tempest-AttachVolumeShelveTestJSON-876504441-project-member] RESP HEADERS: {'Date': 'Wed, 27 May 2026 23:05:15 GMT', 'Server': 'Apache/2.4.58 (Ubuntu)', 'Content-Type': 'text/html; charset=UTF-8', 'Content-Length': '0', 'Etag': 'dbfebda61d1d12dfd8e7ee424830fc20', 'Last-Modified': 'Wed, 27 May 2026 23:05:15 GMT', 'X-Trans-Id': 'tx55425f33baf548eb8db79-006a1778aa', 'X-Openstack-Request-Id': 'tx55425f33baf548eb8db79-006a1778aa', 'Connection': 'close'} {{(pid=101964) http_log /opt/stack/data/venv/lib/python3.12/site-packages/swiftclient/client.py:162}}
May 27 23:05:15.477657 np0000001565 devstack@g-api.service[101964]: DEBUG glance_store._drivers.swift.store [None req-ae85766f-10d2-4fc5-95df-58178f9d58be tempest-AttachVolumeShelveTestJSON-876504441 tempest-AttachVolumeShelveTestJSON-876504441-project-member] Wrote chunk bbac9f2e-6d3e-4928-a8b7-178798b2db6c-00001 (1/?) of length 53608448 to Swift returning MD5 of content: dbfebda61d1d12dfd8e7ee424830fc20 {{(pid=101964) add /opt/stack/data/venv/lib/python3.12/site-packages/glance_store/_drivers/swift/store.py:1059}}
May 27 23:05:15.477657 np0000001565 devstack@g-api.service[101964]: DEBUG glance_store._drivers.swift.store [None req-ae85766f-10d2-4fc5-95df-58178f9d58be tempest-AttachVolumeShelveTestJSON-876504441 tempest-AttachVolumeShelveTestJSON-876504441-project-member] Not writing zero-length chunk. {{(pid=101964) add /opt/stack/data/venv/lib/python3.12/site-packages/glance_store/_drivers/swift/store.py:1028}}
May 27 23:05:15.501852 np0000001565 devstack@g-api.service[101964]: DEBUG swiftclient [None req-ae85766f-10d2-4fc5-95df-58178f9d58be tempest-AttachVolumeShelveTestJSON-876504441 tempest-AttachVolumeShelveTestJSON-876504441-project-member] REQ: curl -i https://10.4.3.11:8080/v1/AUTH_afc0ea3c57c54a2a8ab611425139476c/glance/bbac9f2e-6d3e-4928-a8b7-178798b2db6c -X PUT -H "X-Object-Manifest: glance/bbac9f2e-6d3e-4928-a8b7-178798b2db6c-" -H "X-Auth-Token: gAAAAABqF3iqvfW8..." -H "Content-Length: 0" {{(pid=101964) http_log /opt/stack/data/venv/lib/python3.12/site-packages/swiftclient/client.py:160}}
May 27 23:05:15.501972 np0000001565 devstack@g-api.service[101964]: DEBUG swiftclient [None req-ae85766f-10d2-4fc5-95df-58178f9d58be tempest-AttachVolumeShelveTestJSON-876504441 tempest-AttachVolumeShelveTestJSON-876504441-project-member] RESP STATUS: 201 Created {{(pid=101964) http_log /opt/stack/data/venv/lib/python3.12/site-packages/swiftclient/client.py:161}}
May 27 23:05:15.502170 np0000001565 devstack@g-api.service[101964]: DEBUG swiftclient [None req-ae85766f-10d2-4fc5-95df-58178f9d58be tempest-AttachVolumeShelveTestJSON-876504441 tempest-AttachVolumeShelveTestJSON-876504441-project-member] RESP HEADERS: {'Date': 'Wed, 27 May 2026 23:05:15 GMT', 'Server': 'Apache/2.4.58 (Ubuntu)', 'Content-Type': 'text/html; charset=UTF-8', 'Content-Length': '0', 'Etag': 'd41d8cd98f00b204e9800998ecf8427e', 'Last-Modified': 'Wed, 27 May 2026 23:05:16 GMT', 'X-Trans-Id': 'txffc31f0d803c4df7a1280-006a1778ab', 'X-Openstack-Request-Id': 'txffc31f0d803c4df7a1280-006a1778ab', 'Connection': 'close'} {{(pid=101964) http_log /opt/stack/data/venv/lib/python3.12/site-packages/swiftclient/client.py:162}}
May 27 23:05:15.502735 np0000001565 devstack@g-api.service[101964]: INFO glance.location [None req-ae85766f-10d2-4fc5-95df-58178f9d58be tempest-AttachVolumeShelveTestJSON-876504441 tempest-AttachVolumeShelveTestJSON-876504441-project-member] Image format matched and virtual size computed: 1073741824
May 27 23:05:15.547918 np0000001565 devstack@g-api.service[101964]: DEBUG glance_store.backend [None req-ae85766f-10d2-4fc5-95df-58178f9d58be tempest-AttachVolumeShelveTestJSON-876504441 tempest-AttachVolumeShelveTestJSON-876504441-project-member] Attempting to import store swift {{(pid=101964) _load_store /opt/stack/data/venv/lib/python3.12/site-packages/glance_store/backend.py:215}}
May 27 23:05:15.549295 np0000001565 devstack@g-api.service[101964]: DEBUG glance_store.capabilities [None req-ae85766f-10d2-4fc5-95df-58178f9d58be tempest-AttachVolumeShelveTestJSON-876504441 tempest-AttachVolumeShelveTestJSON-876504441-project-member] Store glance_store._drivers.swift.store.SingleTenantStore doesn't support updating dynamic storage capabilities. Please overwrite 'update_capabilities' method of the store to implement updating logics if needed. {{(pid=101964) update_capabilities /opt/stack/data/venv/lib/python3.12/site-packages/glance_store/capabilities.py:91}}
