May 27 22:57:56.949893 np0000001565 devstack@g-api.service[101965]: DEBUG glance_store.location [-] Registering scheme swift+config with {'store': , 'location_class': , 'store_entry': 'swift'} {{(pid=101965) register_scheme_map /opt/stack/data/venv/lib/python3.12/site-packages/glance_store/location.py:146}}
May 27 22:57:56.949978 np0000001565 devstack@g-api.service[101965]: DEBUG glance_store.backend [-] Attempting to import store file {{(pid=101965) _load_store /opt/stack/data/venv/lib/python3.12/site-packages/glance_store/backend.py:215}}
May 27 22:57:56.950471 np0000001565 devstack@g-api.service[101965]: DEBUG glance_store.capabilities [-] Store glance_store._drivers.filesystem.Store doesn't support updating dynamic storage capabilities. Please overwrite 'update_capabilities' method of the store to implement updating logics if needed. {{(pid=101965) update_capabilities /opt/stack/data/venv/lib/python3.12/site-packages/glance_store/capabilities.py:91}}
May 27 22:57:56.950534 np0000001565 devstack@g-api.service[101965]: DEBUG glance_store.backend [-] Registering store file with schemes ('file', 'filesystem') {{(pid=101965) create_stores /opt/stack/data/venv/lib/python3.12/site-packages/glance_store/backend.py:261}}
May 27 22:57:56.950638 np0000001565 devstack@g-api.service[101965]: DEBUG glance_store.driver [-] Late loading location class glance_store._drivers.filesystem.StoreLocation {{(pid=101965) get_store_location_class /opt/stack/data/venv/lib/python3.12/site-packages/glance_store/driver.py:134}}
May 27 22:57:56.950738 np0000001565 devstack@g-api.service[101965]: DEBUG glance_store.location [-] Registering scheme file with {'store': , 'location_class': , 'store_entry': 'file'} {{(pid=101965) register_scheme_map /opt/stack/data/venv/lib/python3.12/site-packages/glance_store/location.py:146}}
May 27 22:57:56.950899 np0000001565 devstack@g-api.service[101965]: DEBUG glance_store.location [-] Registering scheme filesystem with {'store': , 'location_class': , 'store_entry': 'file'} {{(pid=101965) register_scheme_map /opt/stack/data/venv/lib/python3.12/site-packages/glance_store/location.py:146}}
May 27 22:57:56.950990 np0000001565 devstack@g-api.service[101965]: DEBUG glance_store.backend [-] Attempting to import store http {{(pid=101965) _load_store /opt/stack/data/venv/lib/python3.12/site-packages/glance_store/backend.py:215}}
May 27 22:57:56.951218 np0000001565 devstack@g-api.service[101965]: DEBUG glance_store.capabilities [-] Store glance_store._drivers.http.Store doesn't support updating dynamic storage capabilities. Please overwrite 'update_capabilities' method of the store to implement updating logics if needed. {{(pid=101965) update_capabilities /opt/stack/data/venv/lib/python3.12/site-packages/glance_store/capabilities.py:91}}
May 27 22:57:56.951293 np0000001565 devstack@g-api.service[101965]: DEBUG glance_store.backend [-] Registering store http with schemes ('http', 'https') {{(pid=101965) create_stores /opt/stack/data/venv/lib/python3.12/site-packages/glance_store/backend.py:261}}
May 27 22:57:56.951391 np0000001565 devstack@g-api.service[101965]: DEBUG glance_store.driver [-] Late loading location class glance_store._drivers.http.StoreLocation {{(pid=101965) get_store_location_class /opt/stack/data/venv/lib/python3.12/site-packages/glance_store/driver.py:134}}
May 27 22:57:56.951496 np0000001565 devstack@g-api.service[101965]: DEBUG glance_store.location [-] Registering scheme http with {'store': , 'location_class': , 'store_entry': 'http'} {{(pid=101965) register_scheme_map /opt/stack/data/venv/lib/python3.12/site-packages/glance_store/location.py:146}}
May 27 22:57:56.951578 np0000001565 devstack@g-api.service[101965]: DEBUG glance_store.location [-] Registering scheme https with {'store': , 'location_class': , 'store_entry': 'http'} {{(pid=101965) register_scheme_map /opt/stack/data/venv/lib/python3.12/site-packages/glance_store/location.py:146}}
May 27 22:57:56.951729 np0000001565 devstack@g-api.service[101965]: DEBUG glance_store.backend [-] Attempting to import store swift {{(pid=101965) _load_store /opt/stack/data/venv/lib/python3.12/site-packages/glance_store/backend.py:215}}
May 27 22:57:56.952852 np0000001565 devstack@g-api.service[101965]: DEBUG glance_store.capabilities [-] Store glance_store._drivers.swift.store.SingleTenantStore doesn't support updating dynamic storage capabilities. Please overwrite 'update_capabilities' method of the store to implement updating logics if needed. {{(pid=101965) update_capabilities /opt/stack/data/venv/lib/python3.12/site-packages/glance_store/capabilities.py:91}}
May 27 22:57:56.952916 np0000001565 devstack@g-api.service[101965]: DEBUG glance_store.driver [-] Late loading location class glance_store._drivers.swift.store.StoreLocation {{(pid=101965) get_store_location_class /opt/stack/data/venv/lib/python3.12/site-packages/glance_store/driver.py:134}}
May 27 22:57:56.953028 np0000001565 devstack@g-api.service[101965]: DEBUG glance_store.location [-] Registering scheme swift+https with {'store': , 'location_class': , 'store_entry': 'swift'} {{(pid=101965) register_scheme_map /opt/stack/data/venv/lib/python3.12/site-packages/glance_store/location.py:146}}
May 27 22:57:56.953106 np0000001565 devstack@g-api.service[101965]: DEBUG glance_store.location [-] Registering scheme swift+https with {'store': , 'location_class': , 'store_entry': 'swift'} {{(pid=101965) register_scheme_map /opt/stack/data/venv/lib/python3.12/site-packages/glance_store/location.py:146}}
May 27 22:57:56.953204 np0000001565 devstack@g-api.service[101965]: DEBUG glance_store.location [-] Registering scheme swift with {'store': , 'location_class': , 'store_entry': 'swift'} {{(pid=101965) register_scheme_map /opt/stack/data/venv/lib/python3.12/site-packages/glance_store/location.py:146}}
May 27 22:57:56.953277 np0000001565 devstack@g-api.service[101965]: DEBUG glance_store.location [-] Registering scheme swift+https with {'store': , 'location_class': , 'store_entry': 'swift'} {{(pid=101965) register_scheme_map /opt/stack/data/venv/lib/python3.12/site-packages/glance_store/location.py:146}}
May 27 22:57:56.953391 np0000001565 devstack@g-api.service[101965]: DEBUG glance_store.location [-] Registering scheme swift with {'store': , 'location_class': , 'store_entry': 'swift'} {{(pid=101965) register_scheme_map /opt/stack/data/venv/lib/python3.12/site-packages/glance_store/location.py:146}}
May 27 22:57:56.953473 np0000001565 devstack@g-api.service[101965]: DEBUG glance_store.location [-] Registering scheme swift+http with {'store': , 'location_class': , 'store_entry': 'swift'} {{(pid=101965) register_scheme_map /opt/stack/data/venv/lib/python3.12/site-packages/glance_store/location.py:146}}
May 27 22:57:56.953560 np0000001565 devstack@g-api.service[101965]: DEBUG glance_store.location [-] Registering scheme swift+https with {'store': , 'location_class': , 'store_entry': 'swift'} {{(pid=101965) register_scheme_map /opt/stack/data/venv/lib/python3.12/site-packages/glance_store/location.py:146}}
May 27 22:57:56.953640 np0000001565 devstack@g-api.service[101965]: DEBUG glance_store.location [-] Registering scheme swift with {'store': , 'location_class': , 'store_entry': 'swift'} {{(pid=101965) register_scheme_map /opt/stack/data/venv/lib/python3.12/site-packages/glance_store/location.py:146}}
May 27 22:57:56.953726 np0000001565 devstack@g-api.service[101965]: DEBUG glance_store.location [-] Registering scheme swift+http with {'store': , 'location_class': , 'store_entry': 'swift'} {{(pid=101965) register_scheme_map /opt/stack/data/venv/lib/python3.12/site-packages/glance_store/location.py:146}}
May 27 22:57:56.953817 np0000001565 devstack@g-api.service[101965]: DEBUG glance_store.location [-] Registering scheme swift+config with {'store': , 'location_class': , 'store_entry': 'swift'} {{(pid=101965) register_scheme_map /opt/stack/data/venv/lib/python3.12/site-packages/glance_store/location.py:146}}
May 27 22:57:56.954103 np0000001565 devstack@g-api.service[101965]: DEBUG glance.sqlite_migration [-] SQLite caching database not located, skipping migration {{(pid=101965) get_db_path /opt/stack/glance/glance/sqlite_migration.py:68}}
May 27 22:57:56.954323 np0000001565 devstack@g-api.service[101965]: WARNING glance.common.wsgi_app [-] Import methods are enabled but staging directory /tmp/staging/ does not exist; Imports will fail!
May 27 22:57:57.074298 np0000001565 devstack@g-api.service[101963]: DEBUG glance.common.config [None req-3448cc60-e357-4c11-b1e0-9d4d8e9ed5e3 None None] Loading glance-api-keystone+cachemanagement from /etc/glance/glance-api-paste.ini {{(pid=101963) load_paste_app /opt/stack/glance/glance/common/config.py:758}}
May 27 22:57:57.193831 np0000001565 devstack@g-api.service[101964]: DEBUG glance.common.config [None req-18519874-cd00-4af9-b6b3-bd46b34ad1ec None None] Loading glance-api-keystone+cachemanagement from /etc/glance/glance-api-paste.ini {{(pid=101964) load_paste_app /opt/stack/glance/glance/common/config.py:758}}
May 27 22:57:57.200884 np0000001565 devstack@g-api.service[101965]: DEBUG glance.common.config [None req-a46452e6-dbda-4f08-bdcf-d7d4451ebf58 None None] Loading glance-api-keystone+cachemanagement from /etc/glance/glance-api-paste.ini {{(pid=101965) load_paste_app /opt/stack/glance/glance/common/config.py:758}}
May 27 22:57:57.642830 np0000001565 devstack@g-api.service[101963]: INFO glance.image_cache [None req-3448cc60-e357-4c11-b1e0-9d4d8e9ed5e3 None None] Image cache loaded driver 'centralized_db'.
May 27 22:57:57.677099 np0000001565 devstack@g-api.service[101964]: INFO glance.image_cache [None req-18519874-cd00-4af9-b6b3-bd46b34ad1ec None None] Image cache loaded driver 'centralized_db'.
May 27 22:57:57.686967 np0000001565 devstack@g-api.service[101963]: INFO dbcounter [None req-3448cc60-e357-4c11-b1e0-9d4d8e9ed5e3 None None] Registered counter for database glance
May 27 22:57:57.690170 np0000001565 devstack@g-api.service[101965]: INFO glance.image_cache [None req-a46452e6-dbda-4f08-bdcf-d7d4451ebf58 None None] Image cache loaded driver 'centralized_db'.
May 27 22:57:57.719579 np0000001565 devstack@g-api.service[101964]: INFO dbcounter [None req-18519874-cd00-4af9-b6b3-bd46b34ad1ec None None] Registered counter for database glance
May 27 22:57:57.729069 np0000001565 devstack@g-api.service[101963]: DEBUG oslo_db.sqlalchemy.engines [None req-3448cc60-e357-4c11-b1e0-9d4d8e9ed5e3 None None] MySQL server mode set to STRICT_TRANS_TABLES,STRICT_ALL_TABLES,NO_ZERO_IN_DATE,NO_ZERO_DATE,ERROR_FOR_DIVISION_BY_ZERO,TRADITIONAL,NO_ENGINE_SUBSTITUTION {{(pid=101963) _check_effective_sql_mode /opt/stack/data/venv/lib/python3.12/site-packages/oslo_db/sqlalchemy/engines.py:325}}
May 27 22:57:57.733250 np0000001565 devstack@g-api.service[101965]: INFO dbcounter [None req-a46452e6-dbda-4f08-bdcf-d7d4451ebf58 None None] Registered counter for database glance
May 27 22:57:57.750209 np0000001565 devstack@g-api.service[101963]: DEBUG dbcounter [-] [101963] Writer thread running {{(pid=101963) stat_writer /opt/stack/data/venv/lib/python3.12/site-packages/dbcounter.py:102}}
May 27 22:57:57.761600 np0000001565 devstack@g-api.service[101963]: INFO glance.image_cache [None req-3448cc60-e357-4c11-b1e0-9d4d8e9ed5e3 None None] Image cache loaded driver 'centralized_db'.
May 27 22:57:57.763992 np0000001565 devstack@g-api.service[101964]: DEBUG oslo_db.sqlalchemy.engines [None req-18519874-cd00-4af9-b6b3-bd46b34ad1ec None None] MySQL server mode set to STRICT_TRANS_TABLES,STRICT_ALL_TABLES,NO_ZERO_IN_DATE,NO_ZERO_DATE,ERROR_FOR_DIVISION_BY_ZERO,TRADITIONAL,NO_ENGINE_SUBSTITUTION {{(pid=101964) _check_effective_sql_mode /opt/stack/data/venv/lib/python3.12/site-packages/oslo_db/sqlalchemy/engines.py:325}}
May 27 22:57:57.768618 np0000001565 devstack@g-api.service[101963]: DEBUG glance.image_cache.drivers.centralized_db [None req-3448cc60-e357-4c11-b1e0-9d4d8e9ed5e3 None None] Node reference is already recorded, ignoring it {{(pid=101963) configure /opt/stack/glance/glance/image_cache/drivers/centralized_db.py:71}}
May 27 22:57:57.773140 np0000001565 devstack@g-api.service[101963]: DEBUG glance.api.v2.cached_images [None req-3448cc60-e357-4c11-b1e0-9d4d8e9ed5e3 None None] Started cache worker thread {{(pid=101963) __init__ /opt/stack/glance/glance/api/v2/cached_images.py:69}}
May 27 22:57:57.773849 np0000001565 devstack@g-api.service[101963]: INFO glance.image_cache [None req-3448cc60-e357-4c11-b1e0-9d4d8e9ed5e3 None None] Image cache loaded driver 'centralized_db'.
May 27 22:57:57.778441 np0000001565 devstack@g-api.service[101965]: DEBUG oslo_db.sqlalchemy.engines [None req-a46452e6-dbda-4f08-bdcf-d7d4451ebf58 None None] MySQL server mode set to STRICT_TRANS_TABLES,STRICT_ALL_TABLES,NO_ZERO_IN_DATE,NO_ZERO_DATE,ERROR_FOR_DIVISION_BY_ZERO,TRADITIONAL,NO_ENGINE_SUBSTITUTION {{(pid=101965) _check_effective_sql_mode /opt/stack/data/venv/lib/python3.12/site-packages/oslo_db/sqlalchemy/engines.py:325}}
May 27 22:57:57.782185 np0000001565 devstack@g-api.service[101963]: DEBUG glance.image_cache.drivers.centralized_db [None req-3448cc60-e357-4c11-b1e0-9d4d8e9ed5e3 None None] Node reference is already recorded, ignoring it {{(pid=101963) configure /opt/stack/glance/glance/image_cache/drivers/centralized_db.py:71}}
May 27 22:57:57.784073 np0000001565 devstack@g-api.service[101964]: DEBUG dbcounter [-] [101964] Writer thread running {{(pid=101964) stat_writer /opt/stack/data/venv/lib/python3.12/site-packages/dbcounter.py:102}}
May 27 22:57:57.786627 np0000001565 devstack@g-api.service[101964]: DEBUG glance.image_cache.drivers.centralized_db [None req-18519874-cd00-4af9-b6b3-bd46b34ad1ec None None] Node reference is already recorded, ignoring it {{(pid=101964) configure /opt/stack/glance/glance/image_cache/drivers/centralized_db.py:71}}
May 27 22:57:57.786710 np0000001565 devstack@g-api.service[101963]: INFO glance.api.middleware.cache_manage [None req-3448cc60-e357-4c11-b1e0-9d4d8e9ed5e3 None None] Initialized image cache management middleware
May 27 22:57:57.786914 np0000001565 devstack@g-api.service[101963]: INFO glance.image_cache [None req-3448cc60-e357-4c11-b1e0-9d4d8e9ed5e3 None None] Image cache loaded driver 'centralized_db'.
May 27 22:57:57.792879 np0000001565 devstack@g-api.service[101964]: INFO glance.image_cache [None req-18519874-cd00-4af9-b6b3-bd46b34ad1ec None None] Image cache loaded driver 'centralized_db'.
May 27 22:57:57.793485 np0000001565 devstack@g-api.service[101963]: DEBUG glance.image_cache.drivers.centralized_db [None req-3448cc60-e357-4c11-b1e0-9d4d8e9ed5e3 None None] Node reference is already recorded, ignoring it {{(pid=101963) configure /opt/stack/glance/glance/image_cache/drivers/centralized_db.py:71}}
May 27 22:57:57.797553 np0000001565 devstack@g-api.service[101963]: INFO glance.api.middleware.cache [None req-3448cc60-e357-4c11-b1e0-9d4d8e9ed5e3 None None] Initialized image cache middleware
May 27 22:57:57.800731 np0000001565 devstack@g-api.service[101965]: DEBUG dbcounter [-] [101965] Writer thread running {{(pid=101965) stat_writer /opt/stack/data/venv/lib/python3.12/site-packages/dbcounter.py:102}}
May 27 22:57:57.801032 np0000001565 devstack@g-api.service[101964]: DEBUG glance.image_cache.drivers.centralized_db [None req-18519874-cd00-4af9-b6b3-bd46b34ad1ec None None] Node reference is already recorded, ignoring it {{(pid=101964) configure /opt/stack/glance/glance/image_cache/drivers/centralized_db.py:71}}
May 27 22:57:57.803150 np0000001565 devstack@g-api.service[101965]: DEBUG glance.image_cache.drivers.centralized_db [None req-a46452e6-dbda-4f08-bdcf-d7d4451ebf58 None None] Node reference is already recorded, ignoring it {{(pid=101965) configure /opt/stack/glance/glance/image_cache/drivers/centralized_db.py:71}}
May 27 22:57:57.807175 np0000001565 devstack@g-api.service[101964]: DEBUG glance.api.v2.cached_images [None req-18519874-cd00-4af9-b6b3-bd46b34ad1ec None None] Started cache worker thread {{(pid=101964) __init__ /opt/stack/glance/glance/api/v2/cached_images.py:69}}
May 27 22:57:57.807804 np0000001565 devstack@g-api.service[101964]: INFO glance.image_cache [None req-18519874-cd00-4af9-b6b3-bd46b34ad1ec None None] Image cache loaded driver 'centralized_db'.
May 27 22:57:57.808123 np0000001565 devstack@g-api.service[101965]: INFO glance.image_cache [None req-a46452e6-dbda-4f08-bdcf-d7d4451ebf58 None None] Image cache loaded driver 'centralized_db'.
May 27 22:57:57.808563 np0000001565 devstack@g-api.service[101963]: DEBUG glance.common.config [None req-3448cc60-e357-4c11-b1e0-9d4d8e9ed5e3 None None] ******************************************************************************** {{(pid=101963) log_opt_values /opt/stack/data/venv/lib/python3.12/site-packages/oslo_config/cfg.py:3229}}
May 27 22:57:57.808654 np0000001565 devstack@g-api.service[101963]: DEBUG glance.common.config [None req-3448cc60-e357-4c11-b1e0-9d4d8e9ed5e3 None None] Configuration options gathered from: {{(pid=101963) log_opt_values /opt/stack/data/venv/lib/python3.12/site-packages/oslo_config/cfg.py:3230}}
May 27 22:57:57.808973 np0000001565 devstack@g-api.service[101963]: DEBUG glance.common.config [None req-3448cc60-e357-4c11-b1e0-9d4d8e9ed5e3 None None] command line args: [] {{(pid=101963) log_opt_values /opt/stack/data/venv/lib/python3.12/site-packages/oslo_config/cfg.py:3231}}
May 27 22:57:57.809097 np0000001565 devstack@g-api.service[101963]: DEBUG glance.common.config [None req-3448cc60-e357-4c11-b1e0-9d4d8e9ed5e3 None None] config files: ['/etc/glance/glance-image-import.conf', '/etc/glance/glance-api.conf'] {{(pid=101963) log_opt_values /opt/stack/data/venv/lib/python3.12/site-packages/oslo_config/cfg.py:3232}}
May 27 22:57:57.809163 np0000001565 devstack@g-api.service[101963]: DEBUG glance.common.config [None req-3448cc60-e357-4c11-b1e0-9d4d8e9ed5e3 None None] ================================================================================ {{(pid=101963) log_opt_values /opt/stack/data/venv/lib/python3.12/site-packages/oslo_config/cfg.py:3237}}
May 27 22:57:57.809282 np0000001565 devstack@g-api.service[101963]: DEBUG glance.common.config [None req-3448cc60-e357-4c11-b1e0-9d4d8e9ed5e3 None None] allow_anonymous_access = False {{(pid=101963) log_opt_values /opt/stack/data/venv/lib/python3.12/site-packages/oslo_config/cfg.py:3245}}
May 27 22:57:57.809395 np0000001565 devstack@g-api.service[101963]: DEBUG glance.common.config [None req-3448cc60-e357-4c11-b1e0-9d4d8e9ed5e3 None None] api_limit_max = 1000 {{(pid=101963) log_opt_values /opt/stack/data/venv/lib/python3.12/site-packages/oslo_config/cfg.py:3245}}
May 27 22:57:57.809495 np0000001565 devstack@g-api.service[101963]: DEBUG glance.common.config [None req-3448cc60-e357-4c11-b1e0-9d4d8e9ed5e3 None None] backlog = 4096 {{(pid=101963) log_opt_values /opt/stack/data/venv/lib/python3.12/site-packages/oslo_config/cfg.py:3245}}
May 27 22:57:57.809619 np0000001565 devstack@g-api.service[101963]: DEBUG glance.common.config [None req-3448cc60-e357-4c11-b1e0-9d4d8e9ed5e3 None None] bind_host = 0.0.0.0 {{(pid=101963) log_opt_values /opt/stack/data/venv/lib/python3.12/site-packages/oslo_config/cfg.py:3245}}
May 27 22:57:57.809752 np0000001565 devstack@g-api.service[101963]: DEBUG glance.common.config [None req-3448cc60-e357-4c11-b1e0-9d4d8e9ed5e3 None None] bind_port = 19292 {{(pid=101963) log_opt_values /opt/stack/data/venv/lib/python3.12/site-packages/oslo_config/cfg.py:3245}}
May 27 22:57:57.809855 np0000001565 devstack@g-api.service[101963]: DEBUG glance.common.config [None req-3448cc60-e357-4c11-b1e0-9d4d8e9ed5e3 None None] client_socket_timeout = 900 {{(pid=101963) log_opt_values /opt/stack/data/venv/lib/python3.12/site-packages/oslo_config/cfg.py:3245}}
May 27 22:57:57.809993 np0000001565 devstack@g-api.service[101963]: DEBUG glance.common.config [None req-3448cc60-e357-4c11-b1e0-9d4d8e9ed5e3 None None] config_dir = [] {{(pid=101963) log_opt_values /opt/stack/data/venv/lib/python3.12/site-packages/oslo_config/cfg.py:3245}}
May 27 22:57:57.810074 np0000001565 devstack@g-api.service[101963]: DEBUG glance.common.config [None req-3448cc60-e357-4c11-b1e0-9d4d8e9ed5e3 None None] config_file = ['/etc/glance/glance-image-import.conf', '/etc/glance/glance-api.conf'] {{(pid=101963) log_opt_values /opt/stack/data/venv/lib/python3.12/site-packages/oslo_config/cfg.py:3245}}
May 27 22:57:57.810170 np0000001565 devstack@g-api.service[101963]: DEBUG glance.common.config [None req-3448cc60-e357-4c11-b1e0-9d4d8e9ed5e3 None None] config_source = [] {{(pid=101963) log_opt_values /opt/stack/data/venv/lib/python3.12/site-packages/oslo_config/cfg.py:3245}}
May 27 22:57:57.810267 np0000001565 devstack@g-api.service[101963]: DEBUG glance.common.config [None req-3448cc60-e357-4c11-b1e0-9d4d8e9ed5e3 None None] control_exchange = glance {{(pid=101963) log_opt_values /opt/stack/data/venv/lib/python3.12/site-packages/oslo_config/cfg.py:3245}}
May 27 22:57:57.810339 np0000001565 devstack@g-api.service[101963]: DEBUG glance.common.config [None req-3448cc60-e357-4c11-b1e0-9d4d8e9ed5e3 None None] debug = True {{(pid=101963) log_opt_values /opt/stack/data/venv/lib/python3.12/site-packages/oslo_config/cfg.py:3245}}
May 27 22:57:57.810505 np0000001565 devstack@g-api.service[101963]: DEBUG glance.common.config [None req-3448cc60-e357-4c11-b1e0-9d4d8e9ed5e3 None None] default_log_levels = ['amqp=WARN', 'boto=WARN', 'sqlalchemy=WARN', 'suds=INFO', 'oslo.messaging=INFO', 'oslo_messaging=INFO', 'iso8601=WARN', 'requests.packages.urllib3.connectionpool=WARN', 'urllib3.connectionpool=WARN', 'websocket=WARN', 'requests.packages.urllib3.util.retry=WARN', 'urllib3.util.retry=WARN', 'keystonemiddleware=WARN', 'routes.middleware=WARN', 'stevedore=WARN', 'taskflow=WARN', 'keystoneauth=WARN', 'oslo.cache=INFO', 'oslo_policy=INFO', 'dogpile.core.dogpile=INFO'] {{(pid=101963) log_opt_values /opt/stack/data/venv/lib/python3.12/site-packages/oslo_config/cfg.py:3245}}
May 27 22:57:57.810599 np0000001565 devstack@g-api.service[101963]: DEBUG glance.common.config [None req-3448cc60-e357-4c11-b1e0-9d4d8e9ed5e3 None None] default_publisher_id = image.localhost {{(pid=101963) log_opt_values /opt/stack/data/venv/lib/python3.12/site-packages/oslo_config/cfg.py:3245}}
May 27 22:57:57.810685 np0000001565 devstack@g-api.service[101963]: DEBUG glance.common.config [None req-3448cc60-e357-4c11-b1e0-9d4d8e9ed5e3 None None] delayed_delete = False {{(pid=101963) log_opt_values /opt/stack/data/venv/lib/python3.12/site-packages/oslo_config/cfg.py:3245}}
May 27 22:57:57.810793 np0000001565 devstack@g-api.service[101963]: DEBUG glance.common.config [None req-3448cc60-e357-4c11-b1e0-9d4d8e9ed5e3 None None] digest_algorithm = sha256 {{(pid=101963) log_opt_values /opt/stack/data/venv/lib/python3.12/site-packages/oslo_config/cfg.py:3245}}
May 27 22:57:57.810881 np0000001565 devstack@g-api.service[101963]: DEBUG glance.common.config [None req-3448cc60-e357-4c11-b1e0-9d4d8e9ed5e3 None None] disabled_notifications = [] {{(pid=101963) log_opt_values /opt/stack/data/venv/lib/python3.12/site-packages/oslo_config/cfg.py:3245}}
May 27 22:57:57.810968 np0000001565 devstack@g-api.service[101963]: DEBUG glance.common.config [None req-3448cc60-e357-4c11-b1e0-9d4d8e9ed5e3 None None] do_secure_hash = True {{(pid=101963) log_opt_values /opt/stack/data/venv/lib/python3.12/site-packages/oslo_config/cfg.py:3245}}
May 27 22:57:57.811055 np0000001565 devstack@g-api.service[101963]: DEBUG glance.common.config [None req-3448cc60-e357-4c11-b1e0-9d4d8e9ed5e3 None None] enabled_backends = None {{(pid=101963) log_opt_values /opt/stack/data/venv/lib/python3.12/site-packages/oslo_config/cfg.py:3245}}
May 27 22:57:57.811158 np0000001565 devstack@g-api.service[101963]: DEBUG glance.common.config [None req-3448cc60-e357-4c11-b1e0-9d4d8e9ed5e3 None None] enabled_import_methods = ['glance-direct', 'web-download', 'copy-image'] {{(pid=101963) log_opt_values /opt/stack/data/venv/lib/python3.12/site-packages/oslo_config/cfg.py:3245}}
May 27 22:57:57.811244 np0000001565 devstack@g-api.service[101963]: DEBUG glance.common.config [None req-3448cc60-e357-4c11-b1e0-9d4d8e9ed5e3 None None] fatal_deprecations = False {{(pid=101963) log_opt_values /opt/stack/data/venv/lib/python3.12/site-packages/oslo_config/cfg.py:3245}}
May 27 22:57:57.811339 np0000001565 devstack@g-api.service[101963]: DEBUG glance.common.config [None req-3448cc60-e357-4c11-b1e0-9d4d8e9ed5e3 None None] hashing_algorithm = sha512 {{(pid=101963) log_opt_values /opt/stack/data/venv/lib/python3.12/site-packages/oslo_config/cfg.py:3245}}
May 27 22:57:57.811436 np0000001565 devstack@g-api.service[101963]: DEBUG glance.common.config [None req-3448cc60-e357-4c11-b1e0-9d4d8e9ed5e3 None None] http_keepalive = True {{(pid=101963) log_opt_values /opt/stack/data/venv/lib/python3.12/site-packages/oslo_config/cfg.py:3245}}
May 27 22:57:57.811520 np0000001565 devstack@g-api.service[101963]: DEBUG glance.common.config [None req-3448cc60-e357-4c11-b1e0-9d4d8e9ed5e3 None None] http_retries = 3 {{(pid=101963) log_opt_values /opt/stack/data/venv/lib/python3.12/site-packages/oslo_config/cfg.py:3245}}
May 27 22:57:57.811617 np0000001565 devstack@g-api.service[101963]: DEBUG glance.common.config [None req-3448cc60-e357-4c11-b1e0-9d4d8e9ed5e3 None None] image_cache_dir = /opt/stack/data/glance/cache/ {{(pid=101963) log_opt_values /opt/stack/data/venv/lib/python3.12/site-packages/oslo_config/cfg.py:3245}}
May 27 22:57:57.811735 np0000001565 devstack@g-api.service[101963]: DEBUG glance.common.config [None req-3448cc60-e357-4c11-b1e0-9d4d8e9ed5e3 None None] image_cache_driver = centralized_db {{(pid=101963) log_opt_values /opt/stack/data/venv/lib/python3.12/site-packages/oslo_config/cfg.py:3245}}
May 27 22:57:57.811839 np0000001565 devstack@g-api.service[101963]: DEBUG glance.common.config [None req-3448cc60-e357-4c11-b1e0-9d4d8e9ed5e3 None None] image_cache_max_size = 10737418240 {{(pid=101963) log_opt_values /opt/stack/data/venv/lib/python3.12/site-packages/oslo_config/cfg.py:3245}}
May 27 22:57:57.811928 np0000001565 devstack@g-api.service[101963]: DEBUG glance.common.config [None req-3448cc60-e357-4c11-b1e0-9d4d8e9ed5e3 None None] image_cache_sqlite_db = cache.db {{(pid=101963) log_opt_values /opt/stack/data/venv/lib/python3.12/site-packages/oslo_config/cfg.py:3245}}
May 27 22:57:57.812054 np0000001565 devstack@g-api.service[101963]: DEBUG glance.common.config [None req-3448cc60-e357-4c11-b1e0-9d4d8e9ed5e3 None None] image_cache_stall_time = 86400 {{(pid=101963) log_opt_values /opt/stack/data/venv/lib/python3.12/site-packages/oslo_config/cfg.py:3245}}
May 27 22:57:57.812186 np0000001565 devstack@g-api.service[101963]: DEBUG glance.common.config [None req-3448cc60-e357-4c11-b1e0-9d4d8e9ed5e3 None None] image_location_quota = 10 {{(pid=101963) log_opt_values /opt/stack/data/venv/lib/python3.12/site-packages/oslo_config/cfg.py:3245}}
May 27 22:57:57.812316 np0000001565 devstack@g-api.service[101963]: DEBUG glance.common.config [None req-3448cc60-e357-4c11-b1e0-9d4d8e9ed5e3 None None] image_member_quota = 128 {{(pid=101963) log_opt_values /opt/stack/data/venv/lib/python3.12/site-packages/oslo_config/cfg.py:3245}}
May 27 22:57:57.812485 np0000001565 devstack@g-api.service[101963]: DEBUG glance.common.config [None req-3448cc60-e357-4c11-b1e0-9d4d8e9ed5e3 None None] image_property_quota = 128 {{(pid=101963) log_opt_values /opt/stack/data/venv/lib/python3.12/site-packages/oslo_config/cfg.py:3245}}
May 27 22:57:57.812605 np0000001565 devstack@g-api.service[101963]: DEBUG glance.common.config [None req-3448cc60-e357-4c11-b1e0-9d4d8e9ed5e3 None None] image_size_cap = 1099511627776 {{(pid=101963) log_opt_values /opt/stack/data/venv/lib/python3.12/site-packages/oslo_config/cfg.py:3245}}
May 27 22:57:57.812721 np0000001565 devstack@g-api.service[101963]: DEBUG glance.common.config [None req-3448cc60-e357-4c11-b1e0-9d4d8e9ed5e3 None None] image_tag_quota = 128 {{(pid=101963) log_opt_values /opt/stack/data/venv/lib/python3.12/site-packages/oslo_config/cfg.py:3245}}
May 27 22:57:57.812840 np0000001565 devstack@g-api.service[101963]: DEBUG glance.common.config [None req-3448cc60-e357-4c11-b1e0-9d4d8e9ed5e3 None None] instance_format = [instance: %(uuid)s] {{(pid=101963) log_opt_values /opt/stack/data/venv/lib/python3.12/site-packages/oslo_config/cfg.py:3245}}
May 27 22:57:57.812937 np0000001565 devstack@g-api.service[101963]: DEBUG glance.common.config [None req-3448cc60-e357-4c11-b1e0-9d4d8e9ed5e3 None None] instance_uuid_format = [instance: %(uuid)s] {{(pid=101963) log_opt_values /opt/stack/data/venv/lib/python3.12/site-packages/oslo_config/cfg.py:3245}}
May 27 22:57:57.813023 np0000001565 devstack@g-api.service[101963]: DEBUG glance.common.config [None req-3448cc60-e357-4c11-b1e0-9d4d8e9ed5e3 None None] limit_param_default = 25 {{(pid=101963) log_opt_values /opt/stack/data/venv/lib/python3.12/site-packages/oslo_config/cfg.py:3245}}
May 27 22:57:57.813116 np0000001565 devstack@g-api.service[101963]: DEBUG glance.common.config [None req-3448cc60-e357-4c11-b1e0-9d4d8e9ed5e3 None None] log_color = False {{(pid=101963) log_opt_values /opt/stack/data/venv/lib/python3.12/site-packages/oslo_config/cfg.py:3245}}
May 27 22:57:57.813219 np0000001565 devstack@g-api.service[101963]: DEBUG glance.common.config [None req-3448cc60-e357-4c11-b1e0-9d4d8e9ed5e3 None None] log_config_append = None {{(pid=101963) log_opt_values /opt/stack/data/venv/lib/python3.12/site-packages/oslo_config/cfg.py:3245}}
May 27 22:57:57.813305 np0000001565 devstack@g-api.service[101963]: DEBUG glance.common.config [None req-3448cc60-e357-4c11-b1e0-9d4d8e9ed5e3 None None] log_date_format = %Y-%m-%d %H:%M:%S {{(pid=101963) log_opt_values /opt/stack/data/venv/lib/python3.12/site-packages/oslo_config/cfg.py:3245}}
May 27 22:57:57.813416 np0000001565 devstack@g-api.service[101963]: DEBUG glance.common.config [None req-3448cc60-e357-4c11-b1e0-9d4d8e9ed5e3 None None] log_dir = None {{(pid=101963) log_opt_values /opt/stack/data/venv/lib/python3.12/site-packages/oslo_config/cfg.py:3245}}
May 27 22:57:57.813503 np0000001565 devstack@g-api.service[101963]: DEBUG glance.common.config [None req-3448cc60-e357-4c11-b1e0-9d4d8e9ed5e3 None None] log_file = None {{(pid=101963) log_opt_values /opt/stack/data/venv/lib/python3.12/site-packages/oslo_config/cfg.py:3245}}
May 27 22:57:57.813588 np0000001565 devstack@g-api.service[101963]: DEBUG glance.common.config [None req-3448cc60-e357-4c11-b1e0-9d4d8e9ed5e3 None None] log_rotate_interval = 1 {{(pid=101963) log_opt_values /opt/stack/data/venv/lib/python3.12/site-packages/oslo_config/cfg.py:3245}}
May 27 22:57:57.813718 np0000001565 devstack@g-api.service[101963]: DEBUG glance.common.config [None req-3448cc60-e357-4c11-b1e0-9d4d8e9ed5e3 None None] log_rotate_interval_type = days {{(pid=101963) log_opt_values /opt/stack/data/venv/lib/python3.12/site-packages/oslo_config/cfg.py:3245}}
May 27 22:57:57.813762 np0000001565 devstack@g-api.service[101964]: DEBUG glance.image_cache.drivers.centralized_db [None req-18519874-cd00-4af9-b6b3-bd46b34ad1ec None None] Node reference is already recorded, ignoring it {{(pid=101964) configure /opt/stack/glance/glance/image_cache/drivers/centralized_db.py:71}}
May 27 22:57:57.813826 np0000001565 devstack@g-api.service[101963]: DEBUG glance.common.config [None req-3448cc60-e357-4c11-b1e0-9d4d8e9ed5e3 None None] log_rotation_type = none {{(pid=101963) log_opt_values /opt/stack/data/venv/lib/python3.12/site-packages/oslo_config/cfg.py:3245}}
May 27 22:57:57.813898 np0000001565 devstack@g-api.service[101963]: DEBUG glance.common.config [None req-3448cc60-e357-4c11-b1e0-9d4d8e9ed5e3 None None] logging_context_format_string = %(color)s%(levelname)s %(name)s [%(global_request_id)s %(request_id)s %(project_name)s %(user_name)s%(color)s] %(instance)s%(color)s%(message)s {{(pid=101963) log_opt_values /opt/stack/data/venv/lib/python3.12/site-packages/oslo_config/cfg.py:3245}}
May 27 22:57:57.813963 np0000001565 devstack@g-api.service[101963]: DEBUG glance.common.config [None req-3448cc60-e357-4c11-b1e0-9d4d8e9ed5e3 None None] logging_debug_format_suffix = {{(pid=%(process)d) %(funcName)s %(pathname)s:%(lineno)d}} {{(pid=101963) log_opt_values /opt/stack/data/venv/lib/python3.12/site-packages/oslo_config/cfg.py:3245}}
May 27 22:57:57.814060 np0000001565 devstack@g-api.service[101963]: DEBUG glance.common.config [None req-3448cc60-e357-4c11-b1e0-9d4d8e9ed5e3 None None] logging_default_format_string = %(color)s%(levelname)s %(name)s [-%(color)s] %(instance)s%(color)s%(message)s {{(pid=101963) log_opt_values /opt/stack/data/venv/lib/python3.12/site-packages/oslo_config/cfg.py:3245}}
May 27 22:57:57.814156 np0000001565 devstack@g-api.service[101963]: DEBUG glance.common.config [None req-3448cc60-e357-4c11-b1e0-9d4d8e9ed5e3 None None] logging_exception_prefix = ERROR %(name)s %(instance)s {{(pid=101963) log_opt_values /opt/stack/data/venv/lib/python3.12/site-packages/oslo_config/cfg.py:3245}}
May 27 22:57:57.814221 np0000001565 devstack@g-api.service[101963]: DEBUG glance.common.config [None req-3448cc60-e357-4c11-b1e0-9d4d8e9ed5e3 None None] logging_user_identity_format = %(user)s %(project)s %(domain)s %(system_scope)s %(user_domain)s %(project_domain)s {{(pid=101963) log_opt_values /opt/stack/data/venv/lib/python3.12/site-packages/oslo_config/cfg.py:3245}}
May 27 22:57:57.814309 np0000001565 devstack@g-api.service[101963]: DEBUG glance.common.config [None req-3448cc60-e357-4c11-b1e0-9d4d8e9ed5e3 None None] max_header_line = 16384 {{(pid=101963) log_opt_values /opt/stack/data/venv/lib/python3.12/site-packages/oslo_config/cfg.py:3245}}
May 27 22:57:57.814422 np0000001565 devstack@g-api.service[101963]: DEBUG glance.common.config [None req-3448cc60-e357-4c11-b1e0-9d4d8e9ed5e3 None None] max_logfile_count = 30 {{(pid=101963) log_opt_values /opt/stack/data/venv/lib/python3.12/site-packages/oslo_config/cfg.py:3245}}
May 27 22:57:57.814504 np0000001565 devstack@g-api.service[101963]: DEBUG glance.common.config [None req-3448cc60-e357-4c11-b1e0-9d4d8e9ed5e3 None None] max_logfile_size_mb = 200 {{(pid=101963) log_opt_values /opt/stack/data/venv/lib/python3.12/site-packages/oslo_config/cfg.py:3245}}
May 27 22:57:57.814586 np0000001565 devstack@g-api.service[101963]: DEBUG glance.common.config [None req-3448cc60-e357-4c11-b1e0-9d4d8e9ed5e3 None None] max_request_id_length = 64 {{(pid=101963) log_opt_values /opt/stack/data/venv/lib/python3.12/site-packages/oslo_config/cfg.py:3245}}
May 27 22:57:57.814672 np0000001565 devstack@g-api.service[101963]: DEBUG glance.common.config [None req-3448cc60-e357-4c11-b1e0-9d4d8e9ed5e3 None None] metadata_encryption_key = **** {{(pid=101963) log_opt_values /opt/stack/data/venv/lib/python3.12/site-packages/oslo_config/cfg.py:3245}}
May 27 22:57:57.814762 np0000001565 devstack@g-api.service[101963]: DEBUG glance.common.config [None req-3448cc60-e357-4c11-b1e0-9d4d8e9ed5e3 None None] node_staging_uri = file:///tmp/staging/ {{(pid=101963) log_opt_values /opt/stack/data/venv/lib/python3.12/site-packages/oslo_config/cfg.py:3245}}
May 27 22:57:57.814820 np0000001565 devstack@g-api.service[101965]: DEBUG glance.image_cache.drivers.centralized_db [None req-a46452e6-dbda-4f08-bdcf-d7d4451ebf58 None None] Node reference is already recorded, ignoring it {{(pid=101965) configure /opt/stack/glance/glance/image_cache/drivers/centralized_db.py:71}}
May 27 22:57:57.814880 np0000001565 devstack@g-api.service[101963]: DEBUG glance.common.config [None req-3448cc60-e357-4c11-b1e0-9d4d8e9ed5e3 None None] property_protection_file = None {{(pid=101963) log_opt_values /opt/stack/data/venv/lib/python3.12/site-packages/oslo_config/cfg.py:3245}}
May 27 22:57:57.815014 np0000001565 devstack@g-api.service[101963]: DEBUG glance.common.config [None req-3448cc60-e357-4c11-b1e0-9d4d8e9ed5e3 None None] property_protection_rule_format = roles {{(pid=101963) log_opt_values /opt/stack/data/venv/lib/python3.12/site-packages/oslo_config/cfg.py:3245}}
May 27 22:57:57.815140 np0000001565 devstack@g-api.service[101963]: DEBUG glance.common.config [None req-3448cc60-e357-4c11-b1e0-9d4d8e9ed5e3 None None] public_endpoint = https://10.4.3.11/image {{(pid=101963) log_opt_values /opt/stack/data/venv/lib/python3.12/site-packages/oslo_config/cfg.py:3245}}
May 27 22:57:57.815231 np0000001565 devstack@g-api.service[101963]: DEBUG glance.common.config [None req-3448cc60-e357-4c11-b1e0-9d4d8e9ed5e3 None None] publish_errors = False {{(pid=101963) log_opt_values /opt/stack/data/venv/lib/python3.12/site-packages/oslo_config/cfg.py:3245}}
May 27 22:57:57.815317 np0000001565 devstack@g-api.service[101963]: DEBUG glance.common.config [None req-3448cc60-e357-4c11-b1e0-9d4d8e9ed5e3 None None] pydev_worker_debug_host = None {{(pid=101963) log_opt_values /opt/stack/data/venv/lib/python3.12/site-packages/oslo_config/cfg.py:3245}}
May 27 22:57:57.815423 np0000001565 devstack@g-api.service[101963]: DEBUG glance.common.config [None req-3448cc60-e357-4c11-b1e0-9d4d8e9ed5e3 None None] pydev_worker_debug_port = 5678 {{(pid=101963) log_opt_values /opt/stack/data/venv/lib/python3.12/site-packages/oslo_config/cfg.py:3245}}
May 27 22:57:57.815510 np0000001565 devstack@g-api.service[101963]: DEBUG glance.common.config [None req-3448cc60-e357-4c11-b1e0-9d4d8e9ed5e3 None None] rate_limit_burst = 0 {{(pid=101963) log_opt_values /opt/stack/data/venv/lib/python3.12/site-packages/oslo_config/cfg.py:3245}}
May 27 22:57:57.815604 np0000001565 devstack@g-api.service[101963]: DEBUG glance.common.config [None req-3448cc60-e357-4c11-b1e0-9d4d8e9ed5e3 None None] rate_limit_except_level = CRITICAL {{(pid=101963) log_opt_values /opt/stack/data/venv/lib/python3.12/site-packages/oslo_config/cfg.py:3245}}
May 27 22:57:57.815719 np0000001565 devstack@g-api.service[101963]: DEBUG glance.common.config [None req-3448cc60-e357-4c11-b1e0-9d4d8e9ed5e3 None None] rate_limit_interval = 0 {{(pid=101963) log_opt_values /opt/stack/data/venv/lib/python3.12/site-packages/oslo_config/cfg.py:3245}}
May 27 22:57:57.815821 np0000001565 devstack@g-api.service[101963]: DEBUG glance.common.config [None req-3448cc60-e357-4c11-b1e0-9d4d8e9ed5e3 None None] scrub_pool_size = 1 {{(pid=101963) log_opt_values /opt/stack/data/venv/lib/python3.12/site-packages/oslo_config/cfg.py:3245}}
May 27 22:57:57.815907 np0000001565 devstack@g-api.service[101963]: DEBUG glance.common.config [None req-3448cc60-e357-4c11-b1e0-9d4d8e9ed5e3 None None] scrub_time = 0 {{(pid=101963) log_opt_values /opt/stack/data/venv/lib/python3.12/site-packages/oslo_config/cfg.py:3245}}
May 27 22:57:57.815991 np0000001565 devstack@g-api.service[101963]: DEBUG glance.common.config [None req-3448cc60-e357-4c11-b1e0-9d4d8e9ed5e3 None None] shell_completion = None {{(pid=101963) log_opt_values /opt/stack/data/venv/lib/python3.12/site-packages/oslo_config/cfg.py:3245}}
May 27 22:57:57.816083 np0000001565 devstack@g-api.service[101963]: DEBUG glance.common.config [None req-3448cc60-e357-4c11-b1e0-9d4d8e9ed5e3 None None] show_image_direct_url = False {{(pid=101963) log_opt_values /opt/stack/data/venv/lib/python3.12/site-packages/oslo_config/cfg.py:3245}}
May 27 22:57:57.816317 np0000001565 devstack@g-api.service[101963]: WARNING oslo_config.cfg [None req-3448cc60-e357-4c11-b1e0-9d4d8e9ed5e3 None None] Deprecated: Option "show_multiple_locations" from group "DEFAULT" is deprecated for removal (Use of this option, deprecated since Newton, is a security risk and will be removed once we figure out a way to satisfy those use cases that currently require it. An earlier announcement that the same functionality can be achieved with greater granularity by using policies is incorrect. You cannot work around this option via policy configuration at the present time, though that is the direction we believe the fix will take. Please keep an eye on the Glance release notes to stay up to date on progress in addressing this issue.). Its value may be silently ignored in the future.
May 27 22:57:57.816434 np0000001565 devstack@g-api.service[101963]: DEBUG glance.common.config [None req-3448cc60-e357-4c11-b1e0-9d4d8e9ed5e3 None None] show_multiple_locations = False {{(pid=101963) log_opt_values /opt/stack/data/venv/lib/python3.12/site-packages/oslo_config/cfg.py:3245}}
May 27 22:57:57.816659 np0000001565 devstack@g-api.service[101963]: DEBUG glance.common.config [None req-3448cc60-e357-4c11-b1e0-9d4d8e9ed5e3 None None] syslog_log_facility = LOG_USER {{(pid=101963) log_opt_values /opt/stack/data/venv/lib/python3.12/site-packages/oslo_config/cfg.py:3245}}
May 27 22:57:57.816752 np0000001565 devstack@g-api.service[101963]: DEBUG glance.common.config [None req-3448cc60-e357-4c11-b1e0-9d4d8e9ed5e3 None None] tcp_keepidle = 600 {{(pid=101963) log_opt_values /opt/stack/data/venv/lib/python3.12/site-packages/oslo_config/cfg.py:3245}}
May 27 22:57:57.816866 np0000001565 devstack@g-api.service[101963]: DEBUG glance.common.config [None req-3448cc60-e357-4c11-b1e0-9d4d8e9ed5e3 None None] transport_url = **** {{(pid=101963) log_opt_values /opt/stack/data/venv/lib/python3.12/site-packages/oslo_config/cfg.py:3245}}
May 27 22:57:57.816952 np0000001565 devstack@g-api.service[101963]: DEBUG glance.common.config [None req-3448cc60-e357-4c11-b1e0-9d4d8e9ed5e3 None None] use_journal = False {{(pid=101963) log_opt_values /opt/stack/data/venv/lib/python3.12/site-packages/oslo_config/cfg.py:3245}}
May 27 22:57:57.817039 np0000001565 devstack@g-api.service[101963]: DEBUG glance.common.config [None req-3448cc60-e357-4c11-b1e0-9d4d8e9ed5e3 None None] use_json = False {{(pid=101963) log_opt_values /opt/stack/data/venv/lib/python3.12/site-packages/oslo_config/cfg.py:3245}}
May 27 22:57:57.817131 np0000001565 devstack@g-api.service[101963]: DEBUG glance.common.config [None req-3448cc60-e357-4c11-b1e0-9d4d8e9ed5e3 None None] use_keystone_limits = True {{(pid=101963) log_opt_values /opt/stack/data/venv/lib/python3.12/site-packages/oslo_config/cfg.py:3245}}
May 27 22:57:57.817217 np0000001565 devstack@g-api.service[101963]: DEBUG glance.common.config [None req-3448cc60-e357-4c11-b1e0-9d4d8e9ed5e3 None None] use_stderr = False {{(pid=101963) log_opt_values /opt/stack/data/venv/lib/python3.12/site-packages/oslo_config/cfg.py:3245}}
May 27 22:57:57.817309 np0000001565 devstack@g-api.service[101963]: DEBUG glance.common.config [None req-3448cc60-e357-4c11-b1e0-9d4d8e9ed5e3 None None] use_syslog = False {{(pid=101963) log_opt_values /opt/stack/data/venv/lib/python3.12/site-packages/oslo_config/cfg.py:3245}}
May 27 22:57:57.817451 np0000001565 devstack@g-api.service[101963]: DEBUG glance.common.config [None req-3448cc60-e357-4c11-b1e0-9d4d8e9ed5e3 None None] user_storage_quota = 0 {{(pid=101963) log_opt_values /opt/stack/data/venv/lib/python3.12/site-packages/oslo_config/cfg.py:3245}}
May 27 22:57:57.817542 np0000001565 devstack@g-api.service[101963]: DEBUG glance.common.config [None req-3448cc60-e357-4c11-b1e0-9d4d8e9ed5e3 None None] worker_self_reference_url = http://127.0.0.1:60999 {{(pid=101963) log_opt_values /opt/stack/data/venv/lib/python3.12/site-packages/oslo_config/cfg.py:3245}}
May 27 22:57:57.817651 np0000001565 devstack@g-api.service[101963]: DEBUG glance.common.config [None req-3448cc60-e357-4c11-b1e0-9d4d8e9ed5e3 None None] workers = None {{(pid=101963) log_opt_values /opt/stack/data/venv/lib/python3.12/site-packages/oslo_config/cfg.py:3245}}
May 27 22:57:57.817761 np0000001565 devstack@g-api.service[101963]: DEBUG glance.common.config [None req-3448cc60-e357-4c11-b1e0-9d4d8e9ed5e3 None None] oslo_concurrency.disable_process_locking = False {{(pid=101963) log_opt_values /opt/stack/data/venv/lib/python3.12/site-packages/oslo_config/cfg.py:3256}}
May 27 22:57:57.817875 np0000001565 devstack@g-api.service[101963]: DEBUG glance.common.config [None req-3448cc60-e357-4c11-b1e0-9d4d8e9ed5e3 None None] oslo_concurrency.lock_path = /opt/stack/data/glance/locks {{(pid=101963) log_opt_values /opt/stack/data/venv/lib/python3.12/site-packages/oslo_config/cfg.py:3256}}
May 27 22:57:57.817971 np0000001565 devstack@g-api.service[101963]: DEBUG glance.common.config [None req-3448cc60-e357-4c11-b1e0-9d4d8e9ed5e3 None None] oslo_middleware.enable_proxy_headers_parsing = False {{(pid=101963) log_opt_values /opt/stack/data/venv/lib/python3.12/site-packages/oslo_config/cfg.py:3256}}
May 27 22:57:57.818066 np0000001565 devstack@g-api.service[101963]: DEBUG glance.common.config [None req-3448cc60-e357-4c11-b1e0-9d4d8e9ed5e3 None None] oslo_middleware.http_basic_auth_user_file = /etc/htpasswd {{(pid=101963) log_opt_values /opt/stack/data/venv/lib/python3.12/site-packages/oslo_config/cfg.py:3256}}
May 27 22:57:57.818203 np0000001565 devstack@g-api.service[101963]: DEBUG glance.common.config [None req-3448cc60-e357-4c11-b1e0-9d4d8e9ed5e3 None None] paste_deploy.config_file = None {{(pid=101963) log_opt_values /opt/stack/data/venv/lib/python3.12/site-packages/oslo_config/cfg.py:3256}}
May 27 22:57:57.818286 np0000001565 devstack@g-api.service[101963]: DEBUG glance.common.config [None req-3448cc60-e357-4c11-b1e0-9d4d8e9ed5e3 None None] paste_deploy.flavor = keystone+cachemanagement {{(pid=101963) log_opt_values /opt/stack/data/venv/lib/python3.12/site-packages/oslo_config/cfg.py:3256}}
May 27 22:57:57.818434 np0000001565 devstack@g-api.service[101963]: DEBUG glance.common.config [None req-3448cc60-e357-4c11-b1e0-9d4d8e9ed5e3 None None] image_format.container_formats = ['ami', 'ari', 'aki', 'bare', 'ovf', 'ova', 'docker', 'compressed'] {{(pid=101963) log_opt_values /opt/stack/data/venv/lib/python3.12/site-packages/oslo_config/cfg.py:3256}}
May 27 22:57:57.818558 np0000001565 devstack@g-api.service[101963]: DEBUG glance.common.config [None req-3448cc60-e357-4c11-b1e0-9d4d8e9ed5e3 None None] image_format.disk_formats = ['ami', 'ari', 'aki', 'vhd', 'vhdx', 'vmdk', 'raw', 'qcow2', 'vdi', 'iso', 'ploop'] {{(pid=101963) log_opt_values /opt/stack/data/venv/lib/python3.12/site-packages/oslo_config/cfg.py:3256}}
May 27 22:57:57.818648 np0000001565 devstack@g-api.service[101963]: DEBUG glance.common.config [None req-3448cc60-e357-4c11-b1e0-9d4d8e9ed5e3 None None] image_format.gpt_safety_checks_nonfatal = [] {{(pid=101963) log_opt_values /opt/stack/data/venv/lib/python3.12/site-packages/oslo_config/cfg.py:3256}}
May 27 22:57:57.818741 np0000001565 devstack@g-api.service[101963]: DEBUG glance.common.config [None req-3448cc60-e357-4c11-b1e0-9d4d8e9ed5e3 None None] image_format.require_image_format_match = True {{(pid=101963) log_opt_values /opt/stack/data/venv/lib/python3.12/site-packages/oslo_config/cfg.py:3256}}
May 27 22:57:57.818922 np0000001565 devstack@g-api.service[101963]: DEBUG glance.common.config [None req-3448cc60-e357-4c11-b1e0-9d4d8e9ed5e3 None None] image_format.vmdk_allowed_types = ['streamOptimized', 'monolithicSparse'] {{(pid=101963) log_opt_values /opt/stack/data/venv/lib/python3.12/site-packages/oslo_config/cfg.py:3256}}
May 27 22:57:57.818969 np0000001565 devstack@g-api.service[101964]: INFO glance.api.middleware.cache_manage [None req-18519874-cd00-4af9-b6b3-bd46b34ad1ec None None] Initialized image cache management middleware
May 27 22:57:57.819005 np0000001565 devstack@g-api.service[101963]: DEBUG glance.common.config [None req-3448cc60-e357-4c11-b1e0-9d4d8e9ed5e3 None None] task.task_executor = taskflow {{(pid=101963) log_opt_values /opt/stack/data/venv/lib/python3.12/site-packages/oslo_config/cfg.py:3256}}
May 27 22:57:57.819032 np0000001565 devstack@g-api.service[101963]: DEBUG glance.common.config [None req-3448cc60-e357-4c11-b1e0-9d4d8e9ed5e3 None None] task.task_time_to_live = 48 {{(pid=101963) log_opt_values /opt/stack/data/venv/lib/python3.12/site-packages/oslo_config/cfg.py:3256}}
May 27 22:57:57.819093 np0000001565 devstack@g-api.service[101964]: INFO glance.image_cache [None req-18519874-cd00-4af9-b6b3-bd46b34ad1ec None None] Image cache loaded driver 'centralized_db'.
May 27 22:57:57.819124 np0000001565 devstack@g-api.service[101963]: DEBUG glance.common.config [None req-3448cc60-e357-4c11-b1e0-9d4d8e9ed5e3 None None] task.work_dir = None {{(pid=101963) log_opt_values /opt/stack/data/venv/lib/python3.12/site-packages/oslo_config/cfg.py:3256}}
May 27 22:57:57.819208 np0000001565 devstack@g-api.service[101963]: DEBUG glance.common.config [None req-3448cc60-e357-4c11-b1e0-9d4d8e9ed5e3 None None] wsgi.python_interpreter = /opt/stack/data/venv/bin/python3 {{(pid=101963) log_opt_values /opt/stack/data/venv/lib/python3.12/site-packages/oslo_config/cfg.py:3256}}
May 27 22:57:57.819339 np0000001565 devstack@g-api.service[101963]: DEBUG glance.common.config [None req-3448cc60-e357-4c11-b1e0-9d4d8e9ed5e3 None None] wsgi.task_pool_threads = 16 {{(pid=101963) log_opt_values /opt/stack/data/venv/lib/python3.12/site-packages/oslo_config/cfg.py:3256}}
May 27 22:57:57.819450 np0000001565 devstack@g-api.service[101963]: DEBUG glance.common.config [None req-3448cc60-e357-4c11-b1e0-9d4d8e9ed5e3 None None] profiler.connection_string = messaging:// {{(pid=101963) log_opt_values /opt/stack/data/venv/lib/python3.12/site-packages/oslo_config/cfg.py:3256}}
May 27 22:57:57.819559 np0000001565 devstack@g-api.service[101963]: DEBUG glance.common.config [None req-3448cc60-e357-4c11-b1e0-9d4d8e9ed5e3 None None] profiler.enabled = False {{(pid=101963) log_opt_values /opt/stack/data/venv/lib/python3.12/site-packages/oslo_config/cfg.py:3256}}
May 27 22:57:57.819702 np0000001565 devstack@g-api.service[101963]: DEBUG glance.common.config [None req-3448cc60-e357-4c11-b1e0-9d4d8e9ed5e3 None None] profiler.es_doc_type = notification {{(pid=101963) log_opt_values /opt/stack/data/venv/lib/python3.12/site-packages/oslo_config/cfg.py:3256}}
May 27 22:57:57.819810 np0000001565 devstack@g-api.service[101963]: DEBUG glance.common.config [None req-3448cc60-e357-4c11-b1e0-9d4d8e9ed5e3 None None] profiler.es_scroll_size = 10000 {{(pid=101963) log_opt_values /opt/stack/data/venv/lib/python3.12/site-packages/oslo_config/cfg.py:3256}}
