May 27 22:57:35.699320 np0000001565 nova-scheduler[95727]: DEBUG cotyledon.oslo_config_glue [-] oslo_limit.collect_timing = False {{(pid=95727) log_opt_values /opt/stack/data/venv/lib/python3.12/site-packages/oslo_config/cfg.py:3256}}
May 27 22:57:35.699320 np0000001565 nova-scheduler[95727]: DEBUG cotyledon.oslo_config_glue [-] oslo_limit.connect_retries = None {{(pid=95727) log_opt_values /opt/stack/data/venv/lib/python3.12/site-packages/oslo_config/cfg.py:3256}}
May 27 22:57:35.699320 np0000001565 nova-scheduler[95727]: DEBUG cotyledon.oslo_config_glue [-] oslo_limit.connect_retry_delay = None {{(pid=95727) log_opt_values /opt/stack/data/venv/lib/python3.12/site-packages/oslo_config/cfg.py:3256}}
May 27 22:57:35.699320 np0000001565 nova-scheduler[95727]: DEBUG cotyledon.oslo_config_glue [-] oslo_limit.endpoint_id = None {{(pid=95727) log_opt_values /opt/stack/data/venv/lib/python3.12/site-packages/oslo_config/cfg.py:3256}}
May 27 22:57:35.699320 np0000001565 nova-scheduler[95727]: DEBUG cotyledon.oslo_config_glue [-] oslo_limit.endpoint_interface = public {{(pid=95727) log_opt_values /opt/stack/data/venv/lib/python3.12/site-packages/oslo_config/cfg.py:3256}}
May 27 22:57:35.699320 np0000001565 nova-scheduler[95727]: DEBUG cotyledon.oslo_config_glue [-] oslo_limit.endpoint_override = None {{(pid=95727) log_opt_values /opt/stack/data/venv/lib/python3.12/site-packages/oslo_config/cfg.py:3256}}
May 27 22:57:35.699320 np0000001565 nova-scheduler[95727]: DEBUG cotyledon.oslo_config_glue [-] oslo_limit.endpoint_region_name = None {{(pid=95727) log_opt_values /opt/stack/data/venv/lib/python3.12/site-packages/oslo_config/cfg.py:3256}}
May 27 22:57:35.699320 np0000001565 nova-scheduler[95727]: DEBUG cotyledon.oslo_config_glue [-] oslo_limit.endpoint_service_name = None {{(pid=95727) log_opt_values /opt/stack/data/venv/lib/python3.12/site-packages/oslo_config/cfg.py:3256}}
May 27 22:57:35.699533 np0000001565 nova-scheduler[95727]: DEBUG cotyledon.oslo_config_glue [-] oslo_limit.endpoint_service_type = None {{(pid=95727) log_opt_values /opt/stack/data/venv/lib/python3.12/site-packages/oslo_config/cfg.py:3256}}
May 27 22:57:35.699533 np0000001565 nova-scheduler[95727]: DEBUG cotyledon.oslo_config_glue [-] oslo_limit.insecure = False {{(pid=95727) log_opt_values /opt/stack/data/venv/lib/python3.12/site-packages/oslo_config/cfg.py:3256}}
May 27 22:57:35.699533 np0000001565 nova-scheduler[95727]: DEBUG cotyledon.oslo_config_glue [-] oslo_limit.keyfile = None {{(pid=95727) log_opt_values /opt/stack/data/venv/lib/python3.12/site-packages/oslo_config/cfg.py:3256}}
May 27 22:57:35.699533 np0000001565 nova-scheduler[95727]: DEBUG cotyledon.oslo_config_glue [-] oslo_limit.max_version = None {{(pid=95727) log_opt_values /opt/stack/data/venv/lib/python3.12/site-packages/oslo_config/cfg.py:3256}}
May 27 22:57:35.699533 np0000001565 nova-scheduler[95727]: DEBUG cotyledon.oslo_config_glue [-] oslo_limit.min_version = None {{(pid=95727) log_opt_values /opt/stack/data/venv/lib/python3.12/site-packages/oslo_config/cfg.py:3256}}
May 27 22:57:35.699533 np0000001565 nova-scheduler[95727]: DEBUG cotyledon.oslo_config_glue [-] oslo_limit.region_name = None {{(pid=95727) log_opt_values /opt/stack/data/venv/lib/python3.12/site-packages/oslo_config/cfg.py:3256}}
May 27 22:57:35.699533 np0000001565 nova-scheduler[95727]: DEBUG cotyledon.oslo_config_glue [-] oslo_limit.retriable_status_codes = None {{(pid=95727) log_opt_values /opt/stack/data/venv/lib/python3.12/site-packages/oslo_config/cfg.py:3256}}
May 27 22:57:35.699533 np0000001565 nova-scheduler[95727]: DEBUG cotyledon.oslo_config_glue [-] oslo_limit.service_name = None {{(pid=95727) log_opt_values /opt/stack/data/venv/lib/python3.12/site-packages/oslo_config/cfg.py:3256}}
May 27 22:57:35.699685 np0000001565 nova-scheduler[95727]: DEBUG cotyledon.oslo_config_glue [-] oslo_limit.service_type = None {{(pid=95727) log_opt_values /opt/stack/data/venv/lib/python3.12/site-packages/oslo_config/cfg.py:3256}}
May 27 22:57:35.699685 np0000001565 nova-scheduler[95727]: DEBUG cotyledon.oslo_config_glue [-] oslo_limit.split_loggers = False {{(pid=95727) log_opt_values /opt/stack/data/venv/lib/python3.12/site-packages/oslo_config/cfg.py:3256}}
May 27 22:57:35.699685 np0000001565 nova-scheduler[95727]: DEBUG cotyledon.oslo_config_glue [-] oslo_limit.status_code_retries = None {{(pid=95727) log_opt_values /opt/stack/data/venv/lib/python3.12/site-packages/oslo_config/cfg.py:3256}}
May 27 22:57:35.699685 np0000001565 nova-scheduler[95727]: DEBUG cotyledon.oslo_config_glue [-] oslo_limit.status_code_retry_delay = None {{(pid=95727) log_opt_values /opt/stack/data/venv/lib/python3.12/site-packages/oslo_config/cfg.py:3256}}
May 27 22:57:35.699685 np0000001565 nova-scheduler[95727]: DEBUG cotyledon.oslo_config_glue [-] oslo_limit.timeout = None {{(pid=95727) log_opt_values /opt/stack/data/venv/lib/python3.12/site-packages/oslo_config/cfg.py:3256}}
May 27 22:57:35.699784 np0000001565 nova-scheduler[95727]: DEBUG cotyledon.oslo_config_glue [-] oslo_limit.valid_interfaces = None {{(pid=95727) log_opt_values /opt/stack/data/venv/lib/python3.12/site-packages/oslo_config/cfg.py:3256}}
May 27 22:57:35.699784 np0000001565 nova-scheduler[95727]: DEBUG cotyledon.oslo_config_glue [-] oslo_limit.version = None {{(pid=95727) log_opt_values /opt/stack/data/venv/lib/python3.12/site-packages/oslo_config/cfg.py:3256}}
May 27 22:57:35.699824 np0000001565 nova-scheduler[95727]: DEBUG cotyledon.oslo_config_glue [-] oslo_reports.file_event_handler = None {{(pid=95727) log_opt_values /opt/stack/data/venv/lib/python3.12/site-packages/oslo_config/cfg.py:3256}}
May 27 22:57:35.699847 np0000001565 nova-scheduler[95727]: DEBUG cotyledon.oslo_config_glue [-] oslo_reports.file_event_handler_interval = 1 {{(pid=95727) log_opt_values /opt/stack/data/venv/lib/python3.12/site-packages/oslo_config/cfg.py:3256}}
May 27 22:57:35.699889 np0000001565 nova-scheduler[95727]: DEBUG cotyledon.oslo_config_glue [-] oslo_reports.log_dir = None {{(pid=95727) log_opt_values /opt/stack/data/venv/lib/python3.12/site-packages/oslo_config/cfg.py:3256}}
May 27 22:57:35.699919 np0000001565 nova-scheduler[95727]: DEBUG cotyledon.oslo_config_glue [-] ******************************************************************************** {{(pid=95727) log_opt_values /opt/stack/data/venv/lib/python3.12/site-packages/oslo_config/cfg.py:3263}}
May 27 22:57:35.700052 np0000001565 nova-scheduler[95727]: DEBUG cotyledon._service_worker [-] Run service ServiceWrapper(2) [95727] {{(pid=95727) wait_forever /opt/stack/data/venv/lib/python3.12/site-packages/cotyledon/_service_worker.py:218}}
May 27 22:57:35.701212 np0000001565 nova-scheduler[95727]: INFO nova.service [-] Starting scheduler node (version 33.1.0)
May 27 22:57:35.701744 np0000001565 nova-scheduler[95725]: DEBUG oslo_db.sqlalchemy.engines [None req-105133ee-914e-4711-a7f8-ab13ab5a8be7 None None] MySQL server mode set to STRICT_TRANS_TABLES,STRICT_ALL_TABLES,NO_ZERO_IN_DATE,NO_ZERO_DATE,ERROR_FOR_DIVISION_BY_ZERO,TRADITIONAL,NO_ENGINE_SUBSTITUTION {{(pid=95725) _check_effective_sql_mode /opt/stack/data/venv/lib/python3.12/site-packages/oslo_db/sqlalchemy/engines.py:325}}
May 27 22:57:35.705241 np0000001565 nova-scheduler[95727]: INFO dbcounter [None req-74ad634b-485c-4ec1-84c1-49b9a2e599f0 None None] Registered counter for database nova_cell0
May 27 22:57:35.714857 np0000001565 nova-scheduler[95723]: DEBUG nova.service [None req-a31444da-74e0-4359-b6b8-d8456133261c None None] Creating RPC server for service: nova-scheduler on topic: scheduler {{(pid=95723) start /opt/stack/nova/nova/service.py:195}}
May 27 22:57:35.721223 np0000001565 nova-scheduler[95725]: DEBUG dbcounter [-] [95725] Writer thread running {{(pid=95725) stat_writer /opt/stack/data/venv/lib/python3.12/site-packages/dbcounter.py:102}}
May 27 22:57:35.723935 np0000001565 nova-scheduler[95725]: DEBUG nova.service [None req-105133ee-914e-4711-a7f8-ab13ab5a8be7 None None] Creating RPC server for service: nova-scheduler on topic: scheduler {{(pid=95725) start /opt/stack/nova/nova/service.py:195}}
May 27 22:57:35.743902 np0000001565 nova-scheduler[95727]: DEBUG oslo_db.sqlalchemy.engines [None req-74ad634b-485c-4ec1-84c1-49b9a2e599f0 None None] MySQL server mode set to STRICT_TRANS_TABLES,STRICT_ALL_TABLES,NO_ZERO_IN_DATE,NO_ZERO_DATE,ERROR_FOR_DIVISION_BY_ZERO,TRADITIONAL,NO_ENGINE_SUBSTITUTION {{(pid=95727) _check_effective_sql_mode /opt/stack/data/venv/lib/python3.12/site-packages/oslo_db/sqlalchemy/engines.py:325}}
May 27 22:57:35.750808 np0000001565 nova-scheduler[95723]: DEBUG nova.service [None req-a31444da-74e0-4359-b6b8-d8456133261c None None] Join ServiceGroup membership for this service scheduler {{(pid=95723) start /opt/stack/nova/nova/service.py:221}}
May 27 22:57:35.751042 np0000001565 nova-scheduler[95723]: DEBUG nova.servicegroup.drivers.db [None req-a31444da-74e0-4359-b6b8-d8456133261c None None] DB_Driver: join new ServiceGroup member np0000001565 to the scheduler group, service = {{(pid=95723) join /opt/stack/nova/nova/servicegroup/drivers/db.py:44}}
May 27 22:57:35.753105 np0000001565 nova-scheduler[95725]: DEBUG nova.service [None req-105133ee-914e-4711-a7f8-ab13ab5a8be7 None None] Join ServiceGroup membership for this service scheduler {{(pid=95725) start /opt/stack/nova/nova/service.py:221}}
May 27 22:57:35.753503 np0000001565 nova-scheduler[95725]: DEBUG nova.servicegroup.drivers.db [None req-105133ee-914e-4711-a7f8-ab13ab5a8be7 None None] DB_Driver: join new ServiceGroup member np0000001565 to the scheduler group, service = {{(pid=95725) join /opt/stack/nova/nova/servicegroup/drivers/db.py:44}}
May 27 22:57:35.754854 np0000001565 nova-scheduler[95727]: DEBUG dbcounter [-] [95727] Writer thread running {{(pid=95727) stat_writer /opt/stack/data/venv/lib/python3.12/site-packages/dbcounter.py:102}}
May 27 22:57:35.757736 np0000001565 nova-scheduler[95727]: DEBUG nova.service [None req-74ad634b-485c-4ec1-84c1-49b9a2e599f0 None None] Creating RPC server for service: nova-scheduler on topic: scheduler {{(pid=95727) start /opt/stack/nova/nova/service.py:195}}
May 27 22:57:35.782411 np0000001565 nova-scheduler[95727]: DEBUG nova.service [None req-74ad634b-485c-4ec1-84c1-49b9a2e599f0 None None] Join ServiceGroup membership for this service scheduler {{(pid=95727) start /opt/stack/nova/nova/service.py:221}}
May 27 22:57:35.782411 np0000001565 nova-scheduler[95727]: DEBUG nova.servicegroup.drivers.db [None req-74ad634b-485c-4ec1-84c1-49b9a2e599f0 None None] DB_Driver: join new ServiceGroup member np0000001565 to the scheduler group, service = {{(pid=95727) join /opt/stack/nova/nova/servicegroup/drivers/db.py:44}}
May 27 22:57:40.753616 np0000001565 nova-scheduler[95723]: DEBUG oslo.service.backend._threading.loopingcall [None req-9659033e-7d80-410c-a2d3-c9599d658f22 None None] Dynamic interval looping call 'nova.service.Service.periodic_tasks' sleeping for 60.00 seconds {{(pid=95723) _run_loop /opt/stack/data/venv/lib/python3.12/site-packages/oslo_service/backend/_threading/loopingcall.py:125}}
May 27 22:57:40.765075 np0000001565 nova-scheduler[95723]: DEBUG oslo.service.backend._threading.loopingcall [-] Fixed interval looping call 'nova.servicegroup.drivers.db.DbDriver._report_state' sleeping for 119.99 seconds {{(pid=95723) _run_loop /opt/stack/data/venv/lib/python3.12/site-packages/oslo_service/backend/_threading/loopingcall.py:125}}
May 27 22:57:40.768902 np0000001565 nova-scheduler[95725]: DEBUG oslo.service.backend._threading.loopingcall [-] Fixed interval looping call 'nova.servicegroup.drivers.db.DbDriver._report_state' sleeping for 119.99 seconds {{(pid=95725) _run_loop /opt/stack/data/venv/lib/python3.12/site-packages/oslo_service/backend/_threading/loopingcall.py:125}}
May 27 22:57:40.790450 np0000001565 nova-scheduler[95727]: DEBUG oslo.service.backend._threading.loopingcall [-] Fixed interval looping call 'nova.servicegroup.drivers.db.DbDriver._report_state' sleeping for 119.99 seconds {{(pid=95727) _run_loop /opt/stack/data/venv/lib/python3.12/site-packages/oslo_service/backend/_threading/loopingcall.py:125}}
May 27 22:57:44.286420 np0000001565 nova-scheduler[94456]: DEBUG dbcounter [-] [94456] Writing DB stats nova_api:SELECT=3 {{(pid=94456) stat_writer /opt/stack/data/venv/lib/python3.12/site-packages/dbcounter.py:115}}
May 27 22:57:44.410379 np0000001565 nova-scheduler[94456]: DEBUG dbcounter [-] [94456] Writing DB stats nova_cell0:SELECT=1 {{(pid=94456) stat_writer /opt/stack/data/venv/lib/python3.12/site-packages/dbcounter.py:115}}
May 27 22:57:44.420136 np0000001565 nova-scheduler[94456]: DEBUG dbcounter [-] [94456] Writing DB stats nova_cell1:SELECT=1 {{(pid=94456) stat_writer /opt/stack/data/venv/lib/python3.12/site-packages/dbcounter.py:115}}
May 27 22:57:50.761620 np0000001565 nova-scheduler[95723]: DEBUG dbcounter [-] [95723] Writing DB stats nova_cell0:SELECT=4,nova_cell0:INSERT=1,nova_cell0:UPDATE=1 {{(pid=95723) stat_writer /opt/stack/data/venv/lib/python3.12/site-packages/dbcounter.py:115}}
May 27 22:57:50.768607 np0000001565 nova-scheduler[95725]: DEBUG dbcounter [-] [95725] Writing DB stats nova_cell0:SELECT=3,nova_cell0:UPDATE=1 {{(pid=95725) stat_writer /opt/stack/data/venv/lib/python3.12/site-packages/dbcounter.py:115}}
May 27 22:57:50.788091 np0000001565 nova-scheduler[95727]: DEBUG dbcounter [-] [95727] Writing DB stats nova_cell0:SELECT=3 {{(pid=95727) stat_writer /opt/stack/data/venv/lib/python3.12/site-packages/dbcounter.py:115}}
May 27 22:57:51.757555 np0000001565 nova-scheduler[95725]: DEBUG oslo.service.backend._threading.loopingcall [None req-23e49857-3e72-411a-af73-6230666fb235 None None] Dynamic interval looping call 'nova.service.Service.periodic_tasks' sleeping for 60.00 seconds {{(pid=95725) _run_loop /opt/stack/data/venv/lib/python3.12/site-packages/oslo_service/backend/_threading/loopingcall.py:125}}
May 27 22:58:05.783047 np0000001565 nova-scheduler[95727]: DEBUG oslo.service.backend._threading.loopingcall [None req-68994fd4-ce2f-4812-8636-ff3f740b9bb0 None None] Dynamic interval looping call 'nova.service.Service.periodic_tasks' sleeping for 60.00 seconds {{(pid=95727) _run_loop /opt/stack/data/venv/lib/python3.12/site-packages/oslo_service/backend/_threading/loopingcall.py:125}}
May 27 22:58:40.754100 np0000001565 nova-scheduler[95723]: DEBUG oslo.service.backend._threading.loopingcall [None req-9659033e-7d80-410c-a2d3-c9599d658f22 None None] Dynamic interval looping call 'nova.service.Service.periodic_tasks' sleeping for 60.00 seconds {{(pid=95723) _run_loop /opt/stack/data/venv/lib/python3.12/site-packages/oslo_service/backend/_threading/loopingcall.py:125}}
May 27 22:58:51.758051 np0000001565 nova-scheduler[95725]: DEBUG oslo.service.backend._threading.loopingcall [None req-23e49857-3e72-411a-af73-6230666fb235 None None] Dynamic interval looping call 'nova.service.Service.periodic_tasks' sleeping for 60.00 seconds {{(pid=95725) _run_loop /opt/stack/data/venv/lib/python3.12/site-packages/oslo_service/backend/_threading/loopingcall.py:125}}
May 27 22:59:05.783521 np0000001565 nova-scheduler[95727]: DEBUG oslo.service.backend._threading.loopingcall [None req-68994fd4-ce2f-4812-8636-ff3f740b9bb0 None None] Dynamic interval looping call 'nova.service.Service.periodic_tasks' sleeping for 60.00 seconds {{(pid=95727) _run_loop /opt/stack/data/venv/lib/python3.12/site-packages/oslo_service/backend/_threading/loopingcall.py:125}}
May 27 22:59:40.754626 np0000001565 nova-scheduler[95723]: DEBUG oslo.service.backend._threading.loopingcall [None req-9659033e-7d80-410c-a2d3-c9599d658f22 None None] Dynamic interval looping call 'nova.service.Service.periodic_tasks' sleeping for 60.00 seconds {{(pid=95723) _run_loop /opt/stack/data/venv/lib/python3.12/site-packages/oslo_service/backend/_threading/loopingcall.py:125}}
May 27 22:59:40.761496 np0000001565 nova-scheduler[95723]: DEBUG oslo.service.backend._threading.loopingcall [-] Fixed interval looping call 'nova.servicegroup.drivers.db.DbDriver._report_state' sleeping for 119.99 seconds {{(pid=95723) _run_loop /opt/stack/data/venv/lib/python3.12/site-packages/oslo_service/backend/_threading/loopingcall.py:125}}
May 27 22:59:40.763136 np0000001565 nova-scheduler[95725]: DEBUG oslo.service.backend._threading.loopingcall [-] Fixed interval looping call 'nova.servicegroup.drivers.db.DbDriver._report_state' sleeping for 120.00 seconds {{(pid=95725) _run_loop /opt/stack/data/venv/lib/python3.12/site-packages/oslo_service/backend/_threading/loopingcall.py:125}}
May 27 22:59:40.783518 np0000001565 nova-scheduler[95727]: DEBUG oslo.service.backend._threading.loopingcall [-] Fixed interval looping call 'nova.servicegroup.drivers.db.DbDriver._report_state' sleeping for 120.00 seconds {{(pid=95727) _run_loop /opt/stack/data/venv/lib/python3.12/site-packages/oslo_service/backend/_threading/loopingcall.py:125}}
May 27 22:59:50.758462 np0000001565 nova-scheduler[95723]: DEBUG dbcounter [-] [95723] Writing DB stats nova_cell0:SELECT=1,nova_cell0:UPDATE=1 {{(pid=95723) stat_writer /opt/stack/data/venv/lib/python3.12/site-packages/dbcounter.py:115}}
May 27 22:59:50.762174 np0000001565 nova-scheduler[95725]: DEBUG dbcounter [-] [95725] Writing DB stats nova_cell0:SELECT=1,nova_cell0:UPDATE=1 {{(pid=95725) stat_writer /opt/stack/data/venv/lib/python3.12/site-packages/dbcounter.py:115}}
May 27 22:59:50.782558 np0000001565 nova-scheduler[95727]: DEBUG dbcounter [-] [95727] Writing DB stats nova_cell0:SELECT=1 {{(pid=95727) stat_writer /opt/stack/data/venv/lib/python3.12/site-packages/dbcounter.py:115}}
May 27 22:59:51.758561 np0000001565 nova-scheduler[95725]: DEBUG oslo.service.backend._threading.loopingcall [None req-23e49857-3e72-411a-af73-6230666fb235 None None] Dynamic interval looping call 'nova.service.Service.periodic_tasks' sleeping for 60.00 seconds {{(pid=95725) _run_loop /opt/stack/data/venv/lib/python3.12/site-packages/oslo_service/backend/_threading/loopingcall.py:125}}
May 27 23:00:05.783966 np0000001565 nova-scheduler[95727]: DEBUG oslo.service.backend._threading.loopingcall [None req-68994fd4-ce2f-4812-8636-ff3f740b9bb0 None None] Dynamic interval looping call 'nova.service.Service.periodic_tasks' sleeping for 60.00 seconds {{(pid=95727) _run_loop /opt/stack/data/venv/lib/python3.12/site-packages/oslo_service/backend/_threading/loopingcall.py:125}}
May 27 23:00:14.388354 np0000001565 nova-scheduler[95723]: DEBUG nova.scheduler.manager [None req-158a37d3-278b-481c-875f-1787cb0b0e06 tempest-ServerRescueNegativeTestJSON-550001831 tempest-ServerRescueNegativeTestJSON-550001831-project-member] Starting to schedule for instances: ['119d02f0-0974-4fa4-9d6a-ecfefe01e029'] {{(pid=95723) select_destinations /opt/stack/nova/nova/scheduler/manager.py:210}}
May 27 23:00:14.388784 np0000001565 nova-scheduler[95723]: DEBUG nova.scheduler.request_filter [None req-158a37d3-278b-481c-875f-1787cb0b0e06 tempest-ServerRescueNegativeTestJSON-550001831 tempest-ServerRescueNegativeTestJSON-550001831-project-member] compute_status_filter request filter added forbidden trait COMPUTE_STATUS_DISABLED {{(pid=95723) compute_status_filter /opt/stack/nova/nova/scheduler/request_filter.py:253}}
May 27 23:00:14.388914 np0000001565 nova-scheduler[95723]: DEBUG nova.scheduler.request_filter [None req-158a37d3-278b-481c-875f-1787cb0b0e06 tempest-ServerRescueNegativeTestJSON-550001831 tempest-ServerRescueNegativeTestJSON-550001831-project-member] Request filter 'compute_status_filter' took 0.0 seconds {{(pid=95723) wrapper /opt/stack/nova/nova/scheduler/request_filter.py:46}}
May 27 23:00:14.389133 np0000001565 nova-scheduler[95723]: DEBUG nova.scheduler.request_filter [None req-158a37d3-278b-481c-875f-1787cb0b0e06 tempest-ServerRescueNegativeTestJSON-550001831 tempest-ServerRescueNegativeTestJSON-550001831-project-member] Request filter 'accelerators_filter' took 0.0 seconds {{(pid=95723) wrapper /opt/stack/nova/nova/scheduler/request_filter.py:46}}
May 27 23:00:14.389301 np0000001565 nova-scheduler[95723]: DEBUG nova.scheduler.request_filter [None req-158a37d3-278b-481c-875f-1787cb0b0e06 tempest-ServerRescueNegativeTestJSON-550001831 tempest-ServerRescueNegativeTestJSON-550001831-project-member] Request filter 'packed_virtqueue_filter' took 0.0 seconds {{(pid=95723) wrapper /opt/stack/nova/nova/scheduler/request_filter.py:46}}
May 27 23:00:14.389867 np0000001565 nova-scheduler[95723]: DEBUG nova.scheduler.request_filter [None req-158a37d3-278b-481c-875f-1787cb0b0e06 tempest-ServerRescueNegativeTestJSON-550001831 tempest-ServerRescueNegativeTestJSON-550001831-project-member] Request filter 'remote_managed_ports_filter' took 0.0 seconds {{(pid=95723) wrapper /opt/stack/nova/nova/scheduler/request_filter.py:46}}
May 27 23:00:14.390007 np0000001565 nova-scheduler[95723]: DEBUG nova.scheduler.request_filter [None req-158a37d3-278b-481c-875f-1787cb0b0e06 tempest-ServerRescueNegativeTestJSON-550001831 tempest-ServerRescueNegativeTestJSON-550001831-project-member] ephemeral_encryption_filter skipped {{(pid=95723) ephemeral_encryption_filter /opt/stack/nova/nova/scheduler/request_filter.py:426}}
May 27 23:00:14.390150 np0000001565 nova-scheduler[95723]: DEBUG nova.scheduler.request_filter [None req-158a37d3-278b-481c-875f-1787cb0b0e06 tempest-ServerRescueNegativeTestJSON-550001831 tempest-ServerRescueNegativeTestJSON-550001831-project-member] virtio_sound_filter skipped {{(pid=95723) virtio_sound_filter /opt/stack/nova/nova/scheduler/request_filter.py:460}}
May 27 23:00:14.390287 np0000001565 nova-scheduler[95723]: DEBUG nova.scheduler.request_filter [None req-158a37d3-278b-481c-875f-1787cb0b0e06 tempest-ServerRescueNegativeTestJSON-550001831 tempest-ServerRescueNegativeTestJSON-550001831-project-member] tpm_secret_security_filter skipped {{(pid=95723) tpm_secret_security_filter /opt/stack/nova/nova/scheduler/request_filter.py:477}}
May 27 23:00:14.862194 np0000001565 nova-scheduler[95723]: INFO nova.utils [None req-158a37d3-278b-481c-875f-1787cb0b0e06 tempest-ServerRescueNegativeTestJSON-550001831 tempest-ServerRescueNegativeTestJSON-550001831-project-member] The cell worker thread pool ForkProcess-1.cell_worker is initialized
May 27 23:00:14.862568 np0000001565 nova-scheduler[95723]: DEBUG oslo_concurrency.lockutils [None req-158a37d3-278b-481c-875f-1787cb0b0e06 tempest-ServerRescueNegativeTestJSON-550001831 tempest-ServerRescueNegativeTestJSON-550001831-project-member] Acquiring lock "7a50f686-373f-4f62-9806-fbbd3ad46aff" by "nova.context.set_target_cell..get_or_set_cached_cell_and_set_connections" {{(pid=95723) inner /opt/stack/data/venv/lib/python3.12/site-packages/oslo_concurrency/lockutils.py:511}}
May 27 23:00:14.862779 np0000001565 nova-scheduler[95723]: DEBUG oslo_concurrency.lockutils [None req-158a37d3-278b-481c-875f-1787cb0b0e06 tempest-ServerRescueNegativeTestJSON-550001831 tempest-ServerRescueNegativeTestJSON-550001831-project-member] Lock "7a50f686-373f-4f62-9806-fbbd3ad46aff" acquired by "nova.context.set_target_cell..get_or_set_cached_cell_and_set_connections" :: waited 0.000s {{(pid=95723) inner /opt/stack/data/venv/lib/python3.12/site-packages/oslo_concurrency/lockutils.py:524}}
May 27 23:00:14.864793 np0000001565 nova-scheduler[95723]: DEBUG oslo_concurrency.lockutils [None req-158a37d3-278b-481c-875f-1787cb0b0e06 tempest-ServerRescueNegativeTestJSON-550001831 tempest-ServerRescueNegativeTestJSON-550001831-project-member] Lock "7a50f686-373f-4f62-9806-fbbd3ad46aff" "released" by "nova.context.set_target_cell..get_or_set_cached_cell_and_set_connections" :: held 0.002s {{(pid=95723) inner /opt/stack/data/venv/lib/python3.12/site-packages/oslo_concurrency/lockutils.py:543}}
May 27 23:00:14.867218 np0000001565 nova-scheduler[95723]: INFO dbcounter [None req-158a37d3-278b-481c-875f-1787cb0b0e06 tempest-ServerRescueNegativeTestJSON-550001831 tempest-ServerRescueNegativeTestJSON-550001831-project-member] Registered counter for database nova_cell1
May 27 23:00:14.905831 np0000001565 nova-scheduler[95723]: DEBUG oslo_db.sqlalchemy.engines [None req-158a37d3-278b-481c-875f-1787cb0b0e06 tempest-ServerRescueNegativeTestJSON-550001831 tempest-ServerRescueNegativeTestJSON-550001831-project-member] MySQL server mode set to STRICT_TRANS_TABLES,STRICT_ALL_TABLES,NO_ZERO_IN_DATE,NO_ZERO_DATE,ERROR_FOR_DIVISION_BY_ZERO,TRADITIONAL,NO_ENGINE_SUBSTITUTION {{(pid=95723) _check_effective_sql_mode /opt/stack/data/venv/lib/python3.12/site-packages/oslo_db/sqlalchemy/engines.py:325}}
May 27 23:00:14.912059 np0000001565 nova-scheduler[95723]: DEBUG dbcounter [-] [95723] Writer thread running {{(pid=95723) stat_writer /opt/stack/data/venv/lib/python3.12/site-packages/dbcounter.py:102}}
May 27 23:00:14.928651 np0000001565 nova-scheduler[95723]: DEBUG oslo_db.sqlalchemy.engines [None req-158a37d3-278b-481c-875f-1787cb0b0e06 tempest-ServerRescueNegativeTestJSON-550001831 tempest-ServerRescueNegativeTestJSON-550001831-project-member] Parent process 94456 forked (95723) with an open database connection, which is being discarded and recreated. {{(pid=95723) checkout /opt/stack/data/venv/lib/python3.12/site-packages/oslo_db/sqlalchemy/engines.py:402}}
May 27 23:00:14.964422 np0000001565 nova-scheduler[95723]: DEBUG dbcounter [-] [95723] Writer thread running {{(pid=95723) stat_writer /opt/stack/data/venv/lib/python3.12/site-packages/dbcounter.py:102}}
May 27 23:00:14.967657 np0000001565 nova-scheduler[95723]: DEBUG oslo_concurrency.lockutils [None req-158a37d3-278b-481c-875f-1787cb0b0e06 tempest-ServerRescueNegativeTestJSON-550001831 tempest-ServerRescueNegativeTestJSON-550001831-project-member] Acquiring lock "7a50f686-373f-4f62-9806-fbbd3ad46aff" by "nova.context.set_target_cell..get_or_set_cached_cell_and_set_connections" {{(pid=95723) inner /opt/stack/data/venv/lib/python3.12/site-packages/oslo_concurrency/lockutils.py:511}}
May 27 23:00:14.967657 np0000001565 nova-scheduler[95723]: DEBUG oslo_concurrency.lockutils [None req-158a37d3-278b-481c-875f-1787cb0b0e06 tempest-ServerRescueNegativeTestJSON-550001831 tempest-ServerRescueNegativeTestJSON-550001831-project-member] Lock "7a50f686-373f-4f62-9806-fbbd3ad46aff" acquired by "nova.context.set_target_cell..get_or_set_cached_cell_and_set_connections" :: waited 0.000s {{(pid=95723) inner /opt/stack/data/venv/lib/python3.12/site-packages/oslo_concurrency/lockutils.py:524}}
May 27 23:00:14.967657 np0000001565 nova-scheduler[95723]: DEBUG oslo_concurrency.lockutils [None req-158a37d3-278b-481c-875f-1787cb0b0e06 tempest-ServerRescueNegativeTestJSON-550001831 tempest-ServerRescueNegativeTestJSON-550001831-project-member] Lock "7a50f686-373f-4f62-9806-fbbd3ad46aff" "released" by "nova.context.set_target_cell..get_or_set_cached_cell_and_set_connections" :: held 0.000s {{(pid=95723) inner /opt/stack/data/venv/lib/python3.12/site-packages/oslo_concurrency/lockutils.py:543}}
May 27 23:00:14.969818 np0000001565 nova-scheduler[95723]: DEBUG oslo_concurrency.lockutils [None req-158a37d3-278b-481c-875f-1787cb0b0e06 tempest-ServerRescueNegativeTestJSON-550001831 tempest-ServerRescueNegativeTestJSON-550001831-project-member] Acquiring lock "('np0000001565', 'np0000001565')" by "nova.scheduler.host_manager.HostState.update.._locked_update" {{(pid=95723) inner /opt/stack/data/venv/lib/python3.12/site-packages/oslo_concurrency/lockutils.py:511}}
May 27 23:00:14.969959 np0000001565 nova-scheduler[95723]: DEBUG oslo_concurrency.lockutils [None req-158a37d3-278b-481c-875f-1787cb0b0e06 tempest-ServerRescueNegativeTestJSON-550001831 tempest-ServerRescueNegativeTestJSON-550001831-project-member] Lock "('np0000001565', 'np0000001565')" acquired by "nova.scheduler.host_manager.HostState.update.._locked_update" :: waited 0.000s {{(pid=95723) inner /opt/stack/data/venv/lib/python3.12/site-packages/oslo_concurrency/lockutils.py:524}}
May 27 23:00:14.971056 np0000001565 nova-scheduler[95723]: DEBUG nova.scheduler.host_manager [None req-158a37d3-278b-481c-875f-1787cb0b0e06 tempest-ServerRescueNegativeTestJSON-550001831 tempest-ServerRescueNegativeTestJSON-550001831-project-member] Update host state from compute node: ComputeNode(cpu_allocation_ratio=4.0,cpu_info='{"arch": "x86_64", "model": "EPYC-Milan", "vendor": "AMD", "topology": {"cells": 1, "sockets": 12, "cores": 1, "threads": 1}, "maxphysaddr": {"mode": "emulate", "bits": 40}, "features": ["rdctl-no", "pclmuldq", "aes", "svme-addr-chk", "fsgsbase", "arch-capabilities", "vmcb-clean", "pdpe1gb", "lbrv", "hypervisor", "fxsr", "gds-no", "xsaveerptr", "xsave", "cx8", "avx", "topoext", "fma", "adx", "nrip-save", "apic", "misalignsse", "osvw", "f16c", "rdrand", "vgif", "cmp_legacy", "erms", "rdpid", "sep", "nx", "movbe", "xsaveopt", "no-nested-data-bp", "abm", "tsc-scale", "stibp", "xgetbv1", "pni", "pge", "umip", "lahf_lm", "fpu", "wbnoinvd", "vpclmulqdq", "pause-filter", "amd-psfd", "3dnowprefetch", "bmi2", "spec-ctrl", "stibp-always-on", "ssse3", "clflushopt", "tsc", "tsc-deadline", "vme", "xsaves", "mca", "syscall", "x2apic", "mtrr", "bmi1", "fxsr_opt", "invpcid", "flushbyasid", "mmx", "pku", "cmov", "pfthreshold", "cx16", "ibpb", "xsavec", "sse2", "sse4.2", "null-sel-clr-base", "rdseed", "vaes", "sse4a", "pse", "lm", "svm", "mds-no", "clzero", "clflush", "pat", "cr8legacy", "ibrs", "fsrm", "sse", "de", "amd-stibp", "pae", "perfctr_core", "avx2", "tsc_adjust", "sha-ni", "msr", "pcid", "sse4.1", "skip-l1dfl-vmentry", "smep", "lfence-always-serializing", "smap", "mmxext", "pse36", "pschange-mc-no", "npt", "popcnt", "ssbd", "rdtscp", "amd-ssbd", "clwb", "mce", "v-vmsave-vmload", "virt-ssbd", "arat"]}',created_at=2026-05-27T22:57:59Z,current_workload=0,deleted=False,deleted_at=None,disk_allocation_ratio=1.0,disk_available_least=74,free_disk_gb=95,free_ram_mb=23518,host='np0000001565',host_ip=10.4.3.11,hypervisor_hostname='np0000001565',hypervisor_type='QEMU',hypervisor_version=8002002,id=1,local_gb=95,local_gb_used=0,mapped=1,memory_mb=24030,memory_mb_used=512,metrics='[]',numa_topology='{"nova_object.name": "NUMATopology", "nova_object.namespace": "nova", "nova_object.version": "1.2", "nova_object.data": {"cells": [{"nova_object.name": "NUMACell", "nova_object.namespace": "nova", "nova_object.version": "1.5", "nova_object.data": {"id": 0, "cpuset": [0, 1, 2, 3, 4, 5, 6, 7, 8, 9, 10, 11], "pcpuset": [0, 1, 2, 3, 4, 5, 6, 7, 8, 9, 10, 11], "memory": 24030, "cpu_usage": 0, "memory_usage": 0, "pinned_cpus": [], "siblings": [[6], [2], [5], [11], [8], [4], [1], [7], [10], [0], [3], [9]], "mempages": [{"nova_object.name": "NUMAPagesTopology", "nova_object.namespace": "nova", "nova_object.version": "1.1", "nova_object.data": {"size_kb": 4, "total": 6151798, "used": 0, "reserved": 0}, "nova_object.changes": ["reserved", "size_kb", "total", "used"]}, {"nova_object.name": "NUMAPagesTopology", "nova_object.namespace": "nova", "nova_object.version": "1.1", "nova_object.data": {"size_kb": 2048, "total": 0, "used": 0, "reserved": 0}, "nova_object.changes": ["reserved", "size_kb", "total", "used"]}, {"nova_object.name": "NUMAPagesTopology", "nova_object.namespace": "nova", "nova_object.version": "1.1", "nova_object.data": {"size_kb": 1048576, "total": 0, "used": 0, "reserved": 0}, "nova_object.changes": ["reserved", "size_kb", "total", "used"]}], "network_metadata": {"nova_object.name": "NetworkMetadata", "nova_object.namespace": "nova", "nova_object.version": "1.0", "nova_object.data": {"physnets": [], "tunneled": false}, "nova_object.changes": ["tunneled", "physnets"]}, "socket": null}, "nova_object.changes": ["cpuset", "pinned_cpus", "socket", "cpu_usage", "id", "memory", "mempages", "siblings", "memory_usage", "pcpuset", "network_metadata"]}]}, "nova_object.changes": ["cells"]}',pci_device_pools=PciDevicePoolList,ram_allocation_ratio=1.0,running_vms=0,service_id=2,stats={failed_builds='0',uptime=' 22:59:46 up 28 min, 2 users, load average: 1.19, 1.35, 0.79
May 27 23:00:14.971056 np0000001565 nova-scheduler[95723]: '},supported_hv_specs=[HVSpec,HVSpec,HVSpec,HVSpec,HVSpec,HVSpec,HVSpec,HVSpec,HVSpec,HVSpec,HVSpec,HVSpec,HVSpec,HVSpec,HVSpec,HVSpec,HVSpec,HVSpec,HVSpec,HVSpec,HVSpec,HVSpec,HVSpec,HVSpec,HVSpec],updated_at=2026-05-27T22:59:48Z,uuid=6afc4609-00ff-4946-93f6-3f759c4c1e43,vcpus=12,vcpus_used=0) {{(pid=95723) _locked_update /opt/stack/nova/nova/scheduler/host_manager.py:168}}
May 27 23:00:14.971966 np0000001565 nova-scheduler[95723]: DEBUG nova.scheduler.host_manager [None req-158a37d3-278b-481c-875f-1787cb0b0e06 tempest-ServerRescueNegativeTestJSON-550001831 tempest-ServerRescueNegativeTestJSON-550001831-project-member] Update host state with aggregates: [] {{(pid=95723) _locked_update /opt/stack/nova/nova/scheduler/host_manager.py:171}}
May 27 23:00:14.972072 np0000001565 nova-scheduler[95723]: DEBUG nova.scheduler.host_manager [None req-158a37d3-278b-481c-875f-1787cb0b0e06 tempest-ServerRescueNegativeTestJSON-550001831 tempest-ServerRescueNegativeTestJSON-550001831-project-member] Update host state with service dict: {'id': 2, 'uuid': '42b4eec5-463c-4035-9119-dcf8c3e07dd3', 'host': 'np0000001565', 'binary': 'nova-compute', 'topic': 'compute', 'report_count': 2, 'disabled': False, 'disabled_reason': None, 'last_seen_up': datetime.datetime(2026, 5, 27, 23, 0, 8, tzinfo=datetime.timezone.utc), 'forced_down': False, 'version': 72, 'created_at': datetime.datetime(2026, 5, 27, 22, 57, 58, tzinfo=datetime.timezone.utc), 'updated_at': datetime.datetime(2026, 5, 27, 23, 0, 8, tzinfo=datetime.timezone.utc), 'deleted_at': None, 'deleted': False} {{(pid=95723) _locked_update /opt/stack/nova/nova/scheduler/host_manager.py:174}}
May 27 23:00:14.972366 np0000001565 nova-scheduler[95723]: DEBUG nova.scheduler.host_manager [None req-158a37d3-278b-481c-875f-1787cb0b0e06 tempest-ServerRescueNegativeTestJSON-550001831 tempest-ServerRescueNegativeTestJSON-550001831-project-member] Update host state with instances: [] {{(pid=95723) _locked_update /opt/stack/nova/nova/scheduler/host_manager.py:177}}
May 27 23:00:14.972366 np0000001565 nova-scheduler[95723]: DEBUG oslo_concurrency.lockutils [None req-158a37d3-278b-481c-875f-1787cb0b0e06 tempest-ServerRescueNegativeTestJSON-550001831 tempest-ServerRescueNegativeTestJSON-550001831-project-member] Lock "('np0000001565', 'np0000001565')" "released" by "nova.scheduler.host_manager.HostState.update.._locked_update" :: held 0.002s {{(pid=95723) inner /opt/stack/data/venv/lib/python3.12/site-packages/oslo_concurrency/lockutils.py:543}}
May 27 23:00:14.972734 np0000001565 nova-scheduler[95723]: DEBUG nova.filters [None req-158a37d3-278b-481c-875f-1787cb0b0e06 tempest-ServerRescueNegativeTestJSON-550001831 tempest-ServerRescueNegativeTestJSON-550001831-project-member] Starting with 1 host(s) {{(pid=95723) get_filtered_objects /opt/stack/nova/nova/filters.py:70}}
May 27 23:00:14.972929 np0000001565 nova-scheduler[95723]: DEBUG nova.filters [None req-158a37d3-278b-481c-875f-1787cb0b0e06 tempest-ServerRescueNegativeTestJSON-550001831 tempest-ServerRescueNegativeTestJSON-550001831-project-member] Filter ComputeFilter returned 1 host(s) {{(pid=95723) get_filtered_objects /opt/stack/nova/nova/filters.py:102}}
May 27 23:00:14.973048 np0000001565 nova-scheduler[95723]: DEBUG nova.filters [None req-158a37d3-278b-481c-875f-1787cb0b0e06 tempest-ServerRescueNegativeTestJSON-550001831 tempest-ServerRescueNegativeTestJSON-550001831-project-member] Filter ComputeCapabilitiesFilter returned 1 host(s) {{(pid=95723) get_filtered_objects /opt/stack/nova/nova/filters.py:102}}
May 27 23:00:14.973242 np0000001565 nova-scheduler[95723]: DEBUG nova.filters [None req-158a37d3-278b-481c-875f-1787cb0b0e06 tempest-ServerRescueNegativeTestJSON-550001831 tempest-ServerRescueNegativeTestJSON-550001831-project-member] Filter ImagePropertiesFilter returned 1 host(s) {{(pid=95723) get_filtered_objects /opt/stack/nova/nova/filters.py:102}}
May 27 23:00:14.973388 np0000001565 nova-scheduler[95723]: DEBUG nova.filters [None req-158a37d3-278b-481c-875f-1787cb0b0e06 tempest-ServerRescueNegativeTestJSON-550001831 tempest-ServerRescueNegativeTestJSON-550001831-project-member] Filter ServerGroupAntiAffinityFilter returned 1 host(s) {{(pid=95723) get_filtered_objects /opt/stack/nova/nova/filters.py:102}}
May 27 23:00:14.973497 np0000001565 nova-scheduler[95723]: DEBUG nova.filters [None req-158a37d3-278b-481c-875f-1787cb0b0e06 tempest-ServerRescueNegativeTestJSON-550001831 tempest-ServerRescueNegativeTestJSON-550001831-project-member] Filter ServerGroupAffinityFilter returned 1 host(s) {{(pid=95723) get_filtered_objects /opt/stack/nova/nova/filters.py:102}}
May 27 23:00:14.973617 np0000001565 nova-scheduler[95723]: DEBUG nova.filters [None req-158a37d3-278b-481c-875f-1787cb0b0e06 tempest-ServerRescueNegativeTestJSON-550001831 tempest-ServerRescueNegativeTestJSON-550001831-project-member] Filter SameHostFilter returned 1 host(s) {{(pid=95723) get_filtered_objects /opt/stack/nova/nova/filters.py:102}}
May 27 23:00:14.973718 np0000001565 nova-scheduler[95723]: DEBUG nova.filters [None req-158a37d3-278b-481c-875f-1787cb0b0e06 tempest-ServerRescueNegativeTestJSON-550001831 tempest-ServerRescueNegativeTestJSON-550001831-project-member] Filter DifferentHostFilter returned 1 host(s) {{(pid=95723) get_filtered_objects /opt/stack/nova/nova/filters.py:102}}
May 27 23:00:14.973835 np0000001565 nova-scheduler[95723]: DEBUG nova.scheduler.manager [None req-158a37d3-278b-481c-875f-1787cb0b0e06 tempest-ServerRescueNegativeTestJSON-550001831 tempest-ServerRescueNegativeTestJSON-550001831-project-member] Filtered [(np0000001565, np0000001565) ram: 23518MB disk: 75776MB io_ops: 0 instances: 0, allocation_candidates: 1] {{(pid=95723) _get_sorted_hosts /opt/stack/nova/nova/scheduler/manager.py:743}}
May 27 23:00:14.974002 np0000001565 nova-scheduler[95723]: DEBUG nova.scheduler.manager [None req-158a37d3-278b-481c-875f-1787cb0b0e06 tempest-ServerRescueNegativeTestJSON-550001831 tempest-ServerRescueNegativeTestJSON-550001831-project-member] Weighed [WeighedHost [host: (np0000001565, np0000001565) ram: 23518MB disk: 75776MB io_ops: 0 instances: 0, allocation_candidates: 1, weight: 0.0]] {{(pid=95723) _get_sorted_hosts /opt/stack/nova/nova/scheduler/manager.py:765}}
May 27 23:00:14.974161 np0000001565 nova-scheduler[95723]: DEBUG nova.scheduler.utils [None req-158a37d3-278b-481c-875f-1787cb0b0e06 tempest-ServerRescueNegativeTestJSON-550001831 tempest-ServerRescueNegativeTestJSON-550001831-project-member] Attempting to claim resources in the placement API for instance 119d02f0-0974-4fa4-9d6a-ecfefe01e029 {{(pid=95723) claim_resources /opt/stack/nova/nova/scheduler/utils.py:1304}}
May 27 23:00:15.109567 np0000001565 nova-scheduler[95723]: DEBUG nova.scheduler.manager [None req-158a37d3-278b-481c-875f-1787cb0b0e06 tempest-ServerRescueNegativeTestJSON-550001831 tempest-ServerRescueNegativeTestJSON-550001831-project-member] [instance: 119d02f0-0974-4fa4-9d6a-ecfefe01e029] Selected host: (np0000001565, np0000001565) ram: 23518MB disk: 75776MB io_ops: 0 instances: 0, allocation_candidates: 1 {{(pid=95723) _consume_selected_host /opt/stack/nova/nova/scheduler/manager.py:625}}
May 27 23:00:15.109876 np0000001565 nova-scheduler[95723]: DEBUG oslo_concurrency.lockutils [None req-158a37d3-278b-481c-875f-1787cb0b0e06 tempest-ServerRescueNegativeTestJSON-550001831 tempest-ServerRescueNegativeTestJSON-550001831-project-member] Acquiring lock "('np0000001565', 'np0000001565')" by "nova.scheduler.host_manager.HostState.consume_from_request.._locked" {{(pid=95723) inner /opt/stack/data/venv/lib/python3.12/site-packages/oslo_concurrency/lockutils.py:511}}
May 27 23:00:15.110082 np0000001565 nova-scheduler[95723]: DEBUG oslo_concurrency.lockutils [None req-158a37d3-278b-481c-875f-1787cb0b0e06 tempest-ServerRescueNegativeTestJSON-550001831 tempest-ServerRescueNegativeTestJSON-550001831-project-member] Lock "('np0000001565', 'np0000001565')" acquired by "nova.scheduler.host_manager.HostState.consume_from_request.._locked" :: waited 0.000s {{(pid=95723) inner /opt/stack/data/venv/lib/python3.12/site-packages/oslo_concurrency/lockutils.py:524}}
May 27 23:00:15.110291 np0000001565 nova-scheduler[95723]: DEBUG oslo_concurrency.lockutils [None req-158a37d3-278b-481c-875f-1787cb0b0e06 tempest-ServerRescueNegativeTestJSON-550001831 tempest-ServerRescueNegativeTestJSON-550001831-project-member] Lock "('np0000001565', 'np0000001565')" "released" by "nova.scheduler.host_manager.HostState.consume_from_request.._locked" :: held 0.000s {{(pid=95723) inner /opt/stack/data/venv/lib/python3.12/site-packages/oslo_concurrency/lockutils.py:543}}
May 27 23:00:24.965646 np0000001565 nova-scheduler[95723]: DEBUG dbcounter [-] [95723] Writing DB stats nova_api:SELECT=1 {{(pid=95723) stat_writer /opt/stack/data/venv/lib/python3.12/site-packages/dbcounter.py:115}}
May 27 23:00:24.968814 np0000001565 nova-scheduler[95723]: DEBUG dbcounter [-] [95723] Writing DB stats nova_cell1:SELECT=3 {{(pid=95723) stat_writer /opt/stack/data/venv/lib/python3.12/site-packages/dbcounter.py:115}}
May 27 23:00:25.107244 np0000001565 nova-scheduler[95725]: DEBUG nova.scheduler.manager [None req-3c067e4a-adb0-4043-9cec-e748c0e0f751 tempest-ServerRescueNegativeTestJSON-550001831 tempest-ServerRescueNegativeTestJSON-550001831-project-member] Starting to schedule for instances: ['489adb12-811c-408c-af3f-24edcfc9d4bb'] {{(pid=95725) select_destinations /opt/stack/nova/nova/scheduler/manager.py:210}}
May 27 23:00:25.108214 np0000001565 nova-scheduler[95725]: DEBUG nova.scheduler.request_filter [None req-3c067e4a-adb0-4043-9cec-e748c0e0f751 tempest-ServerRescueNegativeTestJSON-550001831 tempest-ServerRescueNegativeTestJSON-550001831-project-member] compute_status_filter request filter added forbidden trait COMPUTE_STATUS_DISABLED {{(pid=95725) compute_status_filter /opt/stack/nova/nova/scheduler/request_filter.py:253}}
May 27 23:00:25.108214 np0000001565 nova-scheduler[95725]: DEBUG nova.scheduler.request_filter [None req-3c067e4a-adb0-4043-9cec-e748c0e0f751 tempest-ServerRescueNegativeTestJSON-550001831 tempest-ServerRescueNegativeTestJSON-550001831-project-member] Request filter 'compute_status_filter' took 0.0 seconds {{(pid=95725) wrapper /opt/stack/nova/nova/scheduler/request_filter.py:46}}
May 27 23:00:25.108477 np0000001565 nova-scheduler[95725]: DEBUG nova.scheduler.request_filter [None req-3c067e4a-adb0-4043-9cec-e748c0e0f751 tempest-ServerRescueNegativeTestJSON-550001831 tempest-ServerRescueNegativeTestJSON-550001831-project-member] Request filter 'accelerators_filter' took 0.0 seconds {{(pid=95725) wrapper /opt/stack/nova/nova/scheduler/request_filter.py:46}}
May 27 23:00:25.108702 np0000001565 nova-scheduler[95725]: DEBUG nova.scheduler.request_filter [None req-3c067e4a-adb0-4043-9cec-e748c0e0f751 tempest-ServerRescueNegativeTestJSON-550001831 tempest-ServerRescueNegativeTestJSON-550001831-project-member] Request filter 'packed_virtqueue_filter' took 0.0 seconds {{(pid=95725) wrapper /opt/stack/nova/nova/scheduler/request_filter.py:46}}
May 27 23:00:25.109720 np0000001565 nova-scheduler[95725]: DEBUG nova.scheduler.request_filter [None req-3c067e4a-adb0-4043-9cec-e748c0e0f751 tempest-ServerRescueNegativeTestJSON-550001831 tempest-ServerRescueNegativeTestJSON-550001831-project-member] Request filter 'remote_managed_ports_filter' took 0.0 seconds {{(pid=95725) wrapper /opt/stack/nova/nova/scheduler/request_filter.py:46}}
May 27 23:00:25.109720 np0000001565 nova-scheduler[95725]: DEBUG nova.scheduler.request_filter [None req-3c067e4a-adb0-4043-9cec-e748c0e0f751 tempest-ServerRescueNegativeTestJSON-550001831 tempest-ServerRescueNegativeTestJSON-550001831-project-member] ephemeral_encryption_filter skipped {{(pid=95725) ephemeral_encryption_filter /opt/stack/nova/nova/scheduler/request_filter.py:426}}
May 27 23:00:25.110669 np0000001565 nova-scheduler[95725]: DEBUG nova.scheduler.request_filter [None req-3c067e4a-adb0-4043-9cec-e748c0e0f751 tempest-ServerRescueNegativeTestJSON-550001831 tempest-ServerRescueNegativeTestJSON-550001831-project-member] virtio_sound_filter skipped {{(pid=95725) virtio_sound_filter /opt/stack/nova/nova/scheduler/request_filter.py:460}}
May 27 23:00:25.110915 np0000001565 nova-scheduler[95725]: DEBUG nova.scheduler.request_filter [None req-3c067e4a-adb0-4043-9cec-e748c0e0f751 tempest-ServerRescueNegativeTestJSON-550001831 tempest-ServerRescueNegativeTestJSON-550001831-project-member] tpm_secret_security_filter skipped {{(pid=95725) tpm_secret_security_filter /opt/stack/nova/nova/scheduler/request_filter.py:477}}
May 27 23:00:25.208472 np0000001565 nova-scheduler[95725]: INFO nova.utils [None req-3c067e4a-adb0-4043-9cec-e748c0e0f751 tempest-ServerRescueNegativeTestJSON-550001831 tempest-ServerRescueNegativeTestJSON-550001831-project-member] The cell worker thread pool ForkProcess-2.cell_worker is initialized
May 27 23:00:25.208781 np0000001565 nova-scheduler[95725]: DEBUG oslo_concurrency.lockutils [None req-3c067e4a-adb0-4043-9cec-e748c0e0f751 tempest-ServerRescueNegativeTestJSON-550001831 tempest-ServerRescueNegativeTestJSON-550001831-project-member] Acquiring lock "7a50f686-373f-4f62-9806-fbbd3ad46aff" by "nova.context.set_target_cell..get_or_set_cached_cell_and_set_connections" {{(pid=95725) inner /opt/stack/data/venv/lib/python3.12/site-packages/oslo_concurrency/lockutils.py:511}}
May 27 23:00:25.209023 np0000001565 nova-scheduler[95725]: DEBUG oslo_concurrency.lockutils [None req-3c067e4a-adb0-4043-9cec-e748c0e0f751 tempest-ServerRescueNegativeTestJSON-550001831 tempest-ServerRescueNegativeTestJSON-550001831-project-member] Lock "7a50f686-373f-4f62-9806-fbbd3ad46aff" acquired by "nova.context.set_target_cell..get_or_set_cached_cell_and_set_connections" :: waited 0.000s {{(pid=95725) inner /opt/stack/data/venv/lib/python3.12/site-packages/oslo_concurrency/lockutils.py:524}}
May 27 23:00:25.210295 np0000001565 nova-scheduler[95725]: DEBUG oslo_concurrency.lockutils [None req-3c067e4a-adb0-4043-9cec-e748c0e0f751 tempest-ServerRescueNegativeTestJSON-550001831 tempest-ServerRescueNegativeTestJSON-550001831-project-member] Lock "7a50f686-373f-4f62-9806-fbbd3ad46aff" "released" by "nova.context.set_target_cell..get_or_set_cached_cell_and_set_connections" :: held 0.001s {{(pid=95725) inner /opt/stack/data/venv/lib/python3.12/site-packages/oslo_concurrency/lockutils.py:543}}
May 27 23:00:25.211692 np0000001565 nova-scheduler[95725]: INFO dbcounter [None req-3c067e4a-adb0-4043-9cec-e748c0e0f751 tempest-ServerRescueNegativeTestJSON-550001831 tempest-ServerRescueNegativeTestJSON-550001831-project-member] Registered counter for database nova_cell1
May 27 23:00:25.248032 np0000001565 nova-scheduler[95725]: DEBUG oslo_db.sqlalchemy.engines [None req-3c067e4a-adb0-4043-9cec-e748c0e0f751 tempest-ServerRescueNegativeTestJSON-550001831 tempest-ServerRescueNegativeTestJSON-550001831-project-member] MySQL server mode set to STRICT_TRANS_TABLES,STRICT_ALL_TABLES,NO_ZERO_IN_DATE,NO_ZERO_DATE,ERROR_FOR_DIVISION_BY_ZERO,TRADITIONAL,NO_ENGINE_SUBSTITUTION {{(pid=95725) _check_effective_sql_mode /opt/stack/data/venv/lib/python3.12/site-packages/oslo_db/sqlalchemy/engines.py:325}}
May 27 23:00:25.252677 np0000001565 nova-scheduler[95725]: DEBUG dbcounter [-] [95725] Writer thread running {{(pid=95725) stat_writer /opt/stack/data/venv/lib/python3.12/site-packages/dbcounter.py:102}}
May 27 23:00:25.309302 np0000001565 nova-scheduler[95725]: DEBUG dbcounter [-] [95725] Writer thread running {{(pid=95725) stat_writer /opt/stack/data/venv/lib/python3.12/site-packages/dbcounter.py:102}}
May 27 23:00:25.311772 np0000001565 nova-scheduler[95725]: DEBUG oslo_concurrency.lockutils [None req-3c067e4a-adb0-4043-9cec-e748c0e0f751 tempest-ServerRescueNegativeTestJSON-550001831 tempest-ServerRescueNegativeTestJSON-550001831-project-member] Acquiring lock "7a50f686-373f-4f62-9806-fbbd3ad46aff" by "nova.context.set_target_cell..get_or_set_cached_cell_and_set_connections" {{(pid=95725) inner /opt/stack/data/venv/lib/python3.12/site-packages/oslo_concurrency/lockutils.py:511}}
May 27 23:00:25.311933 np0000001565 nova-scheduler[95725]: DEBUG oslo_concurrency.lockutils [None req-3c067e4a-adb0-4043-9cec-e748c0e0f751 tempest-ServerRescueNegativeTestJSON-550001831 tempest-ServerRescueNegativeTestJSON-550001831-project-member] Lock "7a50f686-373f-4f62-9806-fbbd3ad46aff" acquired by "nova.context.set_target_cell..get_or_set_cached_cell_and_set_connections" :: waited 0.000s {{(pid=95725) inner /opt/stack/data/venv/lib/python3.12/site-packages/oslo_concurrency/lockutils.py:524}}
May 27 23:00:25.312050 np0000001565 nova-scheduler[95725]: DEBUG oslo_concurrency.lockutils [None req-3c067e4a-adb0-4043-9cec-e748c0e0f751 tempest-ServerRescueNegativeTestJSON-550001831 tempest-ServerRescueNegativeTestJSON-550001831-project-member] Lock "7a50f686-373f-4f62-9806-fbbd3ad46aff" "released" by "nova.context.set_target_cell..get_or_set_cached_cell_and_set_connections" :: held 0.000s {{(pid=95725) inner /opt/stack/data/venv/lib/python3.12/site-packages/oslo_concurrency/lockutils.py:543}}
May 27 23:00:25.315062 np0000001565 nova-scheduler[95725]: DEBUG oslo_concurrency.lockutils [None req-3c067e4a-adb0-4043-9cec-e748c0e0f751 tempest-ServerRescueNegativeTestJSON-550001831 tempest-ServerRescueNegativeTestJSON-550001831-project-member] Acquiring lock "('np0000001565', 'np0000001565')" by "nova.scheduler.host_manager.HostState.update.._locked_update" {{(pid=95725) inner /opt/stack/data/venv/lib/python3.12/site-packages/oslo_concurrency/lockutils.py:511}}
May 27 23:00:25.315207 np0000001565 nova-scheduler[95725]: DEBUG oslo_concurrency.lockutils [None req-3c067e4a-adb0-4043-9cec-e748c0e0f751 tempest-ServerRescueNegativeTestJSON-550001831 tempest-ServerRescueNegativeTestJSON-550001831-project-member] Lock "('np0000001565', 'np0000001565')" acquired by "nova.scheduler.host_manager.HostState.update.._locked_update" :: waited 0.000s {{(pid=95725) inner /opt/stack/data/venv/lib/python3.12/site-packages/oslo_concurrency/lockutils.py:524}}
