Jun 17 20:14:18.849013 np0000003095 devstack@g-api.service[98969]: DEBUG glance.common.config [None req-19f9b5e8-e57a-4b0f-a188-17e3e7d65ade None None] database.slave_connection = **** {{(pid=98969) log_opt_values /opt/stack/data/venv/lib/python3.12/site-packages/oslo_config/cfg.py:3253}}
Jun 17 20:14:18.849046 np0000003095 devstack@g-api.service[98970]: DEBUG glance.common.config [None req-d6c7d715-c99d-4037-9805-127fd90162d5 None None] database.connection_debug = 0 {{(pid=98970) log_opt_values /opt/stack/data/venv/lib/python3.12/site-packages/oslo_config/cfg.py:3253}}
Jun 17 20:14:18.849079 np0000003095 devstack@g-api.service[98969]: DEBUG glance.common.config [None req-19f9b5e8-e57a-4b0f-a188-17e3e7d65ade None None] database.sqlite_synchronous = True {{(pid=98969) log_opt_values /opt/stack/data/venv/lib/python3.12/site-packages/oslo_config/cfg.py:3253}}
Jun 17 20:14:18.849150 np0000003095 devstack@g-api.service[98970]: DEBUG glance.common.config [None req-d6c7d715-c99d-4037-9805-127fd90162d5 None None] database.connection_parameters = {{(pid=98970) log_opt_values /opt/stack/data/venv/lib/python3.12/site-packages/oslo_config/cfg.py:3253}}
Jun 17 20:14:18.849184 np0000003095 devstack@g-api.service[98969]: DEBUG glance.common.config [None req-19f9b5e8-e57a-4b0f-a188-17e3e7d65ade None None] database.synchronous_reader = True {{(pid=98969) log_opt_values /opt/stack/data/venv/lib/python3.12/site-packages/oslo_config/cfg.py:3253}}
Jun 17 20:14:18.849264 np0000003095 devstack@g-api.service[98969]: DEBUG glance.common.config [None req-19f9b5e8-e57a-4b0f-a188-17e3e7d65ade None None] database.use_db_reconnect = False {{(pid=98969) log_opt_values /opt/stack/data/venv/lib/python3.12/site-packages/oslo_config/cfg.py:3253}}
Jun 17 20:14:18.849302 np0000003095 devstack@g-api.service[98970]: DEBUG glance.common.config [None req-d6c7d715-c99d-4037-9805-127fd90162d5 None None] database.connection_recycle_time = 3600 {{(pid=98970) log_opt_values /opt/stack/data/venv/lib/python3.12/site-packages/oslo_config/cfg.py:3253}}
Jun 17 20:14:18.849386 np0000003095 devstack@g-api.service[98970]: DEBUG glance.common.config [None req-d6c7d715-c99d-4037-9805-127fd90162d5 None None] database.connection_trace = False {{(pid=98970) log_opt_values /opt/stack/data/venv/lib/python3.12/site-packages/oslo_config/cfg.py:3253}}
Jun 17 20:14:18.849484 np0000003095 devstack@g-api.service[98969]: DEBUG glance.common.config [None req-19f9b5e8-e57a-4b0f-a188-17e3e7d65ade None None] healthcheck.allowed_source_ranges = [] {{(pid=98969) log_opt_values /opt/stack/data/venv/lib/python3.12/site-packages/oslo_config/cfg.py:3253}}
Jun 17 20:14:18.849584 np0000003095 devstack@g-api.service[98970]: DEBUG glance.common.config [None req-d6c7d715-c99d-4037-9805-127fd90162d5 None None] database.db_inc_retry_interval = True {{(pid=98970) log_opt_values /opt/stack/data/venv/lib/python3.12/site-packages/oslo_config/cfg.py:3253}}
Jun 17 20:14:18.849678 np0000003095 devstack@g-api.service[98969]: DEBUG glance.common.config [None req-19f9b5e8-e57a-4b0f-a188-17e3e7d65ade None None] healthcheck.backends = ['disable_by_file'] {{(pid=98969) log_opt_values /opt/stack/data/venv/lib/python3.12/site-packages/oslo_config/cfg.py:3253}}
Jun 17 20:14:18.849720 np0000003095 devstack@g-api.service[98970]: DEBUG glance.common.config [None req-d6c7d715-c99d-4037-9805-127fd90162d5 None None] database.db_max_retries = 20 {{(pid=98970) log_opt_values /opt/stack/data/venv/lib/python3.12/site-packages/oslo_config/cfg.py:3253}}
Jun 17 20:14:18.849720 np0000003095 devstack@g-api.service[98970]: DEBUG glance.common.config [None req-d6c7d715-c99d-4037-9805-127fd90162d5 None None] database.db_max_retry_interval = 10 {{(pid=98970) log_opt_values /opt/stack/data/venv/lib/python3.12/site-packages/oslo_config/cfg.py:3253}}
Jun 17 20:14:18.849829 np0000003095 devstack@g-api.service[98969]: DEBUG glance.common.config [None req-19f9b5e8-e57a-4b0f-a188-17e3e7d65ade None None] healthcheck.detailed = False {{(pid=98969) log_opt_values /opt/stack/data/venv/lib/python3.12/site-packages/oslo_config/cfg.py:3253}}
Jun 17 20:14:18.849888 np0000003095 devstack@g-api.service[98970]: DEBUG glance.common.config [None req-d6c7d715-c99d-4037-9805-127fd90162d5 None None] database.db_retry_interval = 1 {{(pid=98970) log_opt_values /opt/stack/data/venv/lib/python3.12/site-packages/oslo_config/cfg.py:3253}}
Jun 17 20:14:18.849926 np0000003095 devstack@g-api.service[98969]: DEBUG glance.common.config [None req-19f9b5e8-e57a-4b0f-a188-17e3e7d65ade None None] healthcheck.disable_by_file_path = None {{(pid=98969) log_opt_values /opt/stack/data/venv/lib/python3.12/site-packages/oslo_config/cfg.py:3253}}
Jun 17 20:14:18.850016 np0000003095 devstack@g-api.service[98970]: DEBUG glance.common.config [None req-d6c7d715-c99d-4037-9805-127fd90162d5 None None] database.max_overflow = 50 {{(pid=98970) log_opt_values /opt/stack/data/venv/lib/python3.12/site-packages/oslo_config/cfg.py:3253}}
Jun 17 20:14:18.850084 np0000003095 devstack@g-api.service[98969]: DEBUG glance.common.config [None req-19f9b5e8-e57a-4b0f-a188-17e3e7d65ade None None] healthcheck.ignore_proxied_requests = False {{(pid=98969) log_opt_values /opt/stack/data/venv/lib/python3.12/site-packages/oslo_config/cfg.py:3253}}
Jun 17 20:14:18.850169 np0000003095 devstack@g-api.service[98970]: DEBUG glance.common.config [None req-d6c7d715-c99d-4037-9805-127fd90162d5 None None] database.max_pool_size = 5 {{(pid=98970) log_opt_values /opt/stack/data/venv/lib/python3.12/site-packages/oslo_config/cfg.py:3253}}
Jun 17 20:14:18.850267 np0000003095 devstack@g-api.service[98969]: DEBUG glance.common.config [None req-19f9b5e8-e57a-4b0f-a188-17e3e7d65ade None None] ******************************************************************************** {{(pid=98969) log_opt_values /opt/stack/data/venv/lib/python3.12/site-packages/oslo_config/cfg.py:3260}}
Jun 17 20:14:18.850267 np0000003095 devstack@g-api.service[98969]: WSGI app 0 (mountpoint='') ready in 2 seconds on interpreter 0x7138ffaa3668 pid: 98969 (default app)
Jun 17 20:14:18.850396 np0000003095 devstack@g-api.service[98970]: DEBUG glance.common.config [None req-d6c7d715-c99d-4037-9805-127fd90162d5 None None] database.max_retries = 10 {{(pid=98970) log_opt_values /opt/stack/data/venv/lib/python3.12/site-packages/oslo_config/cfg.py:3253}}
Jun 17 20:14:18.850396 np0000003095 devstack@g-api.service[98970]: DEBUG glance.common.config [None req-d6c7d715-c99d-4037-9805-127fd90162d5 None None] database.mysql_sql_mode = TRADITIONAL {{(pid=98970) log_opt_values /opt/stack/data/venv/lib/python3.12/site-packages/oslo_config/cfg.py:3253}}
Jun 17 20:14:18.850396 np0000003095 devstack@g-api.service[98970]: DEBUG glance.common.config [None req-d6c7d715-c99d-4037-9805-127fd90162d5 None None] database.mysql_wsrep_sync_wait = None {{(pid=98970) log_opt_values /opt/stack/data/venv/lib/python3.12/site-packages/oslo_config/cfg.py:3253}}
Jun 17 20:14:18.850396 np0000003095 devstack@g-api.service[98970]: DEBUG glance.common.config [None req-d6c7d715-c99d-4037-9805-127fd90162d5 None None] database.pool_timeout = None {{(pid=98970) log_opt_values /opt/stack/data/venv/lib/python3.12/site-packages/oslo_config/cfg.py:3253}}
Jun 17 20:14:18.850396 np0000003095 devstack@g-api.service[98970]: DEBUG glance.common.config [None req-d6c7d715-c99d-4037-9805-127fd90162d5 None None] database.retry_interval = 10 {{(pid=98970) log_opt_values /opt/stack/data/venv/lib/python3.12/site-packages/oslo_config/cfg.py:3253}}
Jun 17 20:14:18.850679 np0000003095 devstack@g-api.service[98970]: DEBUG glance.common.config [None req-d6c7d715-c99d-4037-9805-127fd90162d5 None None] database.slave_connection = **** {{(pid=98970) log_opt_values /opt/stack/data/venv/lib/python3.12/site-packages/oslo_config/cfg.py:3253}}
Jun 17 20:14:18.850679 np0000003095 devstack@g-api.service[98970]: DEBUG glance.common.config [None req-d6c7d715-c99d-4037-9805-127fd90162d5 None None] database.sqlite_synchronous = True {{(pid=98970) log_opt_values /opt/stack/data/venv/lib/python3.12/site-packages/oslo_config/cfg.py:3253}}
Jun 17 20:14:18.850679 np0000003095 devstack@g-api.service[98970]: DEBUG glance.common.config [None req-d6c7d715-c99d-4037-9805-127fd90162d5 None None] database.synchronous_reader = True {{(pid=98970) log_opt_values /opt/stack/data/venv/lib/python3.12/site-packages/oslo_config/cfg.py:3253}}
Jun 17 20:14:18.850768 np0000003095 devstack@g-api.service[98969]: DEBUG glance.api.middleware.version_negotiation [None req-19f9b5e8-e57a-4b0f-a188-17e3e7d65ade None None] Determining version of request: GET / Accept: */* {{(pid=98969) process_request /opt/stack/glance/glance/api/middleware/version_negotiation.py:44}}
Jun 17 20:14:18.850808 np0000003095 devstack@g-api.service[98970]: DEBUG glance.common.config [None req-d6c7d715-c99d-4037-9805-127fd90162d5 None None] database.use_db_reconnect = False {{(pid=98970) log_opt_values /opt/stack/data/venv/lib/python3.12/site-packages/oslo_config/cfg.py:3253}}
Jun 17 20:14:18.850837 np0000003095 devstack@g-api.service[98969]: DEBUG glance.api.middleware.version_negotiation [None req-19f9b5e8-e57a-4b0f-a188-17e3e7d65ade None None] Using url versioning {{(pid=98969) process_request /opt/stack/glance/glance/api/middleware/version_negotiation.py:57}}
Jun 17 20:14:18.850923 np0000003095 devstack@g-api.service[98970]: DEBUG glance.common.config [None req-d6c7d715-c99d-4037-9805-127fd90162d5 None None] healthcheck.allowed_source_ranges = [] {{(pid=98970) log_opt_values /opt/stack/data/venv/lib/python3.12/site-packages/oslo_config/cfg.py:3253}}
Jun 17 20:14:18.851015 np0000003095 devstack@g-api.service[98970]: DEBUG glance.common.config [None req-d6c7d715-c99d-4037-9805-127fd90162d5 None None] healthcheck.backends = ['disable_by_file'] {{(pid=98970) log_opt_values /opt/stack/data/venv/lib/python3.12/site-packages/oslo_config/cfg.py:3253}}
Jun 17 20:14:18.851052 np0000003095 devstack@g-api.service[98969]: DEBUG glance.api.middleware.version_negotiation [None req-19f9b5e8-e57a-4b0f-a188-17e3e7d65ade None None] Unknown version. Returning version choices. {{(pid=98969) process_request /opt/stack/glance/glance/api/middleware/version_negotiation.py:64}}
Jun 17 20:14:18.851110 np0000003095 devstack@g-api.service[98970]: DEBUG glance.common.config [None req-d6c7d715-c99d-4037-9805-127fd90162d5 None None] healthcheck.detailed = False {{(pid=98970) log_opt_values /opt/stack/data/venv/lib/python3.12/site-packages/oslo_config/cfg.py:3253}}
Jun 17 20:14:18.851170 np0000003095 devstack@g-api.service[98970]: DEBUG glance.common.config [None req-d6c7d715-c99d-4037-9805-127fd90162d5 None None] healthcheck.disable_by_file_path = None {{(pid=98970) log_opt_values /opt/stack/data/venv/lib/python3.12/site-packages/oslo_config/cfg.py:3253}}
Jun 17 20:14:18.851234 np0000003095 devstack@g-api.service[98970]: DEBUG glance.common.config [None req-d6c7d715-c99d-4037-9805-127fd90162d5 None None] healthcheck.ignore_proxied_requests = False {{(pid=98970) log_opt_values /opt/stack/data/venv/lib/python3.12/site-packages/oslo_config/cfg.py:3253}}
Jun 17 20:14:18.851330 np0000003095 devstack@g-api.service[98970]: DEBUG glance.common.config [None req-d6c7d715-c99d-4037-9805-127fd90162d5 None None] ******************************************************************************** {{(pid=98970) log_opt_values /opt/stack/data/venv/lib/python3.12/site-packages/oslo_config/cfg.py:3260}}
Jun 17 20:14:18.851449 np0000003095 devstack@g-api.service[98970]: WSGI app 0 (mountpoint='') ready in 2 seconds on interpreter 0x7138ffaa3668 pid: 98970 (default app)
Jun 17 20:14:18.851956 np0000003095 devstack@g-api.service[98969]: [pid: 98969|app: 0|req: 1/1] 127.0.0.1 () {34 vars in 455 bytes} [Wed Jun 17 20:14:18 2026] GET / => generated 1407 bytes in 1 msecs (HTTP/1.1 300) 3 headers in 106 bytes (1 switches on core 0)
Jun 17 20:14:20.785710 np0000003095 devstack@g-api.service[98970]: DEBUG glance.api.middleware.version_negotiation [None req-d6c7d715-c99d-4037-9805-127fd90162d5 None None] Determining version of request: GET / Accept: application/json {{(pid=98970) process_request /opt/stack/glance/glance/api/middleware/version_negotiation.py:44}}
Jun 17 20:14:20.786066 np0000003095 devstack@g-api.service[98970]: DEBUG glance.api.middleware.version_negotiation [None req-d6c7d715-c99d-4037-9805-127fd90162d5 None None] Using url versioning {{(pid=98970) process_request /opt/stack/glance/glance/api/middleware/version_negotiation.py:57}}
Jun 17 20:14:20.786160 np0000003095 devstack@g-api.service[98970]: DEBUG glance.api.middleware.version_negotiation [None req-d6c7d715-c99d-4037-9805-127fd90162d5 None None] Unknown version. Returning version choices. {{(pid=98970) process_request /opt/stack/glance/glance/api/middleware/version_negotiation.py:64}}
Jun 17 20:14:20.787147 np0000003095 devstack@g-api.service[98970]: [pid: 98970|app: 0|req: 1/2] 127.0.0.1 () {36 vars in 573 bytes} [Wed Jun 17 20:14:20 2026] GET / => generated 1407 bytes in 2 msecs (HTTP/1.1 300) 3 headers in 106 bytes (1 switches on core 0)
Jun 17 20:14:20.801321 np0000003095 devstack@g-api.service[98969]: DEBUG glance.api.middleware.version_negotiation [None req-19f9b5e8-e57a-4b0f-a188-17e3e7d65ade None None] Determining version of request: POST /v2/images Accept: */* {{(pid=98969) process_request /opt/stack/glance/glance/api/middleware/version_negotiation.py:44}}
Jun 17 20:14:20.801321 np0000003095 devstack@g-api.service[98969]: DEBUG glance.api.middleware.version_negotiation [None req-19f9b5e8-e57a-4b0f-a188-17e3e7d65ade None None] Using url versioning {{(pid=98969) process_request /opt/stack/glance/glance/api/middleware/version_negotiation.py:57}}
Jun 17 20:14:20.803176 np0000003095 devstack@g-api.service[98969]: DEBUG glance.api.middleware.version_negotiation [None req-19f9b5e8-e57a-4b0f-a188-17e3e7d65ade None None] Matched version: v2 {{(pid=98969) process_request /opt/stack/glance/glance/api/middleware/version_negotiation.py:69}}
Jun 17 20:14:20.803389 np0000003095 devstack@g-api.service[98969]: DEBUG glance.api.middleware.version_negotiation [None req-19f9b5e8-e57a-4b0f-a188-17e3e7d65ade None None] new path /v2/images {{(pid=98969) process_request /opt/stack/glance/glance/api/middleware/version_negotiation.py:70}}
Jun 17 20:14:21.903469 np0000003095 devstack@g-api.service[98969]: [pid: 98969|app: 0|req: 2/3] 127.0.0.1 () {42 vars in 836 bytes} [Wed Jun 17 20:14:20 2026] POST /v2/images => generated 807 bytes in 1103 msecs (HTTP/1.1 201) 6 headers in 315 bytes (1 switches on core 0)
Jun 17 20:14:21.912452 np0000003095 devstack@g-api.service[98970]: DEBUG glance.api.middleware.version_negotiation [None req-d6c7d715-c99d-4037-9805-127fd90162d5 None None] Determining version of request: PUT /v2/images/ee191fce-54c6-4950-8acc-6f0ce5118f60/stage Accept: {{(pid=98970) process_request /opt/stack/glance/glance/api/middleware/version_negotiation.py:44}}
Jun 17 20:14:21.912452 np0000003095 devstack@g-api.service[98970]: DEBUG glance.api.middleware.version_negotiation [None req-d6c7d715-c99d-4037-9805-127fd90162d5 None None] Using url versioning {{(pid=98970) process_request /opt/stack/glance/glance/api/middleware/version_negotiation.py:57}}
Jun 17 20:14:21.914710 np0000003095 devstack@g-api.service[98970]: DEBUG glance.api.middleware.version_negotiation [None req-d6c7d715-c99d-4037-9805-127fd90162d5 None None] Matched version: v2 {{(pid=98970) process_request /opt/stack/glance/glance/api/middleware/version_negotiation.py:69}}
Jun 17 20:14:21.914889 np0000003095 devstack@g-api.service[98970]: DEBUG glance.api.middleware.version_negotiation [None req-d6c7d715-c99d-4037-9805-127fd90162d5 None None] new path /v2/images/ee191fce-54c6-4950-8acc-6f0ce5118f60/stage {{(pid=98970) process_request /opt/stack/glance/glance/api/middleware/version_negotiation.py:70}}
Jun 17 20:14:22.586674 np0000003095 devstack@g-api.service[98970]: DEBUG glance_store.backend [None req-c48484c6-6f4d-4197-aa3a-178aed865682 admin admin] Attempting to import store cinder {{(pid=98970) _load_store /opt/stack/data/venv/lib/python3.12/site-packages/glance_store/backend.py:215}}
Jun 17 20:14:22.586876 np0000003095 devstack@g-api.service[98970]: DEBUG glance_store.backend [None req-c48484c6-6f4d-4197-aa3a-178aed865682 admin admin] Attempting to import store file {{(pid=98970) _load_store /opt/stack/data/venv/lib/python3.12/site-packages/glance_store/backend.py:215}}
Jun 17 20:14:22.587006 np0000003095 devstack@g-api.service[98970]: DEBUG glance_store.backend [None req-c48484c6-6f4d-4197-aa3a-178aed865682 admin admin] Attempting to import store glance.store.cinder.Store {{(pid=98970) _load_store /opt/stack/data/venv/lib/python3.12/site-packages/glance_store/backend.py:215}}
Jun 17 20:14:22.587155 np0000003095 devstack@g-api.service[98970]: DEBUG glance_store.backend [None req-c48484c6-6f4d-4197-aa3a-178aed865682 admin admin] Attempting to import store glance.store.filesystem.Store {{(pid=98970) _load_store /opt/stack/data/venv/lib/python3.12/site-packages/glance_store/backend.py:215}}
Jun 17 20:14:22.587330 np0000003095 devstack@g-api.service[98970]: DEBUG glance_store.backend [None req-c48484c6-6f4d-4197-aa3a-178aed865682 admin admin] Attempting to import store glance.store.http.Store {{(pid=98970) _load_store /opt/stack/data/venv/lib/python3.12/site-packages/glance_store/backend.py:215}}
Jun 17 20:14:22.587481 np0000003095 devstack@g-api.service[98970]: DEBUG glance_store.backend [None req-c48484c6-6f4d-4197-aa3a-178aed865682 admin admin] Attempting to import store glance.store.rbd.Store {{(pid=98970) _load_store /opt/stack/data/venv/lib/python3.12/site-packages/glance_store/backend.py:215}}
Jun 17 20:14:22.587666 np0000003095 devstack@g-api.service[98970]: DEBUG glance_store.backend [None req-c48484c6-6f4d-4197-aa3a-178aed865682 admin admin] Attempting to import store glance.store.s3.Store {{(pid=98970) _load_store /opt/stack/data/venv/lib/python3.12/site-packages/glance_store/backend.py:215}}
Jun 17 20:14:22.587782 np0000003095 devstack@g-api.service[98970]: DEBUG glance_store.backend [None req-c48484c6-6f4d-4197-aa3a-178aed865682 admin admin] Attempting to import store glance.store.swift.Store {{(pid=98970) _load_store /opt/stack/data/venv/lib/python3.12/site-packages/glance_store/backend.py:215}}
Jun 17 20:14:22.587929 np0000003095 devstack@g-api.service[98970]: DEBUG glance_store.backend [None req-c48484c6-6f4d-4197-aa3a-178aed865682 admin admin] Attempting to import store glance.store.vmware_datastore.Store {{(pid=98970) _load_store /opt/stack/data/venv/lib/python3.12/site-packages/glance_store/backend.py:215}}
Jun 17 20:14:22.588073 np0000003095 devstack@g-api.service[98970]: DEBUG glance_store.backend [None req-c48484c6-6f4d-4197-aa3a-178aed865682 admin admin] Attempting to import store http {{(pid=98970) _load_store /opt/stack/data/venv/lib/python3.12/site-packages/glance_store/backend.py:215}}
Jun 17 20:14:22.588210 np0000003095 devstack@g-api.service[98970]: DEBUG glance_store.backend [None req-c48484c6-6f4d-4197-aa3a-178aed865682 admin admin] Attempting to import store no_conf {{(pid=98970) _load_store /opt/stack/data/venv/lib/python3.12/site-packages/glance_store/backend.py:215}}
Jun 17 20:14:22.588365 np0000003095 devstack@g-api.service[98970]: DEBUG glance_store.backend [None req-c48484c6-6f4d-4197-aa3a-178aed865682 admin admin] Attempting to import store rbd {{(pid=98970) _load_store /opt/stack/data/venv/lib/python3.12/site-packages/glance_store/backend.py:215}}
Jun 17 20:14:22.588503 np0000003095 devstack@g-api.service[98970]: DEBUG glance_store.backend [None req-c48484c6-6f4d-4197-aa3a-178aed865682 admin admin] Attempting to import store s3 {{(pid=98970) _load_store /opt/stack/data/venv/lib/python3.12/site-packages/glance_store/backend.py:215}}
Jun 17 20:14:22.588647 np0000003095 devstack@g-api.service[98970]: DEBUG glance_store.backend [None req-c48484c6-6f4d-4197-aa3a-178aed865682 admin admin] Attempting to import store swift {{(pid=98970) _load_store /opt/stack/data/venv/lib/python3.12/site-packages/glance_store/backend.py:215}}
Jun 17 20:14:22.588785 np0000003095 devstack@g-api.service[98970]: DEBUG glance_store.backend [None req-c48484c6-6f4d-4197-aa3a-178aed865682 admin admin] Attempting to import store vmware {{(pid=98970) _load_store /opt/stack/data/venv/lib/python3.12/site-packages/glance_store/backend.py:215}}
Jun 17 20:14:22.588927 np0000003095 devstack@g-api.service[98970]: DEBUG glance_store.backend [None req-c48484c6-6f4d-4197-aa3a-178aed865682 admin admin] Registering options for group glance_store {{(pid=98970) register_opts /opt/stack/data/venv/lib/python3.12/site-packages/glance_store/backend.py:144}}
Jun 17 20:14:22.589073 np0000003095 devstack@g-api.service[98970]: DEBUG glance_store.backend [None req-c48484c6-6f4d-4197-aa3a-178aed865682 admin admin] Registering options for group glance_store {{(pid=98970) register_opts /opt/stack/data/venv/lib/python3.12/site-packages/glance_store/backend.py:144}}
Jun 17 20:14:22.589489 np0000003095 devstack@g-api.service[98970]: DEBUG glance_store.backend [None req-c48484c6-6f4d-4197-aa3a-178aed865682 admin admin] Attempting to import store file {{(pid=98970) _load_store /opt/stack/data/venv/lib/python3.12/site-packages/glance_store/backend.py:215}}
Jun 17 20:14:22.589869 np0000003095 devstack@g-api.service[98970]: INFO glance_store._drivers.filesystem [None req-c48484c6-6f4d-4197-aa3a-178aed865682 admin admin] Directory to write image files does not exist (/tmp/staging/). Creating.
Jun 17 20:14:22.590099 np0000003095 devstack@g-api.service[98970]: DEBUG glance_store.capabilities [None req-c48484c6-6f4d-4197-aa3a-178aed865682 admin admin] Store glance_store._drivers.filesystem.Store doesn't support updating dynamic storage capabilities. Please overwrite 'update_capabilities' method of the store to implement updating logics if needed. {{(pid=98970) update_capabilities /opt/stack/data/venv/lib/python3.12/site-packages/glance_store/capabilities.py:91}}
Jun 17 20:14:23.226041 np0000003095 devstack@g-api.service[98970]: DEBUG glance_store._drivers.filesystem [None req-c48484c6-6f4d-4197-aa3a-178aed865682 admin admin] Wrote 21430272 bytes to /tmp/staging/ee191fce-54c6-4950-8acc-6f0ce5118f60 with checksum c8fc807773e5354afe61636071771906 and multihash c8fc807773e5354afe61636071771906 {{(pid=98970) add /opt/stack/data/venv/lib/python3.12/site-packages/glance_store/_drivers/filesystem.py:899}}
Jun 17 20:14:23.246137 np0000003095 devstack@g-api.service[98970]: [pid: 98970|app: 0|req: 2/4] 127.0.0.1 () {42 vars in 931 bytes} [Wed Jun 17 20:14:21 2026] PUT /v2/images/ee191fce-54c6-4950-8acc-6f0ce5118f60/stage => generated 0 bytes in 1334 msecs (HTTP/1.1 204) 4 headers in 171 bytes (1 switches on core 0)
Jun 17 20:14:23.256191 np0000003095 devstack@g-api.service[98969]: DEBUG glance.api.middleware.version_negotiation [None req-efdd52e0-8dae-4873-8e55-ac233731f548 admin admin] Determining version of request: POST /v2/images/ee191fce-54c6-4950-8acc-6f0ce5118f60/import Accept: */* {{(pid=98969) process_request /opt/stack/glance/glance/api/middleware/version_negotiation.py:44}}
Jun 17 20:14:23.256686 np0000003095 devstack@g-api.service[98969]: DEBUG glance.api.middleware.version_negotiation [None req-efdd52e0-8dae-4873-8e55-ac233731f548 admin admin] Using url versioning {{(pid=98969) process_request /opt/stack/glance/glance/api/middleware/version_negotiation.py:57}}
Jun 17 20:14:23.256686 np0000003095 devstack@g-api.service[98969]: DEBUG glance.api.middleware.version_negotiation [None req-efdd52e0-8dae-4873-8e55-ac233731f548 admin admin] Matched version: v2 {{(pid=98969) process_request /opt/stack/glance/glance/api/middleware/version_negotiation.py:69}}
Jun 17 20:14:23.256780 np0000003095 devstack@g-api.service[98969]: DEBUG glance.api.middleware.version_negotiation [None req-efdd52e0-8dae-4873-8e55-ac233731f548 admin admin] new path /v2/images/ee191fce-54c6-4950-8acc-6f0ce5118f60/import {{(pid=98969) process_request /opt/stack/glance/glance/api/middleware/version_negotiation.py:70}}
Jun 17 20:14:23.784594 np0000003095 devstack@g-api.service[98969]: DEBUG glance.domain [None req-4903e056-af11-4a05-9dfa-3f4da871b43c admin admin] Loading taskflow executor {{(pid=98969) new_task_executor /opt/stack/glance/glance/domain/__init__.py:530}}
Jun 17 20:14:24.014276 np0000003095 devstack@g-api.service[98969]: DEBUG oslo_concurrency.lockutils [None req-4903e056-af11-4a05-9dfa-3f4da871b43c admin admin] Acquiring lock "tasks_pool" by "glance.api.common.memoize..memoizer_wrapper..memoizer" {{(pid=98969) inner /opt/stack/data/venv/lib/python3.12/site-packages/oslo_concurrency/lockutils.py:511}}
Jun 17 20:14:24.014276 np0000003095 devstack@g-api.service[98969]: DEBUG oslo_concurrency.lockutils [None req-4903e056-af11-4a05-9dfa-3f4da871b43c admin admin] Lock "tasks_pool" acquired by "glance.api.common.memoize..memoizer_wrapper..memoizer" :: waited 0.000s {{(pid=98969) inner /opt/stack/data/venv/lib/python3.12/site-packages/oslo_concurrency/lockutils.py:524}}
Jun 17 20:14:24.014276 np0000003095 devstack@g-api.service[98969]: DEBUG glance.api.common [None req-4903e056-af11-4a05-9dfa-3f4da871b43c admin admin] Initializing named threadpool 'tasks_pool' {{(pid=98969) _get_thread_pool /opt/stack/glance/glance/api/common.py:242}}
Jun 17 20:14:24.014276 np0000003095 devstack@g-api.service[98969]: DEBUG glance.async_ [None req-4903e056-af11-4a05-9dfa-3f4da871b43c admin admin] Creating threadpool model 'ThreadPoolExecutor' with size 16 {{(pid=98969) __init__ /opt/stack/glance/glance/async_/__init__.py:100}}
Jun 17 20:14:24.014276 np0000003095 devstack@g-api.service[98969]: DEBUG oslo_concurrency.lockutils [None req-4903e056-af11-4a05-9dfa-3f4da871b43c admin admin] Lock "tasks_pool" "released" by "glance.api.common.memoize..memoizer_wrapper..memoizer" :: held 0.001s {{(pid=98969) inner /opt/stack/data/venv/lib/python3.12/site-packages/oslo_concurrency/lockutils.py:543}}
Jun 17 20:14:24.014276 np0000003095 devstack@g-api.service[98969]: DEBUG glance.async_ [None req-4903e056-af11-4a05-9dfa-3f4da871b43c admin admin] Spawning with ThreadPoolExecutor: >((,), {}) {{(pid=98969) spawn /opt/stack/glance/glance/async_/__init__.py:106}}
Jun 17 20:14:24.016914 np0000003095 devstack@g-api.service[98969]: [pid: 98969|app: 0|req: 3/5] 127.0.0.1 () {42 vars in 923 bytes} [Wed Jun 17 20:14:23 2026] POST /v2/images/ee191fce-54c6-4950-8acc-6f0ce5118f60/import => generated 0 bytes in 761 msecs (HTTP/1.1 202) 4 headers in 169 bytes (1 switches on core 0)
Jun 17 20:14:24.020591 np0000003095 devstack@g-api.service[98969]: INFO glance.domain [-] Task [f1040f3b-9c03-4033-b30a-34e9ed0d95b6] status changing from pending to processing
Jun 17 20:14:24.030304 np0000003095 devstack@g-api.service[98970]: DEBUG glance.api.middleware.version_negotiation [None req-c48484c6-6f4d-4197-aa3a-178aed865682 admin admin] Determining version of request: GET /v2/images/ee191fce-54c6-4950-8acc-6f0ce5118f60 Accept: */* {{(pid=98970) process_request /opt/stack/glance/glance/api/middleware/version_negotiation.py:44}}
Jun 17 20:14:24.030584 np0000003095 devstack@g-api.service[98970]: DEBUG glance.api.middleware.version_negotiation [None req-c48484c6-6f4d-4197-aa3a-178aed865682 admin admin] Using url versioning {{(pid=98970) process_request /opt/stack/glance/glance/api/middleware/version_negotiation.py:57}}
Jun 17 20:14:24.030683 np0000003095 devstack@g-api.service[98970]: DEBUG glance.api.middleware.version_negotiation [None req-c48484c6-6f4d-4197-aa3a-178aed865682 admin admin] Matched version: v2 {{(pid=98970) process_request /opt/stack/glance/glance/api/middleware/version_negotiation.py:69}}
Jun 17 20:14:24.030930 np0000003095 devstack@g-api.service[98970]: DEBUG glance.api.middleware.version_negotiation [None req-c48484c6-6f4d-4197-aa3a-178aed865682 admin admin] new path /v2/images/ee191fce-54c6-4950-8acc-6f0ce5118f60 {{(pid=98970) process_request /opt/stack/glance/glance/api/middleware/version_negotiation.py:70}}
Jun 17 20:14:24.037707 np0000003095 devstack@g-api.service[98969]: DEBUG glance.async_.taskflow_executor [-] Taskflow executor picked up the execution of task ID f1040f3b-9c03-4033-b30a-34e9ed0d95b6 of task type api_image_import {{(pid=98969) _run /opt/stack/glance/glance/async_/taskflow_executor.py:163}}
Jun 17 20:14:24.043324 np0000003095 devstack@g-api.service[98970]: [pid: 98970|app: 0|req: 3/6] 127.0.0.1 () {38 vars in 856 bytes} [Wed Jun 17 20:14:24 2026] GET /v2/images/ee191fce-54c6-4950-8acc-6f0ce5118f60 => generated 879 bytes in 13 msecs (HTTP/1.1 200) 4 headers in 157 bytes (1 switches on core 0)
Jun 17 20:14:24.059682 np0000003095 devstack@g-api.service[98969]: DEBUG glance_store.backend [-] Attempting to import store cinder {{(pid=98969) _load_store /opt/stack/data/venv/lib/python3.12/site-packages/glance_store/backend.py:215}}
Jun 17 20:14:24.059844 np0000003095 devstack@g-api.service[98969]: DEBUG glance_store.backend [-] Attempting to import store file {{(pid=98969) _load_store /opt/stack/data/venv/lib/python3.12/site-packages/glance_store/backend.py:215}}
Jun 17 20:14:24.059906 np0000003095 devstack@g-api.service[98969]: DEBUG glance_store.backend [-] Attempting to import store glance.store.cinder.Store {{(pid=98969) _load_store /opt/stack/data/venv/lib/python3.12/site-packages/glance_store/backend.py:215}}
Jun 17 20:14:24.059958 np0000003095 devstack@g-api.service[98969]: DEBUG glance_store.backend [-] Attempting to import store glance.store.filesystem.Store {{(pid=98969) _load_store /opt/stack/data/venv/lib/python3.12/site-packages/glance_store/backend.py:215}}
Jun 17 20:14:24.060066 np0000003095 devstack@g-api.service[98969]: DEBUG glance_store.backend [-] Attempting to import store glance.store.http.Store {{(pid=98969) _load_store /opt/stack/data/venv/lib/python3.12/site-packages/glance_store/backend.py:215}}
Jun 17 20:14:24.060174 np0000003095 devstack@g-api.service[98969]: DEBUG glance_store.backend [-] Attempting to import store glance.store.rbd.Store {{(pid=98969) _load_store /opt/stack/data/venv/lib/python3.12/site-packages/glance_store/backend.py:215}}
Jun 17 20:14:24.060279 np0000003095 devstack@g-api.service[98969]: DEBUG glance_store.backend [-] Attempting to import store glance.store.s3.Store {{(pid=98969) _load_store /opt/stack/data/venv/lib/python3.12/site-packages/glance_store/backend.py:215}}
Jun 17 20:14:24.060366 np0000003095 devstack@g-api.service[98969]: DEBUG glance_store.backend [-] Attempting to import store glance.store.swift.Store {{(pid=98969) _load_store /opt/stack/data/venv/lib/python3.12/site-packages/glance_store/backend.py:215}}
Jun 17 20:14:24.060442 np0000003095 devstack@g-api.service[98969]: DEBUG glance_store.backend [-] Attempting to import store glance.store.vmware_datastore.Store {{(pid=98969) _load_store /opt/stack/data/venv/lib/python3.12/site-packages/glance_store/backend.py:215}}
Jun 17 20:14:24.060521 np0000003095 devstack@g-api.service[98969]: DEBUG glance_store.backend [-] Attempting to import store http {{(pid=98969) _load_store /opt/stack/data/venv/lib/python3.12/site-packages/glance_store/backend.py:215}}
Jun 17 20:14:24.060610 np0000003095 devstack@g-api.service[98969]: DEBUG glance_store.backend [-] Attempting to import store no_conf {{(pid=98969) _load_store /opt/stack/data/venv/lib/python3.12/site-packages/glance_store/backend.py:215}}
Jun 17 20:14:24.060696 np0000003095 devstack@g-api.service[98969]: DEBUG glance_store.backend [-] Attempting to import store rbd {{(pid=98969) _load_store /opt/stack/data/venv/lib/python3.12/site-packages/glance_store/backend.py:215}}
Jun 17 20:14:24.060782 np0000003095 devstack@g-api.service[98969]: DEBUG glance_store.backend [-] Attempting to import store s3 {{(pid=98969) _load_store /opt/stack/data/venv/lib/python3.12/site-packages/glance_store/backend.py:215}}
Jun 17 20:14:24.060852 np0000003095 devstack@g-api.service[98969]: DEBUG glance_store.backend [-] Attempting to import store swift {{(pid=98969) _load_store /opt/stack/data/venv/lib/python3.12/site-packages/glance_store/backend.py:215}}
Jun 17 20:14:24.060919 np0000003095 devstack@g-api.service[98969]: DEBUG glance_store.backend [-] Attempting to import store vmware {{(pid=98969) _load_store /opt/stack/data/venv/lib/python3.12/site-packages/glance_store/backend.py:215}}
Jun 17 20:14:24.060993 np0000003095 devstack@g-api.service[98969]: DEBUG glance_store.backend [-] Registering options for group glance_store {{(pid=98969) register_opts /opt/stack/data/venv/lib/python3.12/site-packages/glance_store/backend.py:144}}
Jun 17 20:14:24.061072 np0000003095 devstack@g-api.service[98969]: DEBUG glance_store.backend [-] Registering options for group glance_store {{(pid=98969) register_opts /opt/stack/data/venv/lib/python3.12/site-packages/glance_store/backend.py:144}}
Jun 17 20:14:24.061363 np0000003095 devstack@g-api.service[98969]: DEBUG glance_store.backend [-] Attempting to import store file {{(pid=98969) _load_store /opt/stack/data/venv/lib/python3.12/site-packages/glance_store/backend.py:215}}
Jun 17 20:14:24.061713 np0000003095 devstack@g-api.service[98969]: DEBUG glance_store.capabilities [-] Store glance_store._drivers.filesystem.Store doesn't support updating dynamic storage capabilities. Please overwrite 'update_capabilities' method of the store to implement updating logics if needed. {{(pid=98969) update_capabilities /opt/stack/data/venv/lib/python3.12/site-packages/glance_store/capabilities.py:91}}
Jun 17 20:14:24.069969 np0000003095 devstack@g-api.service[98969]: DEBUG glance.async_.flows.api_image_import [-] Image ee191fce-54c6-4950-8acc-6f0ce5118f60 os_glance_importing_to_stores= {{(pid=98969) merge_store_list /opt/stack/glance/glance/async_/flows/api_image_import.py:277}}
Jun 17 20:14:24.070107 np0000003095 devstack@g-api.service[98969]: DEBUG glance.async_.flows.api_image_import [-] Image ee191fce-54c6-4950-8acc-6f0ce5118f60 os_glance_failed_import= {{(pid=98969) merge_store_list /opt/stack/glance/glance/async_/flows/api_image_import.py:277}}
Jun 17 20:14:24.076420 np0000003095 devstack@g-api.service[98969]: DEBUG glance.async_.flows.api_image_import [-] Image ee191fce-54c6-4950-8acc-6f0ce5118f60 status changing from uploading to importing {{(pid=98969) __exit__ /opt/stack/glance/glance/async_/flows/api_image_import.py:166}}
Jun 17 20:14:24.649648 np0000003095 devstack@g-api.service[98969]: DEBUG glance.async_ [-] Creating threadpool model 'ThreadPoolExecutor' with size 10 {{(pid=98969) __init__ /opt/stack/glance/glance/async_/__init__.py:100}}
Jun 17 20:14:24.677556 np0000003095 devstack@g-api.service[98969]: DEBUG glance.async_.taskflow_executor [-] Flow 'api_image_import' (d1910533-e0e6-444c-81c3-39a6d51b7996) transitioned into state 'RUNNING' from state 'PENDING' {{(pid=98969) _flow_receiver /opt/stack/data/venv/lib/python3.12/site-packages/taskflow/listeners/logging.py:160}}
Jun 17 20:14:24.680178 np0000003095 devstack@g-api.service[98969]: DEBUG glance.async_.taskflow_executor [-] Task 'api_image_import-ImageLock-f1040f3b-9c03-4033-b30a-34e9ed0d95b6' (e676019f-eeba-4f75-85c5-fbc9032b715b) transitioned into state 'RUNNING' from state 'PENDING' {{(pid=98969) _task_receiver /opt/stack/data/venv/lib/python3.12/site-packages/taskflow/listeners/logging.py:242}}
Jun 17 20:14:24.687598 np0000003095 devstack@g-api.service[98969]: DEBUG glance.async_.flows.api_image_import [-] Image ee191fce-54c6-4950-8acc-6f0ce5118f60 import task f1040f3b-9c03-4033-b30a-34e9ed0d95b6 lock confirmed {{(pid=98969) execute /opt/stack/glance/glance/async_/flows/api_image_import.py:477}}
Jun 17 20:14:24.688590 np0000003095 devstack@g-api.service[98969]: DEBUG glance.async_.taskflow_executor [-] Task 'api_image_import-ImageLock-f1040f3b-9c03-4033-b30a-34e9ed0d95b6' (e676019f-eeba-4f75-85c5-fbc9032b715b) transitioned into state 'SUCCESS' from state 'RUNNING' with result 'None' {{(pid=98969) _task_receiver /opt/stack/data/venv/lib/python3.12/site-packages/taskflow/listeners/logging.py:218}}
Jun 17 20:14:24.689650 np0000003095 devstack@g-api.service[98969]: DEBUG glance.async_.taskflow_executor [-] Task 'api_image_import-ConfigureStaging-f1040f3b-9c03-4033-b30a-34e9ed0d95b6' (27b2671a-b344-40df-abfd-ec30c5be8dd2) transitioned into state 'RUNNING' from state 'PENDING' {{(pid=98969) _task_receiver /opt/stack/data/venv/lib/python3.12/site-packages/taskflow/listeners/logging.py:242}}
Jun 17 20:14:24.691035 np0000003095 devstack@g-api.service[98969]: DEBUG glance.async_.taskflow_executor [-] Task 'api_image_import-ConfigureStaging-f1040f3b-9c03-4033-b30a-34e9ed0d95b6' (27b2671a-b344-40df-abfd-ec30c5be8dd2) transitioned into state 'SUCCESS' from state 'RUNNING' with result 'file:///tmp/staging/ee191fce-54c6-4950-8acc-6f0ce5118f60' {{(pid=98969) _task_receiver /opt/stack/data/venv/lib/python3.12/site-packages/taskflow/listeners/logging.py:218}}
Jun 17 20:14:24.692051 np0000003095 devstack@g-api.service[98969]: DEBUG glance.async_.taskflow_executor [-] Task 'api_image_import--ImportToStore-f1040f3b-9c03-4033-b30a-34e9ed0d95b6' (86e28b12-96ad-4753-bb1e-06dc7a6bfbb1) transitioned into state 'RUNNING' from state 'PENDING' {{(pid=98969) _task_receiver /opt/stack/data/venv/lib/python3.12/site-packages/taskflow/listeners/logging.py:242}}
Jun 17 20:14:24.699192 np0000003095 devstack@g-api.service[98969]: INFO glance.common.scripts.image_import.main [-] Task f1040f3b-9c03-4033-b30a-34e9ed0d95b6: Got image data uri file:///tmp/staging/ee191fce-54c6-4950-8acc-6f0ce5118f60 to be imported
Jun 17 20:14:24.701020 np0000003095 devstack@g-api.service[98969]: DEBUG glance.location [-] Enabling in-flight format inspection for qcow2 {{(pid=98969) set_data /opt/stack/glance/glance/location.py:616}}
Jun 17 20:14:24.701482 np0000003095 devstack@g-api.service[98969]: DEBUG glance_store.backend [-] Attempting to import store swift {{(pid=98969) _load_store /opt/stack/data/venv/lib/python3.12/site-packages/glance_store/backend.py:215}}
Jun 17 20:14:24.702873 np0000003095 devstack@g-api.service[98969]: DEBUG glance_store.capabilities [-] Store glance_store._drivers.swift.store.SingleTenantStore doesn't support updating dynamic storage capabilities. Please overwrite 'update_capabilities' method of the store to implement updating logics if needed. {{(pid=98969) update_capabilities /opt/stack/data/venv/lib/python3.12/site-packages/glance_store/capabilities.py:91}}
Jun 17 20:14:24.702971 np0000003095 devstack@g-api.service[98969]: DEBUG glance_store.driver [-] Late loading location class glance_store._drivers.swift.store.StoreLocation {{(pid=98969) get_store_location_class /opt/stack/data/venv/lib/python3.12/site-packages/glance_store/driver.py:134}}
Jun 17 20:14:24.703102 np0000003095 devstack@g-api.service[98969]: DEBUG glance_store.location [-] Registering scheme swift+https with {'store': , 'location_class': , 'store_entry': 'swift'} {{(pid=98969) register_scheme_map /opt/stack/data/venv/lib/python3.12/site-packages/glance_store/location.py:146}}
Jun 17 20:14:24.703209 np0000003095 devstack@g-api.service[98969]: DEBUG glance_store.location [-] Registering scheme swift+https with {'store': , 'location_class': , 'store_entry': 'swift'} {{(pid=98969) register_scheme_map /opt/stack/data/venv/lib/python3.12/site-packages/glance_store/location.py:146}}
Jun 17 20:14:24.703288 np0000003095 devstack@g-api.service[98969]: DEBUG glance_store.location [-] Registering scheme swift with {'store': , 'location_class': , 'store_entry': 'swift'} {{(pid=98969) register_scheme_map /opt/stack/data/venv/lib/python3.12/site-packages/glance_store/location.py:146}}
Jun 17 20:14:24.703401 np0000003095 devstack@g-api.service[98969]: DEBUG glance_store.location [-] Registering scheme swift+https with {'store': , 'location_class': , 'store_entry': 'swift'} {{(pid=98969) register_scheme_map /opt/stack/data/venv/lib/python3.12/site-packages/glance_store/location.py:146}}
Jun 17 20:14:24.703458 np0000003095 devstack@g-api.service[98969]: DEBUG glance_store.location [-] Registering scheme swift with {'store': , 'location_class': , 'store_entry': 'swift'} {{(pid=98969) register_scheme_map /opt/stack/data/venv/lib/python3.12/site-packages/glance_store/location.py:146}}
Jun 17 20:14:24.703517 np0000003095 devstack@g-api.service[98969]: DEBUG glance_store.location [-] Registering scheme swift+http with {'store': , 'location_class': , 'store_entry': 'swift'} {{(pid=98969) register_scheme_map /opt/stack/data/venv/lib/python3.12/site-packages/glance_store/location.py:146}}
Jun 17 20:14:24.703635 np0000003095 devstack@g-api.service[98969]: DEBUG glance_store.location [-] Registering scheme swift+https with {'store': , 'location_class': , 'store_entry': 'swift'} {{(pid=98969) register_scheme_map /opt/stack/data/venv/lib/python3.12/site-packages/glance_store/location.py:146}}
Jun 17 20:14:24.703692 np0000003095 devstack@g-api.service[98969]: DEBUG glance_store.location [-] Registering scheme swift with {'store': , 'location_class': , 'store_entry': 'swift'} {{(pid=98969) register_scheme_map /opt/stack/data/venv/lib/python3.12/site-packages/glance_store/location.py:146}}
Jun 17 20:14:24.703839 np0000003095 devstack@g-api.service[98969]: DEBUG glance_store.location [-] Registering scheme swift+http with {'store': , 'location_class': , 'store_entry': 'swift'} {{(pid=98969) register_scheme_map /opt/stack/data/venv/lib/python3.12/site-packages/glance_store/location.py:146}}
Jun 17 20:14:24.703839 np0000003095 devstack@g-api.service[98969]: DEBUG glance_store.location [-] Registering scheme swift+config with {'store': , 'location_class': , 'store_entry': 'swift'} {{(pid=98969) register_scheme_map /opt/stack/data/venv/lib/python3.12/site-packages/glance_store/location.py:146}}
Jun 17 20:14:25.237916 np0000003095 devstack@g-api.service[98969]: INFO swiftclient [-] REQ: curl -i https://10.4.3.239:8080/v1/AUTH_f2f956c441134a49b20f21beb77795b1/glance -I -H "X-Auth-Token: gAAAAABqMwAgFOM_..."
Jun 17 20:14:25.237990 np0000003095 devstack@g-api.service[98969]: INFO swiftclient [-] RESP STATUS: 404 Not Found
Jun 17 20:14:25.238096 np0000003095 devstack@g-api.service[98969]: INFO swiftclient [-] RESP HEADERS: {'Date': 'Wed, 17 Jun 2026 20:14:25 GMT', 'Server': 'Apache/2.4.58 (Ubuntu)', 'Content-Type': 'text/html; charset=UTF-8', 'X-Trans-Id': 'tx5ed43a1b3c62405ea2ad5-006a330020', 'X-Openstack-Request-Id': 'tx5ed43a1b3c62405ea2ad5-006a330020', 'Connection': 'close'}
Jun 17 20:14:25.238339 np0000003095 devstack@g-api.service[98969]: INFO glance_store._drivers.swift.store [-] Creating swift container glance
Jun 17 20:14:25.304278 np0000003095 devstack@g-api.service[98969]: DEBUG swiftclient [-] REQ: curl -i https://10.4.3.239:8080/v1/AUTH_f2f956c441134a49b20f21beb77795b1/glance -X PUT -H "X-Auth-Token: gAAAAABqMwAgFOM_..." -H "Content-Length: 0" {{(pid=98969) http_log /opt/stack/data/venv/lib/python3.12/site-packages/swiftclient/client.py:160}}
Jun 17 20:14:25.304427 np0000003095 devstack@g-api.service[98969]: DEBUG swiftclient [-] RESP STATUS: 201 Created {{(pid=98969) http_log /opt/stack/data/venv/lib/python3.12/site-packages/swiftclient/client.py:161}}
Jun 17 20:14:25.304594 np0000003095 devstack@g-api.service[98969]: DEBUG swiftclient [-] RESP HEADERS: {'Date': 'Wed, 17 Jun 2026 20:14:25 GMT', 'Server': 'Apache/2.4.58 (Ubuntu)', 'Content-Type': 'text/html; charset=UTF-8', 'Content-Length': '0', 'X-Trans-Id': 'txbbf956da96df4694b545b-006a330021', 'X-Openstack-Request-Id': 'txbbf956da96df4694b545b-006a330021', 'Connection': 'close'} {{(pid=98969) http_log /opt/stack/data/venv/lib/python3.12/site-packages/swiftclient/client.py:162}}
Jun 17 20:14:25.304779 np0000003095 devstack@g-api.service[98969]: DEBUG glance_store._drivers.swift.store [-] Adding image object 'ee191fce-54c6-4950-8acc-6f0ce5118f60' to Swift {{(pid=98969) add /opt/stack/data/venv/lib/python3.12/site-packages/glance_store/_drivers/swift/store.py:970}}
Jun 17 20:14:25.311370 np0000003095 devstack@g-api.service[98969]: DEBUG oslo_utils.imageutils.format_inspector [-] Format inspector for vmdk does not match, excluding from consideration (Signature KDMV not found: b'QFI\xfb') {{(pid=98969) _process_chunk /opt/stack/data/venv/lib/python3.12/site-packages/oslo_utils/imageutils/format_inspector.py:1758}}
Jun 17 20:14:25.319294 np0000003095 devstack@g-api.service[98969]: DEBUG oslo_utils.imageutils.format_inspector [-] Format inspector for vhdx does not match, excluding from consideration (Region signature not found at 30000) {{(pid=98969) _process_chunk /opt/stack/data/venv/lib/python3.12/site-packages/oslo_utils/imageutils/format_inspector.py:1758}}
Jun 17 20:14:25.468141 np0000003095 devstack@g-api.service[98969]: DEBUG glance.api.middleware.version_negotiation [None req-4903e056-af11-4a05-9dfa-3f4da871b43c admin admin] Determining version of request: POST /v2/images Accept: */* {{(pid=98969) process_request /opt/stack/glance/glance/api/middleware/version_negotiation.py:44}}
Jun 17 20:14:25.468303 np0000003095 devstack@g-api.service[98969]: DEBUG glance.api.middleware.version_negotiation [None req-4903e056-af11-4a05-9dfa-3f4da871b43c admin admin] Using url versioning {{(pid=98969) process_request /opt/stack/glance/glance/api/middleware/version_negotiation.py:57}}
Jun 17 20:14:25.468688 np0000003095 devstack@g-api.service[98969]: DEBUG glance.api.middleware.version_negotiation [None req-4903e056-af11-4a05-9dfa-3f4da871b43c admin admin] Matched version: v2 {{(pid=98969) process_request /opt/stack/glance/glance/api/middleware/version_negotiation.py:69}}
Jun 17 20:14:25.468782 np0000003095 devstack@g-api.service[98969]: DEBUG glance.api.middleware.version_negotiation [None req-4903e056-af11-4a05-9dfa-3f4da871b43c admin admin] new path /v2/images {{(pid=98969) process_request /opt/stack/glance/glance/api/middleware/version_negotiation.py:70}}
Jun 17 20:14:25.717148 np0000003095 devstack@g-api.service[98969]: DEBUG swiftclient [-] REQ: curl -i https://10.4.3.239:8080/v1/AUTH_f2f956c441134a49b20f21beb77795b1/glance/ee191fce-54c6-4950-8acc-6f0ce5118f60 -X PUT -H "X-Auth-Token: gAAAAABqMwAgFOM_..." -H "Content-Length: 21430272" {{(pid=98969) http_log /opt/stack/data/venv/lib/python3.12/site-packages/swiftclient/client.py:160}}
Jun 17 20:14:25.717596 np0000003095 devstack@g-api.service[98969]: DEBUG swiftclient [-] RESP STATUS: 201 Created {{(pid=98969) http_log /opt/stack/data/venv/lib/python3.12/site-packages/swiftclient/client.py:161}}
Jun 17 20:14:25.717596 np0000003095 devstack@g-api.service[98969]: DEBUG swiftclient [-] RESP HEADERS: {'Date': 'Wed, 17 Jun 2026 20:14:25 GMT', 'Server': 'Apache/2.4.58 (Ubuntu)', 'Content-Type': 'text/html; charset=UTF-8', 'Content-Length': '0', 'Etag': 'c8fc807773e5354afe61636071771906', 'Last-Modified': 'Wed, 17 Jun 2026 20:14:26 GMT', 'X-Trans-Id': 'tx83be812591ed4db897290-006a330021', 'X-Openstack-Request-Id': 'tx83be812591ed4db897290-006a330021', 'Connection': 'close'} {{(pid=98969) http_log /opt/stack/data/venv/lib/python3.12/site-packages/swiftclient/client.py:162}}
Jun 17 20:14:25.733203 np0000003095 devstack@g-api.service[98969]: INFO glance.location [-] Image format matched and virtual size computed: 117440512
Jun 17 20:14:25.740671 np0000003095 devstack@g-api.service[98969]: DEBUG glance.async_.flows.api_image_import [-] Image ee191fce-54c6-4950-8acc-6f0ce5118f60 status changing from importing to active {{(pid=98969) __exit__ /opt/stack/glance/glance/async_/flows/api_image_import.py:166}}
Jun 17 20:14:25.771275 np0000003095 devstack@g-api.service[98969]: DEBUG glance_store.backend [-] Attempting to import store swift {{(pid=98969) _load_store /opt/stack/data/venv/lib/python3.12/site-packages/glance_store/backend.py:215}}
Jun 17 20:14:25.773041 np0000003095 devstack@g-api.service[98969]: DEBUG glance_store.capabilities [-] Store glance_store._drivers.swift.store.SingleTenantStore doesn't support updating dynamic storage capabilities. Please overwrite 'update_capabilities' method of the store to implement updating logics if needed. {{(pid=98969) update_capabilities /opt/stack/data/venv/lib/python3.12/site-packages/glance_store/capabilities.py:91}}
Jun 17 20:14:25.773147 np0000003095 devstack@g-api.service[98969]: DEBUG glance_store.driver [-] Late loading location class glance_store._drivers.swift.store.StoreLocation {{(pid=98969) get_store_location_class /opt/stack/data/venv/lib/python3.12/site-packages/glance_store/driver.py:134}}
Jun 17 20:14:25.773259 np0000003095 devstack@g-api.service[98969]: DEBUG glance_store.location [-] Registering scheme swift+https with {'store': , 'location_class': , 'store_entry': 'swift'} {{(pid=98969) register_scheme_map /opt/stack/data/venv/lib/python3.12/site-packages/glance_store/location.py:146}}
Jun 17 20:14:25.773339 np0000003095 devstack@g-api.service[98969]: DEBUG glance_store.location [-] Registering scheme swift+https with {'store': , 'location_class': , 'store_entry': 'swift'} {{(pid=98969) register_scheme_map /opt/stack/data/venv/lib/python3.12/site-packages/glance_store/location.py:146}}
Jun 17 20:14:25.773424 np0000003095 devstack@g-api.service[98969]: DEBUG glance_store.location [-] Registering scheme swift with {'store': , 'location_class': , 'store_entry': 'swift'} {{(pid=98969) register_scheme_map /opt/stack/data/venv/lib/python3.12/site-packages/glance_store/location.py:146}}
Jun 17 20:14:25.773479 np0000003095 devstack@g-api.service[98969]: DEBUG glance_store.location [-] Registering scheme swift+https with {'store': , 'location_class': , 'store_entry': 'swift'} {{(pid=98969) register_scheme_map /opt/stack/data/venv/lib/python3.12/site-packages/glance_store/location.py:146}}
Jun 17 20:14:25.773553 np0000003095 devstack@g-api.service[98969]: DEBUG glance_store.location [-] Registering scheme swift with {'store': , 'location_class': , 'store_entry': 'swift'} {{(pid=98969) register_scheme_map /opt/stack/data/venv/lib/python3.12/site-packages/glance_store/location.py:146}}
