Jul 03 01:41:57.357895 np0000004349 systemd[1]: Starting devstack@n-api.service - Devstack devstack@n-api.service...
Jul 03 01:41:57.363284 np0000004349 devstack@n-api.service[84184]: [uWSGI] getting INI configuration from /etc/nova/nova-api-uwsgi.ini
Jul 03 01:41:57.365990 np0000004349 devstack@n-api.service[84184]: *** Starting uWSGI 2.0.24-debian (64bit) on [Fri Jul 3 01:41:57 2026] ***
Jul 03 01:41:57.365990 np0000004349 devstack@n-api.service[84184]: compiled with version: 13.2.0 on 17 April 2024 16:23:48
Jul 03 01:41:57.365990 np0000004349 devstack@n-api.service[84184]: os: Linux-6.8.0-134-generic #134-Ubuntu SMP PREEMPT_DYNAMIC Fri Jun 26 18:43:11 UTC 2026
Jul 03 01:41:57.365990 np0000004349 devstack@n-api.service[84184]: nodename: np0000004349
Jul 03 01:41:57.365990 np0000004349 devstack@n-api.service[84184]: machine: x86_64
Jul 03 01:41:57.365990 np0000004349 devstack@n-api.service[84184]: clock source: unix
Jul 03 01:41:57.365990 np0000004349 devstack@n-api.service[84184]: pcre jit disabled
Jul 03 01:41:57.365990 np0000004349 devstack@n-api.service[84184]: detected number of CPU cores: 16
Jul 03 01:41:57.365990 np0000004349 devstack@n-api.service[84184]: current working directory: /
Jul 03 01:41:57.365990 np0000004349 devstack@n-api.service[84184]: detected binary path: /usr/bin/uwsgi-core
Jul 03 01:41:57.365990 np0000004349 devstack@n-api.service[84184]: your processes number limit is 252954
Jul 03 01:41:57.366438 np0000004349 devstack@n-api.service[84184]: your memory page size is 4096 bytes
Jul 03 01:41:57.366438 np0000004349 devstack@n-api.service[84184]: detected max file descriptor number: 2048
Jul 03 01:41:57.366438 np0000004349 devstack@n-api.service[84184]: lock engine: pthread robust mutexes
Jul 03 01:41:57.366438 np0000004349 devstack@n-api.service[84184]: thunder lock: enabled
Jul 03 01:41:57.366539 np0000004349 devstack@n-api.service[84184]: uwsgi socket 0 bound to UNIX address /var/run/uwsgi/nova-api.socket fd 4
Jul 03 01:41:57.366578 np0000004349 devstack@n-api.service[84184]: Python version: 3.12.3 (main, Mar 23 2026, 19:04:32) [GCC 13.3.0]
Jul 03 01:41:57.366641 np0000004349 devstack@n-api.service[84184]: PEP 405 virtualenv detected: /opt/stack/data/venv
Jul 03 01:41:57.366641 np0000004349 devstack@n-api.service[84184]: Set PythonHome to /opt/stack/data/venv
Jul 03 01:41:57.398411 np0000004349 devstack@n-api.service[84184]: Python main interpreter initialized at 0x7faac6ca3668
Jul 03 01:41:57.398411 np0000004349 devstack@n-api.service[84184]: python threads support enabled
Jul 03 01:41:57.398411 np0000004349 devstack@n-api.service[84184]: your server socket listen backlog is limited to 100 connections
Jul 03 01:41:57.398411 np0000004349 devstack@n-api.service[84184]: your mercy for graceful operations on workers is 80 seconds
Jul 03 01:41:57.398860 np0000004349 devstack@n-api.service[84184]: mapped 537436 bytes (524 KB) for 3 cores
Jul 03 01:41:57.398966 np0000004349 devstack@n-api.service[84184]: *** Operational MODE: preforking ***
Jul 03 01:41:57.399148 np0000004349 devstack@n-api.service[84184]: *** uWSGI is running in multiple interpreter mode ***
Jul 03 01:41:57.399148 np0000004349 devstack@n-api.service[84184]: spawned uWSGI master process (pid: 84184)
Jul 03 01:41:57.399361 np0000004349 systemd[1]: Started devstack@n-api.service - Devstack devstack@n-api.service.
Jul 03 01:41:57.399698 np0000004349 devstack@n-api.service[84184]: spawned uWSGI worker 1 (pid: 84185, cores: 1)
Jul 03 01:41:57.400183 np0000004349 devstack@n-api.service[84184]: spawned uWSGI worker 2 (pid: 84186, cores: 1)
Jul 03 01:41:57.400561 np0000004349 devstack@n-api.service[84184]: spawned uWSGI worker 3 (pid: 84187, cores: 1)
Jul 03 01:41:57.400631 np0000004349 devstack@n-api.service[84184]: running "unix_signal:15 gracefully_kill_them_all" (master-start)...
Jul 03 01:41:59.227046 np0000004349 devstack@n-api.service[84187]: INFO dbcounter [None req-dee9fc46-2bb0-489b-97e6-4a727c72c795 None None] Registered counter for database nova_api
Jul 03 01:41:59.233428 np0000004349 devstack@n-api.service[84186]: INFO dbcounter [None req-833735ee-8604-4215-93c0-e607328c2703 None None] Registered counter for database nova_api
Jul 03 01:41:59.235696 np0000004349 devstack@n-api.service[84185]: INFO dbcounter [None req-a5985e6f-7151-4a8c-98bc-fafb1eb57f52 None None] Registered counter for database nova_api
Jul 03 01:41:59.263206 np0000004349 devstack@n-api.service[84187]: DEBUG oslo_db.sqlalchemy.engines [None req-dee9fc46-2bb0-489b-97e6-4a727c72c795 None None] MySQL server mode set to STRICT_TRANS_TABLES,STRICT_ALL_TABLES,NO_ZERO_IN_DATE,NO_ZERO_DATE,ERROR_FOR_DIVISION_BY_ZERO,TRADITIONAL,NO_ENGINE_SUBSTITUTION {{(pid=84187) _check_effective_sql_mode /opt/stack/data/venv/lib/python3.12/site-packages/oslo_db/sqlalchemy/engines.py:325}}
Jul 03 01:41:59.273831 np0000004349 devstack@n-api.service[84186]: DEBUG oslo_db.sqlalchemy.engines [None req-833735ee-8604-4215-93c0-e607328c2703 None None] MySQL server mode set to STRICT_TRANS_TABLES,STRICT_ALL_TABLES,NO_ZERO_IN_DATE,NO_ZERO_DATE,ERROR_FOR_DIVISION_BY_ZERO,TRADITIONAL,NO_ENGINE_SUBSTITUTION {{(pid=84186) _check_effective_sql_mode /opt/stack/data/venv/lib/python3.12/site-packages/oslo_db/sqlalchemy/engines.py:325}}
Jul 03 01:41:59.277649 np0000004349 devstack@n-api.service[84185]: DEBUG oslo_db.sqlalchemy.engines [None req-a5985e6f-7151-4a8c-98bc-fafb1eb57f52 None None] MySQL server mode set to STRICT_TRANS_TABLES,STRICT_ALL_TABLES,NO_ZERO_IN_DATE,NO_ZERO_DATE,ERROR_FOR_DIVISION_BY_ZERO,TRADITIONAL,NO_ENGINE_SUBSTITUTION {{(pid=84185) _check_effective_sql_mode /opt/stack/data/venv/lib/python3.12/site-packages/oslo_db/sqlalchemy/engines.py:325}}
Jul 03 01:41:59.291685 np0000004349 devstack@n-api.service[84187]: DEBUG dbcounter [-] [84187] Writer thread running {{(pid=84187) stat_writer /opt/stack/data/venv/lib/python3.12/site-packages/dbcounter.py:102}}
Jul 03 01:41:59.293969 np0000004349 devstack@n-api.service[84187]: DEBUG nova.context [None req-dee9fc46-2bb0-489b-97e6-4a727c72c795 None None] Found 2 cells: 00000000-0000-0000-0000-000000000000(cell0),12fb8426-89a5-4a56-b489-0a139f7f3c95(cell1) {{(pid=84187) load_cells /opt/stack/nova/nova/context.py:509}}
Jul 03 01:41:59.294172 np0000004349 devstack@n-api.service[84187]: INFO nova.utils [None req-dee9fc46-2bb0-489b-97e6-4a727c72c795 None None] The cell worker thread pool MainProcess.cell_worker is initialized
Jul 03 01:41:59.295860 np0000004349 devstack@n-api.service[84187]: DEBUG oslo_concurrency.lockutils [None req-dee9fc46-2bb0-489b-97e6-4a727c72c795 None None] Acquiring lock "00000000-0000-0000-0000-000000000000" by "nova.context.set_target_cell..get_or_set_cached_cell_and_set_connections" {{(pid=84187) inner /opt/stack/data/venv/lib/python3.12/site-packages/oslo_concurrency/lockutils.py:511}}
Jul 03 01:41:59.296004 np0000004349 devstack@n-api.service[84187]: DEBUG oslo_concurrency.lockutils [None req-dee9fc46-2bb0-489b-97e6-4a727c72c795 None None] Lock "00000000-0000-0000-0000-000000000000" acquired by "nova.context.set_target_cell..get_or_set_cached_cell_and_set_connections" :: waited 0.000s {{(pid=84187) inner /opt/stack/data/venv/lib/python3.12/site-packages/oslo_concurrency/lockutils.py:524}}
Jul 03 01:41:59.296354 np0000004349 devstack@n-api.service[84187]: DEBUG oslo_concurrency.lockutils [None req-dee9fc46-2bb0-489b-97e6-4a727c72c795 None None] Lock "00000000-0000-0000-0000-000000000000" "released" by "nova.context.set_target_cell..get_or_set_cached_cell_and_set_connections" :: held 0.000s {{(pid=84187) inner /opt/stack/data/venv/lib/python3.12/site-packages/oslo_concurrency/lockutils.py:543}}
Jul 03 01:41:59.297036 np0000004349 devstack@n-api.service[84187]: DEBUG oslo_concurrency.lockutils [None req-dee9fc46-2bb0-489b-97e6-4a727c72c795 None None] Acquiring lock "12fb8426-89a5-4a56-b489-0a139f7f3c95" by "nova.context.set_target_cell..get_or_set_cached_cell_and_set_connections" {{(pid=84187) inner /opt/stack/data/venv/lib/python3.12/site-packages/oslo_concurrency/lockutils.py:511}}
Jul 03 01:41:59.298812 np0000004349 devstack@n-api.service[84187]: INFO dbcounter [None req-dee9fc46-2bb0-489b-97e6-4a727c72c795 None None] Registered counter for database nova_cell0
Jul 03 01:41:59.300061 np0000004349 devstack@n-api.service[84187]: DEBUG oslo_concurrency.lockutils [None req-dee9fc46-2bb0-489b-97e6-4a727c72c795 None None] Lock "12fb8426-89a5-4a56-b489-0a139f7f3c95" acquired by "nova.context.set_target_cell..get_or_set_cached_cell_and_set_connections" :: waited 0.002s {{(pid=84187) inner /opt/stack/data/venv/lib/python3.12/site-packages/oslo_concurrency/lockutils.py:524}}
Jul 03 01:41:59.301355 np0000004349 devstack@n-api.service[84187]: DEBUG oslo_concurrency.lockutils [None req-dee9fc46-2bb0-489b-97e6-4a727c72c795 None None] Lock "12fb8426-89a5-4a56-b489-0a139f7f3c95" "released" by "nova.context.set_target_cell..get_or_set_cached_cell_and_set_connections" :: held 0.003s {{(pid=84187) inner /opt/stack/data/venv/lib/python3.12/site-packages/oslo_concurrency/lockutils.py:543}}
Jul 03 01:41:59.303530 np0000004349 devstack@n-api.service[84187]: INFO dbcounter [None req-dee9fc46-2bb0-489b-97e6-4a727c72c795 None None] Registered counter for database nova_cell1
Jul 03 01:41:59.304177 np0000004349 devstack@n-api.service[84186]: DEBUG dbcounter [-] [84186] Writer thread running {{(pid=84186) stat_writer /opt/stack/data/venv/lib/python3.12/site-packages/dbcounter.py:102}}
Jul 03 01:41:59.306960 np0000004349 devstack@n-api.service[84186]: DEBUG nova.context [None req-833735ee-8604-4215-93c0-e607328c2703 None None] Found 2 cells: 00000000-0000-0000-0000-000000000000(cell0),12fb8426-89a5-4a56-b489-0a139f7f3c95(cell1) {{(pid=84186) load_cells /opt/stack/nova/nova/context.py:509}}
Jul 03 01:41:59.307252 np0000004349 devstack@n-api.service[84186]: INFO nova.utils [None req-833735ee-8604-4215-93c0-e607328c2703 None None] The cell worker thread pool MainProcess.cell_worker is initialized
Jul 03 01:41:59.309050 np0000004349 devstack@n-api.service[84186]: DEBUG oslo_concurrency.lockutils [None req-833735ee-8604-4215-93c0-e607328c2703 None None] Acquiring lock "00000000-0000-0000-0000-000000000000" by "nova.context.set_target_cell..get_or_set_cached_cell_and_set_connections" {{(pid=84186) inner /opt/stack/data/venv/lib/python3.12/site-packages/oslo_concurrency/lockutils.py:511}}
Jul 03 01:41:59.309249 np0000004349 devstack@n-api.service[84186]: DEBUG oslo_concurrency.lockutils [None req-833735ee-8604-4215-93c0-e607328c2703 None None] Lock "00000000-0000-0000-0000-000000000000" acquired by "nova.context.set_target_cell..get_or_set_cached_cell_and_set_connections" :: waited 0.000s {{(pid=84186) inner /opt/stack/data/venv/lib/python3.12/site-packages/oslo_concurrency/lockutils.py:524}}
Jul 03 01:41:59.309674 np0000004349 devstack@n-api.service[84186]: DEBUG oslo_concurrency.lockutils [None req-833735ee-8604-4215-93c0-e607328c2703 None None] Lock "00000000-0000-0000-0000-000000000000" "released" by "nova.context.set_target_cell..get_or_set_cached_cell_and_set_connections" :: held 0.000s {{(pid=84186) inner /opt/stack/data/venv/lib/python3.12/site-packages/oslo_concurrency/lockutils.py:543}}
Jul 03 01:41:59.310250 np0000004349 devstack@n-api.service[84185]: DEBUG dbcounter [-] [84185] Writer thread running {{(pid=84185) stat_writer /opt/stack/data/venv/lib/python3.12/site-packages/dbcounter.py:102}}
Jul 03 01:41:59.310707 np0000004349 devstack@n-api.service[84186]: DEBUG oslo_concurrency.lockutils [None req-833735ee-8604-4215-93c0-e607328c2703 None None] Acquiring lock "12fb8426-89a5-4a56-b489-0a139f7f3c95" by "nova.context.set_target_cell..get_or_set_cached_cell_and_set_connections" {{(pid=84186) inner /opt/stack/data/venv/lib/python3.12/site-packages/oslo_concurrency/lockutils.py:511}}
Jul 03 01:41:59.310892 np0000004349 devstack@n-api.service[84186]: DEBUG oslo_concurrency.lockutils [None req-833735ee-8604-4215-93c0-e607328c2703 None None] Lock "12fb8426-89a5-4a56-b489-0a139f7f3c95" acquired by "nova.context.set_target_cell..get_or_set_cached_cell_and_set_connections" :: waited 0.000s {{(pid=84186) inner /opt/stack/data/venv/lib/python3.12/site-packages/oslo_concurrency/lockutils.py:524}}
Jul 03 01:41:59.311883 np0000004349 devstack@n-api.service[84186]: DEBUG oslo_concurrency.lockutils [None req-833735ee-8604-4215-93c0-e607328c2703 None None] Lock "12fb8426-89a5-4a56-b489-0a139f7f3c95" "released" by "nova.context.set_target_cell..get_or_set_cached_cell_and_set_connections" :: held 0.001s {{(pid=84186) inner /opt/stack/data/venv/lib/python3.12/site-packages/oslo_concurrency/lockutils.py:543}}
Jul 03 01:41:59.312898 np0000004349 devstack@n-api.service[84185]: DEBUG nova.context [None req-a5985e6f-7151-4a8c-98bc-fafb1eb57f52 None None] Found 2 cells: 00000000-0000-0000-0000-000000000000(cell0),12fb8426-89a5-4a56-b489-0a139f7f3c95(cell1) {{(pid=84185) load_cells /opt/stack/nova/nova/context.py:509}}
Jul 03 01:41:59.313123 np0000004349 devstack@n-api.service[84185]: INFO nova.utils [None req-a5985e6f-7151-4a8c-98bc-fafb1eb57f52 None None] The cell worker thread pool MainProcess.cell_worker is initialized
Jul 03 01:41:59.313773 np0000004349 devstack@n-api.service[84186]: INFO dbcounter [None req-833735ee-8604-4215-93c0-e607328c2703 None None] Registered counter for database nova_cell0
Jul 03 01:41:59.314859 np0000004349 devstack@n-api.service[84185]: DEBUG oslo_concurrency.lockutils [None req-a5985e6f-7151-4a8c-98bc-fafb1eb57f52 None None] Acquiring lock "00000000-0000-0000-0000-000000000000" by "nova.context.set_target_cell..get_or_set_cached_cell_and_set_connections" {{(pid=84185) inner /opt/stack/data/venv/lib/python3.12/site-packages/oslo_concurrency/lockutils.py:511}}
Jul 03 01:41:59.315051 np0000004349 devstack@n-api.service[84185]: DEBUG oslo_concurrency.lockutils [None req-a5985e6f-7151-4a8c-98bc-fafb1eb57f52 None None] Lock "00000000-0000-0000-0000-000000000000" acquired by "nova.context.set_target_cell..get_or_set_cached_cell_and_set_connections" :: waited 0.000s {{(pid=84185) inner /opt/stack/data/venv/lib/python3.12/site-packages/oslo_concurrency/lockutils.py:524}}
Jul 03 01:41:59.315427 np0000004349 devstack@n-api.service[84185]: DEBUG oslo_concurrency.lockutils [None req-a5985e6f-7151-4a8c-98bc-fafb1eb57f52 None None] Lock "00000000-0000-0000-0000-000000000000" "released" by "nova.context.set_target_cell..get_or_set_cached_cell_and_set_connections" :: held 0.000s {{(pid=84185) inner /opt/stack/data/venv/lib/python3.12/site-packages/oslo_concurrency/lockutils.py:543}}
Jul 03 01:41:59.316053 np0000004349 devstack@n-api.service[84185]: DEBUG oslo_concurrency.lockutils [None req-a5985e6f-7151-4a8c-98bc-fafb1eb57f52 None None] Acquiring lock "12fb8426-89a5-4a56-b489-0a139f7f3c95" by "nova.context.set_target_cell..get_or_set_cached_cell_and_set_connections" {{(pid=84185) inner /opt/stack/data/venv/lib/python3.12/site-packages/oslo_concurrency/lockutils.py:511}}
Jul 03 01:41:59.316225 np0000004349 devstack@n-api.service[84185]: DEBUG oslo_concurrency.lockutils [None req-a5985e6f-7151-4a8c-98bc-fafb1eb57f52 None None] Lock "12fb8426-89a5-4a56-b489-0a139f7f3c95" acquired by "nova.context.set_target_cell..get_or_set_cached_cell_and_set_connections" :: waited 0.000s {{(pid=84185) inner /opt/stack/data/venv/lib/python3.12/site-packages/oslo_concurrency/lockutils.py:524}}
Jul 03 01:41:59.317061 np0000004349 devstack@n-api.service[84185]: DEBUG oslo_concurrency.lockutils [None req-a5985e6f-7151-4a8c-98bc-fafb1eb57f52 None None] Lock "12fb8426-89a5-4a56-b489-0a139f7f3c95" "released" by "nova.context.set_target_cell..get_or_set_cached_cell_and_set_connections" :: held 0.001s {{(pid=84185) inner /opt/stack/data/venv/lib/python3.12/site-packages/oslo_concurrency/lockutils.py:543}}
Jul 03 01:41:59.317140 np0000004349 devstack@n-api.service[84186]: INFO dbcounter [None req-833735ee-8604-4215-93c0-e607328c2703 None None] Registered counter for database nova_cell1
Jul 03 01:41:59.318843 np0000004349 devstack@n-api.service[84185]: INFO dbcounter [None req-a5985e6f-7151-4a8c-98bc-fafb1eb57f52 None None] Registered counter for database nova_cell0
Jul 03 01:41:59.321285 np0000004349 devstack@n-api.service[84185]: INFO dbcounter [None req-a5985e6f-7151-4a8c-98bc-fafb1eb57f52 None None] Registered counter for database nova_cell1
Jul 03 01:41:59.342691 np0000004349 devstack@n-api.service[84187]: DEBUG oslo_db.sqlalchemy.engines [None req-dee9fc46-2bb0-489b-97e6-4a727c72c795 None None] MySQL server mode set to STRICT_TRANS_TABLES,STRICT_ALL_TABLES,NO_ZERO_IN_DATE,NO_ZERO_DATE,ERROR_FOR_DIVISION_BY_ZERO,TRADITIONAL,NO_ENGINE_SUBSTITUTION {{(pid=84187) _check_effective_sql_mode /opt/stack/data/venv/lib/python3.12/site-packages/oslo_db/sqlalchemy/engines.py:325}}
Jul 03 01:41:59.351884 np0000004349 devstack@n-api.service[84187]: DEBUG oslo_db.sqlalchemy.engines [None req-dee9fc46-2bb0-489b-97e6-4a727c72c795 None None] MySQL server mode set to STRICT_TRANS_TABLES,STRICT_ALL_TABLES,NO_ZERO_IN_DATE,NO_ZERO_DATE,ERROR_FOR_DIVISION_BY_ZERO,TRADITIONAL,NO_ENGINE_SUBSTITUTION {{(pid=84187) _check_effective_sql_mode /opt/stack/data/venv/lib/python3.12/site-packages/oslo_db/sqlalchemy/engines.py:325}}
Jul 03 01:41:59.362900 np0000004349 devstack@n-api.service[84185]: DEBUG oslo_db.sqlalchemy.engines [None req-a5985e6f-7151-4a8c-98bc-fafb1eb57f52 None None] MySQL server mode set to STRICT_TRANS_TABLES,STRICT_ALL_TABLES,NO_ZERO_IN_DATE,NO_ZERO_DATE,ERROR_FOR_DIVISION_BY_ZERO,TRADITIONAL,NO_ENGINE_SUBSTITUTION {{(pid=84185) _check_effective_sql_mode /opt/stack/data/venv/lib/python3.12/site-packages/oslo_db/sqlalchemy/engines.py:325}}
Jul 03 01:41:59.373709 np0000004349 devstack@n-api.service[84186]: DEBUG oslo_db.sqlalchemy.engines [None req-833735ee-8604-4215-93c0-e607328c2703 None None] MySQL server mode set to STRICT_TRANS_TABLES,STRICT_ALL_TABLES,NO_ZERO_IN_DATE,NO_ZERO_DATE,ERROR_FOR_DIVISION_BY_ZERO,TRADITIONAL,NO_ENGINE_SUBSTITUTION {{(pid=84186) _check_effective_sql_mode /opt/stack/data/venv/lib/python3.12/site-packages/oslo_db/sqlalchemy/engines.py:325}}
Jul 03 01:41:59.374276 np0000004349 devstack@n-api.service[84185]: DEBUG oslo_db.sqlalchemy.engines [None req-a5985e6f-7151-4a8c-98bc-fafb1eb57f52 None None] MySQL server mode set to STRICT_TRANS_TABLES,STRICT_ALL_TABLES,NO_ZERO_IN_DATE,NO_ZERO_DATE,ERROR_FOR_DIVISION_BY_ZERO,TRADITIONAL,NO_ENGINE_SUBSTITUTION {{(pid=84185) _check_effective_sql_mode /opt/stack/data/venv/lib/python3.12/site-packages/oslo_db/sqlalchemy/engines.py:325}}
Jul 03 01:41:59.377470 np0000004349 devstack@n-api.service[84186]: DEBUG oslo_db.sqlalchemy.engines [None req-833735ee-8604-4215-93c0-e607328c2703 None None] MySQL server mode set to STRICT_TRANS_TABLES,STRICT_ALL_TABLES,NO_ZERO_IN_DATE,NO_ZERO_DATE,ERROR_FOR_DIVISION_BY_ZERO,TRADITIONAL,NO_ENGINE_SUBSTITUTION {{(pid=84186) _check_effective_sql_mode /opt/stack/data/venv/lib/python3.12/site-packages/oslo_db/sqlalchemy/engines.py:325}}
Jul 03 01:41:59.433493 np0000004349 devstack@n-api.service[84187]: DEBUG dbcounter [-] [84187] Writer thread running {{(pid=84187) stat_writer /opt/stack/data/venv/lib/python3.12/site-packages/dbcounter.py:102}}
Jul 03 01:41:59.438660 np0000004349 devstack@n-api.service[84187]: DEBUG dbcounter [-] [84187] Writer thread running {{(pid=84187) stat_writer /opt/stack/data/venv/lib/python3.12/site-packages/dbcounter.py:102}}
Jul 03 01:41:59.442287 np0000004349 devstack@n-api.service[84187]: INFO dbcounter [None req-dee9fc46-2bb0-489b-97e6-4a727c72c795 None None] Registered counter for database nova_cell0
Jul 03 01:41:59.448401 np0000004349 devstack@n-api.service[84185]: DEBUG dbcounter [-] [84185] Writer thread running {{(pid=84185) stat_writer /opt/stack/data/venv/lib/python3.12/site-packages/dbcounter.py:102}}
Jul 03 01:41:59.452417 np0000004349 devstack@n-api.service[84185]: DEBUG dbcounter [-] [84185] Writer thread running {{(pid=84185) stat_writer /opt/stack/data/venv/lib/python3.12/site-packages/dbcounter.py:102}}
Jul 03 01:41:59.455535 np0000004349 devstack@n-api.service[84185]: INFO dbcounter [None req-a5985e6f-7151-4a8c-98bc-fafb1eb57f52 None None] Registered counter for database nova_cell0
Jul 03 01:41:59.458510 np0000004349 devstack@n-api.service[84186]: DEBUG dbcounter [-] [84186] Writer thread running {{(pid=84186) stat_writer /opt/stack/data/venv/lib/python3.12/site-packages/dbcounter.py:102}}
Jul 03 01:41:59.462283 np0000004349 devstack@n-api.service[84186]: DEBUG dbcounter [-] [84186] Writer thread running {{(pid=84186) stat_writer /opt/stack/data/venv/lib/python3.12/site-packages/dbcounter.py:102}}
Jul 03 01:41:59.465928 np0000004349 devstack@n-api.service[84186]: INFO dbcounter [None req-833735ee-8604-4215-93c0-e607328c2703 None None] Registered counter for database nova_cell0
Jul 03 01:41:59.486523 np0000004349 devstack@n-api.service[84187]: DEBUG oslo_db.sqlalchemy.engines [None req-dee9fc46-2bb0-489b-97e6-4a727c72c795 None None] MySQL server mode set to STRICT_TRANS_TABLES,STRICT_ALL_TABLES,NO_ZERO_IN_DATE,NO_ZERO_DATE,ERROR_FOR_DIVISION_BY_ZERO,TRADITIONAL,NO_ENGINE_SUBSTITUTION {{(pid=84187) _check_effective_sql_mode /opt/stack/data/venv/lib/python3.12/site-packages/oslo_db/sqlalchemy/engines.py:325}}
Jul 03 01:41:59.489502 np0000004349 devstack@n-api.service[84185]: DEBUG oslo_db.sqlalchemy.engines [None req-a5985e6f-7151-4a8c-98bc-fafb1eb57f52 None None] MySQL server mode set to STRICT_TRANS_TABLES,STRICT_ALL_TABLES,NO_ZERO_IN_DATE,NO_ZERO_DATE,ERROR_FOR_DIVISION_BY_ZERO,TRADITIONAL,NO_ENGINE_SUBSTITUTION {{(pid=84185) _check_effective_sql_mode /opt/stack/data/venv/lib/python3.12/site-packages/oslo_db/sqlalchemy/engines.py:325}}
Jul 03 01:41:59.493756 np0000004349 devstack@n-api.service[84187]: DEBUG dbcounter [-] [84187] Writer thread running {{(pid=84187) stat_writer /opt/stack/data/venv/lib/python3.12/site-packages/dbcounter.py:102}}
Jul 03 01:41:59.497300 np0000004349 devstack@n-api.service[84185]: DEBUG dbcounter [-] [84185] Writer thread running {{(pid=84185) stat_writer /opt/stack/data/venv/lib/python3.12/site-packages/dbcounter.py:102}}
Jul 03 01:41:59.508078 np0000004349 devstack@n-api.service[84186]: DEBUG oslo_db.sqlalchemy.engines [None req-833735ee-8604-4215-93c0-e607328c2703 None None] MySQL server mode set to STRICT_TRANS_TABLES,STRICT_ALL_TABLES,NO_ZERO_IN_DATE,NO_ZERO_DATE,ERROR_FOR_DIVISION_BY_ZERO,TRADITIONAL,NO_ENGINE_SUBSTITUTION {{(pid=84186) _check_effective_sql_mode /opt/stack/data/venv/lib/python3.12/site-packages/oslo_db/sqlalchemy/engines.py:325}}
Jul 03 01:41:59.516121 np0000004349 devstack@n-api.service[84186]: DEBUG dbcounter [-] [84186] Writer thread running {{(pid=84186) stat_writer /opt/stack/data/venv/lib/python3.12/site-packages/dbcounter.py:102}}
Jul 03 01:41:59.867577 np0000004349 devstack@n-api.service[84187]: DEBUG oslo_concurrency.processutils [None req-dee9fc46-2bb0-489b-97e6-4a727c72c795 None None] Running cmd (subprocess): grep -F node.session.scan /sbin/iscsiadm {{(pid=84187) execute /opt/stack/data/venv/lib/python3.12/site-packages/oslo_concurrency/processutils.py:440}}
Jul 03 01:41:59.869596 np0000004349 devstack@n-api.service[84186]: DEBUG oslo_concurrency.processutils [None req-833735ee-8604-4215-93c0-e607328c2703 None None] Running cmd (subprocess): grep -F node.session.scan /sbin/iscsiadm {{(pid=84186) execute /opt/stack/data/venv/lib/python3.12/site-packages/oslo_concurrency/processutils.py:440}}
Jul 03 01:41:59.870373 np0000004349 devstack@n-api.service[84185]: DEBUG oslo_concurrency.processutils [None req-a5985e6f-7151-4a8c-98bc-fafb1eb57f52 None None] Running cmd (subprocess): grep -F node.session.scan /sbin/iscsiadm {{(pid=84185) execute /opt/stack/data/venv/lib/python3.12/site-packages/oslo_concurrency/processutils.py:440}}
Jul 03 01:41:59.878972 np0000004349 devstack@n-api.service[84187]: DEBUG oslo_concurrency.processutils [None req-dee9fc46-2bb0-489b-97e6-4a727c72c795 None None] CMD "grep -F node.session.scan /sbin/iscsiadm" returned: 0 in 0.011s {{(pid=84187) execute /opt/stack/data/venv/lib/python3.12/site-packages/oslo_concurrency/processutils.py:468}}
Jul 03 01:41:59.882804 np0000004349 devstack@n-api.service[84185]: DEBUG oslo_concurrency.processutils [None req-a5985e6f-7151-4a8c-98bc-fafb1eb57f52 None None] CMD "grep -F node.session.scan /sbin/iscsiadm" returned: 0 in 0.012s {{(pid=84185) execute /opt/stack/data/venv/lib/python3.12/site-packages/oslo_concurrency/processutils.py:468}}
Jul 03 01:41:59.884096 np0000004349 devstack@n-api.service[84186]: DEBUG oslo_concurrency.processutils [None req-833735ee-8604-4215-93c0-e607328c2703 None None] CMD "grep -F node.session.scan /sbin/iscsiadm" returned: 0 in 0.015s {{(pid=84186) execute /opt/stack/data/venv/lib/python3.12/site-packages/oslo_concurrency/processutils.py:468}}
Jul 03 01:42:00.488102 np0000004349 devstack@n-api.service[84187]: DEBUG nova.api.openstack.wsgi_app [None req-dee9fc46-2bb0-489b-97e6-4a727c72c795 None None] ******************************************************************************** {{(pid=84187) log_opt_values /opt/stack/data/venv/lib/python3.12/site-packages/oslo_config/cfg.py:3226}}
Jul 03 01:42:00.488557 np0000004349 devstack@n-api.service[84187]: DEBUG nova.api.openstack.wsgi_app [None req-dee9fc46-2bb0-489b-97e6-4a727c72c795 None None] Configuration options gathered from: {{(pid=84187) log_opt_values /opt/stack/data/venv/lib/python3.12/site-packages/oslo_config/cfg.py:3227}}
Jul 03 01:42:00.488557 np0000004349 devstack@n-api.service[84187]: DEBUG nova.api.openstack.wsgi_app [None req-dee9fc46-2bb0-489b-97e6-4a727c72c795 None None] command line args: [] {{(pid=84187) log_opt_values /opt/stack/data/venv/lib/python3.12/site-packages/oslo_config/cfg.py:3228}}
Jul 03 01:42:00.488815 np0000004349 devstack@n-api.service[84187]: DEBUG nova.api.openstack.wsgi_app [None req-dee9fc46-2bb0-489b-97e6-4a727c72c795 None None] config files: ['/etc/nova/api-paste.ini', '/etc/nova/nova.conf'] {{(pid=84187) log_opt_values /opt/stack/data/venv/lib/python3.12/site-packages/oslo_config/cfg.py:3229}}
Jul 03 01:42:00.488877 np0000004349 devstack@n-api.service[84187]: DEBUG nova.api.openstack.wsgi_app [None req-dee9fc46-2bb0-489b-97e6-4a727c72c795 None None] ================================================================================ {{(pid=84187) log_opt_values /opt/stack/data/venv/lib/python3.12/site-packages/oslo_config/cfg.py:3234}}
Jul 03 01:42:00.489096 np0000004349 devstack@n-api.service[84187]: DEBUG nova.api.openstack.wsgi_app [None req-dee9fc46-2bb0-489b-97e6-4a727c72c795 None None] allow_resize_to_same_host = True {{(pid=84187) log_opt_values /opt/stack/data/venv/lib/python3.12/site-packages/oslo_config/cfg.py:3242}}
Jul 03 01:42:00.489269 np0000004349 devstack@n-api.service[84187]: DEBUG nova.api.openstack.wsgi_app [None req-dee9fc46-2bb0-489b-97e6-4a727c72c795 None None] arq_binding_timeout = 300 {{(pid=84187) log_opt_values /opt/stack/data/venv/lib/python3.12/site-packages/oslo_config/cfg.py:3242}}
Jul 03 01:42:00.489442 np0000004349 devstack@n-api.service[84187]: DEBUG nova.api.openstack.wsgi_app [None req-dee9fc46-2bb0-489b-97e6-4a727c72c795 None None] block_device_allocate_retries = 60 {{(pid=84187) log_opt_values /opt/stack/data/venv/lib/python3.12/site-packages/oslo_config/cfg.py:3242}}
Jul 03 01:42:00.489605 np0000004349 devstack@n-api.service[84187]: DEBUG nova.api.openstack.wsgi_app [None req-dee9fc46-2bb0-489b-97e6-4a727c72c795 None None] block_device_allocate_retries_interval = 3 {{(pid=84187) log_opt_values /opt/stack/data/venv/lib/python3.12/site-packages/oslo_config/cfg.py:3242}}
Jul 03 01:42:00.489744 np0000004349 devstack@n-api.service[84187]: DEBUG nova.api.openstack.wsgi_app [None req-dee9fc46-2bb0-489b-97e6-4a727c72c795 None None] cell_worker_thread_pool_size = 5 {{(pid=84187) log_opt_values /opt/stack/data/venv/lib/python3.12/site-packages/oslo_config/cfg.py:3242}}
Jul 03 01:42:00.489872 np0000004349 devstack@n-api.service[84187]: DEBUG nova.api.openstack.wsgi_app [None req-dee9fc46-2bb0-489b-97e6-4a727c72c795 None None] cert = self.pem {{(pid=84187) log_opt_values /opt/stack/data/venv/lib/python3.12/site-packages/oslo_config/cfg.py:3242}}
Jul 03 01:42:00.490001 np0000004349 devstack@n-api.service[84187]: DEBUG nova.api.openstack.wsgi_app [None req-dee9fc46-2bb0-489b-97e6-4a727c72c795 None None] compute_driver = libvirt.LibvirtDriver {{(pid=84187) log_opt_values /opt/stack/data/venv/lib/python3.12/site-packages/oslo_config/cfg.py:3242}}
Jul 03 01:42:00.490124 np0000004349 devstack@n-api.service[84187]: DEBUG nova.api.openstack.wsgi_app [None req-dee9fc46-2bb0-489b-97e6-4a727c72c795 None None] compute_monitors = [] {{(pid=84187) log_opt_values /opt/stack/data/venv/lib/python3.12/site-packages/oslo_config/cfg.py:3242}}
Jul 03 01:42:00.490245 np0000004349 devstack@n-api.service[84187]: DEBUG nova.api.openstack.wsgi_app [None req-dee9fc46-2bb0-489b-97e6-4a727c72c795 None None] config_dir = [] {{(pid=84187) log_opt_values /opt/stack/data/venv/lib/python3.12/site-packages/oslo_config/cfg.py:3242}}
Jul 03 01:42:00.490377 np0000004349 devstack@n-api.service[84187]: DEBUG nova.api.openstack.wsgi_app [None req-dee9fc46-2bb0-489b-97e6-4a727c72c795 None None] config_drive_format = iso9660 {{(pid=84187) log_opt_values /opt/stack/data/venv/lib/python3.12/site-packages/oslo_config/cfg.py:3242}}
Jul 03 01:42:00.490483 np0000004349 devstack@n-api.service[84187]: DEBUG nova.api.openstack.wsgi_app [None req-dee9fc46-2bb0-489b-97e6-4a727c72c795 None None] config_file = ['/etc/nova/api-paste.ini', '/etc/nova/nova.conf'] {{(pid=84187) log_opt_values /opt/stack/data/venv/lib/python3.12/site-packages/oslo_config/cfg.py:3242}}
Jul 03 01:42:00.490642 np0000004349 devstack@n-api.service[84187]: DEBUG nova.api.openstack.wsgi_app [None req-dee9fc46-2bb0-489b-97e6-4a727c72c795 None None] config_source = [] {{(pid=84187) log_opt_values /opt/stack/data/venv/lib/python3.12/site-packages/oslo_config/cfg.py:3242}}
Jul 03 01:42:00.490808 np0000004349 devstack@n-api.service[84187]: DEBUG nova.api.openstack.wsgi_app [None req-dee9fc46-2bb0-489b-97e6-4a727c72c795 None None] console_host = np0000004349 {{(pid=84187) log_opt_values /opt/stack/data/venv/lib/python3.12/site-packages/oslo_config/cfg.py:3242}}
Jul 03 01:42:00.490934 np0000004349 devstack@n-api.service[84187]: DEBUG nova.api.openstack.wsgi_app [None req-dee9fc46-2bb0-489b-97e6-4a727c72c795 None None] control_exchange = nova {{(pid=84187) log_opt_values /opt/stack/data/venv/lib/python3.12/site-packages/oslo_config/cfg.py:3242}}
Jul 03 01:42:00.491053 np0000004349 devstack@n-api.service[84187]: DEBUG nova.api.openstack.wsgi_app [None req-dee9fc46-2bb0-489b-97e6-4a727c72c795 None None] cpu_allocation_ratio = None {{(pid=84187) log_opt_values /opt/stack/data/venv/lib/python3.12/site-packages/oslo_config/cfg.py:3242}}
Jul 03 01:42:00.491171 np0000004349 devstack@n-api.service[84187]: DEBUG nova.api.openstack.wsgi_app [None req-dee9fc46-2bb0-489b-97e6-4a727c72c795 None None] daemon = False {{(pid=84187) log_opt_values /opt/stack/data/venv/lib/python3.12/site-packages/oslo_config/cfg.py:3242}}
Jul 03 01:42:00.491292 np0000004349 devstack@n-api.service[84187]: DEBUG nova.api.openstack.wsgi_app [None req-dee9fc46-2bb0-489b-97e6-4a727c72c795 None None] debug = True {{(pid=84187) log_opt_values /opt/stack/data/venv/lib/python3.12/site-packages/oslo_config/cfg.py:3242}}
Jul 03 01:42:00.491413 np0000004349 devstack@n-api.service[84187]: DEBUG nova.api.openstack.wsgi_app [None req-dee9fc46-2bb0-489b-97e6-4a727c72c795 None None] default_access_ip_network_name = None {{(pid=84187) log_opt_values /opt/stack/data/venv/lib/python3.12/site-packages/oslo_config/cfg.py:3242}}
Jul 03 01:42:00.491546 np0000004349 devstack@n-api.service[84187]: DEBUG nova.api.openstack.wsgi_app [None req-dee9fc46-2bb0-489b-97e6-4a727c72c795 None None] default_availability_zone = nova {{(pid=84187) log_opt_values /opt/stack/data/venv/lib/python3.12/site-packages/oslo_config/cfg.py:3242}}
Jul 03 01:42:00.491696 np0000004349 devstack@n-api.service[84187]: DEBUG nova.api.openstack.wsgi_app [None req-dee9fc46-2bb0-489b-97e6-4a727c72c795 None None] default_ephemeral_format = ext4 {{(pid=84187) log_opt_values /opt/stack/data/venv/lib/python3.12/site-packages/oslo_config/cfg.py:3242}}
Jul 03 01:42:00.491811 np0000004349 devstack@n-api.service[84187]: DEBUG nova.api.openstack.wsgi_app [None req-dee9fc46-2bb0-489b-97e6-4a727c72c795 None None] default_green_pool_size = 1000 {{(pid=84187) log_opt_values /opt/stack/data/venv/lib/python3.12/site-packages/oslo_config/cfg.py:3242}}
Jul 03 01:42:00.492030 np0000004349 devstack@n-api.service[84187]: DEBUG nova.api.openstack.wsgi_app [None req-dee9fc46-2bb0-489b-97e6-4a727c72c795 None None] default_log_levels = ['amqp=WARN', 'boto=WARN', 'sqlalchemy=WARN', 'suds=INFO', 'oslo.messaging=INFO', 'oslo_messaging=INFO', 'iso8601=WARN', 'requests.packages.urllib3.connectionpool=WARN', 'urllib3.connectionpool=WARN', 'websocket=WARN', 'requests.packages.urllib3.util.retry=WARN', 'urllib3.util.retry=WARN', 'keystonemiddleware=WARN', 'routes.middleware=WARN', 'stevedore=WARN', 'taskflow=WARN', 'keystoneauth=WARN', 'oslo.cache=INFO', 'oslo_policy=INFO', 'dogpile.core.dogpile=INFO', 'glanceclient=WARN', 'oslo.privsep.daemon=INFO'] {{(pid=84187) log_opt_values /opt/stack/data/venv/lib/python3.12/site-packages/oslo_config/cfg.py:3242}}
Jul 03 01:42:00.492166 np0000004349 devstack@n-api.service[84187]: DEBUG nova.api.openstack.wsgi_app [None req-dee9fc46-2bb0-489b-97e6-4a727c72c795 None None] default_schedule_zone = None {{(pid=84187) log_opt_values /opt/stack/data/venv/lib/python3.12/site-packages/oslo_config/cfg.py:3242}}
Jul 03 01:42:00.492281 np0000004349 devstack@n-api.service[84187]: DEBUG nova.api.openstack.wsgi_app [None req-dee9fc46-2bb0-489b-97e6-4a727c72c795 None None] default_thread_pool_size = 10 {{(pid=84187) log_opt_values /opt/stack/data/venv/lib/python3.12/site-packages/oslo_config/cfg.py:3242}}
Jul 03 01:42:00.492394 np0000004349 devstack@n-api.service[84187]: DEBUG nova.api.openstack.wsgi_app [None req-dee9fc46-2bb0-489b-97e6-4a727c72c795 None None] disk_allocation_ratio = None {{(pid=84187) log_opt_values /opt/stack/data/venv/lib/python3.12/site-packages/oslo_config/cfg.py:3242}}
Jul 03 01:42:00.492540 np0000004349 devstack@n-api.service[84187]: DEBUG nova.api.openstack.wsgi_app [None req-dee9fc46-2bb0-489b-97e6-4a727c72c795 None None] enable_new_services = True {{(pid=84187) log_opt_values /opt/stack/data/venv/lib/python3.12/site-packages/oslo_config/cfg.py:3242}}
Jul 03 01:42:00.492694 np0000004349 devstack@n-api.service[84187]: DEBUG nova.api.openstack.wsgi_app [None req-dee9fc46-2bb0-489b-97e6-4a727c72c795 None None] flat_injected = False {{(pid=84187) log_opt_values /opt/stack/data/venv/lib/python3.12/site-packages/oslo_config/cfg.py:3242}}
Jul 03 01:42:00.492822 np0000004349 devstack@n-api.service[84187]: DEBUG nova.api.openstack.wsgi_app [None req-dee9fc46-2bb0-489b-97e6-4a727c72c795 None None] force_config_drive = True {{(pid=84187) log_opt_values /opt/stack/data/venv/lib/python3.12/site-packages/oslo_config/cfg.py:3242}}
Jul 03 01:42:00.492942 np0000004349 devstack@n-api.service[84187]: DEBUG nova.api.openstack.wsgi_app [None req-dee9fc46-2bb0-489b-97e6-4a727c72c795 None None] force_raw_images = True {{(pid=84187) log_opt_values /opt/stack/data/venv/lib/python3.12/site-packages/oslo_config/cfg.py:3242}}
Jul 03 01:42:00.493065 np0000004349 devstack@n-api.service[84187]: DEBUG nova.api.openstack.wsgi_app [None req-dee9fc46-2bb0-489b-97e6-4a727c72c795 None None] graceful_shutdown_timeout = 5 {{(pid=84187) log_opt_values /opt/stack/data/venv/lib/python3.12/site-packages/oslo_config/cfg.py:3242}}
Jul 03 01:42:00.493183 np0000004349 devstack@n-api.service[84187]: DEBUG nova.api.openstack.wsgi_app [None req-dee9fc46-2bb0-489b-97e6-4a727c72c795 None None] heal_instance_info_cache_interval = -1 {{(pid=84187) log_opt_values /opt/stack/data/venv/lib/python3.12/site-packages/oslo_config/cfg.py:3242}}
Jul 03 01:42:00.493353 np0000004349 devstack@n-api.service[84187]: DEBUG nova.api.openstack.wsgi_app [None req-dee9fc46-2bb0-489b-97e6-4a727c72c795 None None] host = np0000004349 {{(pid=84187) log_opt_values /opt/stack/data/venv/lib/python3.12/site-packages/oslo_config/cfg.py:3242}}
Jul 03 01:42:00.493497 np0000004349 devstack@n-api.service[84187]: DEBUG nova.api.openstack.wsgi_app [None req-dee9fc46-2bb0-489b-97e6-4a727c72c795 None None] initial_cpu_allocation_ratio = 4.0 {{(pid=84187) log_opt_values /opt/stack/data/venv/lib/python3.12/site-packages/oslo_config/cfg.py:3242}}
Jul 03 01:42:00.493655 np0000004349 devstack@n-api.service[84187]: DEBUG nova.api.openstack.wsgi_app [None req-dee9fc46-2bb0-489b-97e6-4a727c72c795 None None] initial_disk_allocation_ratio = 1.0 {{(pid=84187) log_opt_values /opt/stack/data/venv/lib/python3.12/site-packages/oslo_config/cfg.py:3242}}
Jul 03 01:42:00.493778 np0000004349 devstack@n-api.service[84187]: DEBUG nova.api.openstack.wsgi_app [None req-dee9fc46-2bb0-489b-97e6-4a727c72c795 None None] initial_ram_allocation_ratio = 1.0 {{(pid=84187) log_opt_values /opt/stack/data/venv/lib/python3.12/site-packages/oslo_config/cfg.py:3242}}
Jul 03 01:42:00.493945 np0000004349 devstack@n-api.service[84187]: DEBUG nova.api.openstack.wsgi_app [None req-dee9fc46-2bb0-489b-97e6-4a727c72c795 None None] injected_network_template = /opt/stack/nova/nova/virt/interfaces.template {{(pid=84187) log_opt_values /opt/stack/data/venv/lib/python3.12/site-packages/oslo_config/cfg.py:3242}}
Jul 03 01:42:00.494064 np0000004349 devstack@n-api.service[84187]: DEBUG nova.api.openstack.wsgi_app [None req-dee9fc46-2bb0-489b-97e6-4a727c72c795 None None] instance_build_timeout = 0 {{(pid=84187) log_opt_values /opt/stack/data/venv/lib/python3.12/site-packages/oslo_config/cfg.py:3242}}
Jul 03 01:42:00.494182 np0000004349 devstack@n-api.service[84187]: DEBUG nova.api.openstack.wsgi_app [None req-dee9fc46-2bb0-489b-97e6-4a727c72c795 None None] instance_delete_interval = 300 {{(pid=84187) log_opt_values /opt/stack/data/venv/lib/python3.12/site-packages/oslo_config/cfg.py:3242}}
Jul 03 01:42:00.494300 np0000004349 devstack@n-api.service[84187]: DEBUG nova.api.openstack.wsgi_app [None req-dee9fc46-2bb0-489b-97e6-4a727c72c795 None None] instance_format = [instance: %(uuid)s] {{(pid=84187) log_opt_values /opt/stack/data/venv/lib/python3.12/site-packages/oslo_config/cfg.py:3242}}
Jul 03 01:42:00.494431 np0000004349 devstack@n-api.service[84187]: DEBUG nova.api.openstack.wsgi_app [None req-dee9fc46-2bb0-489b-97e6-4a727c72c795 None None] instance_name_template = instance-%08x {{(pid=84187) log_opt_values /opt/stack/data/venv/lib/python3.12/site-packages/oslo_config/cfg.py:3242}}
Jul 03 01:42:00.494549 np0000004349 devstack@n-api.service[84187]: DEBUG nova.api.openstack.wsgi_app [None req-dee9fc46-2bb0-489b-97e6-4a727c72c795 None None] instance_usage_audit = False {{(pid=84187) log_opt_values /opt/stack/data/venv/lib/python3.12/site-packages/oslo_config/cfg.py:3242}}
Jul 03 01:42:00.494715 np0000004349 devstack@n-api.service[84187]: DEBUG nova.api.openstack.wsgi_app [None req-dee9fc46-2bb0-489b-97e6-4a727c72c795 None None] instance_usage_audit_period = month {{(pid=84187) log_opt_values /opt/stack/data/venv/lib/python3.12/site-packages/oslo_config/cfg.py:3242}}
Jul 03 01:42:00.494835 np0000004349 devstack@n-api.service[84187]: DEBUG nova.api.openstack.wsgi_app [None req-dee9fc46-2bb0-489b-97e6-4a727c72c795 None None] instance_uuid_format = [instance: %(uuid)s] {{(pid=84187) log_opt_values /opt/stack/data/venv/lib/python3.12/site-packages/oslo_config/cfg.py:3242}}
Jul 03 01:42:00.494951 np0000004349 devstack@n-api.service[84187]: DEBUG nova.api.openstack.wsgi_app [None req-dee9fc46-2bb0-489b-97e6-4a727c72c795 None None] instances_path = /opt/stack/data/nova/instances {{(pid=84187) log_opt_values /opt/stack/data/venv/lib/python3.12/site-packages/oslo_config/cfg.py:3242}}
Jul 03 01:42:00.495068 np0000004349 devstack@n-api.service[84187]: DEBUG nova.api.openstack.wsgi_app [None req-dee9fc46-2bb0-489b-97e6-4a727c72c795 None None] internal_service_availability_zone = internal {{(pid=84187) log_opt_values /opt/stack/data/venv/lib/python3.12/site-packages/oslo_config/cfg.py:3242}}
Jul 03 01:42:00.495177 np0000004349 devstack@n-api.service[84187]: DEBUG nova.api.openstack.wsgi_app [None req-dee9fc46-2bb0-489b-97e6-4a727c72c795 None None] key = None {{(pid=84187) log_opt_values /opt/stack/data/venv/lib/python3.12/site-packages/oslo_config/cfg.py:3242}}
Jul 03 01:42:00.495293 np0000004349 devstack@n-api.service[84187]: DEBUG nova.api.openstack.wsgi_app [None req-dee9fc46-2bb0-489b-97e6-4a727c72c795 None None] live_migration_retry_count = 30 {{(pid=84187) log_opt_values /opt/stack/data/venv/lib/python3.12/site-packages/oslo_config/cfg.py:3242}}
Jul 03 01:42:00.495422 np0000004349 devstack@n-api.service[84187]: DEBUG nova.api.openstack.wsgi_app [None req-dee9fc46-2bb0-489b-97e6-4a727c72c795 None None] log_color = False {{(pid=84187) log_opt_values /opt/stack/data/venv/lib/python3.12/site-packages/oslo_config/cfg.py:3242}}
Jul 03 01:42:00.495544 np0000004349 devstack@n-api.service[84187]: DEBUG nova.api.openstack.wsgi_app [None req-dee9fc46-2bb0-489b-97e6-4a727c72c795 None None] log_config_append = None {{(pid=84187) log_opt_values /opt/stack/data/venv/lib/python3.12/site-packages/oslo_config/cfg.py:3242}}
Jul 03 01:42:00.495699 np0000004349 devstack@n-api.service[84187]: DEBUG nova.api.openstack.wsgi_app [None req-dee9fc46-2bb0-489b-97e6-4a727c72c795 None None] log_date_format = %Y-%m-%d %H:%M:%S {{(pid=84187) log_opt_values /opt/stack/data/venv/lib/python3.12/site-packages/oslo_config/cfg.py:3242}}
Jul 03 01:42:00.495820 np0000004349 devstack@n-api.service[84187]: DEBUG nova.api.openstack.wsgi_app [None req-dee9fc46-2bb0-489b-97e6-4a727c72c795 None None] log_dir = None {{(pid=84187) log_opt_values /opt/stack/data/venv/lib/python3.12/site-packages/oslo_config/cfg.py:3242}}
Jul 03 01:42:00.495964 np0000004349 devstack@n-api.service[84187]: DEBUG nova.api.openstack.wsgi_app [None req-dee9fc46-2bb0-489b-97e6-4a727c72c795 None None] log_file = None {{(pid=84187) log_opt_values /opt/stack/data/venv/lib/python3.12/site-packages/oslo_config/cfg.py:3242}}
Jul 03 01:42:00.496080 np0000004349 devstack@n-api.service[84187]: DEBUG nova.api.openstack.wsgi_app [None req-dee9fc46-2bb0-489b-97e6-4a727c72c795 None None] log_options = True {{(pid=84187) log_opt_values /opt/stack/data/venv/lib/python3.12/site-packages/oslo_config/cfg.py:3242}}
Jul 03 01:42:00.496205 np0000004349 devstack@n-api.service[84187]: DEBUG nova.api.openstack.wsgi_app [None req-dee9fc46-2bb0-489b-97e6-4a727c72c795 None None] log_rotate_interval = 1 {{(pid=84187) log_opt_values /opt/stack/data/venv/lib/python3.12/site-packages/oslo_config/cfg.py:3242}}
Jul 03 01:42:00.496343 np0000004349 devstack@n-api.service[84187]: DEBUG nova.api.openstack.wsgi_app [None req-dee9fc46-2bb0-489b-97e6-4a727c72c795 None None] log_rotate_interval_type = days {{(pid=84187) log_opt_values /opt/stack/data/venv/lib/python3.12/site-packages/oslo_config/cfg.py:3242}}
Jul 03 01:42:00.496488 np0000004349 devstack@n-api.service[84187]: DEBUG nova.api.openstack.wsgi_app [None req-dee9fc46-2bb0-489b-97e6-4a727c72c795 None None] log_rotation_type = none {{(pid=84187) log_opt_values /opt/stack/data/venv/lib/python3.12/site-packages/oslo_config/cfg.py:3242}}
Jul 03 01:42:00.496627 np0000004349 devstack@n-api.service[84187]: DEBUG nova.api.openstack.wsgi_app [None req-dee9fc46-2bb0-489b-97e6-4a727c72c795 None None] logging_context_format_string = %(color)s%(levelname)s %(name)s [%(global_request_id)s %(request_id)s %(project_name)s %(user_name)s%(color)s] %(instance)s%(color)s%(message)s {{(pid=84187) log_opt_values /opt/stack/data/venv/lib/python3.12/site-packages/oslo_config/cfg.py:3242}}
Jul 03 01:42:00.496734 np0000004349 devstack@n-api.service[84187]: DEBUG nova.api.openstack.wsgi_app [None req-dee9fc46-2bb0-489b-97e6-4a727c72c795 None None] logging_debug_format_suffix = {{(pid=%(process)d) %(funcName)s %(pathname)s:%(lineno)d}} {{(pid=84187) log_opt_values /opt/stack/data/venv/lib/python3.12/site-packages/oslo_config/cfg.py:3242}}
Jul 03 01:42:00.496860 np0000004349 devstack@n-api.service[84187]: DEBUG nova.api.openstack.wsgi_app [None req-dee9fc46-2bb0-489b-97e6-4a727c72c795 None None] logging_default_format_string = %(color)s%(levelname)s %(name)s [-%(color)s] %(instance)s%(color)s%(message)s {{(pid=84187) log_opt_values /opt/stack/data/venv/lib/python3.12/site-packages/oslo_config/cfg.py:3242}}
Jul 03 01:42:00.497043 np0000004349 devstack@n-api.service[84187]: DEBUG nova.api.openstack.wsgi_app [None req-dee9fc46-2bb0-489b-97e6-4a727c72c795 None None] logging_exception_prefix = ERROR %(name)s %(instance)s {{(pid=84187) log_opt_values /opt/stack/data/venv/lib/python3.12/site-packages/oslo_config/cfg.py:3242}}
Jul 03 01:42:00.497145 np0000004349 devstack@n-api.service[84187]: DEBUG nova.api.openstack.wsgi_app [None req-dee9fc46-2bb0-489b-97e6-4a727c72c795 None None] logging_user_identity_format = %(user)s %(project)s %(domain)s %(system_scope)s %(user_domain)s %(project_domain)s {{(pid=84187) log_opt_values /opt/stack/data/venv/lib/python3.12/site-packages/oslo_config/cfg.py:3242}}
Jul 03 01:42:00.497292 np0000004349 devstack@n-api.service[84187]: DEBUG nova.api.openstack.wsgi_app [None req-dee9fc46-2bb0-489b-97e6-4a727c72c795 None None] long_rpc_timeout = 1800 {{(pid=84187) log_opt_values /opt/stack/data/venv/lib/python3.12/site-packages/oslo_config/cfg.py:3242}}
Jul 03 01:42:00.497480 np0000004349 devstack@n-api.service[84187]: DEBUG nova.api.openstack.wsgi_app [None req-dee9fc46-2bb0-489b-97e6-4a727c72c795 None None] manager_shutdown_timeout = 160 {{(pid=84187) log_opt_values /opt/stack/data/venv/lib/python3.12/site-packages/oslo_config/cfg.py:3242}}
Jul 03 01:42:00.497688 np0000004349 devstack@n-api.service[84187]: DEBUG nova.api.openstack.wsgi_app [None req-dee9fc46-2bb0-489b-97e6-4a727c72c795 None None] max_concurrent_builds = 10 {{(pid=84187) log_opt_values /opt/stack/data/venv/lib/python3.12/site-packages/oslo_config/cfg.py:3242}}
Jul 03 01:42:00.497882 np0000004349 devstack@n-api.service[84187]: DEBUG nova.api.openstack.wsgi_app [None req-dee9fc46-2bb0-489b-97e6-4a727c72c795 None None] max_concurrent_live_migrations = 1 {{(pid=84187) log_opt_values /opt/stack/data/venv/lib/python3.12/site-packages/oslo_config/cfg.py:3242}}
Jul 03 01:42:00.498045 np0000004349 devstack@n-api.service[84187]: DEBUG nova.api.openstack.wsgi_app [None req-dee9fc46-2bb0-489b-97e6-4a727c72c795 None None] max_concurrent_snapshots = 5 {{(pid=84187) log_opt_values /opt/stack/data/venv/lib/python3.12/site-packages/oslo_config/cfg.py:3242}}
Jul 03 01:42:00.498173 np0000004349 devstack@n-api.service[84187]: DEBUG nova.api.openstack.wsgi_app [None req-dee9fc46-2bb0-489b-97e6-4a727c72c795 None None] max_local_block_devices = 3 {{(pid=84187) log_opt_values /opt/stack/data/venv/lib/python3.12/site-packages/oslo_config/cfg.py:3242}}
Jul 03 01:42:00.498308 np0000004349 devstack@n-api.service[84187]: DEBUG nova.api.openstack.wsgi_app [None req-dee9fc46-2bb0-489b-97e6-4a727c72c795 None None] max_logfile_count = 30 {{(pid=84187) log_opt_values /opt/stack/data/venv/lib/python3.12/site-packages/oslo_config/cfg.py:3242}}
Jul 03 01:42:00.498432 np0000004349 devstack@n-api.service[84187]: DEBUG nova.api.openstack.wsgi_app [None req-dee9fc46-2bb0-489b-97e6-4a727c72c795 None None] max_logfile_size_mb = 200 {{(pid=84187) log_opt_values /opt/stack/data/venv/lib/python3.12/site-packages/oslo_config/cfg.py:3242}}
Jul 03 01:42:00.498481 np0000004349 devstack@n-api.service[84186]: DEBUG nova.api.openstack.wsgi_app [None req-833735ee-8604-4215-93c0-e607328c2703 None None] ******************************************************************************** {{(pid=84186) log_opt_values /opt/stack/data/venv/lib/python3.12/site-packages/oslo_config/cfg.py:3226}}
Jul 03 01:42:00.498786 np0000004349 devstack@n-api.service[84187]: DEBUG nova.api.openstack.wsgi_app [None req-dee9fc46-2bb0-489b-97e6-4a727c72c795 None None] maximum_instance_delete_attempts = 5 {{(pid=84187) log_opt_values /opt/stack/data/venv/lib/python3.12/site-packages/oslo_config/cfg.py:3242}}
Jul 03 01:42:00.498814 np0000004349 devstack@n-api.service[84186]: DEBUG nova.api.openstack.wsgi_app [None req-833735ee-8604-4215-93c0-e607328c2703 None None] Configuration options gathered from: {{(pid=84186) log_opt_values /opt/stack/data/venv/lib/python3.12/site-packages/oslo_config/cfg.py:3227}}
Jul 03 01:42:00.498840 np0000004349 devstack@n-api.service[84187]: DEBUG nova.api.openstack.wsgi_app [None req-dee9fc46-2bb0-489b-97e6-4a727c72c795 None None] migrate_max_retries = -1 {{(pid=84187) log_opt_values /opt/stack/data/venv/lib/python3.12/site-packages/oslo_config/cfg.py:3242}}
Jul 03 01:42:00.498907 np0000004349 devstack@n-api.service[84187]: DEBUG nova.api.openstack.wsgi_app [None req-dee9fc46-2bb0-489b-97e6-4a727c72c795 None None] mkisofs_cmd = genisoimage {{(pid=84187) log_opt_values /opt/stack/data/venv/lib/python3.12/site-packages/oslo_config/cfg.py:3242}}
Jul 03 01:42:00.499000 np0000004349 devstack@n-api.service[84186]: DEBUG nova.api.openstack.wsgi_app [None req-833735ee-8604-4215-93c0-e607328c2703 None None] command line args: [] {{(pid=84186) log_opt_values /opt/stack/data/venv/lib/python3.12/site-packages/oslo_config/cfg.py:3228}}
Jul 03 01:42:00.499135 np0000004349 devstack@n-api.service[84187]: DEBUG nova.api.openstack.wsgi_app [None req-dee9fc46-2bb0-489b-97e6-4a727c72c795 None None] my_block_storage_ip = 10.4.3.168 {{(pid=84187) log_opt_values /opt/stack/data/venv/lib/python3.12/site-packages/oslo_config/cfg.py:3242}}
Jul 03 01:42:00.499180 np0000004349 devstack@n-api.service[84186]: DEBUG nova.api.openstack.wsgi_app [None req-833735ee-8604-4215-93c0-e607328c2703 None None] config files: ['/etc/nova/api-paste.ini', '/etc/nova/nova.conf'] {{(pid=84186) log_opt_values /opt/stack/data/venv/lib/python3.12/site-packages/oslo_config/cfg.py:3229}}
