Jul 31 11:05:55.544381 np0000006209 devstack@g-api.service[99726]: DEBUG glance.api.middleware.version_negotiation [None req-cb85e26a-0cc4-45ff-8d69-5cdfee073715 tempest-ServerBootFromVolumeStableRescueTest-422297332 tempest-ServerBootFromVolumeStableRescueTest-422297332-project-member] new path /v2/images/34fbe6ba-30c4-4e21-841c-7cbe6cd6a5a5 {{(pid=99726) process_request /opt/stack/glance/glance/api/middleware/version_negotiation.py:70}}
Jul 31 11:05:55.556649 np0000006209 devstack@g-api.service[99726]: [pid: 99726|app: 0|req: 61/185] 127.0.0.1 () {44 vars in 1111 bytes} [Fri Jul 31 11:05:55 2026] GET /v2/images/34fbe6ba-30c4-4e21-841c-7cbe6cd6a5a5 => generated 1339 bytes in 13 msecs (HTTP/1.1 200) 4 headers in 158 bytes (1 switches on core 0)
Jul 31 11:05:55.597189 np0000006209 devstack@g-api.service[99725]: DEBUG glance.api.middleware.version_negotiation [None req-cb85e26a-0cc4-45ff-8d69-5cdfee073715 tempest-ServerBootFromVolumeStableRescueTest-422297332 tempest-ServerBootFromVolumeStableRescueTest-422297332-project-member] Determining version of request: GET /v2/schemas/image Accept: */* {{(pid=99725) process_request /opt/stack/glance/glance/api/middleware/version_negotiation.py:44}}
Jul 31 11:05:55.597603 np0000006209 devstack@g-api.service[99725]: DEBUG glance.api.middleware.version_negotiation [None req-cb85e26a-0cc4-45ff-8d69-5cdfee073715 tempest-ServerBootFromVolumeStableRescueTest-422297332 tempest-ServerBootFromVolumeStableRescueTest-422297332-project-member] Using url versioning {{(pid=99725) process_request /opt/stack/glance/glance/api/middleware/version_negotiation.py:57}}
Jul 31 11:05:55.598476 np0000006209 devstack@g-api.service[99725]: DEBUG glance.api.middleware.version_negotiation [None req-cb85e26a-0cc4-45ff-8d69-5cdfee073715 tempest-ServerBootFromVolumeStableRescueTest-422297332 tempest-ServerBootFromVolumeStableRescueTest-422297332-project-member] Matched version: v2 {{(pid=99725) process_request /opt/stack/glance/glance/api/middleware/version_negotiation.py:69}}
Jul 31 11:05:55.598476 np0000006209 devstack@g-api.service[99725]: DEBUG glance.api.middleware.version_negotiation [None req-cb85e26a-0cc4-45ff-8d69-5cdfee073715 tempest-ServerBootFromVolumeStableRescueTest-422297332 tempest-ServerBootFromVolumeStableRescueTest-422297332-project-member] new path /v2/schemas/image {{(pid=99725) process_request /opt/stack/glance/glance/api/middleware/version_negotiation.py:70}}
Jul 31 11:05:55.603965 np0000006209 devstack@g-api.service[99725]: [pid: 99725|app: 0|req: 72/186] 127.0.0.1 () {44 vars in 1051 bytes} [Fri Jul 31 11:05:55 2026] GET /v2/schemas/image => generated 6083 bytes in 7 msecs (HTTP/1.1 200) 4 headers in 158 bytes (1 switches on core 0)
Jul 31 11:05:55.640583 np0000006209 devstack@g-api.service[99726]: DEBUG glance.api.middleware.version_negotiation [None req-59534fd3-f6b4-4556-b179-3bbf9364ffe1 tempest-AttachVolumeShelveTestJSON-1824480060 tempest-AttachVolumeShelveTestJSON-1824480060-project-member] Determining version of request: GET /v2/schemas/image Accept: */* {{(pid=99726) process_request /opt/stack/glance/glance/api/middleware/version_negotiation.py:44}}
Jul 31 11:05:55.640813 np0000006209 devstack@g-api.service[99726]: DEBUG glance.api.middleware.version_negotiation [None req-59534fd3-f6b4-4556-b179-3bbf9364ffe1 tempest-AttachVolumeShelveTestJSON-1824480060 tempest-AttachVolumeShelveTestJSON-1824480060-project-member] Using url versioning {{(pid=99726) process_request /opt/stack/glance/glance/api/middleware/version_negotiation.py:57}}
Jul 31 11:05:55.642076 np0000006209 devstack@g-api.service[99726]: DEBUG glance.api.middleware.version_negotiation [None req-59534fd3-f6b4-4556-b179-3bbf9364ffe1 tempest-AttachVolumeShelveTestJSON-1824480060 tempest-AttachVolumeShelveTestJSON-1824480060-project-member] Matched version: v2 {{(pid=99726) process_request /opt/stack/glance/glance/api/middleware/version_negotiation.py:69}}
Jul 31 11:05:55.642257 np0000006209 devstack@g-api.service[99726]: DEBUG glance.api.middleware.version_negotiation [None req-59534fd3-f6b4-4556-b179-3bbf9364ffe1 tempest-AttachVolumeShelveTestJSON-1824480060 tempest-AttachVolumeShelveTestJSON-1824480060-project-member] new path /v2/schemas/image {{(pid=99726) process_request /opt/stack/glance/glance/api/middleware/version_negotiation.py:70}}
Jul 31 11:05:55.645237 np0000006209 devstack@g-api.service[99726]: [pid: 99726|app: 0|req: 62/187] 127.0.0.1 () {44 vars in 1051 bytes} [Fri Jul 31 11:05:55 2026] GET /v2/schemas/image => generated 6083 bytes in 5 msecs (HTTP/1.1 200) 4 headers in 158 bytes (1 switches on core 0)
Jul 31 11:05:55.713193 np0000006209 devstack@g-api.service[99725]: DEBUG glance.api.middleware.version_negotiation [None req-59534fd3-f6b4-4556-b179-3bbf9364ffe1 tempest-AttachVolumeShelveTestJSON-1824480060 tempest-AttachVolumeShelveTestJSON-1824480060-project-member] Determining version of request: PATCH /v2/images/34fbe6ba-30c4-4e21-841c-7cbe6cd6a5a5 Accept: */* {{(pid=99725) process_request /opt/stack/glance/glance/api/middleware/version_negotiation.py:44}}
Jul 31 11:05:55.713193 np0000006209 devstack@g-api.service[99725]: DEBUG glance.api.middleware.version_negotiation [None req-59534fd3-f6b4-4556-b179-3bbf9364ffe1 tempest-AttachVolumeShelveTestJSON-1824480060 tempest-AttachVolumeShelveTestJSON-1824480060-project-member] Using url versioning {{(pid=99725) process_request /opt/stack/glance/glance/api/middleware/version_negotiation.py:57}}
Jul 31 11:05:55.713193 np0000006209 devstack@g-api.service[99725]: DEBUG glance.api.middleware.version_negotiation [None req-59534fd3-f6b4-4556-b179-3bbf9364ffe1 tempest-AttachVolumeShelveTestJSON-1824480060 tempest-AttachVolumeShelveTestJSON-1824480060-project-member] Matched version: v2 {{(pid=99725) process_request /opt/stack/glance/glance/api/middleware/version_negotiation.py:69}}
Jul 31 11:05:55.713193 np0000006209 devstack@g-api.service[99725]: DEBUG glance.api.middleware.version_negotiation [None req-59534fd3-f6b4-4556-b179-3bbf9364ffe1 tempest-AttachVolumeShelveTestJSON-1824480060 tempest-AttachVolumeShelveTestJSON-1824480060-project-member] new path /v2/images/34fbe6ba-30c4-4e21-841c-7cbe6cd6a5a5 {{(pid=99725) process_request /opt/stack/glance/glance/api/middleware/version_negotiation.py:70}}
Jul 31 11:05:55.745746 np0000006209 devstack@g-api.service[99726]: DEBUG glance.api.middleware.version_negotiation [None req-59534fd3-f6b4-4556-b179-3bbf9364ffe1 tempest-AttachVolumeShelveTestJSON-1824480060 tempest-AttachVolumeShelveTestJSON-1824480060-project-member] Determining version of request: GET /v2/images/a3f21da9-c595-4212-b848-c2b76f8ce6c3 Accept: application/json {{(pid=99726) process_request /opt/stack/glance/glance/api/middleware/version_negotiation.py:44}}
Jul 31 11:05:55.746010 np0000006209 devstack@g-api.service[99726]: DEBUG glance.api.middleware.version_negotiation [None req-59534fd3-f6b4-4556-b179-3bbf9364ffe1 tempest-AttachVolumeShelveTestJSON-1824480060 tempest-AttachVolumeShelveTestJSON-1824480060-project-member] Using url versioning {{(pid=99726) process_request /opt/stack/glance/glance/api/middleware/version_negotiation.py:57}}
Jul 31 11:05:55.746907 np0000006209 devstack@g-api.service[99726]: DEBUG glance.api.middleware.version_negotiation [None req-59534fd3-f6b4-4556-b179-3bbf9364ffe1 tempest-AttachVolumeShelveTestJSON-1824480060 tempest-AttachVolumeShelveTestJSON-1824480060-project-member] Matched version: v2 {{(pid=99726) process_request /opt/stack/glance/glance/api/middleware/version_negotiation.py:69}}
Jul 31 11:05:55.747023 np0000006209 devstack@g-api.service[99726]: DEBUG glance.api.middleware.version_negotiation [None req-59534fd3-f6b4-4556-b179-3bbf9364ffe1 tempest-AttachVolumeShelveTestJSON-1824480060 tempest-AttachVolumeShelveTestJSON-1824480060-project-member] new path /v2/images/a3f21da9-c595-4212-b848-c2b76f8ce6c3 {{(pid=99726) process_request /opt/stack/glance/glance/api/middleware/version_negotiation.py:70}}
Jul 31 11:05:55.760103 np0000006209 devstack@g-api.service[99726]: [pid: 99726|app: 0|req: 63/188] 127.0.0.1 () {40 vars in 834 bytes} [Fri Jul 31 11:05:55 2026] GET /v2/images/a3f21da9-c595-4212-b848-c2b76f8ce6c3 => generated 649 bytes in 14 msecs (HTTP/1.1 200) 4 headers in 157 bytes (1 switches on core 0)
Jul 31 11:05:55.904305 np0000006209 devstack@g-api.service[99725]: [pid: 99725|app: 0|req: 73/189] 127.0.0.1 () {46 vars in 1154 bytes} [Fri Jul 31 11:05:55 2026] PATCH /v2/images/34fbe6ba-30c4-4e21-841c-7cbe6cd6a5a5 => generated 1450 bytes in 192 msecs (HTTP/1.1 200) 4 headers in 158 bytes (1 switches on core 0)
Jul 31 11:05:55.952636 np0000006209 devstack@g-api.service[99726]: DEBUG glance.api.middleware.version_negotiation [None req-2160357d-fc3f-4b9f-9069-b52e9f4d016b tempest-VolumesActionsTest-1626188660 tempest-VolumesActionsTest-1626188660-project-member] Determining version of request: GET /v2/images/34fbe6ba-30c4-4e21-841c-7cbe6cd6a5a5 Accept: */* {{(pid=99726) process_request /opt/stack/glance/glance/api/middleware/version_negotiation.py:44}}
Jul 31 11:05:55.952636 np0000006209 devstack@g-api.service[99726]: DEBUG glance.api.middleware.version_negotiation [None req-2160357d-fc3f-4b9f-9069-b52e9f4d016b tempest-VolumesActionsTest-1626188660 tempest-VolumesActionsTest-1626188660-project-member] Using url versioning {{(pid=99726) process_request /opt/stack/glance/glance/api/middleware/version_negotiation.py:57}}
Jul 31 11:05:55.952636 np0000006209 devstack@g-api.service[99726]: DEBUG glance.api.middleware.version_negotiation [None req-2160357d-fc3f-4b9f-9069-b52e9f4d016b tempest-VolumesActionsTest-1626188660 tempest-VolumesActionsTest-1626188660-project-member] Matched version: v2 {{(pid=99726) process_request /opt/stack/glance/glance/api/middleware/version_negotiation.py:69}}
Jul 31 11:05:55.952636 np0000006209 devstack@g-api.service[99726]: DEBUG glance.api.middleware.version_negotiation [None req-2160357d-fc3f-4b9f-9069-b52e9f4d016b tempest-VolumesActionsTest-1626188660 tempest-VolumesActionsTest-1626188660-project-member] new path /v2/images/34fbe6ba-30c4-4e21-841c-7cbe6cd6a5a5 {{(pid=99726) process_request /opt/stack/glance/glance/api/middleware/version_negotiation.py:70}}
Jul 31 11:05:55.986509 np0000006209 devstack@g-api.service[99726]: [pid: 99726|app: 0|req: 64/190] 127.0.0.1 () {44 vars in 1111 bytes} [Fri Jul 31 11:05:55 2026] GET /v2/images/34fbe6ba-30c4-4e21-841c-7cbe6cd6a5a5 => generated 1450 bytes in 35 msecs (HTTP/1.1 200) 4 headers in 158 bytes (1 switches on core 0)
Jul 31 11:05:56.027260 np0000006209 devstack@g-api.service[99725]: DEBUG glance.api.middleware.version_negotiation [None req-59534fd3-f6b4-4556-b179-3bbf9364ffe1 tempest-AttachVolumeShelveTestJSON-1824480060 tempest-AttachVolumeShelveTestJSON-1824480060-project-member] Determining version of request: PUT /v2/images/34fbe6ba-30c4-4e21-841c-7cbe6cd6a5a5/file Accept: */* {{(pid=99725) process_request /opt/stack/glance/glance/api/middleware/version_negotiation.py:44}}
Jul 31 11:05:56.027547 np0000006209 devstack@g-api.service[99725]: DEBUG glance.api.middleware.version_negotiation [None req-59534fd3-f6b4-4556-b179-3bbf9364ffe1 tempest-AttachVolumeShelveTestJSON-1824480060 tempest-AttachVolumeShelveTestJSON-1824480060-project-member] Using url versioning {{(pid=99725) process_request /opt/stack/glance/glance/api/middleware/version_negotiation.py:57}}
Jul 31 11:05:56.027726 np0000006209 devstack@g-api.service[99725]: DEBUG glance.api.middleware.version_negotiation [None req-59534fd3-f6b4-4556-b179-3bbf9364ffe1 tempest-AttachVolumeShelveTestJSON-1824480060 tempest-AttachVolumeShelveTestJSON-1824480060-project-member] Matched version: v2 {{(pid=99725) process_request /opt/stack/glance/glance/api/middleware/version_negotiation.py:69}}
Jul 31 11:05:56.027931 np0000006209 devstack@g-api.service[99725]: DEBUG glance.api.middleware.version_negotiation [None req-59534fd3-f6b4-4556-b179-3bbf9364ffe1 tempest-AttachVolumeShelveTestJSON-1824480060 tempest-AttachVolumeShelveTestJSON-1824480060-project-member] new path /v2/images/34fbe6ba-30c4-4e21-841c-7cbe6cd6a5a5/file {{(pid=99725) process_request /opt/stack/glance/glance/api/middleware/version_negotiation.py:70}}
Jul 31 11:05:56.768919 np0000006209 devstack@g-api.service[99726]: DEBUG glance.api.middleware.version_negotiation [None req-59534fd3-f6b4-4556-b179-3bbf9364ffe1 tempest-AttachVolumeShelveTestJSON-1824480060 tempest-AttachVolumeShelveTestJSON-1824480060-project-member] Determining version of request: GET /v2/images/a3f21da9-c595-4212-b848-c2b76f8ce6c3 Accept: application/json {{(pid=99726) process_request /opt/stack/glance/glance/api/middleware/version_negotiation.py:44}}
Jul 31 11:05:56.769778 np0000006209 devstack@g-api.service[99726]: DEBUG glance.api.middleware.version_negotiation [None req-59534fd3-f6b4-4556-b179-3bbf9364ffe1 tempest-AttachVolumeShelveTestJSON-1824480060 tempest-AttachVolumeShelveTestJSON-1824480060-project-member] Using url versioning {{(pid=99726) process_request /opt/stack/glance/glance/api/middleware/version_negotiation.py:57}}
Jul 31 11:05:56.769995 np0000006209 devstack@g-api.service[99726]: DEBUG glance.api.middleware.version_negotiation [None req-59534fd3-f6b4-4556-b179-3bbf9364ffe1 tempest-AttachVolumeShelveTestJSON-1824480060 tempest-AttachVolumeShelveTestJSON-1824480060-project-member] Matched version: v2 {{(pid=99726) process_request /opt/stack/glance/glance/api/middleware/version_negotiation.py:69}}
Jul 31 11:05:56.770116 np0000006209 devstack@g-api.service[99726]: DEBUG glance.api.middleware.version_negotiation [None req-59534fd3-f6b4-4556-b179-3bbf9364ffe1 tempest-AttachVolumeShelveTestJSON-1824480060 tempest-AttachVolumeShelveTestJSON-1824480060-project-member] new path /v2/images/a3f21da9-c595-4212-b848-c2b76f8ce6c3 {{(pid=99726) process_request /opt/stack/glance/glance/api/middleware/version_negotiation.py:70}}
Jul 31 11:05:56.785254 np0000006209 devstack@g-api.service[99726]: [pid: 99726|app: 0|req: 65/191] 127.0.0.1 () {40 vars in 834 bytes} [Fri Jul 31 11:05:56 2026] GET /v2/images/a3f21da9-c595-4212-b848-c2b76f8ce6c3 => generated 649 bytes in 16 msecs (HTTP/1.1 200) 4 headers in 157 bytes (1 switches on core 0)
Jul 31 11:05:56.866153 np0000006209 devstack@g-api.service[99725]: INFO glance.api.v2.image_data [None req-59534fd3-f6b4-4556-b179-3bbf9364ffe1 tempest-AttachVolumeShelveTestJSON-1824480060 tempest-AttachVolumeShelveTestJSON-1824480060-project-member] Unable to create trust: no such option collect_timing in group [keystone_authtoken] Use the existing user token.
Jul 31 11:05:57.451817 np0000006209 devstack@g-api.service[99724]: DEBUG swiftclient [None req-b814a298-ecc6-4c40-bab0-fea963014420 tempest-VolumesActionsTest-1626188660 tempest-VolumesActionsTest-1626188660-project-member] REQ: curl -i https://10.4.3.63:8080/v1/AUTH_978025c5b0394505ad30430bc10fdfeb/glance/a3f21da9-c595-4212-b848-c2b76f8ce6c3-00003 -X PUT -H "X-Auth-Token: gAAAAABqbIGNM-5r..." {{(pid=99724) http_log /opt/stack/data/venv/lib/python3.12/site-packages/swiftclient/client.py:160}}
Jul 31 11:05:57.452273 np0000006209 devstack@g-api.service[99724]: DEBUG swiftclient [None req-b814a298-ecc6-4c40-bab0-fea963014420 tempest-VolumesActionsTest-1626188660 tempest-VolumesActionsTest-1626188660-project-member] RESP STATUS: 201 Created {{(pid=99724) http_log /opt/stack/data/venv/lib/python3.12/site-packages/swiftclient/client.py:161}}
Jul 31 11:05:57.452499 np0000006209 devstack@g-api.service[99724]: DEBUG swiftclient [None req-b814a298-ecc6-4c40-bab0-fea963014420 tempest-VolumesActionsTest-1626188660 tempest-VolumesActionsTest-1626188660-project-member] RESP HEADERS: {'Date': 'Fri, 31 Jul 2026 11:05:57 GMT', 'Server': 'Apache/2.4.58 (Ubuntu)', 'Content-Type': 'text/html; charset=UTF-8', 'Content-Length': '0', 'Etag': 'eda9a9889837ac4bc81d6387d92c1bec', 'Last-Modified': 'Fri, 31 Jul 2026 11:05:56 GMT', 'X-Trans-Id': 'tx0a0357d7fb214f6997dd3-006a6c8193', 'X-Openstack-Request-Id': 'tx0a0357d7fb214f6997dd3-006a6c8193', 'Connection': 'close'} {{(pid=99724) http_log /opt/stack/data/venv/lib/python3.12/site-packages/swiftclient/client.py:162}}
Jul 31 11:05:57.452638 np0000006209 devstack@g-api.service[99724]: DEBUG glance_store._drivers.swift.store [None req-b814a298-ecc6-4c40-bab0-fea963014420 tempest-VolumesActionsTest-1626188660 tempest-VolumesActionsTest-1626188660-project-member] Wrote chunk a3f21da9-c595-4212-b848-c2b76f8ce6c3-00003 (3/?) of length 204800000 to Swift returning MD5 of content: eda9a9889837ac4bc81d6387d92c1bec {{(pid=99724) add /opt/stack/data/venv/lib/python3.12/site-packages/glance_store/_drivers/swift/store.py:1059}}
Jul 31 11:05:57.800433 np0000006209 devstack@g-api.service[99726]: DEBUG glance.api.middleware.version_negotiation [None req-764b21f5-1c6a-4827-88fc-39181e6a7e5d tempest-VolumesActionsTest-1626188660 tempest-VolumesActionsTest-1626188660-project-member] Determining version of request: GET /v2/images/a3f21da9-c595-4212-b848-c2b76f8ce6c3 Accept: application/json {{(pid=99726) process_request /opt/stack/glance/glance/api/middleware/version_negotiation.py:44}}
Jul 31 11:05:57.800433 np0000006209 devstack@g-api.service[99726]: DEBUG glance.api.middleware.version_negotiation [None req-764b21f5-1c6a-4827-88fc-39181e6a7e5d tempest-VolumesActionsTest-1626188660 tempest-VolumesActionsTest-1626188660-project-member] Using url versioning {{(pid=99726) process_request /opt/stack/glance/glance/api/middleware/version_negotiation.py:57}}
Jul 31 11:05:57.800433 np0000006209 devstack@g-api.service[99726]: DEBUG glance.api.middleware.version_negotiation [None req-764b21f5-1c6a-4827-88fc-39181e6a7e5d tempest-VolumesActionsTest-1626188660 tempest-VolumesActionsTest-1626188660-project-member] Matched version: v2 {{(pid=99726) process_request /opt/stack/glance/glance/api/middleware/version_negotiation.py:69}}
Jul 31 11:05:57.800433 np0000006209 devstack@g-api.service[99726]: DEBUG glance.api.middleware.version_negotiation [None req-764b21f5-1c6a-4827-88fc-39181e6a7e5d tempest-VolumesActionsTest-1626188660 tempest-VolumesActionsTest-1626188660-project-member] new path /v2/images/a3f21da9-c595-4212-b848-c2b76f8ce6c3 {{(pid=99726) process_request /opt/stack/glance/glance/api/middleware/version_negotiation.py:70}}
Jul 31 11:05:57.809563 np0000006209 devstack@g-api.service[99725]: DEBUG glance.location [None req-59534fd3-f6b4-4556-b179-3bbf9364ffe1 tempest-AttachVolumeShelveTestJSON-1824480060 tempest-AttachVolumeShelveTestJSON-1824480060-project-member] Enabling in-flight format inspection for qcow2 {{(pid=99725) set_data /opt/stack/glance/glance/location.py:596}}
Jul 31 11:05:57.810169 np0000006209 devstack@g-api.service[99725]: DEBUG glance_store.backend [None req-59534fd3-f6b4-4556-b179-3bbf9364ffe1 tempest-AttachVolumeShelveTestJSON-1824480060 tempest-AttachVolumeShelveTestJSON-1824480060-project-member] Attempting to import store swift {{(pid=99725) _load_store /opt/stack/data/venv/lib/python3.12/site-packages/glance_store/backend.py:215}}
Jul 31 11:05:57.811714 np0000006209 devstack@g-api.service[99725]: DEBUG glance_store.capabilities [None req-59534fd3-f6b4-4556-b179-3bbf9364ffe1 tempest-AttachVolumeShelveTestJSON-1824480060 tempest-AttachVolumeShelveTestJSON-1824480060-project-member] Store glance_store._drivers.swift.store.SingleTenantStore doesn't support updating dynamic storage capabilities. Please overwrite 'update_capabilities' method of the store to implement updating logics if needed. {{(pid=99725) update_capabilities /opt/stack/data/venv/lib/python3.12/site-packages/glance_store/capabilities.py:91}}
Jul 31 11:05:57.811864 np0000006209 devstack@g-api.service[99725]: DEBUG glance_store.driver [None req-59534fd3-f6b4-4556-b179-3bbf9364ffe1 tempest-AttachVolumeShelveTestJSON-1824480060 tempest-AttachVolumeShelveTestJSON-1824480060-project-member] Late loading location class glance_store._drivers.swift.store.StoreLocation {{(pid=99725) get_store_location_class /opt/stack/data/venv/lib/python3.12/site-packages/glance_store/driver.py:134}}
Jul 31 11:05:57.811977 np0000006209 devstack@g-api.service[99725]: DEBUG glance_store.location [None req-59534fd3-f6b4-4556-b179-3bbf9364ffe1 tempest-AttachVolumeShelveTestJSON-1824480060 tempest-AttachVolumeShelveTestJSON-1824480060-project-member] Registering scheme swift+https with {'store': , 'location_class': , 'store_entry': 'swift'} {{(pid=99725) register_scheme_map /opt/stack/data/venv/lib/python3.12/site-packages/glance_store/location.py:146}}
Jul 31 11:05:57.812089 np0000006209 devstack@g-api.service[99725]: DEBUG glance_store.location [None req-59534fd3-f6b4-4556-b179-3bbf9364ffe1 tempest-AttachVolumeShelveTestJSON-1824480060 tempest-AttachVolumeShelveTestJSON-1824480060-project-member] Registering scheme swift+https with {'store': , 'location_class': , 'store_entry': 'swift'} {{(pid=99725) register_scheme_map /opt/stack/data/venv/lib/python3.12/site-packages/glance_store/location.py:146}}
Jul 31 11:05:57.812190 np0000006209 devstack@g-api.service[99725]: DEBUG glance_store.location [None req-59534fd3-f6b4-4556-b179-3bbf9364ffe1 tempest-AttachVolumeShelveTestJSON-1824480060 tempest-AttachVolumeShelveTestJSON-1824480060-project-member] Registering scheme swift with {'store': , 'location_class': , 'store_entry': 'swift'} {{(pid=99725) register_scheme_map /opt/stack/data/venv/lib/python3.12/site-packages/glance_store/location.py:146}}
Jul 31 11:05:57.812293 np0000006209 devstack@g-api.service[99725]: DEBUG glance_store.location [None req-59534fd3-f6b4-4556-b179-3bbf9364ffe1 tempest-AttachVolumeShelveTestJSON-1824480060 tempest-AttachVolumeShelveTestJSON-1824480060-project-member] Registering scheme swift+https with {'store': , 'location_class': , 'store_entry': 'swift'} {{(pid=99725) register_scheme_map /opt/stack/data/venv/lib/python3.12/site-packages/glance_store/location.py:146}}
Jul 31 11:05:57.812440 np0000006209 devstack@g-api.service[99725]: DEBUG glance_store.location [None req-59534fd3-f6b4-4556-b179-3bbf9364ffe1 tempest-AttachVolumeShelveTestJSON-1824480060 tempest-AttachVolumeShelveTestJSON-1824480060-project-member] Registering scheme swift with {'store': , 'location_class': , 'store_entry': 'swift'} {{(pid=99725) register_scheme_map /opt/stack/data/venv/lib/python3.12/site-packages/glance_store/location.py:146}}
Jul 31 11:05:57.812508 np0000006209 devstack@g-api.service[99725]: DEBUG glance_store.location [None req-59534fd3-f6b4-4556-b179-3bbf9364ffe1 tempest-AttachVolumeShelveTestJSON-1824480060 tempest-AttachVolumeShelveTestJSON-1824480060-project-member] Registering scheme swift+http with {'store': , 'location_class': , 'store_entry': 'swift'} {{(pid=99725) register_scheme_map /opt/stack/data/venv/lib/python3.12/site-packages/glance_store/location.py:146}}
Jul 31 11:05:57.812610 np0000006209 devstack@g-api.service[99725]: DEBUG glance_store.location [None req-59534fd3-f6b4-4556-b179-3bbf9364ffe1 tempest-AttachVolumeShelveTestJSON-1824480060 tempest-AttachVolumeShelveTestJSON-1824480060-project-member] Registering scheme swift+https with {'store': , 'location_class': , 'store_entry': 'swift'} {{(pid=99725) register_scheme_map /opt/stack/data/venv/lib/python3.12/site-packages/glance_store/location.py:146}}
Jul 31 11:05:57.812684 np0000006209 devstack@g-api.service[99725]: DEBUG glance_store.location [None req-59534fd3-f6b4-4556-b179-3bbf9364ffe1 tempest-AttachVolumeShelveTestJSON-1824480060 tempest-AttachVolumeShelveTestJSON-1824480060-project-member] Registering scheme swift with {'store': , 'location_class': , 'store_entry': 'swift'} {{(pid=99725) register_scheme_map /opt/stack/data/venv/lib/python3.12/site-packages/glance_store/location.py:146}}
Jul 31 11:05:57.815395 np0000006209 devstack@g-api.service[99725]: DEBUG glance_store.location [None req-59534fd3-f6b4-4556-b179-3bbf9364ffe1 tempest-AttachVolumeShelveTestJSON-1824480060 tempest-AttachVolumeShelveTestJSON-1824480060-project-member] Registering scheme swift+http with {'store': , 'location_class': , 'store_entry': 'swift'} {{(pid=99725) register_scheme_map /opt/stack/data/venv/lib/python3.12/site-packages/glance_store/location.py:146}}
Jul 31 11:05:57.815542 np0000006209 devstack@g-api.service[99726]: [pid: 99726|app: 0|req: 66/192] 127.0.0.1 () {40 vars in 834 bytes} [Fri Jul 31 11:05:57 2026] GET /v2/images/a3f21da9-c595-4212-b848-c2b76f8ce6c3 => generated 649 bytes in 15 msecs (HTTP/1.1 200) 4 headers in 157 bytes (1 switches on core 0)
Jul 31 11:05:57.815602 np0000006209 devstack@g-api.service[99725]: DEBUG glance_store.location [None req-59534fd3-f6b4-4556-b179-3bbf9364ffe1 tempest-AttachVolumeShelveTestJSON-1824480060 tempest-AttachVolumeShelveTestJSON-1824480060-project-member] Registering scheme swift+config with {'store': , 'location_class': , 'store_entry': 'swift'} {{(pid=99725) register_scheme_map /opt/stack/data/venv/lib/python3.12/site-packages/glance_store/location.py:146}}
Jul 31 11:05:58.325190 np0000006209 devstack@g-api.service[99725]: DEBUG swiftclient [None req-59534fd3-f6b4-4556-b179-3bbf9364ffe1 tempest-AttachVolumeShelveTestJSON-1824480060 tempest-AttachVolumeShelveTestJSON-1824480060-project-member] REQ: curl -i https://10.4.3.63:8080/v1/AUTH_978025c5b0394505ad30430bc10fdfeb/glance -I -H "X-Auth-Token: gAAAAABqbIGVx1UY..." {{(pid=99725) http_log /opt/stack/data/venv/lib/python3.12/site-packages/swiftclient/client.py:160}}
Jul 31 11:05:58.325570 np0000006209 devstack@g-api.service[99725]: DEBUG swiftclient [None req-59534fd3-f6b4-4556-b179-3bbf9364ffe1 tempest-AttachVolumeShelveTestJSON-1824480060 tempest-AttachVolumeShelveTestJSON-1824480060-project-member] RESP STATUS: 204 No Content {{(pid=99725) http_log /opt/stack/data/venv/lib/python3.12/site-packages/swiftclient/client.py:161}}
Jul 31 11:05:58.325570 np0000006209 devstack@g-api.service[99725]: DEBUG swiftclient [None req-59534fd3-f6b4-4556-b179-3bbf9364ffe1 tempest-AttachVolumeShelveTestJSON-1824480060 tempest-AttachVolumeShelveTestJSON-1824480060-project-member] RESP HEADERS: {'Date': 'Fri, 31 Jul 2026 11:05:58 GMT', 'Server': 'Apache/2.4.58 (Ubuntu)', 'Content-Type': 'text/plain; charset=utf-8', 'X-Container-Object-Count': '8', 'X-Container-Bytes-Used': '702283776', 'X-Timestamp': '1785495711.52719', 'Last-Modified': 'Fri, 31 Jul 2026 11:01:52 GMT', 'Accept-Ranges': 'bytes', 'X-Storage-Policy': 'Policy-0', 'X-Container-Sharding': 'False', 'Vary': 'Accept', 'X-Trans-Id': 'tx1f9c9cf905ef4617bca0f-006a6c8196', 'X-Openstack-Request-Id': 'tx1f9c9cf905ef4617bca0f-006a6c8196', 'Connection': 'close'} {{(pid=99725) http_log /opt/stack/data/venv/lib/python3.12/site-packages/swiftclient/client.py:162}}
Jul 31 11:05:58.325761 np0000006209 devstack@g-api.service[99725]: DEBUG glance_store._drivers.swift.store [None req-59534fd3-f6b4-4556-b179-3bbf9364ffe1 tempest-AttachVolumeShelveTestJSON-1824480060 tempest-AttachVolumeShelveTestJSON-1824480060-project-member] Adding image object '34fbe6ba-30c4-4e21-841c-7cbe6cd6a5a5' to Swift {{(pid=99725) add /opt/stack/data/venv/lib/python3.12/site-packages/glance_store/_drivers/swift/store.py:970}}
Jul 31 11:05:58.325761 np0000006209 devstack@g-api.service[99725]: DEBUG glance_store._drivers.swift.store [None req-59534fd3-f6b4-4556-b179-3bbf9364ffe1 tempest-AttachVolumeShelveTestJSON-1824480060 tempest-AttachVolumeShelveTestJSON-1824480060-project-member] Cannot determine image size because it is either not provided in the request or chunked-transfer encoding is used. Adding image as a segmented object to Swift. {{(pid=99725) add /opt/stack/data/venv/lib/python3.12/site-packages/glance_store/_drivers/swift/store.py:994}}
Jul 31 11:05:58.331555 np0000006209 devstack@g-api.service[99725]: DEBUG oslo_utils.imageutils.format_inspector [None req-59534fd3-f6b4-4556-b179-3bbf9364ffe1 tempest-AttachVolumeShelveTestJSON-1824480060 tempest-AttachVolumeShelveTestJSON-1824480060-project-member] Format inspector for vmdk does not match, excluding from consideration (Signature KDMV not found: b'QFI\xfb') {{(pid=99725) _process_chunk /opt/stack/data/venv/lib/python3.12/site-packages/oslo_utils/imageutils/format_inspector.py:1758}}
Jul 31 11:05:58.334080 np0000006209 devstack@g-api.service[99725]: DEBUG oslo_utils.imageutils.format_inspector [None req-59534fd3-f6b4-4556-b179-3bbf9364ffe1 tempest-AttachVolumeShelveTestJSON-1824480060 tempest-AttachVolumeShelveTestJSON-1824480060-project-member] Format inspector for vhdx does not match, excluding from consideration (Region signature not found at 30000) {{(pid=99725) _process_chunk /opt/stack/data/venv/lib/python3.12/site-packages/oslo_utils/imageutils/format_inspector.py:1758}}
Jul 31 11:05:58.825440 np0000006209 devstack@g-api.service[99726]: DEBUG glance.api.middleware.version_negotiation [None req-56e7047f-9738-4676-a530-5f7fe87793f0 tempest-VolumesActionsTest-1626188660 tempest-VolumesActionsTest-1626188660-project-member] Determining version of request: GET /v2/images/a3f21da9-c595-4212-b848-c2b76f8ce6c3 Accept: application/json {{(pid=99726) process_request /opt/stack/glance/glance/api/middleware/version_negotiation.py:44}}
Jul 31 11:05:58.826711 np0000006209 devstack@g-api.service[99726]: DEBUG glance.api.middleware.version_negotiation [None req-56e7047f-9738-4676-a530-5f7fe87793f0 tempest-VolumesActionsTest-1626188660 tempest-VolumesActionsTest-1626188660-project-member] Using url versioning {{(pid=99726) process_request /opt/stack/glance/glance/api/middleware/version_negotiation.py:57}}
Jul 31 11:05:58.826711 np0000006209 devstack@g-api.service[99726]: DEBUG glance.api.middleware.version_negotiation [None req-56e7047f-9738-4676-a530-5f7fe87793f0 tempest-VolumesActionsTest-1626188660 tempest-VolumesActionsTest-1626188660-project-member] Matched version: v2 {{(pid=99726) process_request /opt/stack/glance/glance/api/middleware/version_negotiation.py:69}}
Jul 31 11:05:58.826833 np0000006209 devstack@g-api.service[99726]: DEBUG glance.api.middleware.version_negotiation [None req-56e7047f-9738-4676-a530-5f7fe87793f0 tempest-VolumesActionsTest-1626188660 tempest-VolumesActionsTest-1626188660-project-member] new path /v2/images/a3f21da9-c595-4212-b848-c2b76f8ce6c3 {{(pid=99726) process_request /opt/stack/glance/glance/api/middleware/version_negotiation.py:70}}
Jul 31 11:05:58.845105 np0000006209 devstack@g-api.service[99726]: [pid: 99726|app: 0|req: 67/193] 127.0.0.1 () {40 vars in 834 bytes} [Fri Jul 31 11:05:58 2026] GET /v2/images/a3f21da9-c595-4212-b848-c2b76f8ce6c3 => generated 649 bytes in 20 msecs (HTTP/1.1 200) 4 headers in 157 bytes (1 switches on core 0)
Jul 31 11:05:59.101146 np0000006209 devstack@g-api.service[99725]: DEBUG swiftclient [None req-59534fd3-f6b4-4556-b179-3bbf9364ffe1 tempest-AttachVolumeShelveTestJSON-1824480060 tempest-AttachVolumeShelveTestJSON-1824480060-project-member] REQ: curl -i https://10.4.3.63:8080/v1/AUTH_978025c5b0394505ad30430bc10fdfeb/glance/34fbe6ba-30c4-4e21-841c-7cbe6cd6a5a5-00001 -X PUT -H "X-Auth-Token: gAAAAABqbIGVx1UY..." {{(pid=99725) http_log /opt/stack/data/venv/lib/python3.12/site-packages/swiftclient/client.py:160}}
Jul 31 11:05:59.101758 np0000006209 devstack@g-api.service[99725]: DEBUG swiftclient [None req-59534fd3-f6b4-4556-b179-3bbf9364ffe1 tempest-AttachVolumeShelveTestJSON-1824480060 tempest-AttachVolumeShelveTestJSON-1824480060-project-member] RESP STATUS: 201 Created {{(pid=99725) http_log /opt/stack/data/venv/lib/python3.12/site-packages/swiftclient/client.py:161}}
Jul 31 11:05:59.101758 np0000006209 devstack@g-api.service[99725]: DEBUG swiftclient [None req-59534fd3-f6b4-4556-b179-3bbf9364ffe1 tempest-AttachVolumeShelveTestJSON-1824480060 tempest-AttachVolumeShelveTestJSON-1824480060-project-member] RESP HEADERS: {'Date': 'Fri, 31 Jul 2026 11:05:59 GMT', 'Server': 'Apache/2.4.58 (Ubuntu)', 'Content-Type': 'text/html; charset=UTF-8', 'Content-Length': '0', 'Etag': 'aeffa4b465e41111b9d7de6cebba143d', 'Last-Modified': 'Fri, 31 Jul 2026 11:05:59 GMT', 'X-Trans-Id': 'tx74a84eacb3ec4d00aff71-006a6c8196', 'X-Openstack-Request-Id': 'tx74a84eacb3ec4d00aff71-006a6c8196', 'Connection': 'close'} {{(pid=99725) http_log /opt/stack/data/venv/lib/python3.12/site-packages/swiftclient/client.py:162}}
Jul 31 11:05:59.101758 np0000006209 devstack@g-api.service[99725]: DEBUG glance_store._drivers.swift.store [None req-59534fd3-f6b4-4556-b179-3bbf9364ffe1 tempest-AttachVolumeShelveTestJSON-1824480060 tempest-AttachVolumeShelveTestJSON-1824480060-project-member] Wrote chunk 34fbe6ba-30c4-4e21-841c-7cbe6cd6a5a5-00001 (1/?) of length 54067200 to Swift returning MD5 of content: aeffa4b465e41111b9d7de6cebba143d {{(pid=99725) add /opt/stack/data/venv/lib/python3.12/site-packages/glance_store/_drivers/swift/store.py:1059}}
Jul 31 11:05:59.103816 np0000006209 devstack@g-api.service[99725]: DEBUG glance_store._drivers.swift.store [None req-59534fd3-f6b4-4556-b179-3bbf9364ffe1 tempest-AttachVolumeShelveTestJSON-1824480060 tempest-AttachVolumeShelveTestJSON-1824480060-project-member] Not writing zero-length chunk. {{(pid=99725) add /opt/stack/data/venv/lib/python3.12/site-packages/glance_store/_drivers/swift/store.py:1028}}
Jul 31 11:05:59.139689 np0000006209 devstack@g-api.service[99725]: DEBUG swiftclient [None req-59534fd3-f6b4-4556-b179-3bbf9364ffe1 tempest-AttachVolumeShelveTestJSON-1824480060 tempest-AttachVolumeShelveTestJSON-1824480060-project-member] REQ: curl -i https://10.4.3.63:8080/v1/AUTH_978025c5b0394505ad30430bc10fdfeb/glance/34fbe6ba-30c4-4e21-841c-7cbe6cd6a5a5 -X PUT -H "X-Object-Manifest: glance/34fbe6ba-30c4-4e21-841c-7cbe6cd6a5a5-" -H "X-Auth-Token: gAAAAABqbIGVx1UY..." -H "Content-Length: 0" {{(pid=99725) http_log /opt/stack/data/venv/lib/python3.12/site-packages/swiftclient/client.py:160}}
Jul 31 11:05:59.139884 np0000006209 devstack@g-api.service[99725]: DEBUG swiftclient [None req-59534fd3-f6b4-4556-b179-3bbf9364ffe1 tempest-AttachVolumeShelveTestJSON-1824480060 tempest-AttachVolumeShelveTestJSON-1824480060-project-member] RESP STATUS: 201 Created {{(pid=99725) http_log /opt/stack/data/venv/lib/python3.12/site-packages/swiftclient/client.py:161}}
Jul 31 11:05:59.140698 np0000006209 devstack@g-api.service[99725]: DEBUG swiftclient [None req-59534fd3-f6b4-4556-b179-3bbf9364ffe1 tempest-AttachVolumeShelveTestJSON-1824480060 tempest-AttachVolumeShelveTestJSON-1824480060-project-member] RESP HEADERS: {'Date': 'Fri, 31 Jul 2026 11:05:59 GMT', 'Server': 'Apache/2.4.58 (Ubuntu)', 'Content-Type': 'text/html; charset=UTF-8', 'Content-Length': '0', 'Etag': 'd41d8cd98f00b204e9800998ecf8427e', 'Last-Modified': 'Fri, 31 Jul 2026 11:06:00 GMT', 'X-Trans-Id': 'txc0967165ad7e4b5da7e00-006a6c8197', 'X-Openstack-Request-Id': 'txc0967165ad7e4b5da7e00-006a6c8197', 'Connection': 'close'} {{(pid=99725) http_log /opt/stack/data/venv/lib/python3.12/site-packages/swiftclient/client.py:162}}
Jul 31 11:05:59.140932 np0000006209 devstack@g-api.service[99725]: INFO glance.location [None req-59534fd3-f6b4-4556-b179-3bbf9364ffe1 tempest-AttachVolumeShelveTestJSON-1824480060 tempest-AttachVolumeShelveTestJSON-1824480060-project-member] Image format matched and virtual size computed: 1073741824
Jul 31 11:05:59.202600 np0000006209 devstack@g-api.service[99725]: DEBUG glance_store.backend [None req-59534fd3-f6b4-4556-b179-3bbf9364ffe1 tempest-AttachVolumeShelveTestJSON-1824480060 tempest-AttachVolumeShelveTestJSON-1824480060-project-member] Attempting to import store swift {{(pid=99725) _load_store /opt/stack/data/venv/lib/python3.12/site-packages/glance_store/backend.py:215}}
Jul 31 11:05:59.206497 np0000006209 devstack@g-api.service[99725]: DEBUG glance_store.capabilities [None req-59534fd3-f6b4-4556-b179-3bbf9364ffe1 tempest-AttachVolumeShelveTestJSON-1824480060 tempest-AttachVolumeShelveTestJSON-1824480060-project-member] Store glance_store._drivers.swift.store.SingleTenantStore doesn't support updating dynamic storage capabilities. Please overwrite 'update_capabilities' method of the store to implement updating logics if needed. {{(pid=99725) update_capabilities /opt/stack/data/venv/lib/python3.12/site-packages/glance_store/capabilities.py:91}}
Jul 31 11:05:59.206757 np0000006209 devstack@g-api.service[99725]: DEBUG glance_store.driver [None req-59534fd3-f6b4-4556-b179-3bbf9364ffe1 tempest-AttachVolumeShelveTestJSON-1824480060 tempest-AttachVolumeShelveTestJSON-1824480060-project-member] Late loading location class glance_store._drivers.swift.store.StoreLocation {{(pid=99725) get_store_location_class /opt/stack/data/venv/lib/python3.12/site-packages/glance_store/driver.py:134}}
Jul 31 11:05:59.206986 np0000006209 devstack@g-api.service[99725]: DEBUG glance_store.location [None req-59534fd3-f6b4-4556-b179-3bbf9364ffe1 tempest-AttachVolumeShelveTestJSON-1824480060 tempest-AttachVolumeShelveTestJSON-1824480060-project-member] Registering scheme swift+https with {'store': , 'location_class': , 'store_entry': 'swift'} {{(pid=99725) register_scheme_map /opt/stack/data/venv/lib/python3.12/site-packages/glance_store/location.py:146}}
Jul 31 11:05:59.207681 np0000006209 devstack@g-api.service[99725]: DEBUG glance_store.location [None req-59534fd3-f6b4-4556-b179-3bbf9364ffe1 tempest-AttachVolumeShelveTestJSON-1824480060 tempest-AttachVolumeShelveTestJSON-1824480060-project-member] Registering scheme swift+https with {'store': , 'location_class': , 'store_entry': 'swift'} {{(pid=99725) register_scheme_map /opt/stack/data/venv/lib/python3.12/site-packages/glance_store/location.py:146}}
Jul 31 11:05:59.207681 np0000006209 devstack@g-api.service[99725]: DEBUG glance_store.location [None req-59534fd3-f6b4-4556-b179-3bbf9364ffe1 tempest-AttachVolumeShelveTestJSON-1824480060 tempest-AttachVolumeShelveTestJSON-1824480060-project-member] Registering scheme swift with {'store': , 'location_class': , 'store_entry': 'swift'} {{(pid=99725) register_scheme_map /opt/stack/data/venv/lib/python3.12/site-packages/glance_store/location.py:146}}
Jul 31 11:05:59.207681 np0000006209 devstack@g-api.service[99725]: DEBUG glance_store.location [None req-59534fd3-f6b4-4556-b179-3bbf9364ffe1 tempest-AttachVolumeShelveTestJSON-1824480060 tempest-AttachVolumeShelveTestJSON-1824480060-project-member] Registering scheme swift+https with {'store': , 'location_class': , 'store_entry': 'swift'} {{(pid=99725) register_scheme_map /opt/stack/data/venv/lib/python3.12/site-packages/glance_store/location.py:146}}
Jul 31 11:05:59.207681 np0000006209 devstack@g-api.service[99725]: DEBUG glance_store.location [None req-59534fd3-f6b4-4556-b179-3bbf9364ffe1 tempest-AttachVolumeShelveTestJSON-1824480060 tempest-AttachVolumeShelveTestJSON-1824480060-project-member] Registering scheme swift with {'store': , 'location_class': , 'store_entry': 'swift'} {{(pid=99725) register_scheme_map /opt/stack/data/venv/lib/python3.12/site-packages/glance_store/location.py:146}}
Jul 31 11:05:59.207681 np0000006209 devstack@g-api.service[99725]: DEBUG glance_store.location [None req-59534fd3-f6b4-4556-b179-3bbf9364ffe1 tempest-AttachVolumeShelveTestJSON-1824480060 tempest-AttachVolumeShelveTestJSON-1824480060-project-member] Registering scheme swift+http with {'store': , 'location_class': , 'store_entry': 'swift'} {{(pid=99725) register_scheme_map /opt/stack/data/venv/lib/python3.12/site-packages/glance_store/location.py:146}}
Jul 31 11:05:59.207681 np0000006209 devstack@g-api.service[99725]: DEBUG glance_store.location [None req-59534fd3-f6b4-4556-b179-3bbf9364ffe1 tempest-AttachVolumeShelveTestJSON-1824480060 tempest-AttachVolumeShelveTestJSON-1824480060-project-member] Registering scheme swift+https with {'store': , 'location_class': , 'store_entry': 'swift'} {{(pid=99725) register_scheme_map /opt/stack/data/venv/lib/python3.12/site-packages/glance_store/location.py:146}}
Jul 31 11:05:59.207681 np0000006209 devstack@g-api.service[99725]: DEBUG glance_store.location [None req-59534fd3-f6b4-4556-b179-3bbf9364ffe1 tempest-AttachVolumeShelveTestJSON-1824480060 tempest-AttachVolumeShelveTestJSON-1824480060-project-member] Registering scheme swift with {'store': , 'location_class': , 'store_entry': 'swift'} {{(pid=99725) register_scheme_map /opt/stack/data/venv/lib/python3.12/site-packages/glance_store/location.py:146}}
Jul 31 11:05:59.208014 np0000006209 devstack@g-api.service[99725]: DEBUG glance_store.location [None req-59534fd3-f6b4-4556-b179-3bbf9364ffe1 tempest-AttachVolumeShelveTestJSON-1824480060 tempest-AttachVolumeShelveTestJSON-1824480060-project-member] Registering scheme swift+http with {'store': , 'location_class': , 'store_entry': 'swift'} {{(pid=99725) register_scheme_map /opt/stack/data/venv/lib/python3.12/site-packages/glance_store/location.py:146}}
Jul 31 11:05:59.208014 np0000006209 devstack@g-api.service[99725]: DEBUG glance_store.location [None req-59534fd3-f6b4-4556-b179-3bbf9364ffe1 tempest-AttachVolumeShelveTestJSON-1824480060 tempest-AttachVolumeShelveTestJSON-1824480060-project-member] Registering scheme swift+config with {'store': , 'location_class': , 'store_entry': 'swift'} {{(pid=99725) register_scheme_map /opt/stack/data/venv/lib/python3.12/site-packages/glance_store/location.py:146}}
Jul 31 11:05:59.208178 np0000006209 devstack@g-api.service[99725]: DEBUG glance_store.backend [None req-59534fd3-f6b4-4556-b179-3bbf9364ffe1 tempest-AttachVolumeShelveTestJSON-1824480060 tempest-AttachVolumeShelveTestJSON-1824480060-project-member] Skipping store.set_acls... not implemented. {{(pid=99725) set_acls /opt/stack/data/venv/lib/python3.12/site-packages/glance_store/backend.py:507}}
Jul 31 11:05:59.210562 np0000006209 devstack@g-api.service[99725]: [pid: 99725|app: 0|req: 74/194] 127.0.0.1 () {46 vars in 1154 bytes} [Fri Jul 31 11:05:56 2026] PUT /v2/images/34fbe6ba-30c4-4e21-841c-7cbe6cd6a5a5/file => generated 0 bytes in 3183 msecs (HTTP/1.1 204) 4 headers in 171 bytes (1 switches on core 0)
Jul 31 11:05:59.256204 np0000006209 devstack@g-api.service[99726]: DEBUG glance.api.middleware.version_negotiation [None req-863cb73c-5238-42b9-906a-6078c2696af0 tempest-VolumesActionsTest-1626188660 tempest-VolumesActionsTest-1626188660-project-member] Determining version of request: GET /v2/images/34fbe6ba-30c4-4e21-841c-7cbe6cd6a5a5 Accept: */* {{(pid=99726) process_request /opt/stack/glance/glance/api/middleware/version_negotiation.py:44}}
Jul 31 11:05:59.256408 np0000006209 devstack@g-api.service[99726]: DEBUG glance.api.middleware.version_negotiation [None req-863cb73c-5238-42b9-906a-6078c2696af0 tempest-VolumesActionsTest-1626188660 tempest-VolumesActionsTest-1626188660-project-member] Using url versioning {{(pid=99726) process_request /opt/stack/glance/glance/api/middleware/version_negotiation.py:57}}
Jul 31 11:05:59.257035 np0000006209 devstack@g-api.service[99726]: DEBUG glance.api.middleware.version_negotiation [None req-863cb73c-5238-42b9-906a-6078c2696af0 tempest-VolumesActionsTest-1626188660 tempest-VolumesActionsTest-1626188660-project-member] Matched version: v2 {{(pid=99726) process_request /opt/stack/glance/glance/api/middleware/version_negotiation.py:69}}
Jul 31 11:05:59.257243 np0000006209 devstack@g-api.service[99726]: DEBUG glance.api.middleware.version_negotiation [None req-863cb73c-5238-42b9-906a-6078c2696af0 tempest-VolumesActionsTest-1626188660 tempest-VolumesActionsTest-1626188660-project-member] new path /v2/images/34fbe6ba-30c4-4e21-841c-7cbe6cd6a5a5 {{(pid=99726) process_request /opt/stack/glance/glance/api/middleware/version_negotiation.py:70}}
Jul 31 11:05:59.285398 np0000006209 devstack@g-api.service[99726]: [pid: 99726|app: 0|req: 68/195] 127.0.0.1 () {44 vars in 1111 bytes} [Fri Jul 31 11:05:59 2026] GET /v2/images/34fbe6ba-30c4-4e21-841c-7cbe6cd6a5a5 => generated 1620 bytes in 29 msecs (HTTP/1.1 200) 4 headers in 158 bytes (1 switches on core 0)
Jul 31 11:05:59.330638 np0000006209 devstack@g-api.service[99725]: DEBUG glance.api.middleware.version_negotiation [None req-59534fd3-f6b4-4556-b179-3bbf9364ffe1 tempest-AttachVolumeShelveTestJSON-1824480060 tempest-AttachVolumeShelveTestJSON-1824480060-project-member] Determining version of request: GET /v2/schemas/image Accept: */* {{(pid=99725) process_request /opt/stack/glance/glance/api/middleware/version_negotiation.py:44}}
Jul 31 11:05:59.330968 np0000006209 devstack@g-api.service[99725]: DEBUG glance.api.middleware.version_negotiation [None req-59534fd3-f6b4-4556-b179-3bbf9364ffe1 tempest-AttachVolumeShelveTestJSON-1824480060 tempest-AttachVolumeShelveTestJSON-1824480060-project-member] Using url versioning {{(pid=99725) process_request /opt/stack/glance/glance/api/middleware/version_negotiation.py:57}}
Jul 31 11:05:59.331114 np0000006209 devstack@g-api.service[99725]: DEBUG glance.api.middleware.version_negotiation [None req-59534fd3-f6b4-4556-b179-3bbf9364ffe1 tempest-AttachVolumeShelveTestJSON-1824480060 tempest-AttachVolumeShelveTestJSON-1824480060-project-member] Matched version: v2 {{(pid=99725) process_request /opt/stack/glance/glance/api/middleware/version_negotiation.py:69}}
Jul 31 11:05:59.331263 np0000006209 devstack@g-api.service[99725]: DEBUG glance.api.middleware.version_negotiation [None req-59534fd3-f6b4-4556-b179-3bbf9364ffe1 tempest-AttachVolumeShelveTestJSON-1824480060 tempest-AttachVolumeShelveTestJSON-1824480060-project-member] new path /v2/schemas/image {{(pid=99725) process_request /opt/stack/glance/glance/api/middleware/version_negotiation.py:70}}
Jul 31 11:05:59.334463 np0000006209 devstack@g-api.service[99725]: [pid: 99725|app: 0|req: 75/196] 127.0.0.1 () {44 vars in 1051 bytes} [Fri Jul 31 11:05:59 2026] GET /v2/schemas/image => generated 6083 bytes in 4 msecs (HTTP/1.1 200) 4 headers in 158 bytes (1 switches on core 0)
Jul 31 11:05:59.855905 np0000006209 devstack@g-api.service[99726]: DEBUG glance.api.middleware.version_negotiation [None req-59534fd3-f6b4-4556-b179-3bbf9364ffe1 tempest-AttachVolumeShelveTestJSON-1824480060 tempest-AttachVolumeShelveTestJSON-1824480060-project-member] Determining version of request: GET /v2/images/a3f21da9-c595-4212-b848-c2b76f8ce6c3 Accept: application/json {{(pid=99726) process_request /opt/stack/glance/glance/api/middleware/version_negotiation.py:44}}
Jul 31 11:05:59.856297 np0000006209 devstack@g-api.service[99726]: DEBUG glance.api.middleware.version_negotiation [None req-59534fd3-f6b4-4556-b179-3bbf9364ffe1 tempest-AttachVolumeShelveTestJSON-1824480060 tempest-AttachVolumeShelveTestJSON-1824480060-project-member] Using url versioning {{(pid=99726) process_request /opt/stack/glance/glance/api/middleware/version_negotiation.py:57}}
Jul 31 11:05:59.856297 np0000006209 devstack@g-api.service[99726]: DEBUG glance.api.middleware.version_negotiation [None req-59534fd3-f6b4-4556-b179-3bbf9364ffe1 tempest-AttachVolumeShelveTestJSON-1824480060 tempest-AttachVolumeShelveTestJSON-1824480060-project-member] Matched version: v2 {{(pid=99726) process_request /opt/stack/glance/glance/api/middleware/version_negotiation.py:69}}
Jul 31 11:05:59.856379 np0000006209 devstack@g-api.service[99726]: DEBUG glance.api.middleware.version_negotiation [None req-59534fd3-f6b4-4556-b179-3bbf9364ffe1 tempest-AttachVolumeShelveTestJSON-1824480060 tempest-AttachVolumeShelveTestJSON-1824480060-project-member] new path /v2/images/a3f21da9-c595-4212-b848-c2b76f8ce6c3 {{(pid=99726) process_request /opt/stack/glance/glance/api/middleware/version_negotiation.py:70}}
Jul 31 11:05:59.867897 np0000006209 devstack@g-api.service[99724]: DEBUG swiftclient [None req-b814a298-ecc6-4c40-bab0-fea963014420 tempest-VolumesActionsTest-1626188660 tempest-VolumesActionsTest-1626188660-project-member] REQ: curl -i https://10.4.3.63:8080/v1/AUTH_978025c5b0394505ad30430bc10fdfeb/glance/a3f21da9-c595-4212-b848-c2b76f8ce6c3-00004 -X PUT -H "X-Auth-Token: gAAAAABqbIGNM-5r..." {{(pid=99724) http_log /opt/stack/data/venv/lib/python3.12/site-packages/swiftclient/client.py:160}}
Jul 31 11:05:59.868233 np0000006209 devstack@g-api.service[99724]: DEBUG swiftclient [None req-b814a298-ecc6-4c40-bab0-fea963014420 tempest-VolumesActionsTest-1626188660 tempest-VolumesActionsTest-1626188660-project-member] RESP STATUS: 201 Created {{(pid=99724) http_log /opt/stack/data/venv/lib/python3.12/site-packages/swiftclient/client.py:161}}
Jul 31 11:05:59.868233 np0000006209 devstack@g-api.service[99724]: DEBUG swiftclient [None req-b814a298-ecc6-4c40-bab0-fea963014420 tempest-VolumesActionsTest-1626188660 tempest-VolumesActionsTest-1626188660-project-member] RESP HEADERS: {'Date': 'Fri, 31 Jul 2026 11:05:59 GMT', 'Server': 'Apache/2.4.58 (Ubuntu)', 'Content-Type': 'text/html; charset=UTF-8', 'Content-Length': '0', 'Etag': 'eda9a9889837ac4bc81d6387d92c1bec', 'Last-Modified': 'Fri, 31 Jul 2026 11:05:58 GMT', 'X-Trans-Id': 'txfef5ea7c4e714bf28f529-006a6c8195', 'X-Openstack-Request-Id': 'txfef5ea7c4e714bf28f529-006a6c8195', 'Connection': 'close'} {{(pid=99724) http_log /opt/stack/data/venv/lib/python3.12/site-packages/swiftclient/client.py:162}}
Jul 31 11:05:59.868233 np0000006209 devstack@g-api.service[99724]: DEBUG glance_store._drivers.swift.store [None req-b814a298-ecc6-4c40-bab0-fea963014420 tempest-VolumesActionsTest-1626188660 tempest-VolumesActionsTest-1626188660-project-member] Wrote chunk a3f21da9-c595-4212-b848-c2b76f8ce6c3-00004 (4/?) of length 204800000 to Swift returning MD5 of content: eda9a9889837ac4bc81d6387d92c1bec {{(pid=99724) add /opt/stack/data/venv/lib/python3.12/site-packages/glance_store/_drivers/swift/store.py:1059}}
Jul 31 11:05:59.868443 np0000006209 devstack@g-api.service[99726]: [pid: 99726|app: 0|req: 69/197] 127.0.0.1 () {40 vars in 834 bytes} [Fri Jul 31 11:05:59 2026] GET /v2/images/a3f21da9-c595-4212-b848-c2b76f8ce6c3 => generated 649 bytes in 13 msecs (HTTP/1.1 200) 4 headers in 157 bytes (1 switches on core 0)
Jul 31 11:05:59.911238 np0000006209 devstack@g-api.service[99724]: DEBUG dbcounter [-] [99724] Writing DB stats glance:SELECT=12,glance:UPDATE=1 {{(pid=99724) stat_writer /opt/stack/data/venv/lib/python3.12/site-packages/dbcounter.py:115}}
