Jul 31 11:01:22.977181 np0000006209 nova-scheduler[93454]: DEBUG cotyledon.oslo_config_glue [-] oslo_messaging_rabbit.rabbit_quorum_delivery_limit = 0 {{(pid=93454) log_opt_values /opt/stack/data/venv/lib/python3.12/site-packages/oslo_config/cfg.py:3253}}
Jul 31 11:01:22.977181 np0000006209 nova-scheduler[93454]: DEBUG cotyledon.oslo_config_glue [-] oslo_messaging_rabbit.rabbit_quorum_max_memory_bytes = 0 {{(pid=93454) log_opt_values /opt/stack/data/venv/lib/python3.12/site-packages/oslo_config/cfg.py:3253}}
Jul 31 11:01:22.977181 np0000006209 nova-scheduler[93454]: DEBUG cotyledon.oslo_config_glue [-] oslo_messaging_rabbit.rabbit_quorum_max_memory_length = 0 {{(pid=93454) log_opt_values /opt/stack/data/venv/lib/python3.12/site-packages/oslo_config/cfg.py:3253}}
Jul 31 11:01:22.977181 np0000006209 nova-scheduler[93454]: DEBUG cotyledon.oslo_config_glue [-] oslo_messaging_rabbit.rabbit_quorum_queue = False {{(pid=93454) log_opt_values /opt/stack/data/venv/lib/python3.12/site-packages/oslo_config/cfg.py:3253}}
Jul 31 11:01:22.977181 np0000006209 nova-scheduler[93454]: DEBUG cotyledon.oslo_config_glue [-] oslo_messaging_rabbit.rabbit_retry_backoff = 2 {{(pid=93454) log_opt_values /opt/stack/data/venv/lib/python3.12/site-packages/oslo_config/cfg.py:3253}}
Jul 31 11:01:22.977472 np0000006209 nova-scheduler[93454]: DEBUG cotyledon.oslo_config_glue [-] oslo_messaging_rabbit.rabbit_retry_interval = 1 {{(pid=93454) log_opt_values /opt/stack/data/venv/lib/python3.12/site-packages/oslo_config/cfg.py:3253}}
Jul 31 11:01:22.977472 np0000006209 nova-scheduler[93454]: DEBUG cotyledon.oslo_config_glue [-] oslo_messaging_rabbit.rabbit_stream_fanout = False {{(pid=93454) log_opt_values /opt/stack/data/venv/lib/python3.12/site-packages/oslo_config/cfg.py:3253}}
Jul 31 11:01:22.977472 np0000006209 nova-scheduler[93454]: DEBUG cotyledon.oslo_config_glue [-] oslo_messaging_rabbit.rabbit_transient_queues_ttl = 1800 {{(pid=93454) log_opt_values /opt/stack/data/venv/lib/python3.12/site-packages/oslo_config/cfg.py:3253}}
Jul 31 11:01:22.977472 np0000006209 nova-scheduler[93454]: DEBUG cotyledon.oslo_config_glue [-] oslo_messaging_rabbit.rabbit_transient_quorum_queue = False {{(pid=93454) log_opt_values /opt/stack/data/venv/lib/python3.12/site-packages/oslo_config/cfg.py:3253}}
Jul 31 11:01:22.977472 np0000006209 nova-scheduler[93454]: DEBUG cotyledon.oslo_config_glue [-] oslo_messaging_rabbit.rpc_conn_pool_size = 30 {{(pid=93454) log_opt_values /opt/stack/data/venv/lib/python3.12/site-packages/oslo_config/cfg.py:3253}}
Jul 31 11:01:22.977472 np0000006209 nova-scheduler[93454]: DEBUG cotyledon.oslo_config_glue [-] oslo_messaging_rabbit.ssl = False {{(pid=93454) log_opt_values /opt/stack/data/venv/lib/python3.12/site-packages/oslo_config/cfg.py:3253}}
Jul 31 11:01:22.977472 np0000006209 nova-scheduler[93454]: DEBUG cotyledon.oslo_config_glue [-] oslo_messaging_rabbit.ssl_ca_file = {{(pid=93454) log_opt_values /opt/stack/data/venv/lib/python3.12/site-packages/oslo_config/cfg.py:3253}}
Jul 31 11:01:22.977472 np0000006209 nova-scheduler[93454]: DEBUG cotyledon.oslo_config_glue [-] oslo_messaging_rabbit.ssl_cert_file = {{(pid=93454) log_opt_values /opt/stack/data/venv/lib/python3.12/site-packages/oslo_config/cfg.py:3253}}
Jul 31 11:01:22.977472 np0000006209 nova-scheduler[93454]: DEBUG cotyledon.oslo_config_glue [-] oslo_messaging_rabbit.ssl_enforce_fips_mode = False {{(pid=93454) log_opt_values /opt/stack/data/venv/lib/python3.12/site-packages/oslo_config/cfg.py:3253}}
Jul 31 11:01:22.977770 np0000006209 nova-scheduler[93454]: DEBUG cotyledon.oslo_config_glue [-] oslo_messaging_rabbit.ssl_enforce_hostname_verification = True {{(pid=93454) log_opt_values /opt/stack/data/venv/lib/python3.12/site-packages/oslo_config/cfg.py:3253}}
Jul 31 11:01:22.977770 np0000006209 nova-scheduler[93454]: DEBUG cotyledon.oslo_config_glue [-] oslo_messaging_rabbit.ssl_key_file = {{(pid=93454) log_opt_values /opt/stack/data/venv/lib/python3.12/site-packages/oslo_config/cfg.py:3253}}
Jul 31 11:01:22.977770 np0000006209 nova-scheduler[93454]: DEBUG cotyledon.oslo_config_glue [-] oslo_messaging_rabbit.ssl_version = {{(pid=93454) log_opt_values /opt/stack/data/venv/lib/python3.12/site-packages/oslo_config/cfg.py:3253}}
Jul 31 11:01:22.977770 np0000006209 nova-scheduler[93454]: DEBUG cotyledon.oslo_config_glue [-] oslo_messaging_rabbit.use_queue_manager = False {{(pid=93454) log_opt_values /opt/stack/data/venv/lib/python3.12/site-packages/oslo_config/cfg.py:3253}}
Jul 31 11:01:22.977905 np0000006209 nova-scheduler[93429]: INFO nova.service [-] Starting scheduler node (version 33.1.0)
Jul 31 11:01:22.977942 np0000006209 nova-scheduler[93454]: DEBUG cotyledon.oslo_config_glue [-] oslo_messaging_notifications.driver = ['messagingv2'] {{(pid=93454) log_opt_values /opt/stack/data/venv/lib/python3.12/site-packages/oslo_config/cfg.py:3253}}
Jul 31 11:01:22.977942 np0000006209 nova-scheduler[93454]: DEBUG cotyledon.oslo_config_glue [-] oslo_messaging_notifications.retry = -1 {{(pid=93454) log_opt_values /opt/stack/data/venv/lib/python3.12/site-packages/oslo_config/cfg.py:3253}}
Jul 31 11:01:22.977942 np0000006209 nova-scheduler[93454]: DEBUG cotyledon.oslo_config_glue [-] oslo_messaging_notifications.topics = ['notifications'] {{(pid=93454) log_opt_values /opt/stack/data/venv/lib/python3.12/site-packages/oslo_config/cfg.py:3253}}
Jul 31 11:01:22.977942 np0000006209 nova-scheduler[93454]: DEBUG cotyledon.oslo_config_glue [-] oslo_messaging_notifications.transport_url = **** {{(pid=93454) log_opt_values /opt/stack/data/venv/lib/python3.12/site-packages/oslo_config/cfg.py:3253}}
Jul 31 11:01:22.977942 np0000006209 nova-scheduler[93454]: DEBUG cotyledon.oslo_config_glue [-] oslo_limit.auth_section = None {{(pid=93454) log_opt_values /opt/stack/data/venv/lib/python3.12/site-packages/oslo_config/cfg.py:3253}}
Jul 31 11:01:22.977942 np0000006209 nova-scheduler[93454]: DEBUG cotyledon.oslo_config_glue [-] oslo_limit.auth_type = None {{(pid=93454) log_opt_values /opt/stack/data/venv/lib/python3.12/site-packages/oslo_config/cfg.py:3253}}
Jul 31 11:01:22.977942 np0000006209 nova-scheduler[93454]: DEBUG cotyledon.oslo_config_glue [-] oslo_limit.cafile = None {{(pid=93454) log_opt_values /opt/stack/data/venv/lib/python3.12/site-packages/oslo_config/cfg.py:3253}}
Jul 31 11:01:22.977942 np0000006209 nova-scheduler[93454]: DEBUG cotyledon.oslo_config_glue [-] oslo_limit.certfile = None {{(pid=93454) log_opt_values /opt/stack/data/venv/lib/python3.12/site-packages/oslo_config/cfg.py:3253}}
Jul 31 11:01:22.977942 np0000006209 nova-scheduler[93454]: DEBUG cotyledon.oslo_config_glue [-] oslo_limit.collect_timing = False {{(pid=93454) log_opt_values /opt/stack/data/venv/lib/python3.12/site-packages/oslo_config/cfg.py:3253}}
Jul 31 11:01:22.978245 np0000006209 nova-scheduler[93454]: DEBUG cotyledon.oslo_config_glue [-] oslo_limit.connect_retries = None {{(pid=93454) log_opt_values /opt/stack/data/venv/lib/python3.12/site-packages/oslo_config/cfg.py:3253}}
Jul 31 11:01:22.978245 np0000006209 nova-scheduler[93454]: DEBUG cotyledon.oslo_config_glue [-] oslo_limit.connect_retry_delay = None {{(pid=93454) log_opt_values /opt/stack/data/venv/lib/python3.12/site-packages/oslo_config/cfg.py:3253}}
Jul 31 11:01:22.978245 np0000006209 nova-scheduler[93454]: DEBUG cotyledon.oslo_config_glue [-] oslo_limit.endpoint_id = None {{(pid=93454) log_opt_values /opt/stack/data/venv/lib/python3.12/site-packages/oslo_config/cfg.py:3253}}
Jul 31 11:01:22.978245 np0000006209 nova-scheduler[93454]: DEBUG cotyledon.oslo_config_glue [-] oslo_limit.endpoint_interface = public {{(pid=93454) log_opt_values /opt/stack/data/venv/lib/python3.12/site-packages/oslo_config/cfg.py:3253}}
Jul 31 11:01:22.978245 np0000006209 nova-scheduler[93454]: DEBUG cotyledon.oslo_config_glue [-] oslo_limit.endpoint_override = None {{(pid=93454) log_opt_values /opt/stack/data/venv/lib/python3.12/site-packages/oslo_config/cfg.py:3253}}
Jul 31 11:01:22.978245 np0000006209 nova-scheduler[93454]: DEBUG cotyledon.oslo_config_glue [-] oslo_limit.endpoint_region_name = None {{(pid=93454) log_opt_values /opt/stack/data/venv/lib/python3.12/site-packages/oslo_config/cfg.py:3253}}
Jul 31 11:01:22.978245 np0000006209 nova-scheduler[93454]: DEBUG cotyledon.oslo_config_glue [-] oslo_limit.endpoint_service_name = None {{(pid=93454) log_opt_values /opt/stack/data/venv/lib/python3.12/site-packages/oslo_config/cfg.py:3253}}
Jul 31 11:01:22.978245 np0000006209 nova-scheduler[93454]: DEBUG cotyledon.oslo_config_glue [-] oslo_limit.endpoint_service_type = None {{(pid=93454) log_opt_values /opt/stack/data/venv/lib/python3.12/site-packages/oslo_config/cfg.py:3253}}
Jul 31 11:01:22.978245 np0000006209 nova-scheduler[93454]: DEBUG cotyledon.oslo_config_glue [-] oslo_limit.insecure = False {{(pid=93454) log_opt_values /opt/stack/data/venv/lib/python3.12/site-packages/oslo_config/cfg.py:3253}}
Jul 31 11:01:22.978528 np0000006209 nova-scheduler[93454]: DEBUG cotyledon.oslo_config_glue [-] oslo_limit.keyfile = None {{(pid=93454) log_opt_values /opt/stack/data/venv/lib/python3.12/site-packages/oslo_config/cfg.py:3253}}
Jul 31 11:01:22.978528 np0000006209 nova-scheduler[93454]: DEBUG cotyledon.oslo_config_glue [-] oslo_limit.max_version = None {{(pid=93454) log_opt_values /opt/stack/data/venv/lib/python3.12/site-packages/oslo_config/cfg.py:3253}}
Jul 31 11:01:22.978528 np0000006209 nova-scheduler[93454]: DEBUG cotyledon.oslo_config_glue [-] oslo_limit.min_version = None {{(pid=93454) log_opt_values /opt/stack/data/venv/lib/python3.12/site-packages/oslo_config/cfg.py:3253}}
Jul 31 11:01:22.978528 np0000006209 nova-scheduler[93454]: DEBUG cotyledon.oslo_config_glue [-] oslo_limit.region_name = None {{(pid=93454) log_opt_values /opt/stack/data/venv/lib/python3.12/site-packages/oslo_config/cfg.py:3253}}
Jul 31 11:01:22.978528 np0000006209 nova-scheduler[93454]: DEBUG cotyledon.oslo_config_glue [-] oslo_limit.retriable_status_codes = None {{(pid=93454) log_opt_values /opt/stack/data/venv/lib/python3.12/site-packages/oslo_config/cfg.py:3253}}
Jul 31 11:01:22.978528 np0000006209 nova-scheduler[93454]: DEBUG cotyledon.oslo_config_glue [-] oslo_limit.service_name = None {{(pid=93454) log_opt_values /opt/stack/data/venv/lib/python3.12/site-packages/oslo_config/cfg.py:3253}}
Jul 31 11:01:22.978528 np0000006209 nova-scheduler[93454]: DEBUG cotyledon.oslo_config_glue [-] oslo_limit.service_type = None {{(pid=93454) log_opt_values /opt/stack/data/venv/lib/python3.12/site-packages/oslo_config/cfg.py:3253}}
Jul 31 11:01:22.978528 np0000006209 nova-scheduler[93454]: DEBUG cotyledon.oslo_config_glue [-] oslo_limit.split_loggers = False {{(pid=93454) log_opt_values /opt/stack/data/venv/lib/python3.12/site-packages/oslo_config/cfg.py:3253}}
Jul 31 11:01:22.978528 np0000006209 nova-scheduler[93454]: DEBUG cotyledon.oslo_config_glue [-] oslo_limit.status_code_retries = None {{(pid=93454) log_opt_values /opt/stack/data/venv/lib/python3.12/site-packages/oslo_config/cfg.py:3253}}
Jul 31 11:01:22.978848 np0000006209 nova-scheduler[93454]: DEBUG cotyledon.oslo_config_glue [-] oslo_limit.status_code_retry_delay = None {{(pid=93454) log_opt_values /opt/stack/data/venv/lib/python3.12/site-packages/oslo_config/cfg.py:3253}}
Jul 31 11:01:22.978848 np0000006209 nova-scheduler[93454]: DEBUG cotyledon.oslo_config_glue [-] oslo_limit.timeout = None {{(pid=93454) log_opt_values /opt/stack/data/venv/lib/python3.12/site-packages/oslo_config/cfg.py:3253}}
Jul 31 11:01:22.978848 np0000006209 nova-scheduler[93454]: DEBUG cotyledon.oslo_config_glue [-] oslo_limit.valid_interfaces = None {{(pid=93454) log_opt_values /opt/stack/data/venv/lib/python3.12/site-packages/oslo_config/cfg.py:3253}}
Jul 31 11:01:22.978848 np0000006209 nova-scheduler[93454]: DEBUG cotyledon.oslo_config_glue [-] oslo_limit.version = None {{(pid=93454) log_opt_values /opt/stack/data/venv/lib/python3.12/site-packages/oslo_config/cfg.py:3253}}
Jul 31 11:01:22.978848 np0000006209 nova-scheduler[93454]: DEBUG cotyledon.oslo_config_glue [-] oslo_reports.file_event_handler = None {{(pid=93454) log_opt_values /opt/stack/data/venv/lib/python3.12/site-packages/oslo_config/cfg.py:3253}}
Jul 31 11:01:22.978848 np0000006209 nova-scheduler[93454]: DEBUG cotyledon.oslo_config_glue [-] oslo_reports.file_event_handler_interval = 1 {{(pid=93454) log_opt_values /opt/stack/data/venv/lib/python3.12/site-packages/oslo_config/cfg.py:3253}}
Jul 31 11:01:22.978848 np0000006209 nova-scheduler[93454]: DEBUG cotyledon.oslo_config_glue [-] oslo_reports.log_dir = None {{(pid=93454) log_opt_values /opt/stack/data/venv/lib/python3.12/site-packages/oslo_config/cfg.py:3253}}
Jul 31 11:01:22.978848 np0000006209 nova-scheduler[93454]: DEBUG cotyledon.oslo_config_glue [-] ******************************************************************************** {{(pid=93454) log_opt_values /opt/stack/data/venv/lib/python3.12/site-packages/oslo_config/cfg.py:3260}}
Jul 31 11:01:22.978848 np0000006209 nova-scheduler[93454]: DEBUG cotyledon._service_worker [-] Run service ServiceWrapper(2) [93454] {{(pid=93454) wait_forever /opt/stack/data/venv/lib/python3.12/site-packages/cotyledon/_service_worker.py:218}}
Jul 31 11:01:22.979162 np0000006209 nova-scheduler[93454]: INFO nova.service [-] Starting scheduler node (version 33.1.0)
Jul 31 11:01:22.979201 np0000006209 nova-scheduler[93429]: INFO dbcounter [None req-c9636aba-d5d0-40e7-a88c-266126d83c51 None None] Registered counter for database nova_cell0
Jul 31 11:01:22.979242 np0000006209 nova-scheduler[93454]: INFO dbcounter [None req-08764051-2e50-4363-b0dd-78876ee44989 None None] Registered counter for database nova_cell0
Jul 31 11:01:22.985114 np0000006209 nova-scheduler[93452]: DEBUG oslo_db.sqlalchemy.engines [None req-6fc88ee4-2ee2-468f-80c2-30e6ef37bd28 None None] MySQL server mode set to STRICT_TRANS_TABLES,STRICT_ALL_TABLES,NO_ZERO_IN_DATE,NO_ZERO_DATE,ERROR_FOR_DIVISION_BY_ZERO,TRADITIONAL,NO_ENGINE_SUBSTITUTION {{(pid=93452) _check_effective_sql_mode /opt/stack/data/venv/lib/python3.12/site-packages/oslo_db/sqlalchemy/engines.py:325}}
Jul 31 11:01:22.988953 np0000006209 nova-scheduler[93429]: DEBUG oslo_db.sqlalchemy.engines [None req-c9636aba-d5d0-40e7-a88c-266126d83c51 None None] MySQL server mode set to STRICT_TRANS_TABLES,STRICT_ALL_TABLES,NO_ZERO_IN_DATE,NO_ZERO_DATE,ERROR_FOR_DIVISION_BY_ZERO,TRADITIONAL,NO_ENGINE_SUBSTITUTION {{(pid=93429) _check_effective_sql_mode /opt/stack/data/venv/lib/python3.12/site-packages/oslo_db/sqlalchemy/engines.py:325}}
Jul 31 11:01:22.994984 np0000006209 nova-scheduler[93452]: DEBUG dbcounter [-] [93452] Writer thread running {{(pid=93452) stat_writer /opt/stack/data/venv/lib/python3.12/site-packages/dbcounter.py:102}}
Jul 31 11:01:22.997752 np0000006209 nova-scheduler[93429]: DEBUG dbcounter [-] [93429] Writer thread running {{(pid=93429) stat_writer /opt/stack/data/venv/lib/python3.12/site-packages/dbcounter.py:102}}
Jul 31 11:01:23.001102 np0000006209 nova-scheduler[93454]: DEBUG oslo_db.sqlalchemy.engines [None req-08764051-2e50-4363-b0dd-78876ee44989 None None] MySQL server mode set to STRICT_TRANS_TABLES,STRICT_ALL_TABLES,NO_ZERO_IN_DATE,NO_ZERO_DATE,ERROR_FOR_DIVISION_BY_ZERO,TRADITIONAL,NO_ENGINE_SUBSTITUTION {{(pid=93454) _check_effective_sql_mode /opt/stack/data/venv/lib/python3.12/site-packages/oslo_db/sqlalchemy/engines.py:325}}
Jul 31 11:01:23.009641 np0000006209 nova-scheduler[93452]: DEBUG nova.service [None req-6fc88ee4-2ee2-468f-80c2-30e6ef37bd28 None None] Creating RPC server for service: nova-scheduler on topic: scheduler {{(pid=93452) start /opt/stack/nova/nova/service.py:196}}
Jul 31 11:01:23.011866 np0000006209 nova-scheduler[93454]: DEBUG dbcounter [-] [93454] Writer thread running {{(pid=93454) stat_writer /opt/stack/data/venv/lib/python3.12/site-packages/dbcounter.py:102}}
Jul 31 11:01:23.012928 np0000006209 nova-scheduler[93429]: DEBUG nova.service [None req-c9636aba-d5d0-40e7-a88c-266126d83c51 None None] Creating RPC server for service: nova-scheduler on topic: scheduler {{(pid=93429) start /opt/stack/nova/nova/service.py:196}}
Jul 31 11:01:23.014523 np0000006209 nova-scheduler[93454]: DEBUG nova.service [None req-08764051-2e50-4363-b0dd-78876ee44989 None None] Creating RPC server for service: nova-scheduler on topic: scheduler {{(pid=93454) start /opt/stack/nova/nova/service.py:196}}
Jul 31 11:01:23.034168 np0000006209 nova-scheduler[93429]: DEBUG nova.service [None req-c9636aba-d5d0-40e7-a88c-266126d83c51 None None] Join ServiceGroup membership for this service scheduler {{(pid=93429) start /opt/stack/nova/nova/service.py:222}}
Jul 31 11:01:23.034332 np0000006209 nova-scheduler[93429]: DEBUG nova.servicegroup.drivers.db [None req-c9636aba-d5d0-40e7-a88c-266126d83c51 None None] DB_Driver: join new ServiceGroup member np0000006209 to the scheduler group, service = {{(pid=93429) join /opt/stack/nova/nova/servicegroup/drivers/db.py:44}}
Jul 31 11:01:23.035433 np0000006209 nova-scheduler[93452]: DEBUG nova.service [None req-6fc88ee4-2ee2-468f-80c2-30e6ef37bd28 None None] Join ServiceGroup membership for this service scheduler {{(pid=93452) start /opt/stack/nova/nova/service.py:222}}
Jul 31 11:01:23.035506 np0000006209 nova-scheduler[93454]: DEBUG nova.service [None req-08764051-2e50-4363-b0dd-78876ee44989 None None] Join ServiceGroup membership for this service scheduler {{(pid=93454) start /opt/stack/nova/nova/service.py:222}}
Jul 31 11:01:23.035649 np0000006209 nova-scheduler[93452]: DEBUG nova.servicegroup.drivers.db [None req-6fc88ee4-2ee2-468f-80c2-30e6ef37bd28 None None] DB_Driver: join new ServiceGroup member np0000006209 to the scheduler group, service = {{(pid=93452) join /opt/stack/nova/nova/servicegroup/drivers/db.py:44}}
Jul 31 11:01:23.035717 np0000006209 nova-scheduler[93454]: DEBUG nova.servicegroup.drivers.db [None req-08764051-2e50-4363-b0dd-78876ee44989 None None] DB_Driver: join new ServiceGroup member np0000006209 to the scheduler group, service = {{(pid=93454) join /opt/stack/nova/nova/servicegroup/drivers/db.py:44}}
Jul 31 11:01:28.048039 np0000006209 nova-scheduler[93452]: DEBUG oslo.service.backend._threading.loopingcall [-] Fixed interval looping call 'nova.servicegroup.drivers.db.DbDriver._report_state' sleeping for 119.99 seconds {{(pid=93452) _run_loop /opt/stack/data/venv/lib/python3.12/site-packages/oslo_service/backend/_threading/loopingcall.py:125}}
Jul 31 11:01:28.051282 np0000006209 nova-scheduler[93429]: DEBUG oslo.service.backend._threading.loopingcall [-] Fixed interval looping call 'nova.servicegroup.drivers.db.DbDriver._report_state' sleeping for 119.99 seconds {{(pid=93429) _run_loop /opt/stack/data/venv/lib/python3.12/site-packages/oslo_service/backend/_threading/loopingcall.py:125}}
Jul 31 11:01:28.052089 np0000006209 nova-scheduler[93454]: DEBUG oslo.service.backend._threading.loopingcall [-] Fixed interval looping call 'nova.servicegroup.drivers.db.DbDriver._report_state' sleeping for 119.99 seconds {{(pid=93454) _run_loop /opt/stack/data/venv/lib/python3.12/site-packages/oslo_service/backend/_threading/loopingcall.py:125}}
Jul 31 11:01:31.605481 np0000006209 nova-scheduler[92186]: DEBUG dbcounter [-] [92186] Writing DB stats nova_api:SELECT=3 {{(pid=92186) stat_writer /opt/stack/data/venv/lib/python3.12/site-packages/dbcounter.py:115}}
Jul 31 11:01:31.729351 np0000006209 nova-scheduler[92186]: DEBUG dbcounter [-] [92186] Writing DB stats nova_cell1:SELECT=1 {{(pid=92186) stat_writer /opt/stack/data/venv/lib/python3.12/site-packages/dbcounter.py:115}}
Jul 31 11:01:31.733306 np0000006209 nova-scheduler[92186]: DEBUG dbcounter [-] [92186] Writing DB stats nova_cell0:SELECT=1 {{(pid=92186) stat_writer /opt/stack/data/venv/lib/python3.12/site-packages/dbcounter.py:115}}
Jul 31 11:01:38.047682 np0000006209 nova-scheduler[93452]: DEBUG dbcounter [-] [93452] Writing DB stats nova_cell0:SELECT=4,nova_cell0:INSERT=1,nova_cell0:UPDATE=1 {{(pid=93452) stat_writer /opt/stack/data/venv/lib/python3.12/site-packages/dbcounter.py:115}}
Jul 31 11:01:38.048138 np0000006209 nova-scheduler[93454]: DEBUG dbcounter [-] [93454] Writing DB stats nova_cell0:SELECT=3 {{(pid=93454) stat_writer /opt/stack/data/venv/lib/python3.12/site-packages/dbcounter.py:115}}
Jul 31 11:01:38.049910 np0000006209 nova-scheduler[93429]: DEBUG dbcounter [-] [93429] Writing DB stats nova_cell0:SELECT=5,nova_cell0:INSERT=1,nova_cell0:UPDATE=1 {{(pid=93429) stat_writer /opt/stack/data/venv/lib/python3.12/site-packages/dbcounter.py:115}}
Jul 31 11:01:54.037639 np0000006209 nova-scheduler[93454]: DEBUG oslo.service.backend._threading.loopingcall [None req-58770375-8f9c-401a-bdc7-d54542b2a402 None None] Dynamic interval looping call 'nova.service.Service.periodic_tasks' sleeping for 60.00 seconds {{(pid=93454) _run_loop /opt/stack/data/venv/lib/python3.12/site-packages/oslo_service/backend/_threading/loopingcall.py:125}}
Jul 31 11:01:57.037519 np0000006209 nova-scheduler[93452]: DEBUG oslo.service.backend._threading.loopingcall [None req-43d491af-ee82-4fa5-9d06-b573da6f7f9c None None] Dynamic interval looping call 'nova.service.Service.periodic_tasks' sleeping for 60.00 seconds {{(pid=93452) _run_loop /opt/stack/data/venv/lib/python3.12/site-packages/oslo_service/backend/_threading/loopingcall.py:125}}
Jul 31 11:02:21.036955 np0000006209 nova-scheduler[93429]: DEBUG oslo.service.backend._threading.loopingcall [None req-72b144ed-c0cb-464e-8169-7feb5559de15 None None] Dynamic interval looping call 'nova.service.Service.periodic_tasks' sleeping for 60.00 seconds {{(pid=93429) _run_loop /opt/stack/data/venv/lib/python3.12/site-packages/oslo_service/backend/_threading/loopingcall.py:125}}
Jul 31 11:02:54.038084 np0000006209 nova-scheduler[93454]: DEBUG oslo.service.backend._threading.loopingcall [None req-58770375-8f9c-401a-bdc7-d54542b2a402 None None] Dynamic interval looping call 'nova.service.Service.periodic_tasks' sleeping for 60.00 seconds {{(pid=93454) _run_loop /opt/stack/data/venv/lib/python3.12/site-packages/oslo_service/backend/_threading/loopingcall.py:125}}
Jul 31 11:02:57.037973 np0000006209 nova-scheduler[93452]: DEBUG oslo.service.backend._threading.loopingcall [None req-43d491af-ee82-4fa5-9d06-b573da6f7f9c None None] Dynamic interval looping call 'nova.service.Service.periodic_tasks' sleeping for 60.00 seconds {{(pid=93452) _run_loop /opt/stack/data/venv/lib/python3.12/site-packages/oslo_service/backend/_threading/loopingcall.py:125}}
Jul 31 11:03:21.037351 np0000006209 nova-scheduler[93429]: DEBUG oslo.service.backend._threading.loopingcall [None req-72b144ed-c0cb-464e-8169-7feb5559de15 None None] Dynamic interval looping call 'nova.service.Service.periodic_tasks' sleeping for 60.00 seconds {{(pid=93429) _run_loop /opt/stack/data/venv/lib/python3.12/site-packages/oslo_service/backend/_threading/loopingcall.py:125}}
Jul 31 11:03:28.051810 np0000006209 nova-scheduler[93452]: DEBUG oslo.service.backend._threading.loopingcall [-] Fixed interval looping call 'nova.servicegroup.drivers.db.DbDriver._report_state' sleeping for 119.99 seconds {{(pid=93452) _run_loop /opt/stack/data/venv/lib/python3.12/site-packages/oslo_service/backend/_threading/loopingcall.py:125}}
Jul 31 11:03:28.054248 np0000006209 nova-scheduler[93429]: DEBUG oslo.service.backend._threading.loopingcall [-] Fixed interval looping call 'nova.servicegroup.drivers.db.DbDriver._report_state' sleeping for 119.99 seconds {{(pid=93429) _run_loop /opt/stack/data/venv/lib/python3.12/site-packages/oslo_service/backend/_threading/loopingcall.py:125}}
Jul 31 11:03:28.054758 np0000006209 nova-scheduler[93454]: DEBUG oslo.service.backend._threading.loopingcall [-] Fixed interval looping call 'nova.servicegroup.drivers.db.DbDriver._report_state' sleeping for 119.99 seconds {{(pid=93454) _run_loop /opt/stack/data/venv/lib/python3.12/site-packages/oslo_service/backend/_threading/loopingcall.py:125}}
Jul 31 11:03:31.913234 np0000006209 nova-scheduler[93429]: DEBUG nova.scheduler.manager [None req-3890245e-4da3-46d6-9916-090b8eb6e4a7 tempest-ServersNegativeTestJSON-2142872764 tempest-ServersNegativeTestJSON-2142872764-project-member] Starting to schedule for instances: ['278217e3-77d8-43d7-92a5-7d882da65378'] {{(pid=93429) select_destinations /opt/stack/nova/nova/scheduler/manager.py:209}}
Jul 31 11:03:31.913762 np0000006209 nova-scheduler[93429]: DEBUG nova.scheduler.request_filter [None req-3890245e-4da3-46d6-9916-090b8eb6e4a7 tempest-ServersNegativeTestJSON-2142872764 tempest-ServersNegativeTestJSON-2142872764-project-member] compute_status_filter request filter added forbidden trait COMPUTE_STATUS_DISABLED {{(pid=93429) compute_status_filter /opt/stack/nova/nova/scheduler/request_filter.py:253}}
Jul 31 11:03:31.913861 np0000006209 nova-scheduler[93429]: DEBUG nova.scheduler.request_filter [None req-3890245e-4da3-46d6-9916-090b8eb6e4a7 tempest-ServersNegativeTestJSON-2142872764 tempest-ServersNegativeTestJSON-2142872764-project-member] Request filter 'compute_status_filter' took 0.0 seconds {{(pid=93429) wrapper /opt/stack/nova/nova/scheduler/request_filter.py:46}}
Jul 31 11:03:31.914115 np0000006209 nova-scheduler[93429]: DEBUG nova.scheduler.request_filter [None req-3890245e-4da3-46d6-9916-090b8eb6e4a7 tempest-ServersNegativeTestJSON-2142872764 tempest-ServersNegativeTestJSON-2142872764-project-member] Request filter 'accelerators_filter' took 0.0 seconds {{(pid=93429) wrapper /opt/stack/nova/nova/scheduler/request_filter.py:46}}
Jul 31 11:03:31.914303 np0000006209 nova-scheduler[93429]: DEBUG nova.scheduler.request_filter [None req-3890245e-4da3-46d6-9916-090b8eb6e4a7 tempest-ServersNegativeTestJSON-2142872764 tempest-ServersNegativeTestJSON-2142872764-project-member] Request filter 'packed_virtqueue_filter' took 0.0 seconds {{(pid=93429) wrapper /opt/stack/nova/nova/scheduler/request_filter.py:46}}
Jul 31 11:03:31.914546 np0000006209 nova-scheduler[93429]: DEBUG nova.scheduler.request_filter [None req-3890245e-4da3-46d6-9916-090b8eb6e4a7 tempest-ServersNegativeTestJSON-2142872764 tempest-ServersNegativeTestJSON-2142872764-project-member] Request filter 'remote_managed_ports_filter' took 0.0 seconds {{(pid=93429) wrapper /opt/stack/nova/nova/scheduler/request_filter.py:46}}
Jul 31 11:03:31.914790 np0000006209 nova-scheduler[93429]: DEBUG nova.scheduler.request_filter [None req-3890245e-4da3-46d6-9916-090b8eb6e4a7 tempest-ServersNegativeTestJSON-2142872764 tempest-ServersNegativeTestJSON-2142872764-project-member] ephemeral_encryption_filter skipped {{(pid=93429) ephemeral_encryption_filter /opt/stack/nova/nova/scheduler/request_filter.py:426}}
Jul 31 11:03:31.915157 np0000006209 nova-scheduler[93429]: DEBUG nova.scheduler.request_filter [None req-3890245e-4da3-46d6-9916-090b8eb6e4a7 tempest-ServersNegativeTestJSON-2142872764 tempest-ServersNegativeTestJSON-2142872764-project-member] virtio_sound_filter skipped {{(pid=93429) virtio_sound_filter /opt/stack/nova/nova/scheduler/request_filter.py:460}}
Jul 31 11:03:31.915157 np0000006209 nova-scheduler[93429]: DEBUG nova.scheduler.request_filter [None req-3890245e-4da3-46d6-9916-090b8eb6e4a7 tempest-ServersNegativeTestJSON-2142872764 tempest-ServersNegativeTestJSON-2142872764-project-member] tpm_secret_security_filter skipped {{(pid=93429) tpm_secret_security_filter /opt/stack/nova/nova/scheduler/request_filter.py:477}}
Jul 31 11:03:32.206985 np0000006209 nova-scheduler[93429]: INFO nova.utils [None req-3890245e-4da3-46d6-9916-090b8eb6e4a7 tempest-ServersNegativeTestJSON-2142872764 tempest-ServersNegativeTestJSON-2142872764-project-member] The cell worker thread pool ForkProcess-1.cell_worker is initialized
Jul 31 11:03:32.207573 np0000006209 nova-scheduler[93429]: DEBUG oslo_concurrency.lockutils [None req-3890245e-4da3-46d6-9916-090b8eb6e4a7 tempest-ServersNegativeTestJSON-2142872764 tempest-ServersNegativeTestJSON-2142872764-project-member] Acquiring lock "8b6c62ae-d0aa-4af3-a755-e57f438acb0a" by "nova.context.set_target_cell..get_or_set_cached_cell_and_set_connections" {{(pid=93429) inner /opt/stack/data/venv/lib/python3.12/site-packages/oslo_concurrency/lockutils.py:512}}
Jul 31 11:03:32.207573 np0000006209 nova-scheduler[93429]: DEBUG oslo_concurrency.lockutils [None req-3890245e-4da3-46d6-9916-090b8eb6e4a7 tempest-ServersNegativeTestJSON-2142872764 tempest-ServersNegativeTestJSON-2142872764-project-member] Lock "8b6c62ae-d0aa-4af3-a755-e57f438acb0a" acquired by "nova.context.set_target_cell..get_or_set_cached_cell_and_set_connections" :: waited 0.000s {{(pid=93429) inner /opt/stack/data/venv/lib/python3.12/site-packages/oslo_concurrency/lockutils.py:525}}
Jul 31 11:03:32.208854 np0000006209 nova-scheduler[93429]: DEBUG oslo_concurrency.lockutils [None req-3890245e-4da3-46d6-9916-090b8eb6e4a7 tempest-ServersNegativeTestJSON-2142872764 tempest-ServersNegativeTestJSON-2142872764-project-member] Lock "8b6c62ae-d0aa-4af3-a755-e57f438acb0a" "released" by "nova.context.set_target_cell..get_or_set_cached_cell_and_set_connections" :: held 0.001s {{(pid=93429) inner /opt/stack/data/venv/lib/python3.12/site-packages/oslo_concurrency/lockutils.py:544}}
Jul 31 11:03:32.211771 np0000006209 nova-scheduler[93429]: INFO dbcounter [None req-3890245e-4da3-46d6-9916-090b8eb6e4a7 tempest-ServersNegativeTestJSON-2142872764 tempest-ServersNegativeTestJSON-2142872764-project-member] Registered counter for database nova_cell1
Jul 31 11:03:32.252862 np0000006209 nova-scheduler[93429]: DEBUG oslo_db.sqlalchemy.engines [None req-3890245e-4da3-46d6-9916-090b8eb6e4a7 tempest-ServersNegativeTestJSON-2142872764 tempest-ServersNegativeTestJSON-2142872764-project-member] MySQL server mode set to STRICT_TRANS_TABLES,STRICT_ALL_TABLES,NO_ZERO_IN_DATE,NO_ZERO_DATE,ERROR_FOR_DIVISION_BY_ZERO,TRADITIONAL,NO_ENGINE_SUBSTITUTION {{(pid=93429) _check_effective_sql_mode /opt/stack/data/venv/lib/python3.12/site-packages/oslo_db/sqlalchemy/engines.py:325}}
Jul 31 11:03:32.260556 np0000006209 nova-scheduler[93429]: DEBUG dbcounter [-] [93429] Writer thread running {{(pid=93429) stat_writer /opt/stack/data/venv/lib/python3.12/site-packages/dbcounter.py:102}}
Jul 31 11:03:32.270378 np0000006209 nova-scheduler[93429]: DEBUG oslo_db.sqlalchemy.engines [None req-3890245e-4da3-46d6-9916-090b8eb6e4a7 tempest-ServersNegativeTestJSON-2142872764 tempest-ServersNegativeTestJSON-2142872764-project-member] Parent process 92186 forked (93429) with an open database connection, which is being discarded and recreated. {{(pid=93429) checkout /opt/stack/data/venv/lib/python3.12/site-packages/oslo_db/sqlalchemy/engines.py:402}}
Jul 31 11:03:32.310519 np0000006209 nova-scheduler[93429]: DEBUG dbcounter [-] [93429] Writer thread running {{(pid=93429) stat_writer /opt/stack/data/venv/lib/python3.12/site-packages/dbcounter.py:102}}
Jul 31 11:03:32.313426 np0000006209 nova-scheduler[93429]: DEBUG oslo_concurrency.lockutils [None req-3890245e-4da3-46d6-9916-090b8eb6e4a7 tempest-ServersNegativeTestJSON-2142872764 tempest-ServersNegativeTestJSON-2142872764-project-member] Acquiring lock "8b6c62ae-d0aa-4af3-a755-e57f438acb0a" by "nova.context.set_target_cell..get_or_set_cached_cell_and_set_connections" {{(pid=93429) inner /opt/stack/data/venv/lib/python3.12/site-packages/oslo_concurrency/lockutils.py:512}}
Jul 31 11:03:32.313565 np0000006209 nova-scheduler[93429]: DEBUG oslo_concurrency.lockutils [None req-3890245e-4da3-46d6-9916-090b8eb6e4a7 tempest-ServersNegativeTestJSON-2142872764 tempest-ServersNegativeTestJSON-2142872764-project-member] Lock "8b6c62ae-d0aa-4af3-a755-e57f438acb0a" acquired by "nova.context.set_target_cell..get_or_set_cached_cell_and_set_connections" :: waited 0.000s {{(pid=93429) inner /opt/stack/data/venv/lib/python3.12/site-packages/oslo_concurrency/lockutils.py:525}}
Jul 31 11:03:32.313739 np0000006209 nova-scheduler[93429]: DEBUG oslo_concurrency.lockutils [None req-3890245e-4da3-46d6-9916-090b8eb6e4a7 tempest-ServersNegativeTestJSON-2142872764 tempest-ServersNegativeTestJSON-2142872764-project-member] Lock "8b6c62ae-d0aa-4af3-a755-e57f438acb0a" "released" by "nova.context.set_target_cell..get_or_set_cached_cell_and_set_connections" :: held 0.000s {{(pid=93429) inner /opt/stack/data/venv/lib/python3.12/site-packages/oslo_concurrency/lockutils.py:544}}
Jul 31 11:03:32.317164 np0000006209 nova-scheduler[93429]: DEBUG oslo_concurrency.lockutils [None req-3890245e-4da3-46d6-9916-090b8eb6e4a7 tempest-ServersNegativeTestJSON-2142872764 tempest-ServersNegativeTestJSON-2142872764-project-member] Acquiring lock "np0000006209-np0000006209" by "nova.scheduler.host_manager.HostState.update.._locked_update" {{(pid=93429) inner /opt/stack/data/venv/lib/python3.12/site-packages/oslo_concurrency/lockutils.py:512}}
Jul 31 11:03:32.317287 np0000006209 nova-scheduler[93429]: DEBUG oslo_concurrency.lockutils [None req-3890245e-4da3-46d6-9916-090b8eb6e4a7 tempest-ServersNegativeTestJSON-2142872764 tempest-ServersNegativeTestJSON-2142872764-project-member] Lock "np0000006209-np0000006209" acquired by "nova.scheduler.host_manager.HostState.update.._locked_update" :: waited 0.000s {{(pid=93429) inner /opt/stack/data/venv/lib/python3.12/site-packages/oslo_concurrency/lockutils.py:525}}
Jul 31 11:03:32.318128 np0000006209 nova-scheduler[93429]: DEBUG nova.scheduler.host_manager [None req-3890245e-4da3-46d6-9916-090b8eb6e4a7 tempest-ServersNegativeTestJSON-2142872764 tempest-ServersNegativeTestJSON-2142872764-project-member] Update host state from compute node: ComputeNode(cpu_allocation_ratio=4.0,cpu_info='{"arch": "x86_64", "model": "EPYC-Milan", "vendor": "AMD", "topology": {"cells": 1, "sockets": 16, "cores": 1, "threads": 1}, "maxphysaddr": {"mode": "emulate", "bits": 40}, "features": ["fxsr_opt", "sse4a", "pcid", "lahf_lm", "pni", "ssse3", "osvw", "xsavec", "spec-ctrl", "tsc-scale", "xsaves", "lfence-always-serializing", "popcnt", "syscall", "stibp", "de", "pku", "misalignsse", "xsave", "clzero", "pause-filter", "no-nested-data-bp", "cmov", "virt-ssbd", "mmx", "sse4.1", "clflush", "cx8", "aes", "msr", "pfthreshold", "cr8legacy", "ssbd", "abm", "amd-psfd", "vaes", "ibrs", "clwb", "smep", "fsrm", "lbrv", "svm", "npt", "pschange-mc-no", "nx", "smap", "topoext", "null-sel-clr-base", "gds-no", "fpu", "rdrand", "mmxext", "adx", "rdctl-no", "vpclmulqdq", "lm", "vmcb-clean", "pae", "movbe", "nrip-save", "rdtscp", "hypervisor", "xsaveerptr", "sep", "bmi1", "cx16", "fsgsbase", "pclmuldq", "tsc_adjust", "avx", "fxsr", "v-vmsave-vmload", "clflushopt", "3dnowprefetch", "xsaveopt", "ibpb", "svme-addr-chk", "mce", "sse4.2", "sse", "amd-ssbd", "tsc-deadline", "avx2", "sse2", "pdpe1gb", "vgif", "x2apic", "mtrr", "cmp_legacy", "arat", "perfctr_core", "stibp-always-on", "bmi2", "f16c", "mds-no", "rdpid", "rdseed", "vme", "invpcid", "mca", "wbnoinvd", "umip", "pat", "tsc", "pse", "amd-stibp", "pse36", "arch-capabilities", "erms", "pge", "xgetbv1", "apic", "flushbyasid", "skip-l1dfl-vmentry", "sha-ni", "fma"]}',created_at=2026-07-31T11:01:43Z,current_workload=0,deleted=False,deleted_at=None,disk_allocation_ratio=1.0,disk_available_least=73,free_disk_gb=95,free_ram_mb=62765,host='np0000006209',host_ip=10.4.3.63,hypervisor_hostname='np0000006209',hypervisor_type='QEMU',hypervisor_version=8002002,id=1,local_gb=95,local_gb_used=0,mapped=1,memory_mb=63277,memory_mb_used=512,metrics='[]',numa_topology='{"nova_object.name": "NUMATopology", "nova_object.namespace": "nova", "nova_object.version": "1.2", "nova_object.data": {"cells": [{"nova_object.name": "NUMACell", "nova_object.namespace": "nova", "nova_object.version": "1.5", "nova_object.data": {"id": 0, "cpuset": [0, 1, 2, 3, 4, 5, 6, 7, 8, 9, 10, 11, 12, 13, 14, 15], "pcpuset": [0, 1, 2, 3, 4, 5, 6, 7, 8, 9, 10, 11, 12, 13, 14, 15], "memory": 63277, "cpu_usage": 0, "memory_usage": 0, "pinned_cpus": [], "siblings": [[6], [12], [2], [15], [5], [11], [8], [14], [4], [1], [7], [10], [0], [13], [3], [9]], "mempages": [{"nova_object.name": "NUMAPagesTopology", "nova_object.namespace": "nova", "nova_object.version": "1.1", "nova_object.data": {"size_kb": 4, "total": 16177928, "used": 0, "reserved": 0}, "nova_object.changes": ["size_kb", "total", "reserved", "used"]}, {"nova_object.name": "NUMAPagesTopology", "nova_object.namespace": "nova", "nova_object.version": "1.1", "nova_object.data": {"size_kb": 2048, "total": 41, "used": 0, "reserved": 0}, "nova_object.changes": ["size_kb", "total", "reserved", "used"]}, {"nova_object.name": "NUMAPagesTopology", "nova_object.namespace": "nova", "nova_object.version": "1.1", "nova_object.data": {"size_kb": 1048576, "total": 0, "used": 0, "reserved": 0}, "nova_object.changes": ["size_kb", "total", "reserved", "used"]}], "network_metadata": {"nova_object.name": "NetworkMetadata", "nova_object.namespace": "nova", "nova_object.version": "1.0", "nova_object.data": {"physnets": [], "tunneled": false}, "nova_object.changes": ["physnets", "tunneled"]}, "socket": null}, "nova_object.changes": ["pcpuset", "id", "mempages", "memory", "siblings", "cpuset", "cpu_usage", "pinned_cpus", "socket", "memory_usage", "network_metadata"]}]}, "nova_object.changes": ["cells"]}',pci_device_pools=PciDevicePoolList,ram_allocation_ratio=1.0,running_vms=0,service_id=2,stats={failed_builds='0',uptime=' 11:02:30 up 12 min, 2 users, load average: 1.72, 1.34, 0.70
Jul 31 11:03:32.318128 np0000006209 nova-scheduler[93429]: '},supported_hv_specs=[HVSpec,HVSpec,HVSpec,HVSpec,HVSpec,HVSpec,HVSpec,HVSpec,HVSpec,HVSpec,HVSpec,HVSpec,HVSpec,HVSpec,HVSpec,HVSpec,HVSpec,HVSpec,HVSpec,HVSpec,HVSpec,HVSpec,HVSpec,HVSpec,HVSpec],updated_at=2026-07-31T11:02:31Z,uuid=e9b5e135-3440-458f-ab7a-fc6ccd649c3e,vcpus=16,vcpus_used=0) {{(pid=93429) _locked_update /opt/stack/nova/nova/scheduler/host_manager.py:168}}
Jul 31 11:03:32.318801 np0000006209 nova-scheduler[93429]: DEBUG nova.scheduler.host_manager [None req-3890245e-4da3-46d6-9916-090b8eb6e4a7 tempest-ServersNegativeTestJSON-2142872764 tempest-ServersNegativeTestJSON-2142872764-project-member] Update host state with aggregates: [] {{(pid=93429) _locked_update /opt/stack/nova/nova/scheduler/host_manager.py:171}}
Jul 31 11:03:32.318918 np0000006209 nova-scheduler[93429]: DEBUG nova.scheduler.host_manager [None req-3890245e-4da3-46d6-9916-090b8eb6e4a7 tempest-ServersNegativeTestJSON-2142872764 tempest-ServersNegativeTestJSON-2142872764-project-member] Update host state with service dict: {'id': 2, 'uuid': '32998a08-c15e-4cc2-bfc3-3b3d8d1762a3', 'host': 'np0000006209', 'binary': 'nova-compute', 'topic': 'compute', 'report_count': 1, 'disabled': False, 'disabled_reason': None, 'last_seen_up': datetime.datetime(2026, 7, 31, 11, 1, 49, tzinfo=datetime.timezone.utc), 'forced_down': False, 'version': 72, 'created_at': datetime.datetime(2026, 7, 31, 11, 1, 43, tzinfo=datetime.timezone.utc), 'updated_at': datetime.datetime(2026, 7, 31, 11, 1, 49, tzinfo=datetime.timezone.utc), 'deleted_at': None, 'deleted': False} {{(pid=93429) _locked_update /opt/stack/nova/nova/scheduler/host_manager.py:174}}
Jul 31 11:03:32.319003 np0000006209 nova-scheduler[93429]: DEBUG nova.scheduler.host_manager [None req-3890245e-4da3-46d6-9916-090b8eb6e4a7 tempest-ServersNegativeTestJSON-2142872764 tempest-ServersNegativeTestJSON-2142872764-project-member] Update host state with instances: [] {{(pid=93429) _locked_update /opt/stack/nova/nova/scheduler/host_manager.py:177}}
Jul 31 11:03:32.319690 np0000006209 nova-scheduler[93429]: DEBUG oslo_concurrency.lockutils [None req-3890245e-4da3-46d6-9916-090b8eb6e4a7 tempest-ServersNegativeTestJSON-2142872764 tempest-ServersNegativeTestJSON-2142872764-project-member] Lock "np0000006209-np0000006209" "released" by "nova.scheduler.host_manager.HostState.update.._locked_update" :: held 0.002s {{(pid=93429) inner /opt/stack/data/venv/lib/python3.12/site-packages/oslo_concurrency/lockutils.py:544}}
Jul 31 11:03:32.320088 np0000006209 nova-scheduler[93429]: DEBUG nova.filters [None req-3890245e-4da3-46d6-9916-090b8eb6e4a7 tempest-ServersNegativeTestJSON-2142872764 tempest-ServersNegativeTestJSON-2142872764-project-member] Starting with 1 host(s) {{(pid=93429) get_filtered_objects /opt/stack/nova/nova/filters.py:70}}
Jul 31 11:03:32.320088 np0000006209 nova-scheduler[93429]: DEBUG nova.filters [None req-3890245e-4da3-46d6-9916-090b8eb6e4a7 tempest-ServersNegativeTestJSON-2142872764 tempest-ServersNegativeTestJSON-2142872764-project-member] Filter ComputeFilter returned 1 host(s) {{(pid=93429) get_filtered_objects /opt/stack/nova/nova/filters.py:102}}
Jul 31 11:03:32.320163 np0000006209 nova-scheduler[93429]: DEBUG nova.filters [None req-3890245e-4da3-46d6-9916-090b8eb6e4a7 tempest-ServersNegativeTestJSON-2142872764 tempest-ServersNegativeTestJSON-2142872764-project-member] Filter ComputeCapabilitiesFilter returned 1 host(s) {{(pid=93429) get_filtered_objects /opt/stack/nova/nova/filters.py:102}}
Jul 31 11:03:32.320368 np0000006209 nova-scheduler[93429]: DEBUG nova.filters [None req-3890245e-4da3-46d6-9916-090b8eb6e4a7 tempest-ServersNegativeTestJSON-2142872764 tempest-ServersNegativeTestJSON-2142872764-project-member] Filter ImagePropertiesFilter returned 1 host(s) {{(pid=93429) get_filtered_objects /opt/stack/nova/nova/filters.py:102}}
Jul 31 11:03:32.320499 np0000006209 nova-scheduler[93429]: DEBUG nova.filters [None req-3890245e-4da3-46d6-9916-090b8eb6e4a7 tempest-ServersNegativeTestJSON-2142872764 tempest-ServersNegativeTestJSON-2142872764-project-member] Filter ServerGroupAntiAffinityFilter returned 1 host(s) {{(pid=93429) get_filtered_objects /opt/stack/nova/nova/filters.py:102}}
Jul 31 11:03:32.320602 np0000006209 nova-scheduler[93429]: DEBUG nova.filters [None req-3890245e-4da3-46d6-9916-090b8eb6e4a7 tempest-ServersNegativeTestJSON-2142872764 tempest-ServersNegativeTestJSON-2142872764-project-member] Filter ServerGroupAffinityFilter returned 1 host(s) {{(pid=93429) get_filtered_objects /opt/stack/nova/nova/filters.py:102}}
Jul 31 11:03:32.320783 np0000006209 nova-scheduler[93429]: DEBUG nova.filters [None req-3890245e-4da3-46d6-9916-090b8eb6e4a7 tempest-ServersNegativeTestJSON-2142872764 tempest-ServersNegativeTestJSON-2142872764-project-member] Filter SameHostFilter returned 1 host(s) {{(pid=93429) get_filtered_objects /opt/stack/nova/nova/filters.py:102}}
Jul 31 11:03:32.322683 np0000006209 nova-scheduler[93429]: DEBUG nova.filters [None req-3890245e-4da3-46d6-9916-090b8eb6e4a7 tempest-ServersNegativeTestJSON-2142872764 tempest-ServersNegativeTestJSON-2142872764-project-member] Filter DifferentHostFilter returned 1 host(s) {{(pid=93429) get_filtered_objects /opt/stack/nova/nova/filters.py:102}}
Jul 31 11:03:32.322683 np0000006209 nova-scheduler[93429]: DEBUG nova.scheduler.manager [None req-3890245e-4da3-46d6-9916-090b8eb6e4a7 tempest-ServersNegativeTestJSON-2142872764 tempest-ServersNegativeTestJSON-2142872764-project-member] Filtered [(np0000006209, np0000006209) ram: 62765MB disk: 74752MB io_ops: 0 instances: 0, allocation_candidates: 1] {{(pid=93429) _get_sorted_hosts /opt/stack/nova/nova/scheduler/manager.py:742}}
Jul 31 11:03:32.322683 np0000006209 nova-scheduler[93429]: DEBUG nova.scheduler.manager [None req-3890245e-4da3-46d6-9916-090b8eb6e4a7 tempest-ServersNegativeTestJSON-2142872764 tempest-ServersNegativeTestJSON-2142872764-project-member] Weighed [WeighedHost [host: (np0000006209, np0000006209) ram: 62765MB disk: 74752MB io_ops: 0 instances: 0, allocation_candidates: 1, weight: 0.0]] {{(pid=93429) _get_sorted_hosts /opt/stack/nova/nova/scheduler/manager.py:764}}
Jul 31 11:03:32.322683 np0000006209 nova-scheduler[93429]: DEBUG nova.scheduler.utils [None req-3890245e-4da3-46d6-9916-090b8eb6e4a7 tempest-ServersNegativeTestJSON-2142872764 tempest-ServersNegativeTestJSON-2142872764-project-member] Attempting to claim resources in the placement API for instance 278217e3-77d8-43d7-92a5-7d882da65378 {{(pid=93429) claim_resources /opt/stack/nova/nova/scheduler/utils.py:1345}}
Jul 31 11:03:32.466599 np0000006209 nova-scheduler[93429]: DEBUG nova.scheduler.manager [None req-3890245e-4da3-46d6-9916-090b8eb6e4a7 tempest-ServersNegativeTestJSON-2142872764 tempest-ServersNegativeTestJSON-2142872764-project-member] [instance: 278217e3-77d8-43d7-92a5-7d882da65378] Selected host: (np0000006209, np0000006209) ram: 62765MB disk: 74752MB io_ops: 0 instances: 0, allocation_candidates: 1 {{(pid=93429) _consume_selected_host /opt/stack/nova/nova/scheduler/manager.py:624}}
Jul 31 11:03:32.466875 np0000006209 nova-scheduler[93429]: DEBUG oslo_concurrency.lockutils [None req-3890245e-4da3-46d6-9916-090b8eb6e4a7 tempest-ServersNegativeTestJSON-2142872764 tempest-ServersNegativeTestJSON-2142872764-project-member] Acquiring lock "np0000006209-np0000006209" by "nova.scheduler.host_manager.HostState.consume_from_request.._locked" {{(pid=93429) inner /opt/stack/data/venv/lib/python3.12/site-packages/oslo_concurrency/lockutils.py:512}}
Jul 31 11:03:32.467050 np0000006209 nova-scheduler[93429]: DEBUG oslo_concurrency.lockutils [None req-3890245e-4da3-46d6-9916-090b8eb6e4a7 tempest-ServersNegativeTestJSON-2142872764 tempest-ServersNegativeTestJSON-2142872764-project-member] Lock "np0000006209-np0000006209" acquired by "nova.scheduler.host_manager.HostState.consume_from_request.._locked" :: waited 0.000s {{(pid=93429) inner /opt/stack/data/venv/lib/python3.12/site-packages/oslo_concurrency/lockutils.py:525}}
Jul 31 11:03:32.467240 np0000006209 nova-scheduler[93429]: DEBUG oslo_concurrency.lockutils [None req-3890245e-4da3-46d6-9916-090b8eb6e4a7 tempest-ServersNegativeTestJSON-2142872764 tempest-ServersNegativeTestJSON-2142872764-project-member] Lock "np0000006209-np0000006209" "released" by "nova.scheduler.host_manager.HostState.consume_from_request.._locked" :: held 0.000s {{(pid=93429) inner /opt/stack/data/venv/lib/python3.12/site-packages/oslo_concurrency/lockutils.py:544}}
Jul 31 11:03:36.022113 np0000006209 nova-scheduler[93452]: DEBUG nova.scheduler.manager [None req-f4e1c2b4-a086-46ea-90a5-3f32319c9773 tempest-DeleteServersTestJSON-1810875102 tempest-DeleteServersTestJSON-1810875102-project-member] Starting to schedule for instances: ['d569897e-38d7-47af-8a7f-c73a6418de81'] {{(pid=93452) select_destinations /opt/stack/nova/nova/scheduler/manager.py:209}}
Jul 31 11:03:36.022632 np0000006209 nova-scheduler[93452]: DEBUG nova.scheduler.request_filter [None req-f4e1c2b4-a086-46ea-90a5-3f32319c9773 tempest-DeleteServersTestJSON-1810875102 tempest-DeleteServersTestJSON-1810875102-project-member] compute_status_filter request filter added forbidden trait COMPUTE_STATUS_DISABLED {{(pid=93452) compute_status_filter /opt/stack/nova/nova/scheduler/request_filter.py:253}}
Jul 31 11:03:36.022783 np0000006209 nova-scheduler[93452]: DEBUG nova.scheduler.request_filter [None req-f4e1c2b4-a086-46ea-90a5-3f32319c9773 tempest-DeleteServersTestJSON-1810875102 tempest-DeleteServersTestJSON-1810875102-project-member] Request filter 'compute_status_filter' took 0.0 seconds {{(pid=93452) wrapper /opt/stack/nova/nova/scheduler/request_filter.py:46}}
Jul 31 11:03:36.022783 np0000006209 nova-scheduler[93452]: DEBUG nova.scheduler.request_filter [None req-f4e1c2b4-a086-46ea-90a5-3f32319c9773 tempest-DeleteServersTestJSON-1810875102 tempest-DeleteServersTestJSON-1810875102-project-member] Request filter 'accelerators_filter' took 0.0 seconds {{(pid=93452) wrapper /opt/stack/nova/nova/scheduler/request_filter.py:46}}
Jul 31 11:03:36.023181 np0000006209 nova-scheduler[93452]: DEBUG nova.scheduler.request_filter [None req-f4e1c2b4-a086-46ea-90a5-3f32319c9773 tempest-DeleteServersTestJSON-1810875102 tempest-DeleteServersTestJSON-1810875102-project-member] Request filter 'packed_virtqueue_filter' took 0.0 seconds {{(pid=93452) wrapper /opt/stack/nova/nova/scheduler/request_filter.py:46}}
Jul 31 11:03:36.023428 np0000006209 nova-scheduler[93452]: DEBUG nova.scheduler.request_filter [None req-f4e1c2b4-a086-46ea-90a5-3f32319c9773 tempest-DeleteServersTestJSON-1810875102 tempest-DeleteServersTestJSON-1810875102-project-member] Request filter 'remote_managed_ports_filter' took 0.0 seconds {{(pid=93452) wrapper /opt/stack/nova/nova/scheduler/request_filter.py:46}}
Jul 31 11:03:36.023560 np0000006209 nova-scheduler[93452]: DEBUG nova.scheduler.request_filter [None req-f4e1c2b4-a086-46ea-90a5-3f32319c9773 tempest-DeleteServersTestJSON-1810875102 tempest-DeleteServersTestJSON-1810875102-project-member] ephemeral_encryption_filter skipped {{(pid=93452) ephemeral_encryption_filter /opt/stack/nova/nova/scheduler/request_filter.py:426}}
Jul 31 11:03:36.023719 np0000006209 nova-scheduler[93452]: DEBUG nova.scheduler.request_filter [None req-f4e1c2b4-a086-46ea-90a5-3f32319c9773 tempest-DeleteServersTestJSON-1810875102 tempest-DeleteServersTestJSON-1810875102-project-member] virtio_sound_filter skipped {{(pid=93452) virtio_sound_filter /opt/stack/nova/nova/scheduler/request_filter.py:460}}
Jul 31 11:03:36.023861 np0000006209 nova-scheduler[93452]: DEBUG nova.scheduler.request_filter [None req-f4e1c2b4-a086-46ea-90a5-3f32319c9773 tempest-DeleteServersTestJSON-1810875102 tempest-DeleteServersTestJSON-1810875102-project-member] tpm_secret_security_filter skipped {{(pid=93452) tpm_secret_security_filter /opt/stack/nova/nova/scheduler/request_filter.py:477}}
Jul 31 11:03:36.141611 np0000006209 nova-scheduler[93452]: INFO nova.utils [None req-f4e1c2b4-a086-46ea-90a5-3f32319c9773 tempest-DeleteServersTestJSON-1810875102 tempest-DeleteServersTestJSON-1810875102-project-member] The cell worker thread pool ForkProcess-2.cell_worker is initialized
Jul 31 11:03:36.142489 np0000006209 nova-scheduler[93452]: DEBUG oslo_concurrency.lockutils [None req-f4e1c2b4-a086-46ea-90a5-3f32319c9773 tempest-DeleteServersTestJSON-1810875102 tempest-DeleteServersTestJSON-1810875102-project-member] Acquiring lock "8b6c62ae-d0aa-4af3-a755-e57f438acb0a" by "nova.context.set_target_cell..get_or_set_cached_cell_and_set_connections" {{(pid=93452) inner /opt/stack/data/venv/lib/python3.12/site-packages/oslo_concurrency/lockutils.py:512}}
