Jul 31 11:00:58.875196 np0000006209 devstack@neutron-api.service[87569]: DEBUG neutron.api.v2.resource_helper [None req-f208901b-cee8-46ee-bd51-305e0518bd25 None None] Service FLAVORS assigned prefix: {{(pid=87569) build_resource_info /opt/stack/neutron/neutron/api/v2/resource_helper.py:77}}
Jul 31 11:00:58.875781 np0000006209 devstack@neutron-api.service[87571]: DEBUG neutron.api.extensions [None req-40735668-bc62-47ac-93a8-1c33aa73166b None None] Extended resource: tags {{(pid=87571) __init__ /opt/stack/neutron/neutron/api/extensions.py:156}}
Jul 31 11:00:58.876047 np0000006209 devstack@neutron-api.service[87569]: DEBUG neutron.api.v2.resource_helper [None req-f208901b-cee8-46ee-bd51-305e0518bd25 None None] Service L3_ROUTER_NAT assigned prefix: {{(pid=87569) build_resource_info /opt/stack/neutron/neutron/api/v2/resource_helper.py:77}}
Jul 31 11:00:58.876345 np0000006209 devstack@neutron-api.service[87571]: DEBUG neutron.api.extensions [None req-40735668-bc62-47ac-93a8-1c33aa73166b None None] Extended resource: tags {{(pid=87571) __init__ /opt/stack/neutron/neutron/api/extensions.py:156}}
Jul 31 11:00:58.876553 np0000006209 devstack@neutron-api.service[87569]: DEBUG neutron.api.v2.resource_helper [None req-f208901b-cee8-46ee-bd51-305e0518bd25 None None] Service L3_ROUTER_NAT assigned prefix: {{(pid=87569) build_resource_info /opt/stack/neutron/neutron/api/v2/resource_helper.py:77}}
Jul 31 11:00:58.876553 np0000006209 devstack@neutron-api.service[87569]: INFO neutron.quota.resource_registry [None req-f208901b-cee8-46ee-bd51-305e0518bd25 None None] Creating instance of TrackedResource for resource:router
Jul 31 11:00:58.876853 np0000006209 devstack@neutron-api.service[87569]: INFO neutron.quota.resource_registry [None req-f208901b-cee8-46ee-bd51-305e0518bd25 None None] Creating instance of TrackedResource for resource:floatingip
Jul 31 11:00:58.877007 np0000006209 devstack@neutron-api.service[87571]: DEBUG neutron.api.extensions [None req-40735668-bc62-47ac-93a8-1c33aa73166b None None] Extended resource: tags {{(pid=87571) __init__ /opt/stack/neutron/neutron/api/extensions.py:156}}
Jul 31 11:00:58.877683 np0000006209 devstack@neutron-api.service[87571]: DEBUG neutron.api.extensions [None req-40735668-bc62-47ac-93a8-1c33aa73166b None None] Extended resource: tags {{(pid=87571) __init__ /opt/stack/neutron/neutron/api/extensions.py:156}}
Jul 31 11:00:58.877941 np0000006209 devstack@neutron-api.service[87569]: INFO neutron.quota.resource_registry [None req-f208901b-cee8-46ee-bd51-305e0518bd25 None None] Creating instance of CountableResource for resource:rbac_policy
Jul 31 11:00:58.878381 np0000006209 devstack@neutron-api.service[87571]: DEBUG neutron.api.extensions [None req-40735668-bc62-47ac-93a8-1c33aa73166b None None] Extended resource: tags {{(pid=87571) __init__ /opt/stack/neutron/neutron/api/extensions.py:156}}
Jul 31 11:00:58.878570 np0000006209 devstack@neutron-api.service[87569]: INFO neutron.quota.resource_registry [None req-f208901b-cee8-46ee-bd51-305e0518bd25 None None] Creating instance of TrackedResource for resource:security_group
Jul 31 11:00:58.878937 np0000006209 devstack@neutron-api.service[87569]: INFO neutron.quota.resource_registry [None req-f208901b-cee8-46ee-bd51-305e0518bd25 None None] Creating instance of TrackedResource for resource:security_group_rule
Jul 31 11:00:58.879108 np0000006209 devstack@neutron-api.service[87571]: DEBUG neutron.api.extensions [None req-40735668-bc62-47ac-93a8-1c33aa73166b None None] Extended resource: tags {{(pid=87571) __init__ /opt/stack/neutron/neutron/api/extensions.py:156}}
Jul 31 11:00:58.879461 np0000006209 devstack@neutron-api.service[87569]: DEBUG neutron.api.v2.resource_helper [None req-f208901b-cee8-46ee-bd51-305e0518bd25 None None] Service CORE assigned prefix: {{(pid=87569) build_resource_info /opt/stack/neutron/neutron/api/v2/resource_helper.py:77}}
Jul 31 11:00:58.879461 np0000006209 devstack@neutron-api.service[87569]: INFO neutron.quota.resource_registry [None req-f208901b-cee8-46ee-bd51-305e0518bd25 None None] Creating instance of TrackedResource for resource:subnetpool
Jul 31 11:00:58.879638 np0000006209 devstack@neutron-api.service[87569]: WARNING neutron.quota.resource_registry [None req-f208901b-cee8-46ee-bd51-305e0518bd25 None None] subnetpool is already registered
Jul 31 11:00:58.879793 np0000006209 devstack@neutron-api.service[87571]: DEBUG neutron.api.extensions [None req-40735668-bc62-47ac-93a8-1c33aa73166b None None] Extended resource: tags {{(pid=87571) __init__ /opt/stack/neutron/neutron/api/extensions.py:156}}
Jul 31 11:00:58.879965 np0000006209 devstack@neutron-api.service[87569]: DEBUG neutron.api.v2.resource_helper [None req-f208901b-cee8-46ee-bd51-305e0518bd25 None None] Service CORE assigned prefix: {{(pid=87569) build_resource_info /opt/stack/neutron/neutron/api/v2/resource_helper.py:77}}
Jul 31 11:00:58.880128 np0000006209 devstack@neutron-api.service[87569]: INFO neutron.quota.resource_registry [None req-f208901b-cee8-46ee-bd51-305e0518bd25 None None] Creating instance of TrackedResource for resource:subnetpool
Jul 31 11:00:58.880128 np0000006209 devstack@neutron-api.service[87569]: WARNING neutron.quota.resource_registry [None req-f208901b-cee8-46ee-bd51-305e0518bd25 None None] subnetpool is already registered
Jul 31 11:00:58.882110 np0000006209 devstack@neutron-api.service[87569]: INFO neutron.quota.resource_registry [None req-f208901b-cee8-46ee-bd51-305e0518bd25 None None] Creating instance of CountableResource for resource:router_route
Jul 31 11:00:58.882539 np0000006209 devstack@neutron-api.service[87569]: WARNING neutron.quota.resource_registry [None req-f208901b-cee8-46ee-bd51-305e0518bd25 None None] router_route is already registered
Jul 31 11:00:58.882539 np0000006209 devstack@neutron-api.service[87569]: DEBUG neutron.api.v2.resource_helper [None req-f208901b-cee8-46ee-bd51-305e0518bd25 None None] Service L3_ROUTER_NAT assigned prefix: {{(pid=87569) build_resource_info /opt/stack/neutron/neutron/api/v2/resource_helper.py:77}}
Jul 31 11:00:58.882760 np0000006209 devstack@neutron-api.service[87569]: DEBUG neutron.api.v2.resource_helper [None req-f208901b-cee8-46ee-bd51-305e0518bd25 None None] Service FLAVORS assigned prefix: {{(pid=87569) build_resource_info /opt/stack/neutron/neutron/api/v2/resource_helper.py:77}}
Jul 31 11:00:58.883445 np0000006209 devstack@neutron-api.service[87569]: DEBUG neutron.api.v2.resource_helper [None req-f208901b-cee8-46ee-bd51-305e0518bd25 None None] Service L3_ROUTER_NAT assigned prefix: {{(pid=87569) build_resource_info /opt/stack/neutron/neutron/api/v2/resource_helper.py:77}}
Jul 31 11:00:58.883800 np0000006209 devstack@neutron-api.service[87569]: DEBUG neutron.api.v2.resource_helper [None req-f208901b-cee8-46ee-bd51-305e0518bd25 None None] Service L3_ROUTER_NAT assigned prefix: {{(pid=87569) build_resource_info /opt/stack/neutron/neutron/api/v2/resource_helper.py:77}}
Jul 31 11:00:58.883800 np0000006209 devstack@neutron-api.service[87569]: INFO neutron.quota.resource_registry [None req-f208901b-cee8-46ee-bd51-305e0518bd25 None None] Creating instance of TrackedResource for resource:router
Jul 31 11:00:58.884005 np0000006209 devstack@neutron-api.service[87569]: WARNING neutron.quota.resource_registry [None req-f208901b-cee8-46ee-bd51-305e0518bd25 None None] router is already registered
Jul 31 11:00:58.884480 np0000006209 devstack@neutron-api.service[87569]: INFO neutron.quota.resource_registry [None req-f208901b-cee8-46ee-bd51-305e0518bd25 None None] Creating instance of TrackedResource for resource:floatingip
Jul 31 11:00:58.884712 np0000006209 devstack@neutron-api.service[87569]: WARNING neutron.quota.resource_registry [None req-f208901b-cee8-46ee-bd51-305e0518bd25 None None] floatingip is already registered
Jul 31 11:00:58.885492 np0000006209 devstack@neutron-api.service[87569]: INFO neutron.quota.resource_registry [None req-f208901b-cee8-46ee-bd51-305e0518bd25 None None] Creating instance of CountableResource for resource:rbac_policy
Jul 31 11:00:58.885629 np0000006209 devstack@neutron-api.service[87569]: WARNING neutron.quota.resource_registry [None req-f208901b-cee8-46ee-bd51-305e0518bd25 None None] rbac_policy is already registered
Jul 31 11:00:58.886254 np0000006209 devstack@neutron-api.service[87569]: INFO neutron.quota.resource_registry [None req-f208901b-cee8-46ee-bd51-305e0518bd25 None None] Creating instance of TrackedResource for resource:security_group
Jul 31 11:00:58.886391 np0000006209 devstack@neutron-api.service[87569]: WARNING neutron.quota.resource_registry [None req-f208901b-cee8-46ee-bd51-305e0518bd25 None None] security_group is already registered
Jul 31 11:00:58.886673 np0000006209 devstack@neutron-api.service[87569]: INFO neutron.quota.resource_registry [None req-f208901b-cee8-46ee-bd51-305e0518bd25 None None] Creating instance of TrackedResource for resource:security_group_rule
Jul 31 11:00:58.886826 np0000006209 devstack@neutron-api.service[87569]: WARNING neutron.quota.resource_registry [None req-f208901b-cee8-46ee-bd51-305e0518bd25 None None] security_group_rule is already registered
Jul 31 11:00:58.887261 np0000006209 devstack@neutron-api.service[87569]: DEBUG neutron.api.v2.resource_helper [None req-f208901b-cee8-46ee-bd51-305e0518bd25 None None] Service CORE assigned prefix: {{(pid=87569) build_resource_info /opt/stack/neutron/neutron/api/v2/resource_helper.py:77}}
Jul 31 11:00:58.887408 np0000006209 devstack@neutron-api.service[87569]: INFO neutron.quota.resource_registry [None req-f208901b-cee8-46ee-bd51-305e0518bd25 None None] Creating instance of TrackedResource for resource:subnetpool
Jul 31 11:00:58.887408 np0000006209 devstack@neutron-api.service[87569]: WARNING neutron.quota.resource_registry [None req-f208901b-cee8-46ee-bd51-305e0518bd25 None None] subnetpool is already registered
Jul 31 11:00:58.887807 np0000006209 devstack@neutron-api.service[87569]: DEBUG neutron.api.v2.resource_helper [None req-f208901b-cee8-46ee-bd51-305e0518bd25 None None] Service CORE assigned prefix: {{(pid=87569) build_resource_info /opt/stack/neutron/neutron/api/v2/resource_helper.py:77}}
Jul 31 11:00:58.887807 np0000006209 devstack@neutron-api.service[87569]: INFO neutron.quota.resource_registry [None req-f208901b-cee8-46ee-bd51-305e0518bd25 None None] Creating instance of TrackedResource for resource:subnetpool
Jul 31 11:00:58.888003 np0000006209 devstack@neutron-api.service[87569]: WARNING neutron.quota.resource_registry [None req-f208901b-cee8-46ee-bd51-305e0518bd25 None None] subnetpool is already registered
Jul 31 11:00:58.888439 np0000006209 devstack@neutron-api.service[87569]: DEBUG neutron.api.extensions [None req-f208901b-cee8-46ee-bd51-305e0518bd25 None None] Extended resource: extensions {{(pid=87569) __init__ /opt/stack/neutron/neutron/api/extensions.py:156}}
Jul 31 11:00:58.888573 np0000006209 devstack@neutron-api.service[87571]: DEBUG neutron_lib.callbacks.manager [None req-40735668-bc62-47ac-93a8-1c33aa73166b None None] Publish callbacks ['neutron.plugins.ml2.drivers.ovn.mech_driver.mech_driver.OVNMechanismDriver.pre_fork_initialize-342037'] for process (None), before_spawn {{(pid=87571) _notify_loop /opt/stack/data/venv/lib/python3.12/site-packages/neutron_lib/callbacks/manager.py:184}}
Jul 31 11:00:58.888955 np0000006209 devstack@neutron-api.service[87571]: DEBUG oslo_concurrency.processutils [None req-40735668-bc62-47ac-93a8-1c33aa73166b None None] Running cmd (subprocess): ovsdb-client transact ssl:10.4.3.63:6641 --timeout 180 -p /opt/stack/data/CA/int-ca/private/devstack-cert.key -c /opt/stack/data/CA/int-ca/devstack-cert.crt -C /opt/stack/data/CA/int-ca/ca-chain.pem ["OVN_Northbound", {"op": "wait", "timeout": 0, "table": "Port_Group", "where": [["name", "==", "neutron_pg_drop"]], "until": "==", "rows": []}, {"op": "insert", "table": "ACL", "row": {"action": "drop", "direction": "to-lport", "match": "outport == @neutron_pg_drop && ip", "priority": 1001}, "uuid-name": "droptoport"}, {"op": "insert", "table": "ACL", "row": {"action": "drop", "direction": "from-lport", "match": "inport == @neutron_pg_drop && ip", "priority": 1001}, "uuid-name": "dropfromport"}, {"op": "insert", "table": "Port_Group", "row": {"name": "neutron_pg_drop", "acls": ["set", [["named-uuid", "droptoport"], ["named-uuid", "dropfromport"]]]}}] {{(pid=87571) execute /opt/stack/data/venv/lib/python3.12/site-packages/oslo_concurrency/processutils.py:440}}
Jul 31 11:00:58.889169 np0000006209 devstack@neutron-api.service[87569]: DEBUG neutron.api.extensions [None req-f208901b-cee8-46ee-bd51-305e0518bd25 None None] Extended resource: address-groups {{(pid=87569) __init__ /opt/stack/neutron/neutron/api/extensions.py:156}}
Jul 31 11:00:58.889622 np0000006209 devstack@neutron-api.service[87569]: DEBUG neutron.api.extensions [None req-f208901b-cee8-46ee-bd51-305e0518bd25 None None] Extended resource: address-scopes {{(pid=87569) __init__ /opt/stack/neutron/neutron/api/extensions.py:156}}
Jul 31 11:00:58.890135 np0000006209 devstack@neutron-api.service[87569]: DEBUG neutron.api.extensions [None req-f208901b-cee8-46ee-bd51-305e0518bd25 None None] Extended resource: agents {{(pid=87569) __init__ /opt/stack/neutron/neutron/api/extensions.py:156}}
Jul 31 11:00:58.890649 np0000006209 devstack@neutron-api.service[87569]: DEBUG neutron.api.extensions [None req-f208901b-cee8-46ee-bd51-305e0518bd25 None None] Extended resource: auto-allocated-topology {{(pid=87569) __init__ /opt/stack/neutron/neutron/api/extensions.py:156}}
Jul 31 11:00:58.890956 np0000006209 devstack@neutron-api.service[87569]: DEBUG neutron.api.extensions [None req-f208901b-cee8-46ee-bd51-305e0518bd25 None None] Extended resource: availability_zones {{(pid=87569) __init__ /opt/stack/neutron/neutron/api/extensions.py:156}}
Jul 31 11:00:58.891394 np0000006209 devstack@neutron-api.service[87569]: DEBUG neutron.api.extensions [None req-f208901b-cee8-46ee-bd51-305e0518bd25 None None] Extended resource: dhcp-networks {{(pid=87569) __init__ /opt/stack/neutron/neutron/api/extensions.py:156}}
Jul 31 11:00:58.891940 np0000006209 devstack@neutron-api.service[87569]: DEBUG neutron.api.extensions [None req-f208901b-cee8-46ee-bd51-305e0518bd25 None None] Extended resource: dhcp-agents {{(pid=87569) __init__ /opt/stack/neutron/neutron/api/extensions.py:156}}
Jul 31 11:00:58.892419 np0000006209 devstack@neutron-api.service[87569]: DEBUG neutron.api.extensions [None req-f208901b-cee8-46ee-bd51-305e0518bd25 None None] Extended resource: routers {{(pid=87569) __init__ /opt/stack/neutron/neutron/api/extensions.py:156}}
Jul 31 11:00:58.893132 np0000006209 devstack@neutron-api.service[87569]: DEBUG neutron.api.extensions [None req-f208901b-cee8-46ee-bd51-305e0518bd25 None None] Extended resource: flavors {{(pid=87569) __init__ /opt/stack/neutron/neutron/api/extensions.py:156}}
Jul 31 11:00:58.893595 np0000006209 devstack@neutron-api.service[87569]: DEBUG neutron.api.extensions [None req-f208901b-cee8-46ee-bd51-305e0518bd25 None None] Extended resource: service_profiles {{(pid=87569) __init__ /opt/stack/neutron/neutron/api/extensions.py:156}}
Jul 31 11:00:58.894012 np0000006209 devstack@neutron-api.service[87569]: DEBUG neutron.api.extensions [None req-f208901b-cee8-46ee-bd51-305e0518bd25 None None] Extended resource: next_providers {{(pid=87569) __init__ /opt/stack/neutron/neutron/api/extensions.py:156}}
Jul 31 11:00:58.894518 np0000006209 devstack@neutron-api.service[87569]: DEBUG neutron.api.extensions [None req-f208901b-cee8-46ee-bd51-305e0518bd25 None None] Extended resource: service_profiles {{(pid=87569) __init__ /opt/stack/neutron/neutron/api/extensions.py:156}}
Jul 31 11:00:58.895090 np0000006209 devstack@neutron-api.service[87569]: DEBUG neutron.api.extensions [None req-f208901b-cee8-46ee-bd51-305e0518bd25 None None] Extended resource: floatingip-pools {{(pid=87569) __init__ /opt/stack/neutron/neutron/api/extensions.py:156}}
Jul 31 11:00:58.895447 np0000006209 devstack@neutron-api.service[87569]: DEBUG neutron.api.extensions [None req-f208901b-cee8-46ee-bd51-305e0518bd25 None None] Extended resource: routers {{(pid=87569) __init__ /opt/stack/neutron/neutron/api/extensions.py:156}}
Jul 31 11:00:58.896291 np0000006209 devstack@neutron-api.service[87569]: DEBUG neutron.api.extensions [None req-f208901b-cee8-46ee-bd51-305e0518bd25 None None] Extended resource: floatingips {{(pid=87569) __init__ /opt/stack/neutron/neutron/api/extensions.py:156}}
Jul 31 11:00:58.897709 np0000006209 devstack@neutron-api.service[87569]: DEBUG neutron.api.extensions [None req-f208901b-cee8-46ee-bd51-305e0518bd25 None None] Extended resource: l3-routers {{(pid=87569) __init__ /opt/stack/neutron/neutron/api/extensions.py:156}}
Jul 31 11:00:58.898334 np0000006209 devstack@neutron-api.service[87569]: DEBUG neutron.api.extensions [None req-f208901b-cee8-46ee-bd51-305e0518bd25 None None] Extended resource: l3-agents {{(pid=87569) __init__ /opt/stack/neutron/neutron/api/extensions.py:156}}
Jul 31 11:00:58.898766 np0000006209 devstack@neutron-api.service[87569]: DEBUG neutron.api.extensions [None req-f208901b-cee8-46ee-bd51-305e0518bd25 None None] Extended resource: network-ip-availabilities {{(pid=87569) __init__ /opt/stack/neutron/neutron/api/extensions.py:156}}
Jul 31 11:00:58.899171 np0000006209 devstack@neutron-api.service[87569]: DEBUG neutron.api.extensions [None req-f208901b-cee8-46ee-bd51-305e0518bd25 None None] Extended resource: network-ip-availabilities {{(pid=87569) __init__ /opt/stack/neutron/neutron/api/extensions.py:156}}
Jul 31 11:00:58.899781 np0000006209 devstack@neutron-api.service[87569]: DEBUG neutron.api.extensions [None req-f208901b-cee8-46ee-bd51-305e0518bd25 None None] Extended resource: bindings {{(pid=87569) __init__ /opt/stack/neutron/neutron/api/extensions.py:156}}
Jul 31 11:00:58.900288 np0000006209 devstack@neutron-api.service[87569]: DEBUG neutron.api.extensions [None req-f208901b-cee8-46ee-bd51-305e0518bd25 None None] Extended resource: quotas {{(pid=87569) __init__ /opt/stack/neutron/neutron/api/extensions.py:156}}
Jul 31 11:00:58.900975 np0000006209 devstack@neutron-api.service[87569]: DEBUG neutron.api.extensions [None req-f208901b-cee8-46ee-bd51-305e0518bd25 None None] Extended resource: quotas {{(pid=87569) __init__ /opt/stack/neutron/neutron/api/extensions.py:156}}
Jul 31 11:00:58.901316 np0000006209 devstack@neutron-api.service[87569]: DEBUG neutron.api.extensions [None req-f208901b-cee8-46ee-bd51-305e0518bd25 None None] Extended resource: rbac-policies {{(pid=87569) __init__ /opt/stack/neutron/neutron/api/extensions.py:156}}
Jul 31 11:00:58.901677 np0000006209 devstack@neutron-api.service[87569]: DEBUG neutron.api.extensions [None req-f208901b-cee8-46ee-bd51-305e0518bd25 None None] Extended resource: default-security-group-rules {{(pid=87569) __init__ /opt/stack/neutron/neutron/api/extensions.py:156}}
Jul 31 11:00:58.902225 np0000006209 devstack@neutron-api.service[87569]: DEBUG neutron.api.extensions [None req-f208901b-cee8-46ee-bd51-305e0518bd25 None None] Extended resource: security-groups-default-statefulness {{(pid=87569) __init__ /opt/stack/neutron/neutron/api/extensions.py:156}}
Jul 31 11:00:58.902745 np0000006209 devstack@neutron-api.service[87569]: DEBUG neutron.api.extensions [None req-f208901b-cee8-46ee-bd51-305e0518bd25 None None] Extended resource: security-groups {{(pid=87569) __init__ /opt/stack/neutron/neutron/api/extensions.py:156}}
Jul 31 11:00:58.903129 np0000006209 devstack@neutron-api.service[87569]: DEBUG neutron.api.extensions [None req-f208901b-cee8-46ee-bd51-305e0518bd25 None None] Extended resource: security-group-rules {{(pid=87569) __init__ /opt/stack/neutron/neutron/api/extensions.py:156}}
Jul 31 11:00:58.903505 np0000006209 devstack@neutron-api.service[87569]: DEBUG neutron.api.extensions [None req-f208901b-cee8-46ee-bd51-305e0518bd25 None None] Extended resource: service-providers {{(pid=87569) __init__ /opt/stack/neutron/neutron/api/extensions.py:156}}
Jul 31 11:00:58.904220 np0000006209 devstack@neutron-api.service[87569]: DEBUG neutron.api.extensions [None req-f208901b-cee8-46ee-bd51-305e0518bd25 None None] Extended resource: subnetpools {{(pid=87569) __init__ /opt/stack/neutron/neutron/api/extensions.py:156}}
Jul 31 11:00:58.904580 np0000006209 devstack@neutron-api.service[87569]: DEBUG neutron.api.extensions [None req-f208901b-cee8-46ee-bd51-305e0518bd25 None None] Extended resource: subnetpools {{(pid=87569) __init__ /opt/stack/neutron/neutron/api/extensions.py:156}}
Jul 31 11:00:58.905284 np0000006209 devstack@neutron-api.service[87569]: DEBUG neutron.api.extensions [None req-f208901b-cee8-46ee-bd51-305e0518bd25 None None] Extended resource: tags {{(pid=87569) __init__ /opt/stack/neutron/neutron/api/extensions.py:156}}
Jul 31 11:00:58.905675 np0000006209 devstack@neutron-api.service[87569]: DEBUG neutron.api.extensions [None req-f208901b-cee8-46ee-bd51-305e0518bd25 None None] Extended resource: tags {{(pid=87569) __init__ /opt/stack/neutron/neutron/api/extensions.py:156}}
Jul 31 11:00:58.906913 np0000006209 devstack@neutron-api.service[87569]: DEBUG neutron.api.extensions [None req-f208901b-cee8-46ee-bd51-305e0518bd25 None None] Extended resource: tags {{(pid=87569) __init__ /opt/stack/neutron/neutron/api/extensions.py:156}}
Jul 31 11:00:58.907252 np0000006209 devstack@neutron-api.service[87569]: DEBUG neutron.api.extensions [None req-f208901b-cee8-46ee-bd51-305e0518bd25 None None] Extended resource: tags {{(pid=87569) __init__ /opt/stack/neutron/neutron/api/extensions.py:156}}
Jul 31 11:00:58.907684 np0000006209 devstack@neutron-api.service[87569]: DEBUG neutron.api.extensions [None req-f208901b-cee8-46ee-bd51-305e0518bd25 None None] Extended resource: tags {{(pid=87569) __init__ /opt/stack/neutron/neutron/api/extensions.py:156}}
Jul 31 11:00:58.908375 np0000006209 devstack@neutron-api.service[87569]: DEBUG neutron.api.extensions [None req-f208901b-cee8-46ee-bd51-305e0518bd25 None None] Extended resource: tags {{(pid=87569) __init__ /opt/stack/neutron/neutron/api/extensions.py:156}}
Jul 31 11:00:58.909157 np0000006209 devstack@neutron-api.service[87569]: DEBUG neutron.api.extensions [None req-f208901b-cee8-46ee-bd51-305e0518bd25 None None] Extended resource: tags {{(pid=87569) __init__ /opt/stack/neutron/neutron/api/extensions.py:156}}
Jul 31 11:00:58.909524 np0000006209 devstack@neutron-api.service[87569]: DEBUG neutron.api.extensions [None req-f208901b-cee8-46ee-bd51-305e0518bd25 None None] Extended resource: tags {{(pid=87569) __init__ /opt/stack/neutron/neutron/api/extensions.py:156}}
Jul 31 11:00:58.910128 np0000006209 devstack@neutron-api.service[87569]: DEBUG neutron.api.extensions [None req-f208901b-cee8-46ee-bd51-305e0518bd25 None None] Extended resource: tags {{(pid=87569) __init__ /opt/stack/neutron/neutron/api/extensions.py:156}}
Jul 31 11:00:58.910805 np0000006209 devstack@neutron-api.service[87569]: DEBUG neutron.api.extensions [None req-f208901b-cee8-46ee-bd51-305e0518bd25 None None] Extended resource: tags {{(pid=87569) __init__ /opt/stack/neutron/neutron/api/extensions.py:156}}
Jul 31 11:00:58.919453 np0000006209 devstack@neutron-api.service[87569]: DEBUG neutron_lib.callbacks.manager [None req-f208901b-cee8-46ee-bd51-305e0518bd25 None None] Publish callbacks ['neutron.plugins.ml2.drivers.ovn.mech_driver.mech_driver.OVNMechanismDriver.pre_fork_initialize-328356'] for process (None), before_spawn {{(pid=87569) _notify_loop /opt/stack/data/venv/lib/python3.12/site-packages/neutron_lib/callbacks/manager.py:184}}
Jul 31 11:00:58.919901 np0000006209 devstack@neutron-api.service[87569]: DEBUG oslo_concurrency.processutils [None req-f208901b-cee8-46ee-bd51-305e0518bd25 None None] Running cmd (subprocess): ovsdb-client transact ssl:10.4.3.63:6641 --timeout 180 -p /opt/stack/data/CA/int-ca/private/devstack-cert.key -c /opt/stack/data/CA/int-ca/devstack-cert.crt -C /opt/stack/data/CA/int-ca/ca-chain.pem ["OVN_Northbound", {"op": "wait", "timeout": 0, "table": "Port_Group", "where": [["name", "==", "neutron_pg_drop"]], "until": "==", "rows": []}, {"op": "insert", "table": "ACL", "row": {"action": "drop", "direction": "to-lport", "match": "outport == @neutron_pg_drop && ip", "priority": 1001}, "uuid-name": "droptoport"}, {"op": "insert", "table": "ACL", "row": {"action": "drop", "direction": "from-lport", "match": "inport == @neutron_pg_drop && ip", "priority": 1001}, "uuid-name": "dropfromport"}, {"op": "insert", "table": "Port_Group", "row": {"name": "neutron_pg_drop", "acls": ["set", [["named-uuid", "droptoport"], ["named-uuid", "dropfromport"]]]}}] {{(pid=87569) execute /opt/stack/data/venv/lib/python3.12/site-packages/oslo_concurrency/processutils.py:440}}
Jul 31 11:00:58.944136 np0000006209 devstack@neutron-api.service[87571]: DEBUG oslo_concurrency.processutils [None req-40735668-bc62-47ac-93a8-1c33aa73166b None None] CMD "ovsdb-client transact ssl:10.4.3.63:6641 --timeout 180 -p /opt/stack/data/CA/int-ca/private/devstack-cert.key -c /opt/stack/data/CA/int-ca/devstack-cert.crt -C /opt/stack/data/CA/int-ca/ca-chain.pem ["OVN_Northbound", {"op": "wait", "timeout": 0, "table": "Port_Group", "where": [["name", "==", "neutron_pg_drop"]], "until": "==", "rows": []}, {"op": "insert", "table": "ACL", "row": {"action": "drop", "direction": "to-lport", "match": "outport == @neutron_pg_drop && ip", "priority": 1001}, "uuid-name": "droptoport"}, {"op": "insert", "table": "ACL", "row": {"action": "drop", "direction": "from-lport", "match": "inport == @neutron_pg_drop && ip", "priority": 1001}, "uuid-name": "dropfromport"}, {"op": "insert", "table": "Port_Group", "row": {"name": "neutron_pg_drop", "acls": ["set", [["named-uuid", "droptoport"], ["named-uuid", "dropfromport"]]]}}]" returned: 0 in 0.055s {{(pid=87571) execute /opt/stack/data/venv/lib/python3.12/site-packages/oslo_concurrency/processutils.py:468}}
Jul 31 11:00:58.944565 np0000006209 devstack@neutron-api.service[87571]: DEBUG neutron_lib.callbacks.manager [None req-40735668-bc62-47ac-93a8-1c33aa73166b None None] Publish callbacks ['neutron.plugins.ml2.drivers.ovn.mech_driver.mech_driver.OVNMechanismDriver.post_fork_initialize-342253', 'neutron.services.pvlan.drivers.ovn.driver._initialize_pvlan_pg_drop-8352409314358', 'neutron.services.ovn_l3.plugin.OVNL3RouterPlugin._post_fork_initialize-81810'] for process (None), after_init {{(pid=87571) _notify_loop /opt/stack/data/venv/lib/python3.12/site-packages/neutron_lib/callbacks/manager.py:184}}
Jul 31 11:00:58.944971 np0000006209 devstack@neutron-api.service[87571]: DEBUG oslo_concurrency.lockutils [None req-40735668-bc62-47ac-93a8-1c33aa73166b None None] Acquiring lock "singleton_lock" {{(pid=87571) lock /opt/stack/data/venv/lib/python3.12/site-packages/oslo_concurrency/lockutils.py:396}}
Jul 31 11:00:58.945139 np0000006209 devstack@neutron-api.service[87571]: DEBUG oslo_concurrency.lockutils [None req-40735668-bc62-47ac-93a8-1c33aa73166b None None] Acquired lock "singleton_lock" {{(pid=87571) lock /opt/stack/data/venv/lib/python3.12/site-packages/oslo_concurrency/lockutils.py:399}}
Jul 31 11:00:58.945367 np0000006209 devstack@neutron-api.service[87571]: DEBUG oslo_concurrency.lockutils [None req-40735668-bc62-47ac-93a8-1c33aa73166b None None] Releasing lock "singleton_lock" {{(pid=87571) lock /opt/stack/data/venv/lib/python3.12/site-packages/oslo_concurrency/lockutils.py:419}}
Jul 31 11:00:58.947201 np0000006209 devstack@neutron-api.service[87571]: DEBUG neutron.plugins.ml2.drivers.ovn.mech_driver.mech_driver [None req-40735668-bc62-47ac-93a8-1c33aa73166b None None] Hash Ring setup using WSGI start time 2026-07-31 11:00:53+00:00 {{(pid=87571) _init_hash_ring /opt/stack/neutron/neutron/plugins/ml2/drivers/ovn/mech_driver/mech_driver.py:404}}
Jul 31 11:00:58.954174 np0000006209 devstack@neutron-api.service[87571]: INFO neutron.db.ovn_hash_ring_db [None req-40735668-bc62-47ac-93a8-1c33aa73166b None None] Nodes from host "np0000006209" and group "mechanism_driver" removed from the Hash Ring created at 2026-07-31 11:00:53+00:00
Jul 31 11:00:58.956682 np0000006209 devstack@neutron-api.service[87571]: INFO neutron.db.ovn_hash_ring_db [None req-40735668-bc62-47ac-93a8-1c33aa73166b None None] Node 352197df56ec5783856ec3d798c2fe60 from host "np0000006209" and group "mechanism_driver" added to the Hash Ring
Jul 31 11:00:58.958855 np0000006209 devstack@neutron-api.service[87569]: DEBUG oslo_concurrency.processutils [None req-f208901b-cee8-46ee-bd51-305e0518bd25 None None] CMD "ovsdb-client transact ssl:10.4.3.63:6641 --timeout 180 -p /opt/stack/data/CA/int-ca/private/devstack-cert.key -c /opt/stack/data/CA/int-ca/devstack-cert.crt -C /opt/stack/data/CA/int-ca/ca-chain.pem ["OVN_Northbound", {"op": "wait", "timeout": 0, "table": "Port_Group", "where": [["name", "==", "neutron_pg_drop"]], "until": "==", "rows": []}, {"op": "insert", "table": "ACL", "row": {"action": "drop", "direction": "to-lport", "match": "outport == @neutron_pg_drop && ip", "priority": 1001}, "uuid-name": "droptoport"}, {"op": "insert", "table": "ACL", "row": {"action": "drop", "direction": "from-lport", "match": "inport == @neutron_pg_drop && ip", "priority": 1001}, "uuid-name": "dropfromport"}, {"op": "insert", "table": "Port_Group", "row": {"name": "neutron_pg_drop", "acls": ["set", [["named-uuid", "droptoport"], ["named-uuid", "dropfromport"]]]}}]" returned: 0 in 0.039s {{(pid=87569) execute /opt/stack/data/venv/lib/python3.12/site-packages/oslo_concurrency/processutils.py:468}}
Jul 31 11:00:58.959791 np0000006209 devstack@neutron-api.service[87571]: DEBUG neutron.plugins.ml2.drivers.ovn.mech_driver.mech_driver [None req-40735668-bc62-47ac-93a8-1c33aa73166b None None] Hash Ring setup, this worker has detected 2 OVN hash ring registers in the database {{(pid=87571) _init_hash_ring /opt/stack/neutron/neutron/plugins/ml2/drivers/ovn/mech_driver/mech_driver.py:414}}
Jul 31 11:00:58.960053 np0000006209 devstack@neutron-api.service[87569]: DEBUG neutron_lib.callbacks.manager [None req-f208901b-cee8-46ee-bd51-305e0518bd25 None None] Publish callbacks ['neutron.plugins.ml2.drivers.ovn.mech_driver.mech_driver.OVNMechanismDriver.post_fork_initialize-328348', 'neutron.services.pvlan.drivers.ovn.driver._initialize_pvlan_pg_drop-8352409310108', 'neutron.services.ovn_l3.plugin.OVNL3RouterPlugin._post_fork_initialize-2048167'] for process (None), after_init {{(pid=87569) _notify_loop /opt/stack/data/venv/lib/python3.12/site-packages/neutron_lib/callbacks/manager.py:184}}
Jul 31 11:00:58.961168 np0000006209 devstack@neutron-api.service[87569]: DEBUG oslo_concurrency.lockutils [None req-f208901b-cee8-46ee-bd51-305e0518bd25 None None] Acquiring lock "singleton_lock" {{(pid=87569) lock /opt/stack/data/venv/lib/python3.12/site-packages/oslo_concurrency/lockutils.py:396}}
Jul 31 11:00:58.961317 np0000006209 devstack@neutron-api.service[87569]: DEBUG oslo_concurrency.lockutils [None req-f208901b-cee8-46ee-bd51-305e0518bd25 None None] Acquired lock "singleton_lock" {{(pid=87569) lock /opt/stack/data/venv/lib/python3.12/site-packages/oslo_concurrency/lockutils.py:399}}
Jul 31 11:00:58.961685 np0000006209 devstack@neutron-api.service[87569]: DEBUG oslo_concurrency.lockutils [None req-f208901b-cee8-46ee-bd51-305e0518bd25 None None] Releasing lock "singleton_lock" {{(pid=87569) lock /opt/stack/data/venv/lib/python3.12/site-packages/oslo_concurrency/lockutils.py:419}}
Jul 31 11:00:58.964228 np0000006209 devstack@neutron-api.service[87569]: DEBUG neutron.plugins.ml2.drivers.ovn.mech_driver.mech_driver [None req-f208901b-cee8-46ee-bd51-305e0518bd25 None None] Hash Ring setup using WSGI start time 2026-07-31 11:00:53+00:00 {{(pid=87569) _init_hash_ring /opt/stack/neutron/neutron/plugins/ml2/drivers/ovn/mech_driver/mech_driver.py:404}}
Jul 31 11:00:58.966866 np0000006209 devstack@neutron-api.service[87571]: DEBUG neutron.plugins.ml2.drivers.ovn.mech_driver.ovsdb.maintenance [None req-40735668-bc62-47ac-93a8-1c33aa73166b None None] Periodic task found: HashRingHealthCheckPeriodics.touch_hash_ring_node {{(pid=87571) add_periodics /opt/stack/neutron/neutron/plugins/ml2/drivers/ovn/mech_driver/ovsdb/maintenance.py:146}}
Jul 31 11:00:58.967714 np0000006209 devstack@neutron-api.service[87571]: INFO neutron.plugins.ml2.drivers.ovn.mech_driver.mech_driver [None req-40735668-bc62-47ac-93a8-1c33aa73166b None None] Hash Ring probing thread for node 352197df56ec5783856ec3d798c2fe60 has started
Jul 31 11:00:58.968533 np0000006209 devstack@neutron-api.service[87571]: INFO neutron.plugins.ml2.drivers.ovn.mech_driver.ovsdb.impl_idl_ovn [None req-40735668-bc62-47ac-93a8-1c33aa73166b None None] Getting OvsdbNbOvnIdl for WorkerService with retry
Jul 31 11:00:59.001105 np0000006209 devstack@neutron-api.service[87569]: INFO neutron.db.ovn_hash_ring_db [None req-f208901b-cee8-46ee-bd51-305e0518bd25 None None] Nodes from host "np0000006209" and group "mechanism_driver" removed from the Hash Ring created at 2026-07-31 11:00:53+00:00
Jul 31 11:00:59.011995 np0000006209 devstack@neutron-api.service[87569]: INFO neutron.db.ovn_hash_ring_db [None req-f208901b-cee8-46ee-bd51-305e0518bd25 None None] Node d1155f9e40ba5194aeae0b16a8453ac7 from host "np0000006209" and group "mechanism_driver" added to the Hash Ring
Jul 31 11:00:59.020229 np0000006209 devstack@neutron-api.service[87569]: DEBUG neutron.plugins.ml2.drivers.ovn.mech_driver.mech_driver [None req-f208901b-cee8-46ee-bd51-305e0518bd25 None None] Hash Ring setup, this worker has detected 3 OVN hash ring registers in the database {{(pid=87569) _init_hash_ring /opt/stack/neutron/neutron/plugins/ml2/drivers/ovn/mech_driver/mech_driver.py:414}}
Jul 31 11:00:59.022910 np0000006209 devstack@neutron-api.service[87571]: DEBUG ovsdbapp.backend.ovs_idl [None req-40735668-bc62-47ac-93a8-1c33aa73166b None None] Created lookup_table index Logical_Switch.name {{(pid=87571) autocreate_indices /opt/stack/data/venv/lib/python3.12/site-packages/ovsdbapp/backend/ovs_idl/__init__.py:87}}
Jul 31 11:00:59.023086 np0000006209 devstack@neutron-api.service[87571]: DEBUG ovsdbapp.backend.ovs_idl [None req-40735668-bc62-47ac-93a8-1c33aa73166b None None] Created lookup_table index Logical_Router.name {{(pid=87571) autocreate_indices /opt/stack/data/venv/lib/python3.12/site-packages/ovsdbapp/backend/ovs_idl/__init__.py:87}}
Jul 31 11:00:59.023247 np0000006209 devstack@neutron-api.service[87571]: DEBUG ovsdbapp.backend.ovs_idl [None req-40735668-bc62-47ac-93a8-1c33aa73166b None None] Created lookup_table index Load_Balancer.name {{(pid=87571) autocreate_indices /opt/stack/data/venv/lib/python3.12/site-packages/ovsdbapp/backend/ovs_idl/__init__.py:87}}
Jul 31 11:00:59.023426 np0000006209 devstack@neutron-api.service[87571]: DEBUG ovsdbapp.backend.ovs_idl [None req-40735668-bc62-47ac-93a8-1c33aa73166b None None] Created schema index Copp.name {{(pid=87571) autocreate_indices /opt/stack/data/venv/lib/python3.12/site-packages/ovsdbapp/backend/ovs_idl/__init__.py:106}}
Jul 31 11:00:59.023588 np0000006209 devstack@neutron-api.service[87571]: DEBUG ovsdbapp.backend.ovs_idl [None req-40735668-bc62-47ac-93a8-1c33aa73166b None None] Created schema index Meter.name {{(pid=87571) autocreate_indices /opt/stack/data/venv/lib/python3.12/site-packages/ovsdbapp/backend/ovs_idl/__init__.py:106}}
Jul 31 11:00:59.023761 np0000006209 devstack@neutron-api.service[87571]: DEBUG ovsdbapp.backend.ovs_idl [None req-40735668-bc62-47ac-93a8-1c33aa73166b None None] Created schema index Load_Balancer_Group.name {{(pid=87571) autocreate_indices /opt/stack/data/venv/lib/python3.12/site-packages/ovsdbapp/backend/ovs_idl/__init__.py:106}}
Jul 31 11:00:59.023925 np0000006209 devstack@neutron-api.service[87571]: DEBUG ovsdbapp.backend.ovs_idl [None req-40735668-bc62-47ac-93a8-1c33aa73166b None None] Created schema index HA_Chassis_Group.name {{(pid=87571) autocreate_indices /opt/stack/data/venv/lib/python3.12/site-packages/ovsdbapp/backend/ovs_idl/__init__.py:106}}
Jul 31 11:00:59.024053 np0000006209 devstack@neutron-api.service[87571]: DEBUG ovsdbapp.backend.ovs_idl [None req-40735668-bc62-47ac-93a8-1c33aa73166b None None] Created schema index Address_Set.name {{(pid=87571) autocreate_indices /opt/stack/data/venv/lib/python3.12/site-packages/ovsdbapp/backend/ovs_idl/__init__.py:106}}
Jul 31 11:00:59.024215 np0000006209 devstack@neutron-api.service[87571]: DEBUG ovsdbapp.backend.ovs_idl [None req-40735668-bc62-47ac-93a8-1c33aa73166b None None] Created schema index Connection.target {{(pid=87571) autocreate_indices /opt/stack/data/venv/lib/python3.12/site-packages/ovsdbapp/backend/ovs_idl/__init__.py:106}}
Jul 31 11:00:59.024346 np0000006209 devstack@neutron-api.service[87571]: DEBUG ovsdbapp.backend.ovs_idl [None req-40735668-bc62-47ac-93a8-1c33aa73166b None None] Created schema index Gateway_Chassis.name {{(pid=87571) autocreate_indices /opt/stack/data/venv/lib/python3.12/site-packages/ovsdbapp/backend/ovs_idl/__init__.py:106}}
Jul 31 11:00:59.024489 np0000006209 devstack@neutron-api.service[87571]: DEBUG ovsdbapp.backend.ovs_idl [None req-40735668-bc62-47ac-93a8-1c33aa73166b None None] Created schema index Mirror.name {{(pid=87571) autocreate_indices /opt/stack/data/venv/lib/python3.12/site-packages/ovsdbapp/backend/ovs_idl/__init__.py:106}}
Jul 31 11:00:59.024624 np0000006209 devstack@neutron-api.service[87571]: DEBUG ovsdbapp.backend.ovs_idl [None req-40735668-bc62-47ac-93a8-1c33aa73166b None None] Created schema index Chassis_Template_Var.chassis {{(pid=87571) autocreate_indices /opt/stack/data/venv/lib/python3.12/site-packages/ovsdbapp/backend/ovs_idl/__init__.py:106}}
Jul 31 11:00:59.024710 np0000006209 devstack@neutron-api.service[87569]: DEBUG neutron.plugins.ml2.drivers.ovn.mech_driver.ovsdb.maintenance [None req-f208901b-cee8-46ee-bd51-305e0518bd25 None None] Periodic task found: HashRingHealthCheckPeriodics.touch_hash_ring_node {{(pid=87569) add_periodics /opt/stack/neutron/neutron/plugins/ml2/drivers/ovn/mech_driver/ovsdb/maintenance.py:146}}
Jul 31 11:00:59.024990 np0000006209 devstack@neutron-api.service[87571]: DEBUG ovsdbapp.backend.ovs_idl [None req-40735668-bc62-47ac-93a8-1c33aa73166b None None] Created schema index Logical_Router_Port.name {{(pid=87571) autocreate_indices /opt/stack/data/venv/lib/python3.12/site-packages/ovsdbapp/backend/ovs_idl/__init__.py:106}}
Jul 31 11:00:59.025155 np0000006209 devstack@neutron-api.service[87571]: DEBUG ovsdbapp.backend.ovs_idl [None req-40735668-bc62-47ac-93a8-1c33aa73166b None None] Created schema index Port_Group.name {{(pid=87571) autocreate_indices /opt/stack/data/venv/lib/python3.12/site-packages/ovsdbapp/backend/ovs_idl/__init__.py:106}}
Jul 31 11:00:59.025286 np0000006209 devstack@neutron-api.service[87571]: DEBUG ovsdbapp.backend.ovs_idl [None req-40735668-bc62-47ac-93a8-1c33aa73166b None None] Created schema index Logical_Switch_Port.name {{(pid=87571) autocreate_indices /opt/stack/data/venv/lib/python3.12/site-packages/ovsdbapp/backend/ovs_idl/__init__.py:106}}
Jul 31 11:00:59.028970 np0000006209 devstack@neutron-api.service[87569]: INFO neutron.plugins.ml2.drivers.ovn.mech_driver.mech_driver [None req-f208901b-cee8-46ee-bd51-305e0518bd25 None None] Hash Ring probing thread for node d1155f9e40ba5194aeae0b16a8453ac7 has started
Jul 31 11:00:59.029012 np0000006209 devstack@neutron-api.service[87571]: INFO ovsdbapp.backend.ovs_idl.vlog [None req-40735668-bc62-47ac-93a8-1c33aa73166b None None] ssl:10.4.3.63:6641: connecting...
Jul 31 11:00:59.029948 np0000006209 devstack@neutron-api.service[87569]: INFO neutron.plugins.ml2.drivers.ovn.mech_driver.ovsdb.impl_idl_ovn [None req-f208901b-cee8-46ee-bd51-305e0518bd25 None None] Getting OvsdbNbOvnIdl for WorkerService with retry
Jul 31 11:00:59.034418 np0000006209 devstack@neutron-api.service[87571]: INFO ovsdbapp.backend.ovs_idl.vlog [None req-40735668-bc62-47ac-93a8-1c33aa73166b None None] ssl:10.4.3.63:6641: connected
Jul 31 11:00:59.078193 np0000006209 devstack@neutron-api.service[87571]: DEBUG neutron.common.ovn.hash_ring_manager [None req-40735668-bc62-47ac-93a8-1c33aa73166b None None] Allow caching, nodes 3>=3 {{(pid=87571) _wait_startup_before_caching /opt/stack/neutron/neutron/common/ovn/hash_ring_manager.py:71}}
Jul 31 11:00:59.084276 np0000006209 devstack@neutron-api.service[87571]: DEBUG neutron.common.ovn.hash_ring_manager [None req-40735668-bc62-47ac-93a8-1c33aa73166b None None] Hash Ring loaded. 3 active nodes. 0 offline nodes {{(pid=87571) _load_hash_ring /opt/stack/neutron/neutron/common/ovn/hash_ring_manager.py:110}}
Jul 31 11:00:59.084473 np0000006209 devstack@neutron-api.service[87571]: DEBUG neutron.plugins.ml2.drivers.ovn.mech_driver.ovsdb.ovsdb_monitor [None req-40735668-bc62-47ac-93a8-1c33aa73166b None None] Hash Ring: Node 352197df56ec5783856ec3d798c2fe60 (host: np0000006209) handling event "create" for row 2a2ce937-25ae-4a34-822b-fe8d2dc67115 (table: ACL) {{(pid=87571) notify /opt/stack/neutron/neutron/plugins/ml2/drivers/ovn/mech_driver/ovsdb/ovsdb_monitor.py:1013}}
Jul 31 11:00:59.084691 np0000006209 devstack@neutron-api.service[87571]: DEBUG neutron.plugins.ml2.drivers.ovn.mech_driver.ovsdb.ovsdb_monitor [None req-40735668-bc62-47ac-93a8-1c33aa73166b None None] Hash Ring: Node 352197df56ec5783856ec3d798c2fe60 (host: np0000006209) handling event "create" for row eedf9d9c-26fe-4589-a788-e60369d774cf (table: ACL) {{(pid=87571) notify /opt/stack/neutron/neutron/plugins/ml2/drivers/ovn/mech_driver/ovsdb/ovsdb_monitor.py:1013}}
Jul 31 11:00:59.084870 np0000006209 devstack@neutron-api.service[87571]: DEBUG neutron.plugins.ml2.drivers.ovn.mech_driver.ovsdb.ovsdb_monitor [None req-40735668-bc62-47ac-93a8-1c33aa73166b None None] Hash Ring: Node 352197df56ec5783856ec3d798c2fe60 (host: np0000006209) handling event "create" for row f335cfaa-7c35-4281-a1b0-a6122123ee80 (table: ACL) {{(pid=87571) notify /opt/stack/neutron/neutron/plugins/ml2/drivers/ovn/mech_driver/ovsdb/ovsdb_monitor.py:1013}}
Jul 31 11:00:59.085085 np0000006209 devstack@neutron-api.service[87571]: DEBUG neutron.plugins.ml2.drivers.ovn.mech_driver.ovsdb.ovsdb_monitor [None req-40735668-bc62-47ac-93a8-1c33aa73166b None None] Hash Ring: Node 352197df56ec5783856ec3d798c2fe60 (host: np0000006209) handling event "create" for row f2eafc0c-e3fd-40d8-a543-f348fac0dbfc (table: Port_Group) {{(pid=87571) notify /opt/stack/neutron/neutron/plugins/ml2/drivers/ovn/mech_driver/ovsdb/ovsdb_monitor.py:1013}}
Jul 31 11:00:59.085856 np0000006209 devstack@neutron-api.service[87571]: INFO neutron.plugins.ml2.drivers.ovn.mech_driver.ovsdb.impl_idl_ovn [None req-40735668-bc62-47ac-93a8-1c33aa73166b None None] Getting OvsdbSbOvnIdl for WorkerService with retry
Jul 31 11:00:59.103052 np0000006209 devstack@neutron-api.service[87569]: DEBUG ovsdbapp.backend.ovs_idl [None req-f208901b-cee8-46ee-bd51-305e0518bd25 None None] Created lookup_table index Logical_Switch.name {{(pid=87569) autocreate_indices /opt/stack/data/venv/lib/python3.12/site-packages/ovsdbapp/backend/ovs_idl/__init__.py:87}}
Jul 31 11:00:59.103285 np0000006209 devstack@neutron-api.service[87569]: DEBUG ovsdbapp.backend.ovs_idl [None req-f208901b-cee8-46ee-bd51-305e0518bd25 None None] Created lookup_table index Logical_Router.name {{(pid=87569) autocreate_indices /opt/stack/data/venv/lib/python3.12/site-packages/ovsdbapp/backend/ovs_idl/__init__.py:87}}
Jul 31 11:00:59.103440 np0000006209 devstack@neutron-api.service[87569]: DEBUG ovsdbapp.backend.ovs_idl [None req-f208901b-cee8-46ee-bd51-305e0518bd25 None None] Created lookup_table index Load_Balancer.name {{(pid=87569) autocreate_indices /opt/stack/data/venv/lib/python3.12/site-packages/ovsdbapp/backend/ovs_idl/__init__.py:87}}
Jul 31 11:00:59.103592 np0000006209 devstack@neutron-api.service[87569]: DEBUG ovsdbapp.backend.ovs_idl [None req-f208901b-cee8-46ee-bd51-305e0518bd25 None None] Created schema index Copp.name {{(pid=87569) autocreate_indices /opt/stack/data/venv/lib/python3.12/site-packages/ovsdbapp/backend/ovs_idl/__init__.py:106}}
Jul 31 11:00:59.103797 np0000006209 devstack@neutron-api.service[87569]: DEBUG ovsdbapp.backend.ovs_idl [None req-f208901b-cee8-46ee-bd51-305e0518bd25 None None] Created schema index Meter.name {{(pid=87569) autocreate_indices /opt/stack/data/venv/lib/python3.12/site-packages/ovsdbapp/backend/ovs_idl/__init__.py:106}}
Jul 31 11:00:59.103907 np0000006209 devstack@neutron-api.service[87569]: DEBUG ovsdbapp.backend.ovs_idl [None req-f208901b-cee8-46ee-bd51-305e0518bd25 None None] Created schema index Load_Balancer_Group.name {{(pid=87569) autocreate_indices /opt/stack/data/venv/lib/python3.12/site-packages/ovsdbapp/backend/ovs_idl/__init__.py:106}}
Jul 31 11:00:59.104083 np0000006209 devstack@neutron-api.service[87569]: DEBUG ovsdbapp.backend.ovs_idl [None req-f208901b-cee8-46ee-bd51-305e0518bd25 None None] Created schema index HA_Chassis_Group.name {{(pid=87569) autocreate_indices /opt/stack/data/venv/lib/python3.12/site-packages/ovsdbapp/backend/ovs_idl/__init__.py:106}}
Jul 31 11:00:59.104192 np0000006209 devstack@neutron-api.service[87569]: DEBUG ovsdbapp.backend.ovs_idl [None req-f208901b-cee8-46ee-bd51-305e0518bd25 None None] Created schema index Address_Set.name {{(pid=87569) autocreate_indices /opt/stack/data/venv/lib/python3.12/site-packages/ovsdbapp/backend/ovs_idl/__init__.py:106}}
Jul 31 11:00:59.104309 np0000006209 devstack@neutron-api.service[87569]: DEBUG ovsdbapp.backend.ovs_idl [None req-f208901b-cee8-46ee-bd51-305e0518bd25 None None] Created schema index Connection.target {{(pid=87569) autocreate_indices /opt/stack/data/venv/lib/python3.12/site-packages/ovsdbapp/backend/ovs_idl/__init__.py:106}}
Jul 31 11:00:59.104460 np0000006209 devstack@neutron-api.service[87569]: DEBUG ovsdbapp.backend.ovs_idl [None req-f208901b-cee8-46ee-bd51-305e0518bd25 None None] Created schema index Gateway_Chassis.name {{(pid=87569) autocreate_indices /opt/stack/data/venv/lib/python3.12/site-packages/ovsdbapp/backend/ovs_idl/__init__.py:106}}
Jul 31 11:00:59.104595 np0000006209 devstack@neutron-api.service[87569]: DEBUG ovsdbapp.backend.ovs_idl [None req-f208901b-cee8-46ee-bd51-305e0518bd25 None None] Created schema index Mirror.name {{(pid=87569) autocreate_indices /opt/stack/data/venv/lib/python3.12/site-packages/ovsdbapp/backend/ovs_idl/__init__.py:106}}
Jul 31 11:00:59.105227 np0000006209 devstack@neutron-api.service[87569]: DEBUG ovsdbapp.backend.ovs_idl [None req-f208901b-cee8-46ee-bd51-305e0518bd25 None None] Created schema index Chassis_Template_Var.chassis {{(pid=87569) autocreate_indices /opt/stack/data/venv/lib/python3.12/site-packages/ovsdbapp/backend/ovs_idl/__init__.py:106}}
Jul 31 11:00:59.105397 np0000006209 devstack@neutron-api.service[87569]: DEBUG ovsdbapp.backend.ovs_idl [None req-f208901b-cee8-46ee-bd51-305e0518bd25 None None] Created schema index Logical_Router_Port.name {{(pid=87569) autocreate_indices /opt/stack/data/venv/lib/python3.12/site-packages/ovsdbapp/backend/ovs_idl/__init__.py:106}}
Jul 31 11:00:59.105564 np0000006209 devstack@neutron-api.service[87569]: DEBUG ovsdbapp.backend.ovs_idl [None req-f208901b-cee8-46ee-bd51-305e0518bd25 None None] Created schema index Port_Group.name {{(pid=87569) autocreate_indices /opt/stack/data/venv/lib/python3.12/site-packages/ovsdbapp/backend/ovs_idl/__init__.py:106}}
Jul 31 11:00:59.105692 np0000006209 devstack@neutron-api.service[87569]: DEBUG ovsdbapp.backend.ovs_idl [None req-f208901b-cee8-46ee-bd51-305e0518bd25 None None] Created schema index Logical_Switch_Port.name {{(pid=87569) autocreate_indices /opt/stack/data/venv/lib/python3.12/site-packages/ovsdbapp/backend/ovs_idl/__init__.py:106}}
Jul 31 11:00:59.109134 np0000006209 devstack@neutron-api.service[87571]: DEBUG ovsdbapp.backend.ovs_idl [None req-40735668-bc62-47ac-93a8-1c33aa73166b None None] Created lookup_table index Chassis.name {{(pid=87571) autocreate_indices /opt/stack/data/venv/lib/python3.12/site-packages/ovsdbapp/backend/ovs_idl/__init__.py:87}}
Jul 31 11:00:59.109235 np0000006209 devstack@neutron-api.service[87571]: DEBUG ovsdbapp.backend.ovs_idl [None req-40735668-bc62-47ac-93a8-1c33aa73166b None None] Created lookup_table index Port_Binding.logical_port {{(pid=87571) autocreate_indices /opt/stack/data/venv/lib/python3.12/site-packages/ovsdbapp/backend/ovs_idl/__init__.py:87}}
Jul 31 11:00:59.109352 np0000006209 devstack@neutron-api.service[87571]: DEBUG ovsdbapp.backend.ovs_idl [None req-40735668-bc62-47ac-93a8-1c33aa73166b None None] Created schema index Chassis_Private.name {{(pid=87571) autocreate_indices /opt/stack/data/venv/lib/python3.12/site-packages/ovsdbapp/backend/ovs_idl/__init__.py:106}}
Jul 31 11:00:59.109421 np0000006209 devstack@neutron-api.service[87571]: DEBUG ovsdbapp.backend.ovs_idl [None req-40735668-bc62-47ac-93a8-1c33aa73166b None None] Created schema index Datapath_Binding.tunnel_key {{(pid=87571) autocreate_indices /opt/stack/data/venv/lib/python3.12/site-packages/ovsdbapp/backend/ovs_idl/__init__.py:106}}
Jul 31 11:00:59.109605 np0000006209 devstack@neutron-api.service[87569]: INFO ovsdbapp.backend.ovs_idl.vlog [None req-f208901b-cee8-46ee-bd51-305e0518bd25 None None] ssl:10.4.3.63:6641: connecting...
Jul 31 11:00:59.111793 np0000006209 devstack@neutron-api.service[87571]: INFO ovsdbapp.backend.ovs_idl.vlog [None req-40735668-bc62-47ac-93a8-1c33aa73166b None None] ssl:10.4.3.63:6642: connecting...
Jul 31 11:00:59.115711 np0000006209 devstack@neutron-api.service[87571]: INFO ovsdbapp.backend.ovs_idl.vlog [None req-40735668-bc62-47ac-93a8-1c33aa73166b None None] ssl:10.4.3.63:6642: connected
Jul 31 11:00:59.116765 np0000006209 devstack@neutron-api.service[87569]: INFO ovsdbapp.backend.ovs_idl.vlog [None req-f208901b-cee8-46ee-bd51-305e0518bd25 None None] ssl:10.4.3.63:6641: connected
Jul 31 11:00:59.140134 np0000006209 devstack@neutron-api.service[87571]: DEBUG neutron.common.ovn.hash_ring_manager [None req-40735668-bc62-47ac-93a8-1c33aa73166b None None] Allow caching, nodes 3>=3 {{(pid=87571) _wait_startup_before_caching /opt/stack/neutron/neutron/common/ovn/hash_ring_manager.py:71}}
