Aug 17 19:53:53.342222 np0000007580 devstack@c-api.service[97036]: DEBUG cinder.api.openstack.wsgi [None req-02fab186-9bb4-4801-8848-031c285f0a12 tempest-GroupSnapshotsV319Test-1823721444 tempest-GroupSnapshotsV319Test-1823721444-project-admin] Action: 'create', calling method: version_select, body: {"group_type": {"name": "tempest-GroupSnapshotsV319Test-group-type-313319422"}} {{(pid=97036) _process_stack /opt/stack/cinder/cinder/api/openstack/wsgi.py:876}}
Aug 17 19:53:53.344237 np0000007580 devstack@c-api.service[97036]: /opt/stack/data/venv/lib/python3.12/site-packages/oslo_context/context.py:102: DeprecationWarning: Policy enforcement is depending on the value of is_admin. This key is deprecated. Please update your policy file to use the standard policy values.
Aug 17 19:53:53.344237 np0000007580 devstack@c-api.service[97036]: warnings.warn(
Aug 17 19:53:53.366360 np0000007580 devstack@c-api.service[97036]: INFO cinder.api.openstack.wsgi [None req-02fab186-9bb4-4801-8848-031c285f0a12 tempest-GroupSnapshotsV319Test-1823721444 tempest-GroupSnapshotsV319Test-1823721444-project-admin] https://10.4.3.113/volume/v3/group_types returned with HTTP 202
Aug 17 19:53:53.366896 np0000007580 devstack@c-api.service[97036]: [pid: 97036|app: 0|req: 152/450] 10.4.3.113 () {70 vars in 1311 bytes} [Mon Aug 17 19:53:53 2026] POST /volume/v3/group_types => generated 184 bytes in 29 msecs (HTTP/1.1 202) 7 headers in 292 bytes (1 switches on core 0)
Aug 17 19:53:53.376097 np0000007580 devstack@c-api.service[97035]: DEBUG cinder.api.middleware.request_id [None req-0e3d5d23-87e9-436f-9ab4-207c7a50c959 None None] RequestId filter calling following filter/app {{(pid=97035) _context_setter /opt/stack/cinder/cinder/api/middleware/request_id.py:62}}
Aug 17 19:53:53.459335 np0000007580 devstack@c-api.service[97035]: INFO cinder.api.openstack.wsgi [None req-0e3d5d23-87e9-436f-9ab4-207c7a50c959 tempest-GroupSnapshotsV319Test-1490323318 tempest-GroupSnapshotsV319Test-1490323318-project-member] POST https://10.4.3.113/volume/v3/groups
Aug 17 19:53:53.459939 np0000007580 devstack@c-api.service[97035]: DEBUG cinder.api.openstack.wsgi [None req-0e3d5d23-87e9-436f-9ab4-207c7a50c959 tempest-GroupSnapshotsV319Test-1490323318 tempest-GroupSnapshotsV319Test-1490323318-project-member] Action: 'create', calling method: version_select, body: {"group": {"group_type": "0449629f-e329-45ff-8c33-0e349ee465d8", "volume_types": ["e04f306a-efb6-4b68-b784-5f7e9844ed2f"], "name": "tempest-GroupSnapshotsV319Test-Group-597342353"}} {{(pid=97035) _process_stack /opt/stack/cinder/cinder/api/openstack/wsgi.py:876}}
Aug 17 19:53:53.461967 np0000007580 devstack@c-api.service[97035]: DEBUG cinder.api.v3.groups [None req-0e3d5d23-87e9-436f-9ab4-207c7a50c959 tempest-GroupSnapshotsV319Test-1490323318 tempest-GroupSnapshotsV319Test-1490323318-project-member] Creating new group {'group': {'group_type': '0449629f-e329-45ff-8c33-0e349ee465d8', 'volume_types': ['e04f306a-efb6-4b68-b784-5f7e9844ed2f'], 'name': 'tempest-GroupSnapshotsV319Test-Group-597342353'}} {{(pid=97035) create /opt/stack/cinder/cinder/api/v3/groups.py:190}}
Aug 17 19:53:53.470846 np0000007580 devstack@c-api.service[97035]: INFO cinder.api.v3.groups [None req-0e3d5d23-87e9-436f-9ab4-207c7a50c959 tempest-GroupSnapshotsV319Test-1490323318 tempest-GroupSnapshotsV319Test-1490323318-project-member] Creating group tempest-GroupSnapshotsV319Test-Group-597342353.
Aug 17 19:53:53.484548 np0000007580 devstack@c-api.service[97035]: INFO cinder.volume.api [None req-0e3d5d23-87e9-436f-9ab4-207c7a50c959 tempest-GroupSnapshotsV319Test-1490323318 tempest-GroupSnapshotsV319Test-1490323318-project-member] Availability Zones retrieved successfully.
Aug 17 19:53:53.520590 np0000007580 devstack@c-api.service[97035]: DEBUG cinder.quota [None req-0e3d5d23-87e9-436f-9ab4-207c7a50c959 tempest-GroupSnapshotsV319Test-1490323318 tempest-GroupSnapshotsV319Test-1490323318-project-member] Created reservations ['78006814-2c47-4f3f-afde-6d5280f8b7df'] {{(pid=97035) reserve /opt/stack/cinder/cinder/quota.py:752}}
Aug 17 19:53:53.561909 np0000007580 devstack@c-api.service[97035]: INFO cinder.api.openstack.wsgi [None req-0e3d5d23-87e9-436f-9ab4-207c7a50c959 tempest-GroupSnapshotsV319Test-1490323318 tempest-GroupSnapshotsV319Test-1490323318-project-member] https://10.4.3.113/volume/v3/groups returned with HTTP 202
Aug 17 19:53:53.562301 np0000007580 devstack@c-api.service[97034]: DEBUG cinder.api.middleware.request_id [req-7c60c974-9a20-4cac-9488-1a0a32552fae req-ef038a63-7751-41aa-8c60-acca716737c9 None None] RequestId filter calling following filter/app {{(pid=97034) _context_setter /opt/stack/cinder/cinder/api/middleware/request_id.py:62}}
Aug 17 19:53:53.562386 np0000007580 devstack@c-api.service[97035]: [pid: 97035|app: 0|req: 147/451] 10.4.3.113 () {70 vars in 1297 bytes} [Mon Aug 17 19:53:53 2026] POST /volume/v3/groups => generated 115 bytes in 187 msecs (HTTP/1.1 202) 7 headers in 292 bytes (1 switches on core 0)
Aug 17 19:53:53.568404 np0000007580 devstack@c-api.service[97034]: INFO cinder.api.openstack.wsgi [req-7c60c974-9a20-4cac-9488-1a0a32552fae req-ef038a63-7751-41aa-8c60-acca716737c9 tempest-ServerActionsTestOtherA-1847414286 tempest-ServerActionsTestOtherA-1847414286-project-member] DELETE https://10.4.3.113/volume/v3/attachments/9ed0366a-02ea-4836-a9d7-59d1f4f423cd
Aug 17 19:53:53.568599 np0000007580 devstack@c-api.service[97034]: DEBUG cinder.api.openstack.wsgi [req-7c60c974-9a20-4cac-9488-1a0a32552fae req-ef038a63-7751-41aa-8c60-acca716737c9 tempest-ServerActionsTestOtherA-1847414286 tempest-ServerActionsTestOtherA-1847414286-project-member] Empty body provided in request {{(pid=97034) get_body /opt/stack/cinder/cinder/api/openstack/wsgi.py:725}}
Aug 17 19:53:53.568894 np0000007580 devstack@c-api.service[97034]: DEBUG cinder.api.openstack.wsgi [req-7c60c974-9a20-4cac-9488-1a0a32552fae req-ef038a63-7751-41aa-8c60-acca716737c9 tempest-ServerActionsTestOtherA-1847414286 tempest-ServerActionsTestOtherA-1847414286-project-member] Calling method 'version_select' {{(pid=97034) _process_stack /opt/stack/cinder/cinder/api/openstack/wsgi.py:878}}
Aug 17 19:53:53.572789 np0000007580 devstack@c-api.service[97036]: DEBUG cinder.api.middleware.request_id [None req-c1fdb6c9-1921-47c3-a247-33b6d6d14add None None] RequestId filter calling following filter/app {{(pid=97036) _context_setter /opt/stack/cinder/cinder/api/middleware/request_id.py:62}}
Aug 17 19:53:53.574892 np0000007580 devstack@c-api.service[97036]: INFO cinder.api.openstack.wsgi [None req-c1fdb6c9-1921-47c3-a247-33b6d6d14add tempest-GroupSnapshotsV319Test-1490323318 tempest-GroupSnapshotsV319Test-1490323318-project-member] GET https://10.4.3.113/volume/v3/groups/9761da25-c7db-44ff-ab3e-2d8a04a42b70
Aug 17 19:53:53.575189 np0000007580 devstack@c-api.service[97036]: DEBUG cinder.api.openstack.wsgi [None req-c1fdb6c9-1921-47c3-a247-33b6d6d14add tempest-GroupSnapshotsV319Test-1490323318 tempest-GroupSnapshotsV319Test-1490323318-project-member] Empty body provided in request {{(pid=97036) get_body /opt/stack/cinder/cinder/api/openstack/wsgi.py:725}}
Aug 17 19:53:53.575439 np0000007580 devstack@c-api.service[97036]: DEBUG cinder.api.openstack.wsgi [None req-c1fdb6c9-1921-47c3-a247-33b6d6d14add tempest-GroupSnapshotsV319Test-1490323318 tempest-GroupSnapshotsV319Test-1490323318-project-member] Calling method 'version_select' {{(pid=97036) _process_stack /opt/stack/cinder/cinder/api/openstack/wsgi.py:878}}
Aug 17 19:53:53.575646 np0000007580 devstack@c-api.service[97036]: DEBUG cinder.api.v3.groups [None req-c1fdb6c9-1921-47c3-a247-33b6d6d14add tempest-GroupSnapshotsV319Test-1490323318 tempest-GroupSnapshotsV319Test-1490323318-project-member] show called for member 9761da25-c7db-44ff-ab3e-2d8a04a42b70 {{(pid=97036) show /opt/stack/cinder/cinder/api/v3/groups.py:58}}
Aug 17 19:53:53.576536 np0000007580 devstack@c-api.service[97034]: /opt/stack/data/venv/lib/python3.12/site-packages/oslo_context/context.py:102: DeprecationWarning: Policy enforcement is depending on the value of is_admin. This key is deprecated. Please update your policy file to use the standard policy values.
Aug 17 19:53:53.576536 np0000007580 devstack@c-api.service[97034]: warnings.warn(
Aug 17 19:53:53.579214 np0000007580 devstack@c-api.service[97036]: /opt/stack/data/venv/lib/python3.12/site-packages/oslo_context/context.py:102: DeprecationWarning: Policy enforcement is depending on the value of is_admin. This key is deprecated. Please update your policy file to use the standard policy values.
Aug 17 19:53:53.579214 np0000007580 devstack@c-api.service[97036]: warnings.warn(
Aug 17 19:53:53.593502 np0000007580 devstack@c-api.service[97036]: INFO cinder.api.openstack.wsgi [None req-c1fdb6c9-1921-47c3-a247-33b6d6d14add tempest-GroupSnapshotsV319Test-1490323318 tempest-GroupSnapshotsV319Test-1490323318-project-member] https://10.4.3.113/volume/v3/groups/9761da25-c7db-44ff-ab3e-2d8a04a42b70 returned with HTTP 200
Aug 17 19:53:53.594310 np0000007580 devstack@c-api.service[97036]: [pid: 97036|app: 0|req: 153/452] 10.4.3.113 () {68 vars in 1386 bytes} [Mon Aug 17 19:53:53 2026] GET /volume/v3/groups/9761da25-c7db-44ff-ab3e-2d8a04a42b70 => generated 395 bytes in 22 msecs (HTTP/1.1 200) 7 headers in 286 bytes (1 switches on core 0)
Aug 17 19:53:53.622301 np0000007580 devstack@c-api.service[97034]: INFO cinder.api.openstack.wsgi [req-7c60c974-9a20-4cac-9488-1a0a32552fae req-ef038a63-7751-41aa-8c60-acca716737c9 tempest-ServerActionsTestOtherA-1847414286 tempest-ServerActionsTestOtherA-1847414286-project-member] https://10.4.3.113/volume/v3/attachments/9ed0366a-02ea-4836-a9d7-59d1f4f423cd returned with HTTP 200
Aug 17 19:53:53.622811 np0000007580 devstack@c-api.service[97034]: [pid: 97034|app: 0|req: 153/453] 10.4.3.113 () {72 vars in 1673 bytes} [Mon Aug 17 19:53:53 2026] DELETE /volume/v3/attachments/9ed0366a-02ea-4836-a9d7-59d1f4f423cd => generated 19 bytes in 61 msecs (HTTP/1.1 200) 7 headers in 285 bytes (1 switches on core 0)
Aug 17 19:53:53.711421 np0000007580 devstack@c-api.service[97035]: DEBUG cinder.api.middleware.request_id [None req-a8639c60-be86-49ba-aed7-cff1383c30c5 None None] RequestId filter calling following filter/app {{(pid=97035) _context_setter /opt/stack/cinder/cinder/api/middleware/request_id.py:62}}
Aug 17 19:53:53.713584 np0000007580 devstack@c-api.service[97035]: INFO cinder.api.openstack.wsgi [None req-a8639c60-be86-49ba-aed7-cff1383c30c5 tempest-GroupSnapshotsTest-1022609888 tempest-GroupSnapshotsTest-1022609888-project-member] GET https://10.4.3.113/volume/v3/group_snapshots/429ac379-ad77-47a5-9267-6b5f1d180111
Aug 17 19:53:53.713865 np0000007580 devstack@c-api.service[97035]: DEBUG cinder.api.openstack.wsgi [None req-a8639c60-be86-49ba-aed7-cff1383c30c5 tempest-GroupSnapshotsTest-1022609888 tempest-GroupSnapshotsTest-1022609888-project-member] Empty body provided in request {{(pid=97035) get_body /opt/stack/cinder/cinder/api/openstack/wsgi.py:725}}
Aug 17 19:53:53.714121 np0000007580 devstack@c-api.service[97035]: DEBUG cinder.api.openstack.wsgi [None req-a8639c60-be86-49ba-aed7-cff1383c30c5 tempest-GroupSnapshotsTest-1022609888 tempest-GroupSnapshotsTest-1022609888-project-member] Calling method 'version_select' {{(pid=97035) _process_stack /opt/stack/cinder/cinder/api/openstack/wsgi.py:878}}
Aug 17 19:53:53.714292 np0000007580 devstack@c-api.service[97035]: DEBUG cinder.api.v3.group_snapshots [None req-a8639c60-be86-49ba-aed7-cff1383c30c5 tempest-GroupSnapshotsTest-1022609888 tempest-GroupSnapshotsTest-1022609888-project-member] show called for member 429ac379-ad77-47a5-9267-6b5f1d180111 {{(pid=97035) show /opt/stack/cinder/cinder/api/v3/group_snapshots.py:58}}
Aug 17 19:53:53.720965 np0000007580 devstack@c-api.service[97035]: /opt/stack/data/venv/lib/python3.12/site-packages/oslo_context/context.py:102: DeprecationWarning: Policy enforcement is depending on the value of is_admin. This key is deprecated. Please update your policy file to use the standard policy values.
Aug 17 19:53:53.720965 np0000007580 devstack@c-api.service[97035]: warnings.warn(
Aug 17 19:53:53.727514 np0000007580 devstack@c-api.service[97035]: INFO cinder.api.openstack.wsgi [None req-a8639c60-be86-49ba-aed7-cff1383c30c5 tempest-GroupSnapshotsTest-1022609888 tempest-GroupSnapshotsTest-1022609888-project-member] https://10.4.3.113/volume/v3/group_snapshots/429ac379-ad77-47a5-9267-6b5f1d180111 returned with HTTP 200
Aug 17 19:53:53.728286 np0000007580 devstack@c-api.service[97035]: [pid: 97035|app: 0|req: 148/454] 10.4.3.113 () {68 vars in 1413 bytes} [Mon Aug 17 19:53:53 2026] GET /volume/v3/group_snapshots/429ac379-ad77-47a5-9267-6b5f1d180111 => generated 307 bytes in 18 msecs (HTTP/1.1 200) 7 headers in 286 bytes (1 switches on core 0)
Aug 17 19:53:53.741813 np0000007580 devstack@c-api.service[97036]: DEBUG cinder.api.middleware.request_id [None req-25e123af-e2bd-4197-b5fe-d54c9675473e None None] RequestId filter calling following filter/app {{(pid=97036) _context_setter /opt/stack/cinder/cinder/api/middleware/request_id.py:62}}
Aug 17 19:53:53.743979 np0000007580 devstack@c-api.service[97036]: INFO cinder.api.openstack.wsgi [None req-25e123af-e2bd-4197-b5fe-d54c9675473e tempest-GroupSnapshotsTest-1022609888 tempest-GroupSnapshotsTest-1022609888-project-member] GET https://10.4.3.113/volume/v3/snapshots/detail
Aug 17 19:53:53.744222 np0000007580 devstack@c-api.service[97036]: DEBUG cinder.api.openstack.wsgi [None req-25e123af-e2bd-4197-b5fe-d54c9675473e tempest-GroupSnapshotsTest-1022609888 tempest-GroupSnapshotsTest-1022609888-project-member] Empty body provided in request {{(pid=97036) get_body /opt/stack/cinder/cinder/api/openstack/wsgi.py:725}}
Aug 17 19:53:53.744481 np0000007580 devstack@c-api.service[97036]: DEBUG cinder.api.openstack.wsgi [None req-25e123af-e2bd-4197-b5fe-d54c9675473e tempest-GroupSnapshotsTest-1022609888 tempest-GroupSnapshotsTest-1022609888-project-member] Calling method 'detail' {{(pid=97036) _process_stack /opt/stack/cinder/cinder/api/openstack/wsgi.py:878}}
Aug 17 19:53:53.744843 np0000007580 devstack@c-api.service[97036]: DEBUG cinder.api.api_utils [None req-25e123af-e2bd-4197-b5fe-d54c9675473e tempest-GroupSnapshotsTest-1022609888 tempest-GroupSnapshotsTest-1022609888-project-member] Removing options '' from query. {{(pid=97036) remove_invalid_filter_options /opt/stack/cinder/cinder/api/api_utils.py:82}}
Aug 17 19:53:53.745017 np0000007580 devstack@c-api.service[97034]: DEBUG cinder.api.middleware.request_id [None req-9f82f6de-4a18-49df-9525-816786d15165 None None] RequestId filter calling following filter/app {{(pid=97034) _context_setter /opt/stack/cinder/cinder/api/middleware/request_id.py:62}}
Aug 17 19:53:53.745657 np0000007580 devstack@c-api.service[97036]: /opt/stack/data/venv/lib/python3.12/site-packages/oslo_context/context.py:102: DeprecationWarning: Policy enforcement is depending on the value of is_admin. This key is deprecated. Please update your policy file to use the standard policy values.
Aug 17 19:53:53.745657 np0000007580 devstack@c-api.service[97036]: warnings.warn(
Aug 17 19:53:53.746061 np0000007580 devstack@c-api.service[97036]: DEBUG cinder.db.api [None req-25e123af-e2bd-4197-b5fe-d54c9675473e tempest-GroupSnapshotsTest-1022609888 tempest-GroupSnapshotsTest-1022609888-project-member] Building query based on filter {{(pid=97036) _process_snaps_filters /opt/stack/cinder/cinder/db/api.py:3942}}
Aug 17 19:53:53.749301 np0000007580 devstack@c-api.service[97034]: INFO cinder.api.openstack.wsgi [None req-9f82f6de-4a18-49df-9525-816786d15165 tempest-ServerActionsTestOtherA-1847414286 tempest-ServerActionsTestOtherA-1847414286-project-member] GET https://10.4.3.113/volume/v3/volumes/bc91e955-169f-4fb9-a1c3-a0d978226272
Aug 17 19:53:53.751230 np0000007580 devstack@c-api.service[97034]: DEBUG cinder.api.openstack.wsgi [None req-9f82f6de-4a18-49df-9525-816786d15165 tempest-ServerActionsTestOtherA-1847414286 tempest-ServerActionsTestOtherA-1847414286-project-member] Empty body provided in request {{(pid=97034) get_body /opt/stack/cinder/cinder/api/openstack/wsgi.py:725}}
Aug 17 19:53:53.751573 np0000007580 devstack@c-api.service[97034]: DEBUG cinder.api.openstack.wsgi [None req-9f82f6de-4a18-49df-9525-816786d15165 tempest-ServerActionsTestOtherA-1847414286 tempest-ServerActionsTestOtherA-1847414286-project-member] Calling method 'show' {{(pid=97034) _process_stack /opt/stack/cinder/cinder/api/openstack/wsgi.py:878}}
Aug 17 19:53:53.758847 np0000007580 devstack@c-api.service[97036]: INFO cinder.volume.api [None req-25e123af-e2bd-4197-b5fe-d54c9675473e tempest-GroupSnapshotsTest-1022609888 tempest-GroupSnapshotsTest-1022609888-project-member] Get all snapshots completed successfully.
Aug 17 19:53:53.759231 np0000007580 devstack@c-api.service[97036]: /opt/stack/data/venv/lib/python3.12/site-packages/oslo_context/context.py:102: DeprecationWarning: Policy enforcement is depending on the value of is_admin. This key is deprecated. Please update your policy file to use the standard policy values.
Aug 17 19:53:53.759231 np0000007580 devstack@c-api.service[97036]: warnings.warn(
Aug 17 19:53:53.760118 np0000007580 devstack@c-api.service[97036]: INFO cinder.api.openstack.wsgi [None req-25e123af-e2bd-4197-b5fe-d54c9675473e tempest-GroupSnapshotsTest-1022609888 tempest-GroupSnapshotsTest-1022609888-project-member] https://10.4.3.113/volume/v3/snapshots/detail returned with HTTP 200
Aug 17 19:53:53.760842 np0000007580 devstack@c-api.service[97036]: [pid: 97036|app: 0|req: 154/455] 10.4.3.113 () {66 vars in 1264 bytes} [Mon Aug 17 19:53:53 2026] GET /volume/v3/snapshots/detail => generated 453 bytes in 19 msecs (HTTP/1.1 200) 7 headers in 285 bytes (1 switches on core 0)
Aug 17 19:53:53.770151 np0000007580 devstack@c-api.service[97035]: DEBUG cinder.api.middleware.request_id [None req-648f3209-0153-4573-9c4d-ed39078846c0 None None] RequestId filter calling following filter/app {{(pid=97035) _context_setter /opt/stack/cinder/cinder/api/middleware/request_id.py:62}}
Aug 17 19:53:53.771364 np0000007580 devstack@c-api.service[97034]: /opt/stack/data/venv/lib/python3.12/site-packages/oslo_context/context.py:102: DeprecationWarning: Policy enforcement is depending on the value of is_admin. This key is deprecated. Please update your policy file to use the standard policy values.
Aug 17 19:53:53.771364 np0000007580 devstack@c-api.service[97034]: warnings.warn(
Aug 17 19:53:53.773797 np0000007580 devstack@c-api.service[97035]: INFO cinder.api.openstack.wsgi [None req-648f3209-0153-4573-9c4d-ed39078846c0 tempest-GroupSnapshotsTest-1022609888 tempest-GroupSnapshotsTest-1022609888-project-member] GET https://10.4.3.113/volume/v3/snapshots/dc3c548a-0e0d-4e26-a6e5-c96fa8c73e05
Aug 17 19:53:53.775076 np0000007580 devstack@c-api.service[97035]: DEBUG cinder.api.openstack.wsgi [None req-648f3209-0153-4573-9c4d-ed39078846c0 tempest-GroupSnapshotsTest-1022609888 tempest-GroupSnapshotsTest-1022609888-project-member] Empty body provided in request {{(pid=97035) get_body /opt/stack/cinder/cinder/api/openstack/wsgi.py:725}}
Aug 17 19:53:53.775076 np0000007580 devstack@c-api.service[97035]: DEBUG cinder.api.openstack.wsgi [None req-648f3209-0153-4573-9c4d-ed39078846c0 tempest-GroupSnapshotsTest-1022609888 tempest-GroupSnapshotsTest-1022609888-project-member] Calling method 'show' {{(pid=97035) _process_stack /opt/stack/cinder/cinder/api/openstack/wsgi.py:878}}
Aug 17 19:53:53.780663 np0000007580 devstack@c-api.service[97034]: INFO cinder.volume.api [None req-9f82f6de-4a18-49df-9525-816786d15165 tempest-ServerActionsTestOtherA-1847414286 tempest-ServerActionsTestOtherA-1847414286-project-member] Volume info retrieved successfully.
Aug 17 19:53:53.780739 np0000007580 devstack@c-api.service[97035]: /opt/stack/data/venv/lib/python3.12/site-packages/oslo_context/context.py:102: DeprecationWarning: Policy enforcement is depending on the value of is_admin. This key is deprecated. Please update your policy file to use the standard policy values.
Aug 17 19:53:53.780739 np0000007580 devstack@c-api.service[97035]: warnings.warn(
Aug 17 19:53:53.780739 np0000007580 devstack@c-api.service[97035]: INFO cinder.volume.api [None req-648f3209-0153-4573-9c4d-ed39078846c0 tempest-GroupSnapshotsTest-1022609888 tempest-GroupSnapshotsTest-1022609888-project-member] Snapshot retrieved successfully.
Aug 17 19:53:53.780739 np0000007580 devstack@c-api.service[97035]: INFO cinder.api.openstack.wsgi [None req-648f3209-0153-4573-9c4d-ed39078846c0 tempest-GroupSnapshotsTest-1022609888 tempest-GroupSnapshotsTest-1022609888-project-member] https://10.4.3.113/volume/v3/snapshots/dc3c548a-0e0d-4e26-a6e5-c96fa8c73e05 returned with HTTP 200
Aug 17 19:53:53.780739 np0000007580 devstack@c-api.service[97035]: [pid: 97035|app: 0|req: 149/456] 10.4.3.113 () {66 vars in 1354 bytes} [Mon Aug 17 19:53:53 2026] GET /volume/v3/snapshots/dc3c548a-0e0d-4e26-a6e5-c96fa8c73e05 => generated 450 bytes in 11 msecs (HTTP/1.1 200) 7 headers in 285 bytes (1 switches on core 0)
Aug 17 19:53:53.785061 np0000007580 devstack@c-api.service[97034]: INFO cinder.api.openstack.wsgi [None req-9f82f6de-4a18-49df-9525-816786d15165 tempest-ServerActionsTestOtherA-1847414286 tempest-ServerActionsTestOtherA-1847414286-project-member] https://10.4.3.113/volume/v3/volumes/bc91e955-169f-4fb9-a1c3-a0d978226272 returned with HTTP 200
Aug 17 19:53:53.785655 np0000007580 devstack@c-api.service[97034]: [pid: 97034|app: 0|req: 154/457] 10.4.3.113 () {66 vars in 1348 bytes} [Mon Aug 17 19:53:53 2026] GET /volume/v3/volumes/bc91e955-169f-4fb9-a1c3-a0d978226272 => generated 846 bytes in 41 msecs (HTTP/1.1 200) 7 headers in 285 bytes (1 switches on core 0)
Aug 17 19:53:53.789505 np0000007580 devstack@c-api.service[97036]: DEBUG cinder.api.middleware.request_id [None req-3c13353f-4bac-434f-9e96-3e02333027b5 None None] RequestId filter calling following filter/app {{(pid=97036) _context_setter /opt/stack/cinder/cinder/api/middleware/request_id.py:62}}
Aug 17 19:53:53.791172 np0000007580 devstack@c-api.service[97036]: INFO cinder.api.openstack.wsgi [None req-3c13353f-4bac-434f-9e96-3e02333027b5 tempest-GroupSnapshotsTest-1022609888 tempest-GroupSnapshotsTest-1022609888-project-member] POST https://10.4.3.113/volume/v3/groups/action
Aug 17 19:53:53.791512 np0000007580 devstack@c-api.service[97036]: DEBUG cinder.api.openstack.wsgi [None req-3c13353f-4bac-434f-9e96-3e02333027b5 tempest-GroupSnapshotsTest-1022609888 tempest-GroupSnapshotsTest-1022609888-project-member] Action body: b'{"create-from-src": {"group_snapshot_id": "429ac379-ad77-47a5-9267-6b5f1d180111", "name": "tempest-Group_from_snap-1541247287"}}' {{(pid=97036) get_method /opt/stack/cinder/cinder/api/openstack/wsgi.py:993}}
Aug 17 19:53:53.791640 np0000007580 devstack@c-api.service[97036]: DEBUG cinder.api.openstack.wsgi [None req-3c13353f-4bac-434f-9e96-3e02333027b5 tempest-GroupSnapshotsTest-1022609888 tempest-GroupSnapshotsTest-1022609888-project-member] Action: 'action', calling method: version_select, body: {"create-from-src": {"group_snapshot_id": "429ac379-ad77-47a5-9267-6b5f1d180111", "name": "tempest-Group_from_snap-1541247287"}} {{(pid=97036) _process_stack /opt/stack/cinder/cinder/api/openstack/wsgi.py:876}}
Aug 17 19:53:53.793040 np0000007580 devstack@c-api.service[97036]: DEBUG cinder.api.v3.groups [None req-3c13353f-4bac-434f-9e96-3e02333027b5 tempest-GroupSnapshotsTest-1022609888 tempest-GroupSnapshotsTest-1022609888-project-member] Creating new group {'create-from-src': {'group_snapshot_id': '429ac379-ad77-47a5-9267-6b5f1d180111', 'name': 'tempest-Group_from_snap-1541247287'}}. {{(pid=97036) create_from_src /opt/stack/cinder/cinder/api/v3/groups.py:236}}
Aug 17 19:53:53.793150 np0000007580 devstack@c-api.service[97036]: INFO cinder.api.v3.groups [None req-3c13353f-4bac-434f-9e96-3e02333027b5 tempest-GroupSnapshotsTest-1022609888 tempest-GroupSnapshotsTest-1022609888-project-member] Creating group tempest-Group_from_snap-1541247287 from group_snapshot 429ac379-ad77-47a5-9267-6b5f1d180111.
Aug 17 19:53:53.797103 np0000007580 devstack@c-api.service[97036]: /opt/stack/data/venv/lib/python3.12/site-packages/oslo_context/context.py:102: DeprecationWarning: Policy enforcement is depending on the value of is_admin. This key is deprecated. Please update your policy file to use the standard policy values.
Aug 17 19:53:53.797103 np0000007580 devstack@c-api.service[97036]: warnings.warn(
Aug 17 19:53:53.803792 np0000007580 devstack@c-api.service[97036]: /opt/stack/data/venv/lib/python3.12/site-packages/oslo_context/context.py:102: DeprecationWarning: Policy enforcement is depending on the value of is_admin. This key is deprecated. Please update your policy file to use the standard policy values.
Aug 17 19:53:53.803792 np0000007580 devstack@c-api.service[97036]: warnings.warn(
Aug 17 19:53:53.808583 np0000007580 devstack@c-api.service[97036]: /opt/stack/data/venv/lib/python3.12/site-packages/oslo_context/context.py:102: DeprecationWarning: Policy enforcement is depending on the value of is_admin. This key is deprecated. Please update your policy file to use the standard policy values.
Aug 17 19:53:53.808583 np0000007580 devstack@c-api.service[97036]: warnings.warn(
Aug 17 19:53:53.853911 np0000007580 devstack@c-api.service[97036]: DEBUG cinder.quota [None req-3c13353f-4bac-434f-9e96-3e02333027b5 tempest-GroupSnapshotsTest-1022609888 tempest-GroupSnapshotsTest-1022609888-project-member] Created reservations ['15efde6b-724b-4870-8a90-565a7c934bca'] {{(pid=97036) reserve /opt/stack/cinder/cinder/quota.py:752}}
Aug 17 19:53:53.935840 np0000007580 devstack@c-api.service[97036]: INFO cinder.group.api [None req-3c13353f-4bac-434f-9e96-3e02333027b5 tempest-GroupSnapshotsTest-1022609888 tempest-GroupSnapshotsTest-1022609888-project-member] A mapping entry already exists for group 6c4676b9-4c68-4d2a-b970-12e7e6524d4f and volume type 7c557799-5cd3-40b9-a22a-f8f1d3bed112. Do not need to create again.
Aug 17 19:53:53.936951 np0000007580 devstack@c-api.service[97036]: /opt/stack/data/venv/lib/python3.12/site-packages/oslo_context/context.py:102: DeprecationWarning: Policy enforcement is depending on the value of is_admin. This key is deprecated. Please update your policy file to use the standard policy values.
Aug 17 19:53:53.936951 np0000007580 devstack@c-api.service[97036]: warnings.warn(
Aug 17 19:53:53.945096 np0000007580 devstack@c-api.service[97036]: DEBUG cinder.volume.api [None req-3c13353f-4bac-434f-9e96-3e02333027b5 tempest-GroupSnapshotsTest-1022609888 tempest-GroupSnapshotsTest-1022609888-project-member] Availability zone cache updated, next update will occur around 2026-08-17 20:53:53.944823. {{(pid=97036) list_availability_zones /opt/stack/cinder/cinder/volume/api.py:155}}
Aug 17 19:53:53.945199 np0000007580 devstack@c-api.service[97036]: INFO cinder.volume.api [None req-3c13353f-4bac-434f-9e96-3e02333027b5 tempest-GroupSnapshotsTest-1022609888 tempest-GroupSnapshotsTest-1022609888-project-member] Availability Zones retrieved successfully.
Aug 17 19:53:53.955015 np0000007580 devstack@c-api.service[97036]: DEBUG cinder.volume.api [None req-3c13353f-4bac-434f-9e96-3e02333027b5 tempest-GroupSnapshotsTest-1022609888 tempest-GroupSnapshotsTest-1022609888-project-member] Flow 'volume_create_api' (105b4271-f8b6-45c1-ad7c-1948b99c4de5) transitioned into state 'RUNNING' from state 'PENDING' {{(pid=97036) _flow_receiver /opt/stack/data/venv/lib/python3.12/site-packages/taskflow/listeners/logging.py:160}}
Aug 17 19:53:53.956027 np0000007580 devstack@c-api.service[97036]: DEBUG cinder.volume.api [None req-3c13353f-4bac-434f-9e96-3e02333027b5 tempest-GroupSnapshotsTest-1022609888 tempest-GroupSnapshotsTest-1022609888-project-member] Task 'cinder.volume.flows.api.create_volume.ExtractVolumeRequestTask;volume:create' (bb7eeb4e-f305-4a92-8a07-988a057897d1) transitioned into state 'RUNNING' from state 'PENDING' {{(pid=97036) _task_receiver /opt/stack/data/venv/lib/python3.12/site-packages/taskflow/listeners/logging.py:242}}
Aug 17 19:53:53.957038 np0000007580 devstack@c-api.service[97036]: DEBUG cinder.volume.flows.api.create_volume [None req-3c13353f-4bac-434f-9e96-3e02333027b5 tempest-GroupSnapshotsTest-1022609888 tempest-GroupSnapshotsTest-1022609888-project-member] Validating volume size '1' using validate_int, validate_snap_size {{(pid=97036) _extract_size /opt/stack/cinder/cinder/volume/flows/api/create_volume.py:226}}
Aug 17 19:53:53.988614 np0000007580 devstack@c-api.service[97036]: DEBUG cinder.volume.api [None req-3c13353f-4bac-434f-9e96-3e02333027b5 tempest-GroupSnapshotsTest-1022609888 tempest-GroupSnapshotsTest-1022609888-project-member] Task 'cinder.volume.flows.api.create_volume.ExtractVolumeRequestTask;volume:create' (bb7eeb4e-f305-4a92-8a07-988a057897d1) transitioned into state 'SUCCESS' from state 'RUNNING' with result '{'size': 1, 'snapshot_id': 'dc3c548a-0e0d-4e26-a6e5-c96fa8c73e05', 'source_volid': None, 'volume_type': VolumeType(created_at=2026-08-17T19:53:50Z,deleted=False,deleted_at=None,description=None,extra_specs={},id=7c557799-5cd3-40b9-a22a-f8f1d3bed112,is_public=True,name='tempest-GroupSnapshotsTest-volume-type-513251842',projects=[],qos_specs=,qos_specs_id=None,updated_at=None), 'volume_type_id': '7c557799-5cd3-40b9-a22a-f8f1d3bed112', 'encryption_key_id': None, 'qos_specs': None, 'consistencygroup_id': None, 'cgsnapshot_id': None, 'group_id': '6c4676b9-4c68-4d2a-b970-12e7e6524d4f', 'replication_status': 'disabled', 'refresh_az': False, 'backup_id': None, 'multiattach': False, 'availability_zones': ['nova']}' {{(pid=97036) _task_receiver /opt/stack/data/venv/lib/python3.12/site-packages/taskflow/listeners/logging.py:218}}
Aug 17 19:53:53.990743 np0000007580 devstack@c-api.service[97036]: DEBUG cinder.volume.api [None req-3c13353f-4bac-434f-9e96-3e02333027b5 tempest-GroupSnapshotsTest-1022609888 tempest-GroupSnapshotsTest-1022609888-project-member] Task 'cinder.volume.flows.api.create_volume.QuotaReserveTask;volume:create' (b4450dcb-744e-44d7-bfe2-ee498edb6f3d) transitioned into state 'RUNNING' from state 'PENDING' {{(pid=97036) _task_receiver /opt/stack/data/venv/lib/python3.12/site-packages/taskflow/listeners/logging.py:242}}
Aug 17 19:53:54.017547 np0000007580 devstack@c-api.service[97036]: WARNING cinder.quota [None req-3c13353f-4bac-434f-9e96-3e02333027b5 tempest-GroupSnapshotsTest-1022609888 tempest-GroupSnapshotsTest-1022609888-project-member] Deprecated: Default quota for resource: volumes_tempest-GroupSnapshotsTest-volume-type-513251842 is set by the default quota flag: quota_volumes_tempest-GroupSnapshotsTest-volume-type-513251842, it is now deprecated. Please use the default quota class for default quota.
Aug 17 19:53:54.029651 np0000007580 devstack@c-api.service[97036]: DEBUG cinder.quota [None req-3c13353f-4bac-434f-9e96-3e02333027b5 tempest-GroupSnapshotsTest-1022609888 tempest-GroupSnapshotsTest-1022609888-project-member] Created reservations ['74585cbf-4550-4017-95da-a7a4465a2f18', 'ac4aa6c9-d101-456c-9993-813051d78e96'] {{(pid=97036) reserve /opt/stack/cinder/cinder/quota.py:752}}
Aug 17 19:53:54.030993 np0000007580 devstack@c-api.service[97036]: DEBUG cinder.volume.api [None req-3c13353f-4bac-434f-9e96-3e02333027b5 tempest-GroupSnapshotsTest-1022609888 tempest-GroupSnapshotsTest-1022609888-project-member] Task 'cinder.volume.flows.api.create_volume.QuotaReserveTask;volume:create' (b4450dcb-744e-44d7-bfe2-ee498edb6f3d) transitioned into state 'SUCCESS' from state 'RUNNING' with result '{'reservations': ['74585cbf-4550-4017-95da-a7a4465a2f18', 'ac4aa6c9-d101-456c-9993-813051d78e96']}' {{(pid=97036) _task_receiver /opt/stack/data/venv/lib/python3.12/site-packages/taskflow/listeners/logging.py:218}}
Aug 17 19:53:54.031914 np0000007580 devstack@c-api.service[97036]: DEBUG cinder.volume.api [None req-3c13353f-4bac-434f-9e96-3e02333027b5 tempest-GroupSnapshotsTest-1022609888 tempest-GroupSnapshotsTest-1022609888-project-member] Task 'cinder.volume.flows.api.create_volume.EntryCreateTask;volume:create' (9138ad7b-69a4-45f7-87fe-68e45bf6bb4f) transitioned into state 'RUNNING' from state 'PENDING' {{(pid=97036) _task_receiver /opt/stack/data/venv/lib/python3.12/site-packages/taskflow/listeners/logging.py:242}}
Aug 17 19:53:54.074374 np0000007580 devstack@c-api.service[97036]: DEBUG cinder.volume.api [None req-3c13353f-4bac-434f-9e96-3e02333027b5 tempest-GroupSnapshotsTest-1022609888 tempest-GroupSnapshotsTest-1022609888-project-member] Task 'cinder.volume.flows.api.create_volume.EntryCreateTask;volume:create' (9138ad7b-69a4-45f7-87fe-68e45bf6bb4f) transitioned into state 'SUCCESS' from state 'RUNNING' with result '{'volume_id': '49951a3b-d108-4345-9ef1-3753baa3363d', 'volume_properties': VolumeProperties(attach_status='detached',availability_zone='nova',cgsnapshot_id=None,consistencygroup_id=None,display_description=None,display_name=None,encryption_key_id=None,group_id=6c4676b9-4c68-4d2a-b970-12e7e6524d4f,group_type_id=,metadata={},multiattach=False,project_id='f9210d6c342349bab3facd1326da8a40',qos_specs=None,replication_status=,reservations=['74585cbf-4550-4017-95da-a7a4465a2f18','ac4aa6c9-d101-456c-9993-813051d78e96'],size=1,snapshot_id=dc3c548a-0e0d-4e26-a6e5-c96fa8c73e05,source_replicaid=,source_volid=None,status='creating',user_id='43659ff1a63b4b23bc7901652f7958fb',volume_type_id=7c557799-5cd3-40b9-a22a-f8f1d3bed112), 'volume': Volume(_name_id=None,admin_metadata=,attach_status='detached',availability_zone='nova',bootable=False,cluster=,cluster_name=None,consistencygroup=,consistencygroup_id=None,created_at=2026-08-17T19:53:54Z,deleted=False,deleted_at=None,display_description=None,display_name=None,ec2_id=None,encryption_key_id=None,glance_metadata=,group=,group_id=6c4676b9-4c68-4d2a-b970-12e7e6524d4f,host=None,id=49951a3b-d108-4345-9ef1-3753baa3363d,launched_at=None,metadata={},migration_status=None,multiattach=False,previous_status=None,project_id='f9210d6c342349bab3facd1326da8a40',provider_auth=None,provider_geometry=None,provider_id=None,provider_location=None,replication_driver_data=None,replication_extended_status=None,replication_status=None,scheduled_at=None,service_uuid=None,shared_targets=True,size=1,snapshot_id=dc3c548a-0e0d-4e26-a6e5-c96fa8c73e05,snapshots=,source_volid=None,status='creating',terminated_at=None,updated_at=None,use_quota=True,user_id='43659ff1a63b4b23bc7901652f7958fb',volume_attachment=VolumeAttachmentList,volume_type=VolumeType(7c557799-5cd3-40b9-a22a-f8f1d3bed112),volume_type_id=7c557799-5cd3-40b9-a22a-f8f1d3bed112)}' {{(pid=97036) _task_receiver /opt/stack/data/venv/lib/python3.12/site-packages/taskflow/listeners/logging.py:218}}
Aug 17 19:53:54.076536 np0000007580 devstack@c-api.service[97036]: DEBUG cinder.volume.api [None req-3c13353f-4bac-434f-9e96-3e02333027b5 tempest-GroupSnapshotsTest-1022609888 tempest-GroupSnapshotsTest-1022609888-project-member] Task 'cinder.volume.flows.api.create_volume.QuotaCommitTask;volume:create' (1c28e30a-35e7-4c55-bd90-4d9844ddee0d) transitioned into state 'RUNNING' from state 'PENDING' {{(pid=97036) _task_receiver /opt/stack/data/venv/lib/python3.12/site-packages/taskflow/listeners/logging.py:242}}
Aug 17 19:53:54.096140 np0000007580 devstack@c-api.service[97036]: DEBUG cinder.volume.api [None req-3c13353f-4bac-434f-9e96-3e02333027b5 tempest-GroupSnapshotsTest-1022609888 tempest-GroupSnapshotsTest-1022609888-project-member] Task 'cinder.volume.flows.api.create_volume.QuotaCommitTask;volume:create' (1c28e30a-35e7-4c55-bd90-4d9844ddee0d) transitioned into state 'SUCCESS' from state 'RUNNING' with result '{'volume_properties': VolumeProperties(attach_status='detached',availability_zone='nova',cgsnapshot_id=None,consistencygroup_id=None,display_description=None,display_name=None,encryption_key_id=None,group_id=6c4676b9-4c68-4d2a-b970-12e7e6524d4f,group_type_id=,metadata={},multiattach=False,project_id='f9210d6c342349bab3facd1326da8a40',qos_specs=None,replication_status=,reservations=['74585cbf-4550-4017-95da-a7a4465a2f18','ac4aa6c9-d101-456c-9993-813051d78e96'],size=1,snapshot_id=dc3c548a-0e0d-4e26-a6e5-c96fa8c73e05,source_replicaid=,source_volid=None,status='creating',user_id='43659ff1a63b4b23bc7901652f7958fb',volume_type_id=7c557799-5cd3-40b9-a22a-f8f1d3bed112)}' {{(pid=97036) _task_receiver /opt/stack/data/venv/lib/python3.12/site-packages/taskflow/listeners/logging.py:218}}
Aug 17 19:53:54.097337 np0000007580 devstack@c-api.service[97036]: DEBUG cinder.volume.api [None req-3c13353f-4bac-434f-9e96-3e02333027b5 tempest-GroupSnapshotsTest-1022609888 tempest-GroupSnapshotsTest-1022609888-project-member] Flow 'volume_create_api' (105b4271-f8b6-45c1-ad7c-1948b99c4de5) transitioned into state 'SUCCESS' from state 'RUNNING' {{(pid=97036) _flow_receiver /opt/stack/data/venv/lib/python3.12/site-packages/taskflow/listeners/logging.py:160}}
Aug 17 19:53:54.097739 np0000007580 devstack@c-api.service[97036]: INFO cinder.volume.api [None req-3c13353f-4bac-434f-9e96-3e02333027b5 tempest-GroupSnapshotsTest-1022609888 tempest-GroupSnapshotsTest-1022609888-project-member] Create volume request issued successfully.
Aug 17 19:53:54.127658 np0000007580 devstack@c-api.service[97036]: INFO cinder.api.openstack.wsgi [None req-3c13353f-4bac-434f-9e96-3e02333027b5 tempest-GroupSnapshotsTest-1022609888 tempest-GroupSnapshotsTest-1022609888-project-member] https://10.4.3.113/volume/v3/groups/action returned with HTTP 202
Aug 17 19:53:54.128310 np0000007580 devstack@c-api.service[97036]: [pid: 97036|app: 0|req: 155/458] 10.4.3.113 () {70 vars in 1318 bytes} [Mon Aug 17 19:53:53 2026] POST /volume/v3/groups/action => generated 103 bytes in 339 msecs (HTTP/1.1 202) 7 headers in 292 bytes (1 switches on core 0)
Aug 17 19:53:54.138094 np0000007580 devstack@c-api.service[97035]: DEBUG cinder.api.middleware.request_id [None req-a1ddaa48-63fa-4a49-b067-3aff30ea333f None None] RequestId filter calling following filter/app {{(pid=97035) _context_setter /opt/stack/cinder/cinder/api/middleware/request_id.py:62}}
Aug 17 19:53:54.140805 np0000007580 devstack@c-api.service[97035]: INFO cinder.api.openstack.wsgi [None req-a1ddaa48-63fa-4a49-b067-3aff30ea333f tempest-GroupSnapshotsTest-1022609888 tempest-GroupSnapshotsTest-1022609888-project-member] GET https://10.4.3.113/volume/v3/volumes/detail
Aug 17 19:53:54.141134 np0000007580 devstack@c-api.service[97035]: DEBUG cinder.api.openstack.wsgi [None req-a1ddaa48-63fa-4a49-b067-3aff30ea333f tempest-GroupSnapshotsTest-1022609888 tempest-GroupSnapshotsTest-1022609888-project-member] Empty body provided in request {{(pid=97035) get_body /opt/stack/cinder/cinder/api/openstack/wsgi.py:725}}
Aug 17 19:53:54.143549 np0000007580 devstack@c-api.service[97035]: DEBUG cinder.api.openstack.wsgi [None req-a1ddaa48-63fa-4a49-b067-3aff30ea333f tempest-GroupSnapshotsTest-1022609888 tempest-GroupSnapshotsTest-1022609888-project-member] Calling method 'detail' {{(pid=97035) _process_stack /opt/stack/cinder/cinder/api/openstack/wsgi.py:878}}
Aug 17 19:53:54.144010 np0000007580 devstack@c-api.service[97035]: DEBUG cinder.api.api_utils [None req-a1ddaa48-63fa-4a49-b067-3aff30ea333f tempest-GroupSnapshotsTest-1022609888 tempest-GroupSnapshotsTest-1022609888-project-member] Removing options '' from query. {{(pid=97035) remove_invalid_filter_options /opt/stack/cinder/cinder/api/api_utils.py:82}}
Aug 17 19:53:54.144816 np0000007580 devstack@c-api.service[97035]: DEBUG cinder.volume.api [None req-a1ddaa48-63fa-4a49-b067-3aff30ea333f tempest-GroupSnapshotsTest-1022609888 tempest-GroupSnapshotsTest-1022609888-project-member] Searching by: MultiDict([('no_migration_targets', True)]). {{(pid=97035) get_all /opt/stack/cinder/cinder/volume/api.py:664}}
Aug 17 19:53:54.155202 np0000007580 devstack@c-api.service[97035]: INFO cinder.volume.api [None req-a1ddaa48-63fa-4a49-b067-3aff30ea333f tempest-GroupSnapshotsTest-1022609888 tempest-GroupSnapshotsTest-1022609888-project-member] Get all volumes completed successfully.
Aug 17 19:53:54.156272 np0000007580 devstack@c-api.service[97035]: WARNING stevedore.named [None req-a1ddaa48-63fa-4a49-b067-3aff30ea333f tempest-GroupSnapshotsTest-1022609888 tempest-GroupSnapshotsTest-1022609888-project-member] Could not load cinder.keymgr.conf_key_mgr.ConfKeyManager
Aug 17 19:53:54.156576 np0000007580 devstack@c-api.service[97035]: WARNING castellan.key_manager [None req-a1ddaa48-63fa-4a49-b067-3aff30ea333f tempest-GroupSnapshotsTest-1022609888 tempest-GroupSnapshotsTest-1022609888-project-member] Deprecation Warning : cinder.keymgr.conf_key_mgr.ConfKeyManager is not a stevedore based driver, trying to load it as a class: stevedore.exception.NoMatches: No 'castellan.drivers' driver found, looking for 'cinder.keymgr.conf_key_mgr.ConfKeyManager'
Aug 17 19:53:54.168323 np0000007580 devstack@c-api.service[97034]: DEBUG cinder.api.middleware.request_id [None req-730f12d2-54a9-4128-98ca-82cdd18000e3 None None] RequestId filter calling following filter/app {{(pid=97034) _context_setter /opt/stack/cinder/cinder/api/middleware/request_id.py:62}}
Aug 17 19:53:54.172032 np0000007580 devstack@c-api.service[97034]: INFO cinder.api.openstack.wsgi [None req-730f12d2-54a9-4128-98ca-82cdd18000e3 tempest-AttachVolumeTestJSON-1744722243 tempest-AttachVolumeTestJSON-1744722243-project-member] GET https://10.4.3.113/volume/v3/volumes/f7fd78ec-42bb-48d7-bd15-f78029cc8e87
Aug 17 19:53:54.174577 np0000007580 devstack@c-api.service[97034]: DEBUG cinder.api.openstack.wsgi [None req-730f12d2-54a9-4128-98ca-82cdd18000e3 tempest-AttachVolumeTestJSON-1744722243 tempest-AttachVolumeTestJSON-1744722243-project-member] Empty body provided in request {{(pid=97034) get_body /opt/stack/cinder/cinder/api/openstack/wsgi.py:725}}
Aug 17 19:53:54.174577 np0000007580 devstack@c-api.service[97034]: DEBUG cinder.api.openstack.wsgi [None req-730f12d2-54a9-4128-98ca-82cdd18000e3 tempest-AttachVolumeTestJSON-1744722243 tempest-AttachVolumeTestJSON-1744722243-project-member] Calling method 'show' {{(pid=97034) _process_stack /opt/stack/cinder/cinder/api/openstack/wsgi.py:878}}
Aug 17 19:53:54.184357 np0000007580 devstack@c-api.service[97034]: /opt/stack/data/venv/lib/python3.12/site-packages/oslo_context/context.py:102: DeprecationWarning: Policy enforcement is depending on the value of is_admin. This key is deprecated. Please update your policy file to use the standard policy values.
Aug 17 19:53:54.184357 np0000007580 devstack@c-api.service[97034]: warnings.warn(
Aug 17 19:53:54.188300 np0000007580 devstack@c-api.service[97034]: INFO cinder.volume.api [None req-730f12d2-54a9-4128-98ca-82cdd18000e3 tempest-AttachVolumeTestJSON-1744722243 tempest-AttachVolumeTestJSON-1744722243-project-member] Volume info retrieved successfully.
Aug 17 19:53:54.193178 np0000007580 devstack@c-api.service[97034]: INFO cinder.api.openstack.wsgi [None req-730f12d2-54a9-4128-98ca-82cdd18000e3 tempest-AttachVolumeTestJSON-1744722243 tempest-AttachVolumeTestJSON-1744722243-project-member] https://10.4.3.113/volume/v3/volumes/f7fd78ec-42bb-48d7-bd15-f78029cc8e87 returned with HTTP 200
Aug 17 19:53:54.193755 np0000007580 devstack@c-api.service[97034]: [pid: 97034|app: 0|req: 155/459] 10.4.3.113 () {66 vars in 1348 bytes} [Mon Aug 17 19:53:54 2026] GET /volume/v3/volumes/f7fd78ec-42bb-48d7-bd15-f78029cc8e87 => generated 843 bytes in 26 msecs (HTTP/1.1 200) 7 headers in 285 bytes (1 switches on core 0)
Aug 17 19:53:54.203124 np0000007580 devstack@c-api.service[97035]: DEBUG oslo_db.sqlalchemy.engines [None req-a1ddaa48-63fa-4a49-b067-3aff30ea333f tempest-GroupSnapshotsTest-1022609888 tempest-GroupSnapshotsTest-1022609888-project-member] MySQL server mode set to STRICT_TRANS_TABLES,STRICT_ALL_TABLES,NO_ZERO_IN_DATE,NO_ZERO_DATE,ERROR_FOR_DIVISION_BY_ZERO,TRADITIONAL,NO_ENGINE_SUBSTITUTION {{(pid=97035) _check_effective_sql_mode /opt/stack/data/venv/lib/python3.12/site-packages/oslo_db/sqlalchemy/engines.py:325}}
Aug 17 19:53:54.206503 np0000007580 devstack@c-api.service[97035]: /opt/stack/data/venv/lib/python3.12/site-packages/oslo_context/context.py:102: DeprecationWarning: Policy enforcement is depending on the value of is_admin. This key is deprecated. Please update your policy file to use the standard policy values.
Aug 17 19:53:54.206503 np0000007580 devstack@c-api.service[97035]: warnings.warn(
Aug 17 19:53:54.211153 np0000007580 devstack@c-api.service[97035]: WARNING stevedore.named [None req-a1ddaa48-63fa-4a49-b067-3aff30ea333f tempest-GroupSnapshotsTest-1022609888 tempest-GroupSnapshotsTest-1022609888-project-member] Could not load cinder.keymgr.conf_key_mgr.ConfKeyManager
Aug 17 19:53:54.213583 np0000007580 devstack@c-api.service[97035]: WARNING castellan.key_manager [None req-a1ddaa48-63fa-4a49-b067-3aff30ea333f tempest-GroupSnapshotsTest-1022609888 tempest-GroupSnapshotsTest-1022609888-project-member] Deprecation Warning : cinder.keymgr.conf_key_mgr.ConfKeyManager is not a stevedore based driver, trying to load it as a class: stevedore.exception.NoMatches: No 'castellan.drivers' driver found, looking for 'cinder.keymgr.conf_key_mgr.ConfKeyManager'
Aug 17 19:53:54.249347 np0000007580 devstack@c-api.service[97036]: DEBUG cinder.api.middleware.request_id [req-85dab757-b98c-4ea1-a649-5e487dbf255d req-83c2c307-8a65-4d40-9f3c-da9473555b89 None None] RequestId filter calling following filter/app {{(pid=97036) _context_setter /opt/stack/cinder/cinder/api/middleware/request_id.py:62}}
Aug 17 19:53:54.249536 np0000007580 devstack@c-api.service[97035]: DEBUG oslo_db.sqlalchemy.engines [None req-a1ddaa48-63fa-4a49-b067-3aff30ea333f tempest-GroupSnapshotsTest-1022609888 tempest-GroupSnapshotsTest-1022609888-project-member] MySQL server mode set to STRICT_TRANS_TABLES,STRICT_ALL_TABLES,NO_ZERO_IN_DATE,NO_ZERO_DATE,ERROR_FOR_DIVISION_BY_ZERO,TRADITIONAL,NO_ENGINE_SUBSTITUTION {{(pid=97035) _check_effective_sql_mode /opt/stack/data/venv/lib/python3.12/site-packages/oslo_db/sqlalchemy/engines.py:325}}
Aug 17 19:53:54.251892 np0000007580 devstack@c-api.service[97036]: INFO cinder.api.openstack.wsgi [req-85dab757-b98c-4ea1-a649-5e487dbf255d req-83c2c307-8a65-4d40-9f3c-da9473555b89 tempest-AttachVolumeTestJSON-1744722243 tempest-AttachVolumeTestJSON-1744722243-project-member] GET https://10.4.3.113/volume/v3/volumes/f7fd78ec-42bb-48d7-bd15-f78029cc8e87
Aug 17 19:53:54.252127 np0000007580 devstack@c-api.service[97036]: DEBUG cinder.api.openstack.wsgi [req-85dab757-b98c-4ea1-a649-5e487dbf255d req-83c2c307-8a65-4d40-9f3c-da9473555b89 tempest-AttachVolumeTestJSON-1744722243 tempest-AttachVolumeTestJSON-1744722243-project-member] Empty body provided in request {{(pid=97036) get_body /opt/stack/cinder/cinder/api/openstack/wsgi.py:725}}
Aug 17 19:53:54.252390 np0000007580 devstack@c-api.service[97036]: DEBUG cinder.api.openstack.wsgi [req-85dab757-b98c-4ea1-a649-5e487dbf255d req-83c2c307-8a65-4d40-9f3c-da9473555b89 tempest-AttachVolumeTestJSON-1744722243 tempest-AttachVolumeTestJSON-1744722243-project-member] Calling method 'show' {{(pid=97036) _process_stack /opt/stack/cinder/cinder/api/openstack/wsgi.py:878}}
Aug 17 19:53:54.252945 np0000007580 devstack@c-api.service[97035]: /opt/stack/data/venv/lib/python3.12/site-packages/oslo_context/context.py:102: DeprecationWarning: Policy enforcement is depending on the value of is_admin. This key is deprecated. Please update your policy file to use the standard policy values.
Aug 17 19:53:54.252945 np0000007580 devstack@c-api.service[97035]: warnings.warn(
Aug 17 19:53:54.259917 np0000007580 devstack@c-api.service[97035]: INFO cinder.api.openstack.wsgi [None req-a1ddaa48-63fa-4a49-b067-3aff30ea333f tempest-GroupSnapshotsTest-1022609888 tempest-GroupSnapshotsTest-1022609888-project-member] https://10.4.3.113/volume/v3/volumes/detail returned with HTTP 200
Aug 17 19:53:54.260371 np0000007580 devstack@c-api.service[97035]: [pid: 97035|app: 0|req: 150/460] 10.4.3.113 () {68 vars in 1299 bytes} [Mon Aug 17 19:53:54 2026] GET /volume/v3/volumes/detail => generated 1832 bytes in 123 msecs (HTTP/1.1 200) 7 headers in 287 bytes (1 switches on core 0)
Aug 17 19:53:54.260927 np0000007580 devstack@c-api.service[97036]: /opt/stack/data/venv/lib/python3.12/site-packages/oslo_context/context.py:102: DeprecationWarning: Policy enforcement is depending on the value of is_admin. This key is deprecated. Please update your policy file to use the standard policy values.
Aug 17 19:53:54.260927 np0000007580 devstack@c-api.service[97036]: warnings.warn(
Aug 17 19:53:54.264896 np0000007580 devstack@c-api.service[97036]: INFO cinder.volume.api [req-85dab757-b98c-4ea1-a649-5e487dbf255d req-83c2c307-8a65-4d40-9f3c-da9473555b89 tempest-AttachVolumeTestJSON-1744722243 tempest-AttachVolumeTestJSON-1744722243-project-member] Volume info retrieved successfully.
Aug 17 19:53:54.271369 np0000007580 devstack@c-api.service[97036]: INFO cinder.api.openstack.wsgi [req-85dab757-b98c-4ea1-a649-5e487dbf255d req-83c2c307-8a65-4d40-9f3c-da9473555b89 tempest-AttachVolumeTestJSON-1744722243 tempest-AttachVolumeTestJSON-1744722243-project-member] https://10.4.3.113/volume/v3/volumes/f7fd78ec-42bb-48d7-bd15-f78029cc8e87 returned with HTTP 200
Aug 17 19:53:54.271890 np0000007580 devstack@c-api.service[97036]: [pid: 97036|app: 0|req: 156/461] 10.4.3.113 () {68 vars in 1598 bytes} [Mon Aug 17 19:53:54 2026] GET /volume/v3/volumes/f7fd78ec-42bb-48d7-bd15-f78029cc8e87 => generated 843 bytes in 23 msecs (HTTP/1.1 200) 7 headers in 285 bytes (1 switches on core 0)
Aug 17 19:53:54.275260 np0000007580 devstack@c-api.service[97034]: DEBUG cinder.api.middleware.request_id [None req-10aff164-c73a-498b-bb18-6f3d153c32b6 None None] RequestId filter calling following filter/app {{(pid=97034) _context_setter /opt/stack/cinder/cinder/api/middleware/request_id.py:62}}
