Aug 17 19:48:32.033297 np0000007580 devstack@neutron-api.service[87641]: DEBUG neutron.api.extensions [None req-71eab893-f137-48f8-a6a2-390997034274 None None] Ext name="Address scope" alias="address-scope" description="Address scopes extension." updated="2015-07-26T10:00:00-00:00" {{(pid=87641) _check_extension /opt/stack/neutron/neutron/api/extensions.py:415}}
Aug 17 19:48:32.033329 np0000007580 devstack@neutron-api.service[87641]: INFO neutron.api.extensions [None req-71eab893-f137-48f8-a6a2-390997034274 None None] Loaded extension: address-scope
Aug 17 19:48:32.033417 np0000007580 devstack@neutron-api.service[87641]: DEBUG neutron.api.extensions [None req-71eab893-f137-48f8-a6a2-390997034274 None None] Loading extension file: admin_state_down_before_update.py {{(pid=87641) _load_all_extensions_from_path /opt/stack/neutron/neutron/api/extensions.py:449}}
Aug 17 19:48:32.033666 np0000007580 devstack@neutron-api.service[87641]: DEBUG neutron.api.extensions [None req-71eab893-f137-48f8-a6a2-390997034274 None None] Ext name="Enforce Router's Admin State Down Before Update Extension" alias="router-admin-state-down-before-update" description="Ensure that the admin state of a router is DOWN (admin_state_up=False) before updating the distributed attribute" updated="2019-07-02T15:56:00" {{(pid=87641) _check_extension /opt/stack/neutron/neutron/api/extensions.py:415}}
Aug 17 19:48:32.033815 np0000007580 devstack@neutron-api.service[87641]: INFO neutron.api.extensions [None req-71eab893-f137-48f8-a6a2-390997034274 None None] Extension router-admin-state-down-before-update not supported by any of loaded plugins
Aug 17 19:48:32.033900 np0000007580 devstack@neutron-api.service[87641]: DEBUG neutron.api.extensions [None req-71eab893-f137-48f8-a6a2-390997034274 None None] Loading extension file: agent.py {{(pid=87641) _load_all_extensions_from_path /opt/stack/neutron/neutron/api/extensions.py:449}}
Aug 17 19:48:32.034188 np0000007580 devstack@neutron-api.service[87641]: DEBUG neutron.api.extensions [None req-71eab893-f137-48f8-a6a2-390997034274 None None] Ext name="agent" alias="agent" description="The agent management extension." updated="2013-02-03T10:00:00-00:00" {{(pid=87641) _check_extension /opt/stack/neutron/neutron/api/extensions.py:415}}
Aug 17 19:48:32.034338 np0000007580 devstack@neutron-api.service[87641]: INFO neutron.api.extensions [None req-71eab893-f137-48f8-a6a2-390997034274 None None] Loaded extension: agent
Aug 17 19:48:32.034417 np0000007580 devstack@neutron-api.service[87641]: DEBUG neutron.api.extensions [None req-71eab893-f137-48f8-a6a2-390997034274 None None] Loading extension file: agent_resources_synced.py {{(pid=87641) _load_all_extensions_from_path /opt/stack/neutron/neutron/api/extensions.py:449}}
Aug 17 19:48:32.034666 np0000007580 devstack@neutron-api.service[87641]: DEBUG neutron.api.extensions [None req-71eab893-f137-48f8-a6a2-390997034274 None None] Ext name="Agent's Resource View Synced to Placement" alias="agent-resources-synced" description="Stores success/failure of last sync to Placement" updated="2018-12-19T00:00:00-00:00" {{(pid=87641) _check_extension /opt/stack/neutron/neutron/api/extensions.py:415}}
Aug 17 19:48:32.034810 np0000007580 devstack@neutron-api.service[87641]: INFO neutron.api.extensions [None req-71eab893-f137-48f8-a6a2-390997034274 None None] Extension agent-resources-synced not supported by any of loaded plugins
Aug 17 19:48:32.034886 np0000007580 devstack@neutron-api.service[87641]: DEBUG neutron.api.extensions [None req-71eab893-f137-48f8-a6a2-390997034274 None None] Loading extension file: agent_sort_key.py {{(pid=87641) _load_all_extensions_from_path /opt/stack/neutron/neutron/api/extensions.py:449}}
Aug 17 19:48:32.035108 np0000007580 devstack@neutron-api.service[87641]: DEBUG neutron.api.extensions [None req-71eab893-f137-48f8-a6a2-390997034274 None None] Ext name="Agents Sort Key" alias="agent_sort_key" description="Enabling the keyword sort_key for sorting in agents." updated="2013-02-03T10:00:00-00:00" {{(pid=87641) _check_extension /opt/stack/neutron/neutron/api/extensions.py:415}}
Aug 17 19:48:32.035257 np0000007580 devstack@neutron-api.service[87641]: INFO neutron.api.extensions [None req-71eab893-f137-48f8-a6a2-390997034274 None None] Extension agent_sort_key not supported by any of loaded plugins
Aug 17 19:48:32.035341 np0000007580 devstack@neutron-api.service[87641]: DEBUG neutron.api.extensions [None req-71eab893-f137-48f8-a6a2-390997034274 None None] Loading extension file: allowedaddresspairs.py {{(pid=87641) _load_all_extensions_from_path /opt/stack/neutron/neutron/api/extensions.py:449}}
Aug 17 19:48:32.036097 np0000007580 devstack@neutron-api.service[87641]: DEBUG neutron.api.extensions [None req-71eab893-f137-48f8-a6a2-390997034274 None None] Ext name="Allowed Address Pairs" alias="allowed-address-pairs" description="Provides allowed address pairs" updated="2013-07-23T10:00:00-00:00" {{(pid=87641) _check_extension /opt/stack/neutron/neutron/api/extensions.py:415}}
Aug 17 19:48:32.036249 np0000007580 devstack@neutron-api.service[87641]: INFO neutron.api.extensions [None req-71eab893-f137-48f8-a6a2-390997034274 None None] Loaded extension: allowed-address-pairs
Aug 17 19:48:32.036315 np0000007580 devstack@neutron-api.service[87641]: DEBUG neutron.api.extensions [None req-71eab893-f137-48f8-a6a2-390997034274 None None] Loading extension file: auto_allocated_topology.py {{(pid=87641) _load_all_extensions_from_path /opt/stack/neutron/neutron/api/extensions.py:449}}
Aug 17 19:48:32.036538 np0000007580 devstack@neutron-api.service[87641]: DEBUG neutron.api.extensions [None req-71eab893-f137-48f8-a6a2-390997034274 None None] Ext name="Auto Allocated Topology Services" alias="auto-allocated-topology" description="Auto Allocated Topology Services." updated="2016-01-01T00:00:00-00:00" {{(pid=87641) _check_extension /opt/stack/neutron/neutron/api/extensions.py:415}}
Aug 17 19:48:32.036723 np0000007580 devstack@neutron-api.service[87641]: INFO neutron.api.extensions [None req-71eab893-f137-48f8-a6a2-390997034274 None None] Loaded extension: auto-allocated-topology
Aug 17 19:48:32.036810 np0000007580 devstack@neutron-api.service[87641]: DEBUG neutron.api.extensions [None req-71eab893-f137-48f8-a6a2-390997034274 None None] Loading extension file: availability_zone.py {{(pid=87641) _load_all_extensions_from_path /opt/stack/neutron/neutron/api/extensions.py:449}}
Aug 17 19:48:32.037221 np0000007580 devstack@neutron-api.service[87641]: DEBUG neutron.api.extensions [None req-71eab893-f137-48f8-a6a2-390997034274 None None] Ext name="Availability Zone" alias="availability_zone" description="The availability zone extension." updated="2015-01-01T10:00:00-00:00" {{(pid=87641) _check_extension /opt/stack/neutron/neutron/api/extensions.py:415}}
Aug 17 19:48:32.037390 np0000007580 devstack@neutron-api.service[87641]: INFO neutron.api.extensions [None req-71eab893-f137-48f8-a6a2-390997034274 None None] Loaded extension: availability_zone
Aug 17 19:48:32.037456 np0000007580 devstack@neutron-api.service[87641]: DEBUG neutron.api.extensions [None req-71eab893-f137-48f8-a6a2-390997034274 None None] Loading extension file: availability_zone_filter.py {{(pid=87641) _load_all_extensions_from_path /opt/stack/neutron/neutron/api/extensions.py:449}}
Aug 17 19:48:32.037716 np0000007580 devstack@neutron-api.service[87641]: DEBUG neutron.api.extensions [None req-71eab893-f137-48f8-a6a2-390997034274 None None] Ext name="Availability Zone Filter Extension" alias="availability_zone_filter" description="Add filter parameters to AvailabilityZone resource" updated="2018-06-22T10:00:00-00:00" {{(pid=87641) _check_extension /opt/stack/neutron/neutron/api/extensions.py:415}}
Aug 17 19:48:32.037890 np0000007580 devstack@neutron-api.service[87641]: INFO neutron.api.extensions [None req-71eab893-f137-48f8-a6a2-390997034274 None None] Extension availability_zone_filter not supported by any of loaded plugins
Aug 17 19:48:32.037890 np0000007580 devstack@neutron-api.service[87641]: DEBUG neutron.api.extensions [None req-71eab893-f137-48f8-a6a2-390997034274 None None] Loading extension file: data_plane_status.py {{(pid=87641) _load_all_extensions_from_path /opt/stack/neutron/neutron/api/extensions.py:449}}
Aug 17 19:48:32.038195 np0000007580 devstack@neutron-api.service[87641]: DEBUG neutron.api.extensions [None req-71eab893-f137-48f8-a6a2-390997034274 None None] Ext name="Port data plane status extension" alias="data-plane-status" description="Expose status of underlying data plane" updated="2017-01-24T10:00:00-00:00" {{(pid=87641) _check_extension /opt/stack/neutron/neutron/api/extensions.py:415}}
Aug 17 19:48:32.038246 np0000007580 devstack@neutron-api.service[87641]: INFO neutron.api.extensions [None req-71eab893-f137-48f8-a6a2-390997034274 None None] Extension data-plane-status not supported by any of loaded plugins
Aug 17 19:48:32.038490 np0000007580 devstack@neutron-api.service[87641]: DEBUG neutron.api.extensions [None req-71eab893-f137-48f8-a6a2-390997034274 None None] Loading extension file: default_subnetpools.py {{(pid=87641) _load_all_extensions_from_path /opt/stack/neutron/neutron/api/extensions.py:449}}
Aug 17 19:48:32.038569 np0000007580 devstack@neutron-api.service[87641]: DEBUG neutron.api.extensions [None req-71eab893-f137-48f8-a6a2-390997034274 None None] Ext name="Default Subnetpools" alias="default-subnetpools" description="Provides ability to mark and use a subnetpool as the default." updated="2016-02-18T18:00:00-00:00" {{(pid=87641) _check_extension /opt/stack/neutron/neutron/api/extensions.py:415}}
Aug 17 19:48:32.038821 np0000007580 devstack@neutron-api.service[87643]: DEBUG neutron_lib.callbacks.manager [None req-daf8d65f-8299-46dc-b775-6090637322aa None None] Subscribe: > router before_delete 55550000, False {{(pid=87643) subscribe /opt/stack/data/venv/lib/python3.12/site-packages/neutron_lib/callbacks/manager.py:52}}
Aug 17 19:48:32.038966 np0000007580 devstack@neutron-api.service[87641]: INFO neutron.api.extensions [None req-71eab893-f137-48f8-a6a2-390997034274 None None] Loaded extension: default-subnetpools
Aug 17 19:48:32.039029 np0000007580 devstack@neutron-api.service[87643]: DEBUG neutron_lib.callbacks.manager [None req-daf8d65f-8299-46dc-b775-6090637322aa None None] Subscribe: port before_update 55550000, False {{(pid=87643) subscribe /opt/stack/data/venv/lib/python3.12/site-packages/neutron_lib/callbacks/manager.py:52}}
Aug 17 19:48:32.039052 np0000007580 devstack@neutron-api.service[87641]: DEBUG neutron.api.extensions [None req-71eab893-f137-48f8-a6a2-390997034274 None None] Loading extension file: dhcpagentscheduler.py {{(pid=87641) _load_all_extensions_from_path /opt/stack/neutron/neutron/api/extensions.py:449}}
Aug 17 19:48:32.039094 np0000007580 devstack@neutron-api.service[87643]: DEBUG neutron_lib.callbacks.manager [None req-daf8d65f-8299-46dc-b775-6090637322aa None None] Subscribe: port after_update 55550000, False {{(pid=87643) subscribe /opt/stack/data/venv/lib/python3.12/site-packages/neutron_lib/callbacks/manager.py:52}}
Aug 17 19:48:32.039094 np0000007580 devstack@neutron-api.service[87643]: DEBUG neutron_lib.callbacks.manager [None req-daf8d65f-8299-46dc-b775-6090637322aa None None] Subscribe: > port precommit_delete 55550000, False {{(pid=87643) subscribe /opt/stack/data/venv/lib/python3.12/site-packages/neutron_lib/callbacks/manager.py:52}}
Aug 17 19:48:32.039094 np0000007580 devstack@neutron-api.service[87643]: DEBUG neutron_lib.callbacks.manager [None req-daf8d65f-8299-46dc-b775-6090637322aa None None] Subscribe: port before_update 55550000, False {{(pid=87643) subscribe /opt/stack/data/venv/lib/python3.12/site-packages/neutron_lib/callbacks/manager.py:52}}
Aug 17 19:48:32.039094 np0000007580 devstack@neutron-api.service[87643]: DEBUG neutron_lib.callbacks.manager [None req-daf8d65f-8299-46dc-b775-6090637322aa None None] Subscribe: port before_delete 55550000, False {{(pid=87643) subscribe /opt/stack/data/venv/lib/python3.12/site-packages/neutron_lib/callbacks/manager.py:52}}
Aug 17 19:48:32.039211 np0000007580 devstack@neutron-api.service[87641]: DEBUG neutron.api.extensions [None req-71eab893-f137-48f8-a6a2-390997034274 None None] Ext name="DHCP Agent Scheduler" alias="dhcp_agent_scheduler" description="Schedule networks among dhcp agents" updated="2013-02-07T10:00:00-00:00" {{(pid=87641) _check_extension /opt/stack/neutron/neutron/api/extensions.py:415}}
Aug 17 19:48:32.039303 np0000007580 devstack@neutron-api.service[87643]: DEBUG neutron_lib.callbacks.manager [None req-daf8d65f-8299-46dc-b775-6090637322aa None None] Subscribe: > router precommit_create 55550000, False {{(pid=87643) subscribe /opt/stack/data/venv/lib/python3.12/site-packages/neutron_lib/callbacks/manager.py:52}}
Aug 17 19:48:32.039303 np0000007580 devstack@neutron-api.service[87643]: DEBUG neutron_lib.callbacks.manager [None req-daf8d65f-8299-46dc-b775-6090637322aa None None] Subscribe: > router precommit_create 55550000, False {{(pid=87643) subscribe /opt/stack/data/venv/lib/python3.12/site-packages/neutron_lib/callbacks/manager.py:52}}
Aug 17 19:48:32.039371 np0000007580 devstack@neutron-api.service[87641]: INFO neutron.api.extensions [None req-71eab893-f137-48f8-a6a2-390997034274 None None] Loaded extension: dhcp_agent_scheduler
Aug 17 19:48:32.039479 np0000007580 devstack@neutron-api.service[87643]: DEBUG neutron_lib.callbacks.manager [None req-daf8d65f-8299-46dc-b775-6090637322aa None None] Subscribe: > router precommit_update 55550000, False {{(pid=87643) subscribe /opt/stack/data/venv/lib/python3.12/site-packages/neutron_lib/callbacks/manager.py:52}}
Aug 17 19:48:32.039532 np0000007580 devstack@neutron-api.service[87641]: DEBUG neutron.api.extensions [None req-71eab893-f137-48f8-a6a2-390997034274 None None] Loading extension file: dns.py {{(pid=87641) _load_all_extensions_from_path /opt/stack/neutron/neutron/api/extensions.py:449}}
Aug 17 19:48:32.039605 np0000007580 devstack@neutron-api.service[87643]: DEBUG neutron_lib.callbacks.manager [None req-daf8d65f-8299-46dc-b775-6090637322aa None None] Subscribe: subnet after_update 55550000, False {{(pid=87643) subscribe /opt/stack/data/venv/lib/python3.12/site-packages/neutron_lib/callbacks/manager.py:52}}
Aug 17 19:48:32.039645 np0000007580 devstack@neutron-api.service[87641]: DEBUG neutron.api.extensions [None req-71eab893-f137-48f8-a6a2-390997034274 None None] Ext name="DNS Integration" alias="dns-integration" description="Provides integration with DNS." updated="2015-08-15T18:00:00-00:00" {{(pid=87641) _check_extension /opt/stack/neutron/neutron/api/extensions.py:415}}
Aug 17 19:48:32.040069 np0000007580 devstack@neutron-api.service[87643]: DEBUG neutron.quota.resource_registry [None req-daf8d65f-8299-46dc-b775-6090637322aa None None] Tracking information for resource: router configured {{(pid=87643) set_tracked_resource /opt/stack/neutron/neutron/quota/resource_registry.py:203}}
Aug 17 19:48:32.040211 np0000007580 devstack@neutron-api.service[87641]: INFO neutron.api.extensions [None req-71eab893-f137-48f8-a6a2-390997034274 None None] Loaded extension: dns-integration
Aug 17 19:48:32.040272 np0000007580 devstack@neutron-api.service[87643]: DEBUG neutron.quota.resource_registry [None req-daf8d65f-8299-46dc-b775-6090637322aa None None] Tracking information for resource: floatingip configured {{(pid=87643) set_tracked_resource /opt/stack/neutron/neutron/quota/resource_registry.py:203}}
Aug 17 19:48:32.040890 np0000007580 devstack@neutron-api.service[87641]: DEBUG neutron.api.extensions [None req-71eab893-f137-48f8-a6a2-390997034274 None None] Loading extension file: dns_domain_ports.py {{(pid=87641) _load_all_extensions_from_path /opt/stack/neutron/neutron/api/extensions.py:449}}
Aug 17 19:48:32.041382 np0000007580 devstack@neutron-api.service[87643]: INFO neutron.services.ovn_l3.plugin [None req-daf8d65f-8299-46dc-b775-6090637322aa None None] Starting OVNL3RouterPlugin
Aug 17 19:48:32.041843 np0000007580 devstack@neutron-api.service[87641]: DEBUG neutron.api.extensions [None req-71eab893-f137-48f8-a6a2-390997034274 None None] Ext name="dns_domain for ports" alias="dns-domain-ports" description="Allows the DNS domain to be specified for a network port." updated="2017-04-24T10:00:00-00:00" {{(pid=87641) _check_extension /opt/stack/neutron/neutron/api/extensions.py:415}}
Aug 17 19:48:32.042210 np0000007580 devstack@neutron-api.service[87643]: DEBUG neutron_lib.callbacks.manager [None req-daf8d65f-8299-46dc-b775-6090637322aa None None] Subscribe: > port_forwarding_plugin after_init 55550000, False {{(pid=87643) subscribe /opt/stack/data/venv/lib/python3.12/site-packages/neutron_lib/callbacks/manager.py:52}}
Aug 17 19:48:32.042825 np0000007580 devstack@neutron-api.service[87641]: INFO neutron.api.extensions [None req-71eab893-f137-48f8-a6a2-390997034274 None None] Loaded extension: dns-domain-ports
Aug 17 19:48:32.042825 np0000007580 devstack@neutron-api.service[87641]: DEBUG neutron.api.extensions [None req-71eab893-f137-48f8-a6a2-390997034274 None None] Loading extension file: dns_integration_domain_keywords.py {{(pid=87641) _load_all_extensions_from_path /opt/stack/neutron/neutron/api/extensions.py:449}}
Aug 17 19:48:32.043297 np0000007580 devstack@neutron-api.service[87643]: DEBUG neutron_lib.callbacks.manager [None req-daf8d65f-8299-46dc-b775-6090637322aa None None] Subscribe: > router before_create 55550100, False {{(pid=87643) subscribe /opt/stack/data/venv/lib/python3.12/site-packages/neutron_lib/callbacks/manager.py:52}}
Aug 17 19:48:32.043297 np0000007580 devstack@neutron-api.service[87643]: DEBUG neutron_lib.callbacks.manager [None req-daf8d65f-8299-46dc-b775-6090637322aa None None] Subscribe: > router precommit_delete 55550100, False {{(pid=87643) subscribe /opt/stack/data/venv/lib/python3.12/site-packages/neutron_lib/callbacks/manager.py:52}}
Aug 17 19:48:32.043297 np0000007580 devstack@neutron-api.service[87643]: DEBUG neutron_lib.callbacks.manager [None req-daf8d65f-8299-46dc-b775-6090637322aa None None] Subscribe: > router precommit_create 55550100, False {{(pid=87643) subscribe /opt/stack/data/venv/lib/python3.12/site-packages/neutron_lib/callbacks/manager.py:52}}
Aug 17 19:48:32.043845 np0000007580 devstack@neutron-api.service[87641]: DEBUG neutron.api.extensions [None req-71eab893-f137-48f8-a6a2-390997034274 None None] Ext name="DNS domain names with keywords allowed" alias="dns-integration-domain-keywords" description="Allows to use keywords like , , and as DNS domain name" updated="2020-06-15T18:00:00-00:00" {{(pid=87641) _check_extension /opt/stack/neutron/neutron/api/extensions.py:415}}
Aug 17 19:48:32.044043 np0000007580 devstack@neutron-api.service[87643]: DEBUG neutron_lib.callbacks.manager [None req-daf8d65f-8299-46dc-b775-6090637322aa None None] Subscribe: > router precommit_update 55550100, False {{(pid=87643) subscribe /opt/stack/data/venv/lib/python3.12/site-packages/neutron_lib/callbacks/manager.py:52}}
Aug 17 19:48:32.044124 np0000007580 devstack@neutron-api.service[87641]: INFO neutron.api.extensions [None req-71eab893-f137-48f8-a6a2-390997034274 None None] Loaded extension: dns-integration-domain-keywords
Aug 17 19:48:32.044124 np0000007580 devstack@neutron-api.service[87641]: DEBUG neutron.api.extensions [None req-71eab893-f137-48f8-a6a2-390997034274 None None] Loading extension file: dvr.py {{(pid=87641) _load_all_extensions_from_path /opt/stack/neutron/neutron/api/extensions.py:449}}
Aug 17 19:48:32.044124 np0000007580 devstack@neutron-api.service[87641]: DEBUG neutron.api.extensions [None req-71eab893-f137-48f8-a6a2-390997034274 None None] Ext name="Distributed Virtual Router" alias="dvr" description="Enables configuration of Distributed Virtual Routers." updated="2014-06-1T10:00:00-00:00" {{(pid=87641) _check_extension /opt/stack/neutron/neutron/api/extensions.py:415}}
Aug 17 19:48:32.044124 np0000007580 devstack@neutron-api.service[87641]: INFO neutron.api.extensions [None req-71eab893-f137-48f8-a6a2-390997034274 None None] Extension dvr not supported by any of loaded plugins
Aug 17 19:48:32.044124 np0000007580 devstack@neutron-api.service[87641]: DEBUG neutron.api.extensions [None req-71eab893-f137-48f8-a6a2-390997034274 None None] Loading extension file: ecmp_routes.py {{(pid=87641) _load_all_extensions_from_path /opt/stack/neutron/neutron/api/extensions.py:449}}
Aug 17 19:48:32.044124 np0000007580 devstack@neutron-api.service[87641]: DEBUG neutron.api.extensions [None req-71eab893-f137-48f8-a6a2-390997034274 None None] Ext name="Equal Cost Multipath Routing" alias="ecmp_routes" description="Allows traffic to reach thesame destination via multiple different links " updated="2020-11-26T18:00:00-00:00" {{(pid=87641) _check_extension /opt/stack/neutron/neutron/api/extensions.py:415}}
Aug 17 19:48:32.044124 np0000007580 devstack@neutron-api.service[87641]: INFO neutron.api.extensions [None req-71eab893-f137-48f8-a6a2-390997034274 None None] Extension ecmp_routes not supported by any of loaded plugins
Aug 17 19:48:32.044334 np0000007580 devstack@neutron-api.service[87641]: DEBUG neutron.api.extensions [None req-71eab893-f137-48f8-a6a2-390997034274 None None] Loading extension file: empty_string_filtering.py {{(pid=87641) _load_all_extensions_from_path /opt/stack/neutron/neutron/api/extensions.py:449}}
Aug 17 19:48:32.044334 np0000007580 devstack@neutron-api.service[87641]: DEBUG neutron.api.extensions [None req-71eab893-f137-48f8-a6a2-390997034274 None None] Ext name="Empty String Filtering Extension" alias="empty-string-filtering" description="Allow filtering by attributes with empty string value" updated="2018-05-01T10:00:00-00:00" {{(pid=87641) _check_extension /opt/stack/neutron/neutron/api/extensions.py:415}}
Aug 17 19:48:32.044334 np0000007580 devstack@neutron-api.service[87641]: INFO neutron.api.extensions [None req-71eab893-f137-48f8-a6a2-390997034274 None None] Loaded extension: empty-string-filtering
Aug 17 19:48:32.044334 np0000007580 devstack@neutron-api.service[87641]: DEBUG neutron.api.extensions [None req-71eab893-f137-48f8-a6a2-390997034274 None None] Loading extension file: evpn.py {{(pid=87641) _load_all_extensions_from_path /opt/stack/neutron/neutron/api/extensions.py:449}}
Aug 17 19:48:32.044334 np0000007580 devstack@neutron-api.service[87641]: DEBUG neutron.api.extensions [None req-71eab893-f137-48f8-a6a2-390997034274 None None] Ext name="EVPN" alias="evpn" description="Router extension to support EVPN Type-5 route advertisement" updated="2026-04-28T00:00:00-00:00" {{(pid=87641) _check_extension /opt/stack/neutron/neutron/api/extensions.py:415}}
Aug 17 19:48:32.044334 np0000007580 devstack@neutron-api.service[87641]: INFO neutron.api.extensions [None req-71eab893-f137-48f8-a6a2-390997034274 None None] Extension evpn not supported by any of loaded plugins
Aug 17 19:48:32.044334 np0000007580 devstack@neutron-api.service[87641]: DEBUG neutron.api.extensions [None req-71eab893-f137-48f8-a6a2-390997034274 None None] Loading extension file: expose_l3_conntrack_helper.py {{(pid=87641) _load_all_extensions_from_path /opt/stack/neutron/neutron/api/extensions.py:449}}
Aug 17 19:48:32.044459 np0000007580 devstack@neutron-api.service[87641]: DEBUG neutron.api.extensions [None req-71eab893-f137-48f8-a6a2-390997034274 None None] Ext name="Expose CT target rules for conntrack helper" alias="expose-l3-conntrack-helper" description="Expose allow adding CT target rules for conntrack helper" updated="2019-04-04T10:00:00-00:00" {{(pid=87641) _check_extension /opt/stack/neutron/neutron/api/extensions.py:415}}
Aug 17 19:48:32.044459 np0000007580 devstack@neutron-api.service[87641]: INFO neutron.api.extensions [None req-71eab893-f137-48f8-a6a2-390997034274 None None] Extension expose-l3-conntrack-helper not supported by any of loaded plugins
Aug 17 19:48:32.044459 np0000007580 devstack@neutron-api.service[87641]: DEBUG neutron.api.extensions [None req-71eab893-f137-48f8-a6a2-390997034274 None None] Loading extension file: expose_port_forwarding_in_fip.py {{(pid=87641) _load_all_extensions_from_path /opt/stack/neutron/neutron/api/extensions.py:449}}
Aug 17 19:48:32.044459 np0000007580 devstack@neutron-api.service[87641]: DEBUG neutron.api.extensions [None req-71eab893-f137-48f8-a6a2-390997034274 None None] Ext name="Expose Floating IP port forwardings" alias="expose-port-forwarding-in-fip" description="Expose port forwarding fields in floating IP response" updated="2018-06-28T16:00:00-00:00" {{(pid=87641) _check_extension /opt/stack/neutron/neutron/api/extensions.py:415}}
Aug 17 19:48:32.044459 np0000007580 devstack@neutron-api.service[87641]: INFO neutron.api.extensions [None req-71eab893-f137-48f8-a6a2-390997034274 None None] Extension expose-port-forwarding-in-fip not supported by any of loaded plugins
Aug 17 19:48:32.044459 np0000007580 devstack@neutron-api.service[87641]: DEBUG neutron.api.extensions [None req-71eab893-f137-48f8-a6a2-390997034274 None None] Loading extension file: external_net.py {{(pid=87641) _load_all_extensions_from_path /opt/stack/neutron/neutron/api/extensions.py:449}}
Aug 17 19:48:32.044663 np0000007580 devstack@neutron-api.service[87643]: DEBUG neutron.services.provider_configuration [None req-daf8d65f-8299-46dc-b775-6090637322aa None None] Service providers = [] {{(pid=87643) parse_service_provider_opt /opt/stack/neutron/neutron/services/provider_configuration.py:170}}
Aug 17 19:48:32.044663 np0000007580 devstack@neutron-api.service[87643]: DEBUG neutron.db.servicetype_db [None req-daf8d65f-8299-46dc-b775-6090637322aa None None] Adding provider configuration for service L3_ROUTER_NAT {{(pid=87643) add_provider_configuration /opt/stack/neutron/neutron/db/servicetype_db.py:45}}
Aug 17 19:48:32.044727 np0000007580 devstack@neutron-api.service[87641]: DEBUG neutron.api.extensions [None req-71eab893-f137-48f8-a6a2-390997034274 None None] Ext name="Neutron external network" alias="external-net" description="Adds external network attribute to network resource." updated="2013-01-14T10:00:00-00:00" {{(pid=87641) _check_extension /opt/stack/neutron/neutron/api/extensions.py:415}}
Aug 17 19:48:32.044727 np0000007580 devstack@neutron-api.service[87641]: INFO neutron.api.extensions [None req-71eab893-f137-48f8-a6a2-390997034274 None None] Loaded extension: external-net
Aug 17 19:48:32.044727 np0000007580 devstack@neutron-api.service[87641]: DEBUG neutron.api.extensions [None req-71eab893-f137-48f8-a6a2-390997034274 None None] Loading extension file: extra_dhcp_opt.py {{(pid=87641) _load_all_extensions_from_path /opt/stack/neutron/neutron/api/extensions.py:449}}
Aug 17 19:48:32.044727 np0000007580 devstack@neutron-api.service[87641]: DEBUG neutron.api.extensions [None req-71eab893-f137-48f8-a6a2-390997034274 None None] Ext name="Neutron Extra DHCP options" alias="extra_dhcp_opt" description="Extra options configuration for DHCP. For example PXE boot options to DHCP clients can be specified (e.g. tftp-server, server-ip-address, bootfile-name)" updated="2013-03-17T12:00:00-00:00" {{(pid=87641) _check_extension /opt/stack/neutron/neutron/api/extensions.py:415}}
Aug 17 19:48:32.044727 np0000007580 devstack@neutron-api.service[87641]: INFO neutron.api.extensions [None req-71eab893-f137-48f8-a6a2-390997034274 None None] Loaded extension: extra_dhcp_opt
Aug 17 19:48:32.044727 np0000007580 devstack@neutron-api.service[87641]: DEBUG neutron.api.extensions [None req-71eab893-f137-48f8-a6a2-390997034274 None None] Loading extension file: extraroute.py {{(pid=87641) _load_all_extensions_from_path /opt/stack/neutron/neutron/api/extensions.py:449}}
Aug 17 19:48:32.044879 np0000007580 devstack@neutron-api.service[87641]: DEBUG neutron.api.extensions [None req-71eab893-f137-48f8-a6a2-390997034274 None None] Ext name="Neutron Extra Route" alias="extraroute" description="Extra routes configuration for L3 router" updated="2013-02-01T10:00:00-00:00" {{(pid=87641) _check_extension /opt/stack/neutron/neutron/api/extensions.py:415}}
Aug 17 19:48:32.045581 np0000007580 devstack@neutron-api.service[87641]: INFO neutron.api.extensions [None req-71eab893-f137-48f8-a6a2-390997034274 None None] Loaded extension: extraroute
Aug 17 19:48:32.045930 np0000007580 devstack@neutron-api.service[87643]: DEBUG neutron_lib.callbacks.manager [None req-daf8d65f-8299-46dc-b775-6090637322aa None None] Subscribe: > router precommit_create 55549900, False {{(pid=87643) subscribe /opt/stack/data/venv/lib/python3.12/site-packages/neutron_lib/callbacks/manager.py:52}}
Aug 17 19:48:32.046309 np0000007580 devstack@neutron-api.service[87641]: DEBUG neutron.api.extensions [None req-71eab893-f137-48f8-a6a2-390997034274 None None] Loading extension file: extraroute_atomic.py {{(pid=87641) _load_all_extensions_from_path /opt/stack/neutron/neutron/api/extensions.py:449}}
Aug 17 19:48:32.046644 np0000007580 devstack@neutron-api.service[87643]: DEBUG neutron_lib.callbacks.manager [None req-daf8d65f-8299-46dc-b775-6090637322aa None None] Subscribe: > router_interface after_create 55550000, False {{(pid=87643) subscribe /opt/stack/data/venv/lib/python3.12/site-packages/neutron_lib/callbacks/manager.py:52}}
Aug 17 19:48:32.046644 np0000007580 devstack@neutron-api.service[87643]: DEBUG neutron_lib.callbacks.manager [None req-daf8d65f-8299-46dc-b775-6090637322aa None None] Subscribe: > floatingip after_create 55550000, False {{(pid=87643) subscribe /opt/stack/data/venv/lib/python3.12/site-packages/neutron_lib/callbacks/manager.py:52}}
Aug 17 19:48:32.046894 np0000007580 devstack@neutron-api.service[87641]: DEBUG neutron.api.extensions [None req-71eab893-f137-48f8-a6a2-390997034274 None None] Ext name="Atomically add/remove extra routes" alias="extraroute-atomic" description="Edit extra routes of a router on server side by atomically adding/removing extra routes" updated="2019-07-10T00:00:00+00:00" {{(pid=87641) _check_extension /opt/stack/neutron/neutron/api/extensions.py:415}}
Aug 17 19:48:32.046967 np0000007580 devstack@neutron-api.service[87643]: DEBUG neutron_lib.callbacks.manager [None req-daf8d65f-8299-46dc-b775-6090637322aa None None] Subscribe: > floatingip precommit_create 55550000, False {{(pid=87643) subscribe /opt/stack/data/venv/lib/python3.12/site-packages/neutron_lib/callbacks/manager.py:52}}
Aug 17 19:48:32.046990 np0000007580 devstack@neutron-api.service[87641]: INFO neutron.api.extensions [None req-71eab893-f137-48f8-a6a2-390997034274 None None] Loaded extension: extraroute-atomic
Aug 17 19:48:32.047013 np0000007580 devstack@neutron-api.service[87643]: DEBUG neutron_lib.callbacks.manager [None req-daf8d65f-8299-46dc-b775-6090637322aa None None] Subscribe: > floatingip precommit_update 55550000, False {{(pid=87643) subscribe /opt/stack/data/venv/lib/python3.12/site-packages/neutron_lib/callbacks/manager.py:52}}
Aug 17 19:48:32.047055 np0000007580 devstack@neutron-api.service[87641]: DEBUG neutron.api.extensions [None req-71eab893-f137-48f8-a6a2-390997034274 None None] Loading extension file: filter_validation.py {{(pid=87641) _load_all_extensions_from_path /opt/stack/neutron/neutron/api/extensions.py:449}}
Aug 17 19:48:32.047077 np0000007580 devstack@neutron-api.service[87643]: DEBUG neutron_lib.callbacks.manager [None req-daf8d65f-8299-46dc-b775-6090637322aa None None] Subscribe: > floatingip after_delete 55550000, False {{(pid=87643) subscribe /opt/stack/data/venv/lib/python3.12/site-packages/neutron_lib/callbacks/manager.py:52}}
Aug 17 19:48:32.047077 np0000007580 devstack@neutron-api.service[87643]: DEBUG neutron_lib.callbacks.manager [None req-daf8d65f-8299-46dc-b775-6090637322aa None None] Subscribe: > floatingip after_status_update 55550000, False {{(pid=87643) subscribe /opt/stack/data/venv/lib/python3.12/site-packages/neutron_lib/callbacks/manager.py:52}}
Aug 17 19:48:32.047077 np0000007580 devstack@neutron-api.service[87643]: DEBUG neutron_lib.callbacks.manager [None req-daf8d65f-8299-46dc-b775-6090637322aa None None] Subscribe: > floatingip after_update 55550000, False {{(pid=87643) subscribe /opt/stack/data/venv/lib/python3.12/site-packages/neutron_lib/callbacks/manager.py:52}}
Aug 17 19:48:32.047170 np0000007580 devstack@neutron-api.service[87641]: DEBUG neutron.api.extensions [None req-71eab893-f137-48f8-a6a2-390997034274 None None] Ext name="Filter parameters validation" alias="filter-validation" description="Provides validation on filter parameters." updated="2018-07-04T10:00:00-00:00" {{(pid=87641) _check_extension /opt/stack/neutron/neutron/api/extensions.py:415}}
Aug 17 19:48:32.047219 np0000007580 devstack@neutron-api.service[87643]: DEBUG neutron_lib.callbacks.manager [None req-daf8d65f-8299-46dc-b775-6090637322aa None None] Subscribe: > port_forwarding after_create 55550000, False {{(pid=87643) subscribe /opt/stack/data/venv/lib/python3.12/site-packages/neutron_lib/callbacks/manager.py:52}}
Aug 17 19:48:32.047243 np0000007580 devstack@neutron-api.service[87641]: INFO neutron.api.extensions [None req-71eab893-f137-48f8-a6a2-390997034274 None None] Loaded extension: filter-validation
Aug 17 19:48:32.047291 np0000007580 devstack@neutron-api.service[87643]: DEBUG neutron_lib.callbacks.manager [None req-daf8d65f-8299-46dc-b775-6090637322aa None None] Subscribe: > router_interface after_delete 55550000, False {{(pid=87643) subscribe /opt/stack/data/venv/lib/python3.12/site-packages/neutron_lib/callbacks/manager.py:52}}
Aug 17 19:48:32.047314 np0000007580 devstack@neutron-api.service[87641]: DEBUG neutron.api.extensions [None req-71eab893-f137-48f8-a6a2-390997034274 None None] Loading extension file: fip_pf_description.py {{(pid=87641) _load_all_extensions_from_path /opt/stack/neutron/neutron/api/extensions.py:449}}
Aug 17 19:48:32.047335 np0000007580 devstack@neutron-api.service[87643]: DEBUG neutron_lib.callbacks.manager [None req-daf8d65f-8299-46dc-b775-6090637322aa None None] Subscribe: > router after_create 55550000, False {{(pid=87643) subscribe /opt/stack/data/venv/lib/python3.12/site-packages/neutron_lib/callbacks/manager.py:52}}
Aug 17 19:48:32.047335 np0000007580 devstack@neutron-api.service[87643]: DEBUG neutron_lib.callbacks.manager [None req-daf8d65f-8299-46dc-b775-6090637322aa None None] Subscribe: > router precommit_create 55550000, False {{(pid=87643) subscribe /opt/stack/data/venv/lib/python3.12/site-packages/neutron_lib/callbacks/manager.py:52}}
Aug 17 19:48:32.047394 np0000007580 devstack@neutron-api.service[87641]: DEBUG neutron.api.extensions [None req-71eab893-f137-48f8-a6a2-390997034274 None None] Ext name="Floating IP Port Forwarding new attribute description" alias="floating-ip-port-forwarding-description" description="Add a description field to Port Forwarding rules" updated="2019-11-01T10:00:00-00:00" {{(pid=87641) _check_extension /opt/stack/neutron/neutron/api/extensions.py:415}}
Aug 17 19:48:32.047421 np0000007580 devstack@neutron-api.service[87643]: DEBUG neutron_lib.callbacks.manager [None req-daf8d65f-8299-46dc-b775-6090637322aa None None] Subscribe: > router after_delete 55550000, False {{(pid=87643) subscribe /opt/stack/data/venv/lib/python3.12/site-packages/neutron_lib/callbacks/manager.py:52}}
Aug 17 19:48:32.047464 np0000007580 devstack@neutron-api.service[87641]: INFO neutron.api.extensions [None req-71eab893-f137-48f8-a6a2-390997034274 None None] Extension floating-ip-port-forwarding-description not supported by any of loaded plugins
Aug 17 19:48:32.047485 np0000007580 devstack@neutron-api.service[87643]: DEBUG neutron_lib.callbacks.manager [None req-daf8d65f-8299-46dc-b775-6090637322aa None None] Subscribe: > router after_update 55550000, False {{(pid=87643) subscribe /opt/stack/data/venv/lib/python3.12/site-packages/neutron_lib/callbacks/manager.py:52}}
Aug 17 19:48:32.047526 np0000007580 devstack@neutron-api.service[87641]: DEBUG neutron.api.extensions [None req-71eab893-f137-48f8-a6a2-390997034274 None None] Loading extension file: fip_pf_detail.py {{(pid=87641) _load_all_extensions_from_path /opt/stack/neutron/neutron/api/extensions.py:449}}
Aug 17 19:48:32.047548 np0000007580 devstack@neutron-api.service[87643]: DEBUG neutron.services.service_base [None req-daf8d65f-8299-46dc-b775-6090637322aa None None] Loaded 'neutron.services.ovn_l3.service_providers.ovn.OvnDriver' provider for service L3_ROUTER_NAT {{(pid=87643) load_drivers /opt/stack/neutron/neutron/services/service_base.py:49}}
Aug 17 19:48:32.047548 np0000007580 devstack@neutron-api.service[87643]: DEBUG neutron_lib.callbacks.manager [None req-daf8d65f-8299-46dc-b775-6090637322aa None None] Subscribe: > process after_init 55550001, True {{(pid=87643) subscribe /opt/stack/data/venv/lib/python3.12/site-packages/neutron_lib/callbacks/manager.py:52}}
Aug 17 19:48:32.047660 np0000007580 devstack@neutron-api.service[87641]: DEBUG neutron.api.extensions [None req-71eab893-f137-48f8-a6a2-390997034274 None None] Ext name="Floating IP port forwarding detail" alias="floating-ip-port-forwarding-detail" description="Allow list floating ip return more port forwarding data, include'id' and 'internal_port_id'" updated="2022-05-06T10:00:00-00:00" {{(pid=87641) _check_extension /opt/stack/neutron/neutron/api/extensions.py:415}}
Aug 17 19:48:32.047709 np0000007580 devstack@neutron-api.service[87643]: DEBUG neutron.manager [None req-daf8d65f-8299-46dc-b775-6090637322aa None None] Successfully loaded L3_ROUTER_NAT plugin. Description: L3 Router Service Plugin for basic L3 forwarding using OVN {{(pid=87643) _create_and_add_service_plugin /opt/stack/neutron/neutron/manager.py:236}}
Aug 17 19:48:32.047709 np0000007580 devstack@neutron-api.service[87643]: INFO neutron.manager [None req-daf8d65f-8299-46dc-b775-6090637322aa None None] Loading Plugin: auto_allocate
Aug 17 19:48:32.047768 np0000007580 devstack@neutron-api.service[87641]: INFO neutron.api.extensions [None req-71eab893-f137-48f8-a6a2-390997034274 None None] Loaded extension: floating-ip-port-forwarding-detail
Aug 17 19:48:32.047768 np0000007580 devstack@neutron-api.service[87641]: DEBUG neutron.api.extensions [None req-71eab893-f137-48f8-a6a2-390997034274 None None] Loading extension file: fip_pf_port_range.py {{(pid=87641) _load_all_extensions_from_path /opt/stack/neutron/neutron/api/extensions.py:449}}
Aug 17 19:48:32.047768 np0000007580 devstack@neutron-api.service[87641]: DEBUG neutron.api.extensions [None req-71eab893-f137-48f8-a6a2-390997034274 None None] Ext name="Floating IP Port Forwarding support port ranges" alias="floating-ip-port-forwarding-port-ranges" description="Add support to port ranges" updated="2020-07-01T10:00:00-00:00" {{(pid=87641) _check_extension /opt/stack/neutron/neutron/api/extensions.py:415}}
Aug 17 19:48:32.047768 np0000007580 devstack@neutron-api.service[87641]: INFO neutron.api.extensions [None req-71eab893-f137-48f8-a6a2-390997034274 None None] Extension floating-ip-port-forwarding-port-ranges not supported by any of loaded plugins
Aug 17 19:48:32.047768 np0000007580 devstack@neutron-api.service[87641]: DEBUG neutron.api.extensions [None req-71eab893-f137-48f8-a6a2-390997034274 None None] Loading extension file: fip_port_details.py {{(pid=87641) _load_all_extensions_from_path /opt/stack/neutron/neutron/api/extensions.py:449}}
Aug 17 19:48:32.047768 np0000007580 devstack@neutron-api.service[87641]: DEBUG neutron.api.extensions [None req-71eab893-f137-48f8-a6a2-390997034274 None None] Ext name="Floating IP Port Details Extension" alias="fip-port-details" description="Add port_details attribute to Floating IP resource" updated="2018-04-09T10:00:00-00:00" {{(pid=87641) _check_extension /opt/stack/neutron/neutron/api/extensions.py:415}}
Aug 17 19:48:32.047768 np0000007580 devstack@neutron-api.service[87641]: INFO neutron.api.extensions [None req-71eab893-f137-48f8-a6a2-390997034274 None None] Loaded extension: fip-port-details
Aug 17 19:48:32.047903 np0000007580 devstack@neutron-api.service[87641]: DEBUG neutron.api.extensions [None req-71eab893-f137-48f8-a6a2-390997034274 None None] Loading extension file: flavors.py {{(pid=87641) _load_all_extensions_from_path /opt/stack/neutron/neutron/api/extensions.py:449}}
Aug 17 19:48:32.047971 np0000007580 devstack@neutron-api.service[87643]: DEBUG neutron_lib.callbacks.manager [None req-daf8d65f-8299-46dc-b775-6090637322aa None None] Subscribe: network precommit_update 55550000, False {{(pid=87643) subscribe /opt/stack/data/venv/lib/python3.12/site-packages/neutron_lib/callbacks/manager.py:52}}
Aug 17 19:48:32.047971 np0000007580 devstack@neutron-api.service[87643]: DEBUG neutron_lib.callbacks.manager [None req-daf8d65f-8299-46dc-b775-6090637322aa None None] Subscribe: network precommit_create 55550000, False {{(pid=87643) subscribe /opt/stack/data/venv/lib/python3.12/site-packages/neutron_lib/callbacks/manager.py:52}}
Aug 17 19:48:32.048030 np0000007580 devstack@neutron-api.service[87641]: DEBUG neutron.api.extensions [None req-71eab893-f137-48f8-a6a2-390997034274 None None] Ext name="Neutron Service Flavors" alias="flavors" description="Flavor specification for Neutron advanced services." updated="2015-09-17T10:00:00-00:00" {{(pid=87641) _check_extension /opt/stack/neutron/neutron/api/extensions.py:415}}
Aug 17 19:48:32.048073 np0000007580 devstack@neutron-api.service[87643]: DEBUG neutron.manager [None req-daf8d65f-8299-46dc-b775-6090637322aa None None] Successfully loaded auto-allocated-topology plugin. Description: Auto Allocated Topology - aka get me a network. {{(pid=87643) _create_and_add_service_plugin /opt/stack/neutron/neutron/manager.py:236}}
Aug 17 19:48:32.048094 np0000007580 devstack@neutron-api.service[87641]: INFO neutron.api.extensions [None req-71eab893-f137-48f8-a6a2-390997034274 None None] Loaded extension: flavors
Aug 17 19:48:32.048165 np0000007580 devstack@neutron-api.service[87643]: INFO neutron.manager [None req-daf8d65f-8299-46dc-b775-6090637322aa None None] Loading Plugin: tag
Aug 17 19:48:32.048187 np0000007580 devstack@neutron-api.service[87641]: DEBUG neutron.api.extensions [None req-71eab893-f137-48f8-a6a2-390997034274 None None] Loading extension file: floating_ip_port_forwarding.py {{(pid=87641) _load_all_extensions_from_path /opt/stack/neutron/neutron/api/extensions.py:449}}
Aug 17 19:48:32.049234 np0000007580 devstack@neutron-api.service[87641]: DEBUG neutron.api.extensions [None req-71eab893-f137-48f8-a6a2-390997034274 None None] Ext name="Floating IP Port Forwarding" alias="floating-ip-port-forwarding" description="Allow port forwarding from floating IP port to an internal port" updated="2018-01-19T10:00:00-00:00" {{(pid=87641) _check_extension /opt/stack/neutron/neutron/api/extensions.py:415}}
Aug 17 19:48:32.049234 np0000007580 devstack@neutron-api.service[87641]: INFO neutron.api.extensions [None req-71eab893-f137-48f8-a6a2-390997034274 None None] Extension floating-ip-port-forwarding not supported by any of loaded plugins
Aug 17 19:48:32.049234 np0000007580 devstack@neutron-api.service[87641]: DEBUG neutron.api.extensions [None req-71eab893-f137-48f8-a6a2-390997034274 None None] Loading extension file: floatingip_pools.py {{(pid=87641) _load_all_extensions_from_path /opt/stack/neutron/neutron/api/extensions.py:449}}
Aug 17 19:48:32.049234 np0000007580 devstack@neutron-api.service[87641]: DEBUG neutron.api.extensions [None req-71eab893-f137-48f8-a6a2-390997034274 None None] Ext name="Floating IP Pools Extension" alias="floatingip-pools" description="Provides a floating IP pools API." updated="2018-03-21T10:00:00-00:00" {{(pid=87641) _check_extension /opt/stack/neutron/neutron/api/extensions.py:415}}
Aug 17 19:48:32.049234 np0000007580 devstack@neutron-api.service[87641]: INFO neutron.api.extensions [None req-71eab893-f137-48f8-a6a2-390997034274 None None] Loaded extension: floatingip-pools
Aug 17 19:48:32.049234 np0000007580 devstack@neutron-api.service[87641]: DEBUG neutron.api.extensions [None req-71eab893-f137-48f8-a6a2-390997034274 None None] Loading extension file: ip_allocation.py {{(pid=87641) _load_all_extensions_from_path /opt/stack/neutron/neutron/api/extensions.py:449}}
Aug 17 19:48:32.049969 np0000007580 devstack@neutron-api.service[87641]: DEBUG neutron.api.extensions [None req-71eab893-f137-48f8-a6a2-390997034274 None None] Ext name="IP Allocation" alias="ip_allocation" description="IP allocation extension." updated="2016-06-10T23:00:00-00:00" {{(pid=87641) _check_extension /opt/stack/neutron/neutron/api/extensions.py:415}}
Aug 17 19:48:32.049969 np0000007580 devstack@neutron-api.service[87641]: INFO neutron.api.extensions [None req-71eab893-f137-48f8-a6a2-390997034274 None None] Extension ip_allocation not supported by any of loaded plugins
Aug 17 19:48:32.049969 np0000007580 devstack@neutron-api.service[87641]: DEBUG neutron.api.extensions [None req-71eab893-f137-48f8-a6a2-390997034274 None None] Loading extension file: ip_substring_port_filtering.py {{(pid=87641) _load_all_extensions_from_path /opt/stack/neutron/neutron/api/extensions.py:449}}
Aug 17 19:48:32.049969 np0000007580 devstack@neutron-api.service[87641]: DEBUG neutron.api.extensions [None req-71eab893-f137-48f8-a6a2-390997034274 None None] Ext name="IP address substring filtering" alias="ip-substring-filtering" description="Provides IP address substring filtering when listing ports" updated="2017-11-28T09:00:00-00:00" {{(pid=87641) _check_extension /opt/stack/neutron/neutron/api/extensions.py:415}}
Aug 17 19:48:32.049969 np0000007580 devstack@neutron-api.service[87641]: INFO neutron.api.extensions [None req-71eab893-f137-48f8-a6a2-390997034274 None None] Extension ip-substring-filtering not supported by any of loaded plugins
Aug 17 19:48:32.050940 np0000007580 devstack@neutron-api.service[87641]: DEBUG neutron.api.extensions [None req-71eab893-f137-48f8-a6a2-390997034274 None None] Loading extension file: l2_adjacency.py {{(pid=87641) _load_all_extensions_from_path /opt/stack/neutron/neutron/api/extensions.py:449}}
Aug 17 19:48:32.050940 np0000007580 devstack@neutron-api.service[87641]: DEBUG neutron.api.extensions [None req-71eab893-f137-48f8-a6a2-390997034274 None None] Ext name="L2 Adjacency" alias="l2_adjacency" description="Display L2 Adjacency for Neutron Networks." updated="2016-04-12T16:00:00-00:00" {{(pid=87641) _check_extension /opt/stack/neutron/neutron/api/extensions.py:415}}
Aug 17 19:48:32.050940 np0000007580 devstack@neutron-api.service[87641]: INFO neutron.api.extensions [None req-71eab893-f137-48f8-a6a2-390997034274 None None] Extension l2_adjacency not supported by any of loaded plugins
Aug 17 19:48:32.050940 np0000007580 devstack@neutron-api.service[87641]: DEBUG neutron.api.extensions [None req-71eab893-f137-48f8-a6a2-390997034274 None None] Loading extension file: l3.py {{(pid=87641) _load_all_extensions_from_path /opt/stack/neutron/neutron/api/extensions.py:449}}
Aug 17 19:48:32.051371 np0000007580 devstack@neutron-api.service[87641]: DEBUG neutron.api.extensions [None req-71eab893-f137-48f8-a6a2-390997034274 None None] Ext name="Neutron L3 Router" alias="router" description="Router abstraction for basic L3 forwarding between L2 Neutron networks and access to external networks via a NAT gateway." updated="2012-07-20T10:00:00-00:00" {{(pid=87641) _check_extension /opt/stack/neutron/neutron/api/extensions.py:415}}
Aug 17 19:48:32.051537 np0000007580 devstack@neutron-api.service[87643]: DEBUG neutron.manager [None req-daf8d65f-8299-46dc-b775-6090637322aa None None] Successfully loaded TAG plugin. Description: Tag support {{(pid=87643) _create_and_add_service_plugin /opt/stack/neutron/neutron/manager.py:236}}
Aug 17 19:48:32.051537 np0000007580 devstack@neutron-api.service[87643]: INFO neutron.manager [None req-daf8d65f-8299-46dc-b775-6090637322aa None None] Loading Plugin: timestamp
Aug 17 19:48:32.051868 np0000007580 devstack@neutron-api.service[87641]: INFO neutron.api.extensions [None req-71eab893-f137-48f8-a6a2-390997034274 None None] Loaded extension: router
Aug 17 19:48:32.051868 np0000007580 devstack@neutron-api.service[87641]: DEBUG neutron.api.extensions [None req-71eab893-f137-48f8-a6a2-390997034274 None None] Loading extension file: l3_agent_scheduler_ha_chassis_priority.py {{(pid=87641) _load_all_extensions_from_path /opt/stack/neutron/neutron/api/extensions.py:449}}
Aug 17 19:48:32.051868 np0000007580 devstack@neutron-api.service[87641]: DEBUG neutron.api.extensions [None req-71eab893-f137-48f8-a6a2-390997034274 None None] Ext name="L3 Agent Scheduler HA Chassis Priority" alias="l3-agent-scheduler-ha-chassis-priority" description="Exposes the HA_Chassis priority in the L3 Agent Scheduler API responses and allows setting priority when scheduling a router to a chassis." updated="2026-03-31T00:00:00-00:00" {{(pid=87641) _check_extension /opt/stack/neutron/neutron/api/extensions.py:415}}
Aug 17 19:48:32.051868 np0000007580 devstack@neutron-api.service[87641]: INFO neutron.api.extensions [None req-71eab893-f137-48f8-a6a2-390997034274 None None] Loaded extension: l3-agent-scheduler-ha-chassis-priority
Aug 17 19:48:32.051868 np0000007580 devstack@neutron-api.service[87641]: DEBUG neutron.api.extensions [None req-71eab893-f137-48f8-a6a2-390997034274 None None] Loading extension file: l3_conntrack_helper.py {{(pid=87641) _load_all_extensions_from_path /opt/stack/neutron/neutron/api/extensions.py:449}}
Aug 17 19:48:32.052738 np0000007580 devstack@neutron-api.service[87641]: DEBUG neutron.api.extensions [None req-71eab893-f137-48f8-a6a2-390997034274 None None] Ext name="L3 Conntrack helper" alias="l3-conntrack-helper" description="Allow adding CT target rules for conntrack helper" updated="2019-04-04T10:00:00-00:00" {{(pid=87641) _check_extension /opt/stack/neutron/neutron/api/extensions.py:415}}
Aug 17 19:48:32.052738 np0000007580 devstack@neutron-api.service[87641]: INFO neutron.api.extensions [None req-71eab893-f137-48f8-a6a2-390997034274 None None] Extension l3-conntrack-helper not supported by any of loaded plugins
