Jun 02 16:09:27.322109 np0000001946 systemd[1]: Starting devstack@n-api-meta.service - Devstack devstack@n-api-meta.service...
Jun 02 16:09:27.327899 np0000001946 devstack@n-api-meta.service[95223]: [uWSGI] getting INI configuration from /etc/nova/nova-metadata-uwsgi.ini
Jun 02 16:09:27.330098 np0000001946 devstack@n-api-meta.service[95223]: *** Starting uWSGI 2.0.24-debian (64bit) on [Tue Jun 2 16:09:27 2026] ***
Jun 02 16:09:27.330098 np0000001946 devstack@n-api-meta.service[95223]: compiled with version: 13.2.0 on 17 April 2024 16:23:48
Jun 02 16:09:27.330098 np0000001946 devstack@n-api-meta.service[95223]: os: Linux-6.8.0-100-generic #100-Ubuntu SMP PREEMPT_DYNAMIC Tue Jan 13 16:40:06 UTC 2026
Jun 02 16:09:27.330098 np0000001946 devstack@n-api-meta.service[95223]: nodename: np0000001946
Jun 02 16:09:27.330098 np0000001946 devstack@n-api-meta.service[95223]: machine: x86_64
Jun 02 16:09:27.330098 np0000001946 devstack@n-api-meta.service[95223]: clock source: unix
Jun 02 16:09:27.330098 np0000001946 devstack@n-api-meta.service[95223]: pcre jit disabled
Jun 02 16:09:27.330098 np0000001946 devstack@n-api-meta.service[95223]: detected number of CPU cores: 12
Jun 02 16:09:27.330098 np0000001946 devstack@n-api-meta.service[95223]: current working directory: /
Jun 02 16:09:27.330098 np0000001946 devstack@n-api-meta.service[95223]: detected binary path: /usr/bin/uwsgi-core
Jun 02 16:09:27.330098 np0000001946 devstack@n-api-meta.service[95223]: your processes number limit is 95969
Jun 02 16:09:27.330098 np0000001946 devstack@n-api-meta.service[95223]: your memory page size is 4096 bytes
Jun 02 16:09:27.330098 np0000001946 devstack@n-api-meta.service[95223]: detected max file descriptor number: 2048
Jun 02 16:09:27.330098 np0000001946 devstack@n-api-meta.service[95223]: lock engine: pthread robust mutexes
Jun 02 16:09:27.330457 np0000001946 devstack@n-api-meta.service[95223]: thunder lock: enabled
Jun 02 16:09:27.330531 np0000001946 devstack@n-api-meta.service[95223]: uWSGI http bound on 0.0.0.0:8775 fd 5
Jun 02 16:09:27.330576 np0000001946 devstack@n-api-meta.service[95223]: uwsgi socket 0 bound to TCP address 127.0.0.1:35847 (port auto-assigned) fd 4
Jun 02 16:09:27.330576 np0000001946 devstack@n-api-meta.service[95223]: Python version: 3.12.3 (main, Mar 23 2026, 19:04:32) [GCC 13.3.0]
Jun 02 16:09:27.330576 np0000001946 devstack@n-api-meta.service[95223]: PEP 405 virtualenv detected: /opt/stack/data/venv
Jun 02 16:09:27.330666 np0000001946 devstack@n-api-meta.service[95223]: Set PythonHome to /opt/stack/data/venv
Jun 02 16:09:27.362645 np0000001946 devstack@n-api-meta.service[95223]: Python main interpreter initialized at 0x7c67918a3668
Jun 02 16:09:27.362645 np0000001946 devstack@n-api-meta.service[95223]: python threads support enabled
Jun 02 16:09:27.362645 np0000001946 devstack@n-api-meta.service[95223]: your server socket listen backlog is limited to 100 connections
Jun 02 16:09:27.362645 np0000001946 devstack@n-api-meta.service[95223]: your mercy for graceful operations on workers is 80 seconds
Jun 02 16:09:27.363047 np0000001946 devstack@n-api-meta.service[95223]: mapped 537436 bytes (524 KB) for 3 cores
Jun 02 16:09:27.363160 np0000001946 devstack@n-api-meta.service[95223]: *** Operational MODE: preforking ***
Jun 02 16:09:27.363339 np0000001946 devstack@n-api-meta.service[95223]: *** uWSGI is running in multiple interpreter mode ***
Jun 02 16:09:27.363339 np0000001946 devstack@n-api-meta.service[95223]: spawned uWSGI master process (pid: 95223)
Jun 02 16:09:27.363536 np0000001946 systemd[1]: Started devstack@n-api-meta.service - Devstack devstack@n-api-meta.service.
Jun 02 16:09:27.363984 np0000001946 devstack@n-api-meta.service[95223]: spawned uWSGI worker 1 (pid: 95225, cores: 1)
Jun 02 16:09:27.364838 np0000001946 devstack@n-api-meta.service[95223]: spawned uWSGI worker 2 (pid: 95226, cores: 1)
Jun 02 16:09:27.364838 np0000001946 devstack@n-api-meta.service[95223]: spawned uWSGI worker 3 (pid: 95227, cores: 1)
Jun 02 16:09:27.365223 np0000001946 devstack@n-api-meta.service[95223]: spawned uWSGI http 1 (pid: 95228)
Jun 02 16:09:27.365223 np0000001946 devstack@n-api-meta.service[95223]: running "unix_signal:15 gracefully_kill_them_all" (master-start)...
Jun 02 16:09:29.319824 np0000001946 devstack@n-api-meta.service[95225]: INFO dbcounter [None req-40d46c8a-dc56-4e42-92e6-445e0752974e None None] Registered counter for database nova_api
Jun 02 16:09:29.353157 np0000001946 devstack@n-api-meta.service[95227]: INFO dbcounter [None req-dce4dab6-4116-41ad-99d0-06b104a825fd None None] Registered counter for database nova_api
Jun 02 16:09:29.377659 np0000001946 devstack@n-api-meta.service[95226]: INFO dbcounter [None req-412be638-6bd0-451f-8ace-852be8c7f174 None None] Registered counter for database nova_api
Jun 02 16:09:29.381677 np0000001946 devstack@n-api-meta.service[95225]: DEBUG oslo_db.sqlalchemy.engines [None req-40d46c8a-dc56-4e42-92e6-445e0752974e None None] MySQL server mode set to STRICT_TRANS_TABLES,STRICT_ALL_TABLES,NO_ZERO_IN_DATE,NO_ZERO_DATE,ERROR_FOR_DIVISION_BY_ZERO,TRADITIONAL,NO_ENGINE_SUBSTITUTION {{(pid=95225) _check_effective_sql_mode /opt/stack/data/venv/lib/python3.12/site-packages/oslo_db/sqlalchemy/engines.py:325}}
Jun 02 16:09:29.402924 np0000001946 devstack@n-api-meta.service[95227]: DEBUG oslo_db.sqlalchemy.engines [None req-dce4dab6-4116-41ad-99d0-06b104a825fd None None] MySQL server mode set to STRICT_TRANS_TABLES,STRICT_ALL_TABLES,NO_ZERO_IN_DATE,NO_ZERO_DATE,ERROR_FOR_DIVISION_BY_ZERO,TRADITIONAL,NO_ENGINE_SUBSTITUTION {{(pid=95227) _check_effective_sql_mode /opt/stack/data/venv/lib/python3.12/site-packages/oslo_db/sqlalchemy/engines.py:325}}
Jun 02 16:09:29.416672 np0000001946 devstack@n-api-meta.service[95225]: DEBUG dbcounter [-] [95225] Writer thread running {{(pid=95225) stat_writer /opt/stack/data/venv/lib/python3.12/site-packages/dbcounter.py:102}}
Jun 02 16:09:29.419291 np0000001946 devstack@n-api-meta.service[95225]: DEBUG nova.context [None req-40d46c8a-dc56-4e42-92e6-445e0752974e None None] Found 2 cells: 00000000-0000-0000-0000-000000000000(cell0),67b46a0c-d3c8-4368-bb39-bf49804af7de(cell1) {{(pid=95225) load_cells /opt/stack/nova/nova/context.py:509}}
Jun 02 16:09:29.419551 np0000001946 devstack@n-api-meta.service[95225]: INFO nova.utils [None req-40d46c8a-dc56-4e42-92e6-445e0752974e None None] The cell worker thread pool MainProcess.cell_worker is initialized
Jun 02 16:09:29.421190 np0000001946 devstack@n-api-meta.service[95225]: DEBUG oslo_concurrency.lockutils [None req-40d46c8a-dc56-4e42-92e6-445e0752974e None None] Acquiring lock "00000000-0000-0000-0000-000000000000" by "nova.context.set_target_cell..get_or_set_cached_cell_and_set_connections" {{(pid=95225) inner /opt/stack/data/venv/lib/python3.12/site-packages/oslo_concurrency/lockutils.py:511}}
Jun 02 16:09:29.421353 np0000001946 devstack@n-api-meta.service[95225]: DEBUG oslo_concurrency.lockutils [None req-40d46c8a-dc56-4e42-92e6-445e0752974e None None] Lock "00000000-0000-0000-0000-000000000000" acquired by "nova.context.set_target_cell..get_or_set_cached_cell_and_set_connections" :: waited 0.000s {{(pid=95225) inner /opt/stack/data/venv/lib/python3.12/site-packages/oslo_concurrency/lockutils.py:524}}
Jun 02 16:09:29.421680 np0000001946 devstack@n-api-meta.service[95225]: DEBUG oslo_concurrency.lockutils [None req-40d46c8a-dc56-4e42-92e6-445e0752974e None None] Lock "00000000-0000-0000-0000-000000000000" "released" by "nova.context.set_target_cell..get_or_set_cached_cell_and_set_connections" :: held 0.000s {{(pid=95225) inner /opt/stack/data/venv/lib/python3.12/site-packages/oslo_concurrency/lockutils.py:543}}
Jun 02 16:09:29.422347 np0000001946 devstack@n-api-meta.service[95225]: DEBUG oslo_concurrency.lockutils [None req-40d46c8a-dc56-4e42-92e6-445e0752974e None None] Acquiring lock "67b46a0c-d3c8-4368-bb39-bf49804af7de" by "nova.context.set_target_cell..get_or_set_cached_cell_and_set_connections" {{(pid=95225) inner /opt/stack/data/venv/lib/python3.12/site-packages/oslo_concurrency/lockutils.py:511}}
Jun 02 16:09:29.422595 np0000001946 devstack@n-api-meta.service[95225]: DEBUG oslo_concurrency.lockutils [None req-40d46c8a-dc56-4e42-92e6-445e0752974e None None] Lock "67b46a0c-d3c8-4368-bb39-bf49804af7de" acquired by "nova.context.set_target_cell..get_or_set_cached_cell_and_set_connections" :: waited 0.000s {{(pid=95225) inner /opt/stack/data/venv/lib/python3.12/site-packages/oslo_concurrency/lockutils.py:524}}
Jun 02 16:09:29.423316 np0000001946 devstack@n-api-meta.service[95225]: DEBUG oslo_concurrency.lockutils [None req-40d46c8a-dc56-4e42-92e6-445e0752974e None None] Lock "67b46a0c-d3c8-4368-bb39-bf49804af7de" "released" by "nova.context.set_target_cell..get_or_set_cached_cell_and_set_connections" :: held 0.001s {{(pid=95225) inner /opt/stack/data/venv/lib/python3.12/site-packages/oslo_concurrency/lockutils.py:543}}
Jun 02 16:09:29.426370 np0000001946 devstack@n-api-meta.service[95225]: INFO dbcounter [None req-40d46c8a-dc56-4e42-92e6-445e0752974e None None] Registered counter for database nova_cell0
Jun 02 16:09:29.428462 np0000001946 devstack@n-api-meta.service[95225]: INFO dbcounter [None req-40d46c8a-dc56-4e42-92e6-445e0752974e None None] Registered counter for database nova_cell1
Jun 02 16:09:29.440212 np0000001946 devstack@n-api-meta.service[95226]: DEBUG oslo_db.sqlalchemy.engines [None req-412be638-6bd0-451f-8ace-852be8c7f174 None None] MySQL server mode set to STRICT_TRANS_TABLES,STRICT_ALL_TABLES,NO_ZERO_IN_DATE,NO_ZERO_DATE,ERROR_FOR_DIVISION_BY_ZERO,TRADITIONAL,NO_ENGINE_SUBSTITUTION {{(pid=95226) _check_effective_sql_mode /opt/stack/data/venv/lib/python3.12/site-packages/oslo_db/sqlalchemy/engines.py:325}}
Jun 02 16:09:29.443070 np0000001946 devstack@n-api-meta.service[95227]: DEBUG dbcounter [-] [95227] Writer thread running {{(pid=95227) stat_writer /opt/stack/data/venv/lib/python3.12/site-packages/dbcounter.py:102}}
Jun 02 16:09:29.446412 np0000001946 devstack@n-api-meta.service[95227]: DEBUG nova.context [None req-dce4dab6-4116-41ad-99d0-06b104a825fd None None] Found 2 cells: 00000000-0000-0000-0000-000000000000(cell0),67b46a0c-d3c8-4368-bb39-bf49804af7de(cell1) {{(pid=95227) load_cells /opt/stack/nova/nova/context.py:509}}
Jun 02 16:09:29.446829 np0000001946 devstack@n-api-meta.service[95227]: INFO nova.utils [None req-dce4dab6-4116-41ad-99d0-06b104a825fd None None] The cell worker thread pool MainProcess.cell_worker is initialized
Jun 02 16:09:29.449159 np0000001946 devstack@n-api-meta.service[95227]: DEBUG oslo_concurrency.lockutils [None req-dce4dab6-4116-41ad-99d0-06b104a825fd None None] Acquiring lock "00000000-0000-0000-0000-000000000000" by "nova.context.set_target_cell..get_or_set_cached_cell_and_set_connections" {{(pid=95227) inner /opt/stack/data/venv/lib/python3.12/site-packages/oslo_concurrency/lockutils.py:511}}
Jun 02 16:09:29.451637 np0000001946 devstack@n-api-meta.service[95227]: DEBUG oslo_concurrency.lockutils [None req-dce4dab6-4116-41ad-99d0-06b104a825fd None None] Lock "00000000-0000-0000-0000-000000000000" acquired by "nova.context.set_target_cell..get_or_set_cached_cell_and_set_connections" :: waited 0.000s {{(pid=95227) inner /opt/stack/data/venv/lib/python3.12/site-packages/oslo_concurrency/lockutils.py:524}}
Jun 02 16:09:29.451637 np0000001946 devstack@n-api-meta.service[95227]: DEBUG oslo_concurrency.lockutils [None req-dce4dab6-4116-41ad-99d0-06b104a825fd None None] Lock "00000000-0000-0000-0000-000000000000" "released" by "nova.context.set_target_cell..get_or_set_cached_cell_and_set_connections" :: held 0.001s {{(pid=95227) inner /opt/stack/data/venv/lib/python3.12/site-packages/oslo_concurrency/lockutils.py:543}}
Jun 02 16:09:29.451637 np0000001946 devstack@n-api-meta.service[95227]: DEBUG oslo_concurrency.lockutils [None req-dce4dab6-4116-41ad-99d0-06b104a825fd None None] Acquiring lock "67b46a0c-d3c8-4368-bb39-bf49804af7de" by "nova.context.set_target_cell..get_or_set_cached_cell_and_set_connections" {{(pid=95227) inner /opt/stack/data/venv/lib/python3.12/site-packages/oslo_concurrency/lockutils.py:511}}
Jun 02 16:09:29.451637 np0000001946 devstack@n-api-meta.service[95227]: DEBUG oslo_concurrency.lockutils [None req-dce4dab6-4116-41ad-99d0-06b104a825fd None None] Lock "67b46a0c-d3c8-4368-bb39-bf49804af7de" acquired by "nova.context.set_target_cell..get_or_set_cached_cell_and_set_connections" :: waited 0.000s {{(pid=95227) inner /opt/stack/data/venv/lib/python3.12/site-packages/oslo_concurrency/lockutils.py:524}}
Jun 02 16:09:29.452151 np0000001946 devstack@n-api-meta.service[95227]: DEBUG oslo_concurrency.lockutils [None req-dce4dab6-4116-41ad-99d0-06b104a825fd None None] Lock "67b46a0c-d3c8-4368-bb39-bf49804af7de" "released" by "nova.context.set_target_cell..get_or_set_cached_cell_and_set_connections" :: held 0.001s {{(pid=95227) inner /opt/stack/data/venv/lib/python3.12/site-packages/oslo_concurrency/lockutils.py:543}}
Jun 02 16:09:29.453989 np0000001946 devstack@n-api-meta.service[95227]: INFO dbcounter [None req-dce4dab6-4116-41ad-99d0-06b104a825fd None None] Registered counter for database nova_cell0
Jun 02 16:09:29.457468 np0000001946 devstack@n-api-meta.service[95227]: INFO dbcounter [None req-dce4dab6-4116-41ad-99d0-06b104a825fd None None] Registered counter for database nova_cell1
Jun 02 16:09:29.483398 np0000001946 devstack@n-api-meta.service[95226]: DEBUG dbcounter [-] [95226] Writer thread running {{(pid=95226) stat_writer /opt/stack/data/venv/lib/python3.12/site-packages/dbcounter.py:102}}
Jun 02 16:09:29.487079 np0000001946 devstack@n-api-meta.service[95226]: DEBUG nova.context [None req-412be638-6bd0-451f-8ace-852be8c7f174 None None] Found 2 cells: 00000000-0000-0000-0000-000000000000(cell0),67b46a0c-d3c8-4368-bb39-bf49804af7de(cell1) {{(pid=95226) load_cells /opt/stack/nova/nova/context.py:509}}
Jun 02 16:09:29.487379 np0000001946 devstack@n-api-meta.service[95226]: INFO nova.utils [None req-412be638-6bd0-451f-8ace-852be8c7f174 None None] The cell worker thread pool MainProcess.cell_worker is initialized
Jun 02 16:09:29.489853 np0000001946 devstack@n-api-meta.service[95226]: DEBUG oslo_concurrency.lockutils [None req-412be638-6bd0-451f-8ace-852be8c7f174 None None] Acquiring lock "00000000-0000-0000-0000-000000000000" by "nova.context.set_target_cell..get_or_set_cached_cell_and_set_connections" {{(pid=95226) inner /opt/stack/data/venv/lib/python3.12/site-packages/oslo_concurrency/lockutils.py:511}}
Jun 02 16:09:29.490070 np0000001946 devstack@n-api-meta.service[95226]: DEBUG oslo_concurrency.lockutils [None req-412be638-6bd0-451f-8ace-852be8c7f174 None None] Lock "00000000-0000-0000-0000-000000000000" acquired by "nova.context.set_target_cell..get_or_set_cached_cell_and_set_connections" :: waited 0.000s {{(pid=95226) inner /opt/stack/data/venv/lib/python3.12/site-packages/oslo_concurrency/lockutils.py:524}}
Jun 02 16:09:29.490571 np0000001946 devstack@n-api-meta.service[95226]: DEBUG oslo_concurrency.lockutils [None req-412be638-6bd0-451f-8ace-852be8c7f174 None None] Lock "00000000-0000-0000-0000-000000000000" "released" by "nova.context.set_target_cell..get_or_set_cached_cell_and_set_connections" :: held 0.000s {{(pid=95226) inner /opt/stack/data/venv/lib/python3.12/site-packages/oslo_concurrency/lockutils.py:543}}
Jun 02 16:09:29.491447 np0000001946 devstack@n-api-meta.service[95226]: DEBUG oslo_concurrency.lockutils [None req-412be638-6bd0-451f-8ace-852be8c7f174 None None] Acquiring lock "67b46a0c-d3c8-4368-bb39-bf49804af7de" by "nova.context.set_target_cell..get_or_set_cached_cell_and_set_connections" {{(pid=95226) inner /opt/stack/data/venv/lib/python3.12/site-packages/oslo_concurrency/lockutils.py:511}}
Jun 02 16:09:29.491564 np0000001946 devstack@n-api-meta.service[95225]: DEBUG oslo_db.sqlalchemy.engines [None req-40d46c8a-dc56-4e42-92e6-445e0752974e None None] MySQL server mode set to STRICT_TRANS_TABLES,STRICT_ALL_TABLES,NO_ZERO_IN_DATE,NO_ZERO_DATE,ERROR_FOR_DIVISION_BY_ZERO,TRADITIONAL,NO_ENGINE_SUBSTITUTION {{(pid=95225) _check_effective_sql_mode /opt/stack/data/venv/lib/python3.12/site-packages/oslo_db/sqlalchemy/engines.py:325}}
Jun 02 16:09:29.491655 np0000001946 devstack@n-api-meta.service[95226]: DEBUG oslo_concurrency.lockutils [None req-412be638-6bd0-451f-8ace-852be8c7f174 None None] Lock "67b46a0c-d3c8-4368-bb39-bf49804af7de" acquired by "nova.context.set_target_cell..get_or_set_cached_cell_and_set_connections" :: waited 0.000s {{(pid=95226) inner /opt/stack/data/venv/lib/python3.12/site-packages/oslo_concurrency/lockutils.py:524}}
Jun 02 16:09:29.492912 np0000001946 devstack@n-api-meta.service[95226]: DEBUG oslo_concurrency.lockutils [None req-412be638-6bd0-451f-8ace-852be8c7f174 None None] Lock "67b46a0c-d3c8-4368-bb39-bf49804af7de" "released" by "nova.context.set_target_cell..get_or_set_cached_cell_and_set_connections" :: held 0.001s {{(pid=95226) inner /opt/stack/data/venv/lib/python3.12/site-packages/oslo_concurrency/lockutils.py:543}}
Jun 02 16:09:29.494775 np0000001946 devstack@n-api-meta.service[95225]: DEBUG oslo_db.sqlalchemy.engines [None req-40d46c8a-dc56-4e42-92e6-445e0752974e None None] MySQL server mode set to STRICT_TRANS_TABLES,STRICT_ALL_TABLES,NO_ZERO_IN_DATE,NO_ZERO_DATE,ERROR_FOR_DIVISION_BY_ZERO,TRADITIONAL,NO_ENGINE_SUBSTITUTION {{(pid=95225) _check_effective_sql_mode /opt/stack/data/venv/lib/python3.12/site-packages/oslo_db/sqlalchemy/engines.py:325}}
Jun 02 16:09:29.495146 np0000001946 devstack@n-api-meta.service[95226]: INFO dbcounter [None req-412be638-6bd0-451f-8ace-852be8c7f174 None None] Registered counter for database nova_cell0
Jun 02 16:09:29.499177 np0000001946 devstack@n-api-meta.service[95226]: INFO dbcounter [None req-412be638-6bd0-451f-8ace-852be8c7f174 None None] Registered counter for database nova_cell1
Jun 02 16:09:29.527645 np0000001946 devstack@n-api-meta.service[95227]: DEBUG oslo_db.sqlalchemy.engines [None req-dce4dab6-4116-41ad-99d0-06b104a825fd None None] MySQL server mode set to STRICT_TRANS_TABLES,STRICT_ALL_TABLES,NO_ZERO_IN_DATE,NO_ZERO_DATE,ERROR_FOR_DIVISION_BY_ZERO,TRADITIONAL,NO_ENGINE_SUBSTITUTION {{(pid=95227) _check_effective_sql_mode /opt/stack/data/venv/lib/python3.12/site-packages/oslo_db/sqlalchemy/engines.py:325}}
Jun 02 16:09:29.539440 np0000001946 devstack@n-api-meta.service[95227]: DEBUG oslo_db.sqlalchemy.engines [None req-dce4dab6-4116-41ad-99d0-06b104a825fd None None] MySQL server mode set to STRICT_TRANS_TABLES,STRICT_ALL_TABLES,NO_ZERO_IN_DATE,NO_ZERO_DATE,ERROR_FOR_DIVISION_BY_ZERO,TRADITIONAL,NO_ENGINE_SUBSTITUTION {{(pid=95227) _check_effective_sql_mode /opt/stack/data/venv/lib/python3.12/site-packages/oslo_db/sqlalchemy/engines.py:325}}
Jun 02 16:09:29.555591 np0000001946 devstack@n-api-meta.service[95226]: DEBUG oslo_db.sqlalchemy.engines [None req-412be638-6bd0-451f-8ace-852be8c7f174 None None] MySQL server mode set to STRICT_TRANS_TABLES,STRICT_ALL_TABLES,NO_ZERO_IN_DATE,NO_ZERO_DATE,ERROR_FOR_DIVISION_BY_ZERO,TRADITIONAL,NO_ENGINE_SUBSTITUTION {{(pid=95226) _check_effective_sql_mode /opt/stack/data/venv/lib/python3.12/site-packages/oslo_db/sqlalchemy/engines.py:325}}
Jun 02 16:09:29.558647 np0000001946 devstack@n-api-meta.service[95226]: DEBUG oslo_db.sqlalchemy.engines [None req-412be638-6bd0-451f-8ace-852be8c7f174 None None] MySQL server mode set to STRICT_TRANS_TABLES,STRICT_ALL_TABLES,NO_ZERO_IN_DATE,NO_ZERO_DATE,ERROR_FOR_DIVISION_BY_ZERO,TRADITIONAL,NO_ENGINE_SUBSTITUTION {{(pid=95226) _check_effective_sql_mode /opt/stack/data/venv/lib/python3.12/site-packages/oslo_db/sqlalchemy/engines.py:325}}
Jun 02 16:09:29.605325 np0000001946 devstack@n-api-meta.service[95225]: DEBUG dbcounter [-] [95225] Writer thread running {{(pid=95225) stat_writer /opt/stack/data/venv/lib/python3.12/site-packages/dbcounter.py:102}}
Jun 02 16:09:29.609772 np0000001946 devstack@n-api-meta.service[95225]: DEBUG dbcounter [-] [95225] Writer thread running {{(pid=95225) stat_writer /opt/stack/data/venv/lib/python3.12/site-packages/dbcounter.py:102}}
Jun 02 16:09:29.613250 np0000001946 devstack@n-api-meta.service[95225]: INFO dbcounter [None req-40d46c8a-dc56-4e42-92e6-445e0752974e None None] Registered counter for database nova_cell0
Jun 02 16:09:29.648081 np0000001946 devstack@n-api-meta.service[95227]: DEBUG dbcounter [-] [95227] Writer thread running {{(pid=95227) stat_writer /opt/stack/data/venv/lib/python3.12/site-packages/dbcounter.py:102}}
Jun 02 16:09:29.649879 np0000001946 devstack@n-api-meta.service[95225]: DEBUG oslo_db.sqlalchemy.engines [None req-40d46c8a-dc56-4e42-92e6-445e0752974e None None] MySQL server mode set to STRICT_TRANS_TABLES,STRICT_ALL_TABLES,NO_ZERO_IN_DATE,NO_ZERO_DATE,ERROR_FOR_DIVISION_BY_ZERO,TRADITIONAL,NO_ENGINE_SUBSTITUTION {{(pid=95225) _check_effective_sql_mode /opt/stack/data/venv/lib/python3.12/site-packages/oslo_db/sqlalchemy/engines.py:325}}
Jun 02 16:09:29.658403 np0000001946 devstack@n-api-meta.service[95225]: DEBUG dbcounter [-] [95225] Writer thread running {{(pid=95225) stat_writer /opt/stack/data/venv/lib/python3.12/site-packages/dbcounter.py:102}}
Jun 02 16:09:29.660022 np0000001946 devstack@n-api-meta.service[95226]: DEBUG dbcounter [-] [95226] Writer thread running {{(pid=95226) stat_writer /opt/stack/data/venv/lib/python3.12/site-packages/dbcounter.py:102}}
Jun 02 16:09:29.660231 np0000001946 devstack@n-api-meta.service[95227]: DEBUG dbcounter [-] [95227] Writer thread running {{(pid=95227) stat_writer /opt/stack/data/venv/lib/python3.12/site-packages/dbcounter.py:102}}
Jun 02 16:09:29.660477 np0000001946 devstack@n-api-meta.service[95226]: DEBUG dbcounter [-] [95226] Writer thread running {{(pid=95226) stat_writer /opt/stack/data/venv/lib/python3.12/site-packages/dbcounter.py:102}}
Jun 02 16:09:29.664857 np0000001946 devstack@n-api-meta.service[95226]: INFO dbcounter [None req-412be638-6bd0-451f-8ace-852be8c7f174 None None] Registered counter for database nova_cell0
Jun 02 16:09:29.672602 np0000001946 devstack@n-api-meta.service[95227]: INFO dbcounter [None req-dce4dab6-4116-41ad-99d0-06b104a825fd None None] Registered counter for database nova_cell0
Jun 02 16:09:29.707399 np0000001946 devstack@n-api-meta.service[95225]: WARNING nova.api.metadata.handler [None req-40d46c8a-dc56-4e42-92e6-445e0752974e None None] metadata_proxy_shared_secret is not configured, the metadata information returned by the proxy cannot be trusted
Jun 02 16:09:29.708670 np0000001946 devstack@n-api-meta.service[95227]: DEBUG oslo_db.sqlalchemy.engines [None req-dce4dab6-4116-41ad-99d0-06b104a825fd None None] MySQL server mode set to STRICT_TRANS_TABLES,STRICT_ALL_TABLES,NO_ZERO_IN_DATE,NO_ZERO_DATE,ERROR_FOR_DIVISION_BY_ZERO,TRADITIONAL,NO_ENGINE_SUBSTITUTION {{(pid=95227) _check_effective_sql_mode /opt/stack/data/venv/lib/python3.12/site-packages/oslo_db/sqlalchemy/engines.py:325}}
Jun 02 16:09:29.710356 np0000001946 devstack@n-api-meta.service[95225]: DEBUG nova.api.openstack.wsgi_app [None req-40d46c8a-dc56-4e42-92e6-445e0752974e None None] ******************************************************************************** {{(pid=95225) log_opt_values /opt/stack/data/venv/lib/python3.12/site-packages/oslo_config/cfg.py:3229}}
Jun 02 16:09:29.710356 np0000001946 devstack@n-api-meta.service[95225]: DEBUG nova.api.openstack.wsgi_app [None req-40d46c8a-dc56-4e42-92e6-445e0752974e None None] Configuration options gathered from: {{(pid=95225) log_opt_values /opt/stack/data/venv/lib/python3.12/site-packages/oslo_config/cfg.py:3230}}
Jun 02 16:09:29.710356 np0000001946 devstack@n-api-meta.service[95225]: DEBUG nova.api.openstack.wsgi_app [None req-40d46c8a-dc56-4e42-92e6-445e0752974e None None] command line args: [] {{(pid=95225) log_opt_values /opt/stack/data/venv/lib/python3.12/site-packages/oslo_config/cfg.py:3231}}
Jun 02 16:09:29.710356 np0000001946 devstack@n-api-meta.service[95225]: DEBUG nova.api.openstack.wsgi_app [None req-40d46c8a-dc56-4e42-92e6-445e0752974e None None] config files: ['/etc/nova/api-paste.ini', '/etc/nova/nova.conf'] {{(pid=95225) log_opt_values /opt/stack/data/venv/lib/python3.12/site-packages/oslo_config/cfg.py:3232}}
Jun 02 16:09:29.710356 np0000001946 devstack@n-api-meta.service[95225]: DEBUG nova.api.openstack.wsgi_app [None req-40d46c8a-dc56-4e42-92e6-445e0752974e None None] ================================================================================ {{(pid=95225) log_opt_values /opt/stack/data/venv/lib/python3.12/site-packages/oslo_config/cfg.py:3237}}
Jun 02 16:09:29.710540 np0000001946 devstack@n-api-meta.service[95225]: DEBUG nova.api.openstack.wsgi_app [None req-40d46c8a-dc56-4e42-92e6-445e0752974e None None] allow_resize_to_same_host = True {{(pid=95225) log_opt_values /opt/stack/data/venv/lib/python3.12/site-packages/oslo_config/cfg.py:3245}}
Jun 02 16:09:29.710756 np0000001946 devstack@n-api-meta.service[95225]: DEBUG nova.api.openstack.wsgi_app [None req-40d46c8a-dc56-4e42-92e6-445e0752974e None None] arq_binding_timeout = 300 {{(pid=95225) log_opt_values /opt/stack/data/venv/lib/python3.12/site-packages/oslo_config/cfg.py:3245}}
Jun 02 16:09:29.710907 np0000001946 devstack@n-api-meta.service[95225]: DEBUG nova.api.openstack.wsgi_app [None req-40d46c8a-dc56-4e42-92e6-445e0752974e None None] block_device_allocate_retries = 60 {{(pid=95225) log_opt_values /opt/stack/data/venv/lib/python3.12/site-packages/oslo_config/cfg.py:3245}}
Jun 02 16:09:29.711055 np0000001946 devstack@n-api-meta.service[95225]: DEBUG nova.api.openstack.wsgi_app [None req-40d46c8a-dc56-4e42-92e6-445e0752974e None None] block_device_allocate_retries_interval = 3 {{(pid=95225) log_opt_values /opt/stack/data/venv/lib/python3.12/site-packages/oslo_config/cfg.py:3245}}
Jun 02 16:09:29.711202 np0000001946 devstack@n-api-meta.service[95225]: DEBUG nova.api.openstack.wsgi_app [None req-40d46c8a-dc56-4e42-92e6-445e0752974e None None] cell_worker_thread_pool_size = 5 {{(pid=95225) log_opt_values /opt/stack/data/venv/lib/python3.12/site-packages/oslo_config/cfg.py:3245}}
Jun 02 16:09:29.711352 np0000001946 devstack@n-api-meta.service[95225]: DEBUG nova.api.openstack.wsgi_app [None req-40d46c8a-dc56-4e42-92e6-445e0752974e None None] cert = self.pem {{(pid=95225) log_opt_values /opt/stack/data/venv/lib/python3.12/site-packages/oslo_config/cfg.py:3245}}
Jun 02 16:09:29.711516 np0000001946 devstack@n-api-meta.service[95225]: DEBUG nova.api.openstack.wsgi_app [None req-40d46c8a-dc56-4e42-92e6-445e0752974e None None] compute_driver = libvirt.LibvirtDriver {{(pid=95225) log_opt_values /opt/stack/data/venv/lib/python3.12/site-packages/oslo_config/cfg.py:3245}}
Jun 02 16:09:29.711726 np0000001946 devstack@n-api-meta.service[95225]: DEBUG nova.api.openstack.wsgi_app [None req-40d46c8a-dc56-4e42-92e6-445e0752974e None None] compute_monitors = [] {{(pid=95225) log_opt_values /opt/stack/data/venv/lib/python3.12/site-packages/oslo_config/cfg.py:3245}}
Jun 02 16:09:29.711938 np0000001946 devstack@n-api-meta.service[95225]: DEBUG nova.api.openstack.wsgi_app [None req-40d46c8a-dc56-4e42-92e6-445e0752974e None None] config_dir = [] {{(pid=95225) log_opt_values /opt/stack/data/venv/lib/python3.12/site-packages/oslo_config/cfg.py:3245}}
Jun 02 16:09:29.712130 np0000001946 devstack@n-api-meta.service[95225]: DEBUG nova.api.openstack.wsgi_app [None req-40d46c8a-dc56-4e42-92e6-445e0752974e None None] config_drive_format = iso9660 {{(pid=95225) log_opt_values /opt/stack/data/venv/lib/python3.12/site-packages/oslo_config/cfg.py:3245}}
Jun 02 16:09:29.712256 np0000001946 devstack@n-api-meta.service[95225]: DEBUG nova.api.openstack.wsgi_app [None req-40d46c8a-dc56-4e42-92e6-445e0752974e None None] config_file = ['/etc/nova/api-paste.ini', '/etc/nova/nova.conf'] {{(pid=95225) log_opt_values /opt/stack/data/venv/lib/python3.12/site-packages/oslo_config/cfg.py:3245}}
Jun 02 16:09:29.712425 np0000001946 devstack@n-api-meta.service[95225]: DEBUG nova.api.openstack.wsgi_app [None req-40d46c8a-dc56-4e42-92e6-445e0752974e None None] config_source = [] {{(pid=95225) log_opt_values /opt/stack/data/venv/lib/python3.12/site-packages/oslo_config/cfg.py:3245}}
Jun 02 16:09:29.712593 np0000001946 devstack@n-api-meta.service[95225]: DEBUG nova.api.openstack.wsgi_app [None req-40d46c8a-dc56-4e42-92e6-445e0752974e None None] console_host = np0000001946 {{(pid=95225) log_opt_values /opt/stack/data/venv/lib/python3.12/site-packages/oslo_config/cfg.py:3245}}
Jun 02 16:09:29.712775 np0000001946 devstack@n-api-meta.service[95225]: DEBUG nova.api.openstack.wsgi_app [None req-40d46c8a-dc56-4e42-92e6-445e0752974e None None] control_exchange = nova {{(pid=95225) log_opt_values /opt/stack/data/venv/lib/python3.12/site-packages/oslo_config/cfg.py:3245}}
Jun 02 16:09:29.713706 np0000001946 devstack@n-api-meta.service[95225]: DEBUG nova.api.openstack.wsgi_app [None req-40d46c8a-dc56-4e42-92e6-445e0752974e None None] cpu_allocation_ratio = None {{(pid=95225) log_opt_values /opt/stack/data/venv/lib/python3.12/site-packages/oslo_config/cfg.py:3245}}
Jun 02 16:09:29.713706 np0000001946 devstack@n-api-meta.service[95225]: DEBUG nova.api.openstack.wsgi_app [None req-40d46c8a-dc56-4e42-92e6-445e0752974e None None] daemon = False {{(pid=95225) log_opt_values /opt/stack/data/venv/lib/python3.12/site-packages/oslo_config/cfg.py:3245}}
Jun 02 16:09:29.713706 np0000001946 devstack@n-api-meta.service[95225]: DEBUG nova.api.openstack.wsgi_app [None req-40d46c8a-dc56-4e42-92e6-445e0752974e None None] debug = True {{(pid=95225) log_opt_values /opt/stack/data/venv/lib/python3.12/site-packages/oslo_config/cfg.py:3245}}
Jun 02 16:09:29.713706 np0000001946 devstack@n-api-meta.service[95225]: DEBUG nova.api.openstack.wsgi_app [None req-40d46c8a-dc56-4e42-92e6-445e0752974e None None] default_access_ip_network_name = None {{(pid=95225) log_opt_values /opt/stack/data/venv/lib/python3.12/site-packages/oslo_config/cfg.py:3245}}
Jun 02 16:09:29.713706 np0000001946 devstack@n-api-meta.service[95225]: DEBUG nova.api.openstack.wsgi_app [None req-40d46c8a-dc56-4e42-92e6-445e0752974e None None] default_availability_zone = nova {{(pid=95225) log_opt_values /opt/stack/data/venv/lib/python3.12/site-packages/oslo_config/cfg.py:3245}}
Jun 02 16:09:29.713706 np0000001946 devstack@n-api-meta.service[95225]: DEBUG nova.api.openstack.wsgi_app [None req-40d46c8a-dc56-4e42-92e6-445e0752974e None None] default_ephemeral_format = ext4 {{(pid=95225) log_opt_values /opt/stack/data/venv/lib/python3.12/site-packages/oslo_config/cfg.py:3245}}
Jun 02 16:09:29.713986 np0000001946 devstack@n-api-meta.service[95225]: DEBUG nova.api.openstack.wsgi_app [None req-40d46c8a-dc56-4e42-92e6-445e0752974e None None] default_green_pool_size = 1000 {{(pid=95225) log_opt_values /opt/stack/data/venv/lib/python3.12/site-packages/oslo_config/cfg.py:3245}}
Jun 02 16:09:29.714038 np0000001946 devstack@n-api-meta.service[95225]: DEBUG nova.api.openstack.wsgi_app [None req-40d46c8a-dc56-4e42-92e6-445e0752974e None None] default_log_levels = ['amqp=WARN', 'boto=WARN', 'sqlalchemy=WARN', 'suds=INFO', 'oslo.messaging=INFO', 'oslo_messaging=INFO', 'iso8601=WARN', 'requests.packages.urllib3.connectionpool=WARN', 'urllib3.connectionpool=WARN', 'websocket=WARN', 'requests.packages.urllib3.util.retry=WARN', 'urllib3.util.retry=WARN', 'keystonemiddleware=WARN', 'routes.middleware=WARN', 'stevedore=WARN', 'taskflow=WARN', 'keystoneauth=WARN', 'oslo.cache=INFO', 'oslo_policy=INFO', 'dogpile.core.dogpile=INFO', 'glanceclient=WARN', 'oslo.privsep.daemon=INFO'] {{(pid=95225) log_opt_values /opt/stack/data/venv/lib/python3.12/site-packages/oslo_config/cfg.py:3245}}
Jun 02 16:09:29.714246 np0000001946 devstack@n-api-meta.service[95225]: DEBUG nova.api.openstack.wsgi_app [None req-40d46c8a-dc56-4e42-92e6-445e0752974e None None] default_schedule_zone = None {{(pid=95225) log_opt_values /opt/stack/data/venv/lib/python3.12/site-packages/oslo_config/cfg.py:3245}}
Jun 02 16:09:29.714333 np0000001946 devstack@n-api-meta.service[95225]: DEBUG nova.api.openstack.wsgi_app [None req-40d46c8a-dc56-4e42-92e6-445e0752974e None None] default_thread_pool_size = 10 {{(pid=95225) log_opt_values /opt/stack/data/venv/lib/python3.12/site-packages/oslo_config/cfg.py:3245}}
Jun 02 16:09:29.714438 np0000001946 devstack@n-api-meta.service[95225]: DEBUG nova.api.openstack.wsgi_app [None req-40d46c8a-dc56-4e42-92e6-445e0752974e None None] disk_allocation_ratio = None {{(pid=95225) log_opt_values /opt/stack/data/venv/lib/python3.12/site-packages/oslo_config/cfg.py:3245}}
Jun 02 16:09:29.714562 np0000001946 devstack@n-api-meta.service[95225]: DEBUG nova.api.openstack.wsgi_app [None req-40d46c8a-dc56-4e42-92e6-445e0752974e None None] enable_new_services = True {{(pid=95225) log_opt_values /opt/stack/data/venv/lib/python3.12/site-packages/oslo_config/cfg.py:3245}}
Jun 02 16:09:29.714726 np0000001946 devstack@n-api-meta.service[95225]: DEBUG nova.api.openstack.wsgi_app [None req-40d46c8a-dc56-4e42-92e6-445e0752974e None None] flat_injected = False {{(pid=95225) log_opt_values /opt/stack/data/venv/lib/python3.12/site-packages/oslo_config/cfg.py:3245}}
Jun 02 16:09:29.714873 np0000001946 devstack@n-api-meta.service[95225]: DEBUG nova.api.openstack.wsgi_app [None req-40d46c8a-dc56-4e42-92e6-445e0752974e None None] force_config_drive = True {{(pid=95225) log_opt_values /opt/stack/data/venv/lib/python3.12/site-packages/oslo_config/cfg.py:3245}}
Jun 02 16:09:29.715027 np0000001946 devstack@n-api-meta.service[95225]: DEBUG nova.api.openstack.wsgi_app [None req-40d46c8a-dc56-4e42-92e6-445e0752974e None None] force_raw_images = True {{(pid=95225) log_opt_values /opt/stack/data/venv/lib/python3.12/site-packages/oslo_config/cfg.py:3245}}
Jun 02 16:09:29.715135 np0000001946 devstack@n-api-meta.service[95225]: DEBUG nova.api.openstack.wsgi_app [None req-40d46c8a-dc56-4e42-92e6-445e0752974e None None] graceful_shutdown_timeout = 5 {{(pid=95225) log_opt_values /opt/stack/data/venv/lib/python3.12/site-packages/oslo_config/cfg.py:3245}}
Jun 02 16:09:29.715294 np0000001946 devstack@n-api-meta.service[95225]: DEBUG nova.api.openstack.wsgi_app [None req-40d46c8a-dc56-4e42-92e6-445e0752974e None None] heal_instance_info_cache_interval = -1 {{(pid=95225) log_opt_values /opt/stack/data/venv/lib/python3.12/site-packages/oslo_config/cfg.py:3245}}
Jun 02 16:09:29.715378 np0000001946 devstack@n-api-meta.service[95227]: DEBUG dbcounter [-] [95227] Writer thread running {{(pid=95227) stat_writer /opt/stack/data/venv/lib/python3.12/site-packages/dbcounter.py:102}}
Jun 02 16:09:29.715477 np0000001946 devstack@n-api-meta.service[95225]: DEBUG nova.api.openstack.wsgi_app [None req-40d46c8a-dc56-4e42-92e6-445e0752974e None None] host = np0000001946 {{(pid=95225) log_opt_values /opt/stack/data/venv/lib/python3.12/site-packages/oslo_config/cfg.py:3245}}
Jun 02 16:09:29.715605 np0000001946 devstack@n-api-meta.service[95225]: DEBUG nova.api.openstack.wsgi_app [None req-40d46c8a-dc56-4e42-92e6-445e0752974e None None] initial_cpu_allocation_ratio = 4.0 {{(pid=95225) log_opt_values /opt/stack/data/venv/lib/python3.12/site-packages/oslo_config/cfg.py:3245}}
Jun 02 16:09:29.715870 np0000001946 devstack@n-api-meta.service[95225]: DEBUG nova.api.openstack.wsgi_app [None req-40d46c8a-dc56-4e42-92e6-445e0752974e None None] initial_disk_allocation_ratio = 1.0 {{(pid=95225) log_opt_values /opt/stack/data/venv/lib/python3.12/site-packages/oslo_config/cfg.py:3245}}
Jun 02 16:09:29.716019 np0000001946 devstack@n-api-meta.service[95225]: DEBUG nova.api.openstack.wsgi_app [None req-40d46c8a-dc56-4e42-92e6-445e0752974e None None] initial_ram_allocation_ratio = 1.0 {{(pid=95225) log_opt_values /opt/stack/data/venv/lib/python3.12/site-packages/oslo_config/cfg.py:3245}}
Jun 02 16:09:29.716227 np0000001946 devstack@n-api-meta.service[95225]: DEBUG nova.api.openstack.wsgi_app [None req-40d46c8a-dc56-4e42-92e6-445e0752974e None None] injected_network_template = /opt/stack/nova/nova/virt/interfaces.template {{(pid=95225) log_opt_values /opt/stack/data/venv/lib/python3.12/site-packages/oslo_config/cfg.py:3245}}
Jun 02 16:09:29.716342 np0000001946 devstack@n-api-meta.service[95226]: DEBUG oslo_db.sqlalchemy.engines [None req-412be638-6bd0-451f-8ace-852be8c7f174 None None] MySQL server mode set to STRICT_TRANS_TABLES,STRICT_ALL_TABLES,NO_ZERO_IN_DATE,NO_ZERO_DATE,ERROR_FOR_DIVISION_BY_ZERO,TRADITIONAL,NO_ENGINE_SUBSTITUTION {{(pid=95226) _check_effective_sql_mode /opt/stack/data/venv/lib/python3.12/site-packages/oslo_db/sqlalchemy/engines.py:325}}
Jun 02 16:09:29.716428 np0000001946 devstack@n-api-meta.service[95225]: DEBUG nova.api.openstack.wsgi_app [None req-40d46c8a-dc56-4e42-92e6-445e0752974e None None] instance_build_timeout = 0 {{(pid=95225) log_opt_values /opt/stack/data/venv/lib/python3.12/site-packages/oslo_config/cfg.py:3245}}
Jun 02 16:09:29.716640 np0000001946 devstack@n-api-meta.service[95225]: DEBUG nova.api.openstack.wsgi_app [None req-40d46c8a-dc56-4e42-92e6-445e0752974e None None] instance_delete_interval = 300 {{(pid=95225) log_opt_values /opt/stack/data/venv/lib/python3.12/site-packages/oslo_config/cfg.py:3245}}
Jun 02 16:09:29.716781 np0000001946 devstack@n-api-meta.service[95225]: DEBUG nova.api.openstack.wsgi_app [None req-40d46c8a-dc56-4e42-92e6-445e0752974e None None] instance_format = [instance: %(uuid)s] {{(pid=95225) log_opt_values /opt/stack/data/venv/lib/python3.12/site-packages/oslo_config/cfg.py:3245}}
Jun 02 16:09:29.716903 np0000001946 devstack@n-api-meta.service[95225]: DEBUG nova.api.openstack.wsgi_app [None req-40d46c8a-dc56-4e42-92e6-445e0752974e None None] instance_name_template = instance-%08x {{(pid=95225) log_opt_values /opt/stack/data/venv/lib/python3.12/site-packages/oslo_config/cfg.py:3245}}
Jun 02 16:09:29.717038 np0000001946 devstack@n-api-meta.service[95225]: DEBUG nova.api.openstack.wsgi_app [None req-40d46c8a-dc56-4e42-92e6-445e0752974e None None] instance_usage_audit = False {{(pid=95225) log_opt_values /opt/stack/data/venv/lib/python3.12/site-packages/oslo_config/cfg.py:3245}}
Jun 02 16:09:29.717220 np0000001946 devstack@n-api-meta.service[95225]: DEBUG nova.api.openstack.wsgi_app [None req-40d46c8a-dc56-4e42-92e6-445e0752974e None None] instance_usage_audit_period = month {{(pid=95225) log_opt_values /opt/stack/data/venv/lib/python3.12/site-packages/oslo_config/cfg.py:3245}}
Jun 02 16:09:29.717532 np0000001946 devstack@n-api-meta.service[95225]: DEBUG nova.api.openstack.wsgi_app [None req-40d46c8a-dc56-4e42-92e6-445e0752974e None None] instance_uuid_format = [instance: %(uuid)s] {{(pid=95225) log_opt_values /opt/stack/data/venv/lib/python3.12/site-packages/oslo_config/cfg.py:3245}}
Jun 02 16:09:29.717532 np0000001946 devstack@n-api-meta.service[95225]: DEBUG nova.api.openstack.wsgi_app [None req-40d46c8a-dc56-4e42-92e6-445e0752974e None None] instances_path = /opt/stack/data/nova/instances {{(pid=95225) log_opt_values /opt/stack/data/venv/lib/python3.12/site-packages/oslo_config/cfg.py:3245}}
Jun 02 16:09:29.717714 np0000001946 devstack@n-api-meta.service[95225]: DEBUG nova.api.openstack.wsgi_app [None req-40d46c8a-dc56-4e42-92e6-445e0752974e None None] internal_service_availability_zone = internal {{(pid=95225) log_opt_values /opt/stack/data/venv/lib/python3.12/site-packages/oslo_config/cfg.py:3245}}
Jun 02 16:09:29.717849 np0000001946 devstack@n-api-meta.service[95225]: DEBUG nova.api.openstack.wsgi_app [None req-40d46c8a-dc56-4e42-92e6-445e0752974e None None] key = None {{(pid=95225) log_opt_values /opt/stack/data/venv/lib/python3.12/site-packages/oslo_config/cfg.py:3245}}
Jun 02 16:09:29.717967 np0000001946 devstack@n-api-meta.service[95225]: DEBUG nova.api.openstack.wsgi_app [None req-40d46c8a-dc56-4e42-92e6-445e0752974e None None] live_migration_retry_count = 30 {{(pid=95225) log_opt_values /opt/stack/data/venv/lib/python3.12/site-packages/oslo_config/cfg.py:3245}}
Jun 02 16:09:29.718092 np0000001946 devstack@n-api-meta.service[95225]: DEBUG nova.api.openstack.wsgi_app [None req-40d46c8a-dc56-4e42-92e6-445e0752974e None None] log_color = False {{(pid=95225) log_opt_values /opt/stack/data/venv/lib/python3.12/site-packages/oslo_config/cfg.py:3245}}
Jun 02 16:09:29.718215 np0000001946 devstack@n-api-meta.service[95225]: DEBUG nova.api.openstack.wsgi_app [None req-40d46c8a-dc56-4e42-92e6-445e0752974e None None] log_config_append = None {{(pid=95225) log_opt_values /opt/stack/data/venv/lib/python3.12/site-packages/oslo_config/cfg.py:3245}}
Jun 02 16:09:29.718339 np0000001946 devstack@n-api-meta.service[95225]: DEBUG nova.api.openstack.wsgi_app [None req-40d46c8a-dc56-4e42-92e6-445e0752974e None None] log_date_format = %Y-%m-%d %H:%M:%S {{(pid=95225) log_opt_values /opt/stack/data/venv/lib/python3.12/site-packages/oslo_config/cfg.py:3245}}
Jun 02 16:09:29.718473 np0000001946 devstack@n-api-meta.service[95225]: DEBUG nova.api.openstack.wsgi_app [None req-40d46c8a-dc56-4e42-92e6-445e0752974e None None] log_dir = None {{(pid=95225) log_opt_values /opt/stack/data/venv/lib/python3.12/site-packages/oslo_config/cfg.py:3245}}
Jun 02 16:09:29.718588 np0000001946 devstack@n-api-meta.service[95225]: DEBUG nova.api.openstack.wsgi_app [None req-40d46c8a-dc56-4e42-92e6-445e0752974e None None] log_file = None {{(pid=95225) log_opt_values /opt/stack/data/venv/lib/python3.12/site-packages/oslo_config/cfg.py:3245}}
Jun 02 16:09:29.718698 np0000001946 devstack@n-api-meta.service[95225]: DEBUG nova.api.openstack.wsgi_app [None req-40d46c8a-dc56-4e42-92e6-445e0752974e None None] log_options = True {{(pid=95225) log_opt_values /opt/stack/data/venv/lib/python3.12/site-packages/oslo_config/cfg.py:3245}}
Jun 02 16:09:29.718830 np0000001946 devstack@n-api-meta.service[95225]: DEBUG nova.api.openstack.wsgi_app [None req-40d46c8a-dc56-4e42-92e6-445e0752974e None None] log_rotate_interval = 1 {{(pid=95225) log_opt_values /opt/stack/data/venv/lib/python3.12/site-packages/oslo_config/cfg.py:3245}}
Jun 02 16:09:29.718955 np0000001946 devstack@n-api-meta.service[95225]: DEBUG nova.api.openstack.wsgi_app [None req-40d46c8a-dc56-4e42-92e6-445e0752974e None None] log_rotate_interval_type = days {{(pid=95225) log_opt_values /opt/stack/data/venv/lib/python3.12/site-packages/oslo_config/cfg.py:3245}}
Jun 02 16:09:29.719104 np0000001946 devstack@n-api-meta.service[95225]: DEBUG nova.api.openstack.wsgi_app [None req-40d46c8a-dc56-4e42-92e6-445e0752974e None None] log_rotation_type = none {{(pid=95225) log_opt_values /opt/stack/data/venv/lib/python3.12/site-packages/oslo_config/cfg.py:3245}}
Jun 02 16:09:29.719213 np0000001946 devstack@n-api-meta.service[95225]: DEBUG nova.api.openstack.wsgi_app [None req-40d46c8a-dc56-4e42-92e6-445e0752974e None None] logging_context_format_string = %(color)s%(levelname)s %(name)s [%(global_request_id)s %(request_id)s %(project_name)s %(user_name)s%(color)s] %(instance)s%(color)s%(message)s {{(pid=95225) log_opt_values /opt/stack/data/venv/lib/python3.12/site-packages/oslo_config/cfg.py:3245}}
Jun 02 16:09:29.719331 np0000001946 devstack@n-api-meta.service[95225]: DEBUG nova.api.openstack.wsgi_app [None req-40d46c8a-dc56-4e42-92e6-445e0752974e None None] logging_debug_format_suffix = {{(pid=%(process)d) %(funcName)s %(pathname)s:%(lineno)d}} {{(pid=95225) log_opt_values /opt/stack/data/venv/lib/python3.12/site-packages/oslo_config/cfg.py:3245}}
Jun 02 16:09:29.719460 np0000001946 devstack@n-api-meta.service[95225]: DEBUG nova.api.openstack.wsgi_app [None req-40d46c8a-dc56-4e42-92e6-445e0752974e None None] logging_default_format_string = %(color)s%(levelname)s %(name)s [-%(color)s] %(instance)s%(color)s%(message)s {{(pid=95225) log_opt_values /opt/stack/data/venv/lib/python3.12/site-packages/oslo_config/cfg.py:3245}}
Jun 02 16:09:29.719579 np0000001946 devstack@n-api-meta.service[95225]: DEBUG nova.api.openstack.wsgi_app [None req-40d46c8a-dc56-4e42-92e6-445e0752974e None None] logging_exception_prefix = ERROR %(name)s %(instance)s {{(pid=95225) log_opt_values /opt/stack/data/venv/lib/python3.12/site-packages/oslo_config/cfg.py:3245}}
Jun 02 16:09:29.719715 np0000001946 devstack@n-api-meta.service[95225]: DEBUG nova.api.openstack.wsgi_app [None req-40d46c8a-dc56-4e42-92e6-445e0752974e None None] logging_user_identity_format = %(user)s %(project)s %(domain)s %(system_scope)s %(user_domain)s %(project_domain)s {{(pid=95225) log_opt_values /opt/stack/data/venv/lib/python3.12/site-packages/oslo_config/cfg.py:3245}}
Jun 02 16:09:29.719815 np0000001946 devstack@n-api-meta.service[95225]: DEBUG nova.api.openstack.wsgi_app [None req-40d46c8a-dc56-4e42-92e6-445e0752974e None None] long_rpc_timeout = 1800 {{(pid=95225) log_opt_values /opt/stack/data/venv/lib/python3.12/site-packages/oslo_config/cfg.py:3245}}
Jun 02 16:09:29.720458 np0000001946 devstack@n-api-meta.service[95225]: DEBUG nova.api.openstack.wsgi_app [None req-40d46c8a-dc56-4e42-92e6-445e0752974e None None] manager_shutdown_timeout = 160 {{(pid=95225) log_opt_values /opt/stack/data/venv/lib/python3.12/site-packages/oslo_config/cfg.py:3245}}
Jun 02 16:09:29.720458 np0000001946 devstack@n-api-meta.service[95225]: DEBUG nova.api.openstack.wsgi_app [None req-40d46c8a-dc56-4e42-92e6-445e0752974e None None] max_concurrent_builds = 10 {{(pid=95225) log_opt_values /opt/stack/data/venv/lib/python3.12/site-packages/oslo_config/cfg.py:3245}}
Jun 02 16:09:29.720458 np0000001946 devstack@n-api-meta.service[95225]: DEBUG nova.api.openstack.wsgi_app [None req-40d46c8a-dc56-4e42-92e6-445e0752974e None None] max_concurrent_live_migrations = 1 {{(pid=95225) log_opt_values /opt/stack/data/venv/lib/python3.12/site-packages/oslo_config/cfg.py:3245}}
Jun 02 16:09:29.720458 np0000001946 devstack@n-api-meta.service[95225]: DEBUG nova.api.openstack.wsgi_app [None req-40d46c8a-dc56-4e42-92e6-445e0752974e None None] max_concurrent_snapshots = 5 {{(pid=95225) log_opt_values /opt/stack/data/venv/lib/python3.12/site-packages/oslo_config/cfg.py:3245}}
Jun 02 16:09:29.720458 np0000001946 devstack@n-api-meta.service[95225]: DEBUG nova.api.openstack.wsgi_app [None req-40d46c8a-dc56-4e42-92e6-445e0752974e None None] max_local_block_devices = 3 {{(pid=95225) log_opt_values /opt/stack/data/venv/lib/python3.12/site-packages/oslo_config/cfg.py:3245}}
Jun 02 16:09:29.720659 np0000001946 devstack@n-api-meta.service[95225]: DEBUG nova.api.openstack.wsgi_app [None req-40d46c8a-dc56-4e42-92e6-445e0752974e None None] max_logfile_count = 30 {{(pid=95225) log_opt_values /opt/stack/data/venv/lib/python3.12/site-packages/oslo_config/cfg.py:3245}}
Jun 02 16:09:29.720659 np0000001946 devstack@n-api-meta.service[95225]: DEBUG nova.api.openstack.wsgi_app [None req-40d46c8a-dc56-4e42-92e6-445e0752974e None None] max_logfile_size_mb = 200 {{(pid=95225) log_opt_values /opt/stack/data/venv/lib/python3.12/site-packages/oslo_config/cfg.py:3245}}
Jun 02 16:09:29.720940 np0000001946 devstack@n-api-meta.service[95225]: DEBUG nova.api.openstack.wsgi_app [None req-40d46c8a-dc56-4e42-92e6-445e0752974e None None] maximum_instance_delete_attempts = 5 {{(pid=95225) log_opt_values /opt/stack/data/venv/lib/python3.12/site-packages/oslo_config/cfg.py:3245}}
Jun 02 16:09:29.720940 np0000001946 devstack@n-api-meta.service[95225]: DEBUG nova.api.openstack.wsgi_app [None req-40d46c8a-dc56-4e42-92e6-445e0752974e None None] migrate_max_retries = -1 {{(pid=95225) log_opt_values /opt/stack/data/venv/lib/python3.12/site-packages/oslo_config/cfg.py:3245}}
Jun 02 16:09:29.721065 np0000001946 devstack@n-api-meta.service[95225]: DEBUG nova.api.openstack.wsgi_app [None req-40d46c8a-dc56-4e42-92e6-445e0752974e None None] mkisofs_cmd = genisoimage {{(pid=95225) log_opt_values /opt/stack/data/venv/lib/python3.12/site-packages/oslo_config/cfg.py:3245}}
Jun 02 16:09:29.721285 np0000001946 devstack@n-api-meta.service[95225]: DEBUG nova.api.openstack.wsgi_app [None req-40d46c8a-dc56-4e42-92e6-445e0752974e None None] my_block_storage_ip = 10.4.3.235 {{(pid=95225) log_opt_values /opt/stack/data/venv/lib/python3.12/site-packages/oslo_config/cfg.py:3245}}
Jun 02 16:09:29.721399 np0000001946 devstack@n-api-meta.service[95225]: DEBUG nova.api.openstack.wsgi_app [None req-40d46c8a-dc56-4e42-92e6-445e0752974e None None] my_ip = 10.4.3.235 {{(pid=95225) log_opt_values /opt/stack/data/venv/lib/python3.12/site-packages/oslo_config/cfg.py:3245}}
Jun 02 16:09:29.721558 np0000001946 devstack@n-api-meta.service[95225]: DEBUG nova.api.openstack.wsgi_app [None req-40d46c8a-dc56-4e42-92e6-445e0752974e None None] my_shared_fs_storage_ip = 10.4.3.235 {{(pid=95225) log_opt_values /opt/stack/data/venv/lib/python3.12/site-packages/oslo_config/cfg.py:3245}}
Jun 02 16:09:29.721696 np0000001946 devstack@n-api-meta.service[95225]: DEBUG nova.api.openstack.wsgi_app [None req-40d46c8a-dc56-4e42-92e6-445e0752974e None None] network_allocate_retries = 0 {{(pid=95225) log_opt_values /opt/stack/data/venv/lib/python3.12/site-packages/oslo_config/cfg.py:3245}}
Jun 02 16:09:29.721852 np0000001946 devstack@n-api-meta.service[95225]: DEBUG nova.api.openstack.wsgi_app [None req-40d46c8a-dc56-4e42-92e6-445e0752974e None None] non_inheritable_image_properties = ['cache_in_nova', 'bittorrent'] {{(pid=95225) log_opt_values /opt/stack/data/venv/lib/python3.12/site-packages/oslo_config/cfg.py:3245}}
Jun 02 16:09:29.722073 np0000001946 devstack@n-api-meta.service[95225]: DEBUG nova.api.openstack.wsgi_app [None req-40d46c8a-dc56-4e42-92e6-445e0752974e None None] osapi_compute_unique_server_name_scope = {{(pid=95225) log_opt_values /opt/stack/data/venv/lib/python3.12/site-packages/oslo_config/cfg.py:3245}}
Jun 02 16:09:29.722073 np0000001946 devstack@n-api-meta.service[95225]: DEBUG nova.api.openstack.wsgi_app [None req-40d46c8a-dc56-4e42-92e6-445e0752974e None None] password_length = 12 {{(pid=95225) log_opt_values /opt/stack/data/venv/lib/python3.12/site-packages/oslo_config/cfg.py:3245}}
Jun 02 16:09:29.722262 np0000001946 devstack@n-api-meta.service[95225]: DEBUG nova.api.openstack.wsgi_app [None req-40d46c8a-dc56-4e42-92e6-445e0752974e None None] periodic_enable = True {{(pid=95225) log_opt_values /opt/stack/data/venv/lib/python3.12/site-packages/oslo_config/cfg.py:3245}}
