Jun 02 16:09:29.066504 np0000001946 nova-scheduler[95874]: INFO dbcounter [None req-1511644a-c82d-4bd7-94c7-da7b25851340 None None] Registered counter for database nova_cell0
Jun 02 16:09:29.066536 np0000001946 nova-scheduler[95872]: DEBUG cotyledon.oslo_config_glue [-] oslo_limit.endpoint_id = None {{(pid=95872) log_opt_values /opt/stack/data/venv/lib/python3.12/site-packages/oslo_config/cfg.py:3256}}
Jun 02 16:09:29.066536 np0000001946 nova-scheduler[95872]: DEBUG cotyledon.oslo_config_glue [-] oslo_limit.endpoint_interface = public {{(pid=95872) log_opt_values /opt/stack/data/venv/lib/python3.12/site-packages/oslo_config/cfg.py:3256}}
Jun 02 16:09:29.066536 np0000001946 nova-scheduler[95872]: DEBUG cotyledon.oslo_config_glue [-] oslo_limit.endpoint_override = None {{(pid=95872) log_opt_values /opt/stack/data/venv/lib/python3.12/site-packages/oslo_config/cfg.py:3256}}
Jun 02 16:09:29.066536 np0000001946 nova-scheduler[95872]: DEBUG cotyledon.oslo_config_glue [-] oslo_limit.endpoint_region_name = None {{(pid=95872) log_opt_values /opt/stack/data/venv/lib/python3.12/site-packages/oslo_config/cfg.py:3256}}
Jun 02 16:09:29.066536 np0000001946 nova-scheduler[95872]: DEBUG cotyledon.oslo_config_glue [-] oslo_limit.endpoint_service_name = None {{(pid=95872) log_opt_values /opt/stack/data/venv/lib/python3.12/site-packages/oslo_config/cfg.py:3256}}
Jun 02 16:09:29.066536 np0000001946 nova-scheduler[95872]: DEBUG cotyledon.oslo_config_glue [-] oslo_limit.endpoint_service_type = None {{(pid=95872) log_opt_values /opt/stack/data/venv/lib/python3.12/site-packages/oslo_config/cfg.py:3256}}
Jun 02 16:09:29.066536 np0000001946 nova-scheduler[95872]: DEBUG cotyledon.oslo_config_glue [-] oslo_limit.insecure = False {{(pid=95872) log_opt_values /opt/stack/data/venv/lib/python3.12/site-packages/oslo_config/cfg.py:3256}}
Jun 02 16:09:29.066536 np0000001946 nova-scheduler[95872]: DEBUG cotyledon.oslo_config_glue [-] oslo_limit.keyfile = None {{(pid=95872) log_opt_values /opt/stack/data/venv/lib/python3.12/site-packages/oslo_config/cfg.py:3256}}
Jun 02 16:09:29.066536 np0000001946 nova-scheduler[95872]: DEBUG cotyledon.oslo_config_glue [-] oslo_limit.max_version = None {{(pid=95872) log_opt_values /opt/stack/data/venv/lib/python3.12/site-packages/oslo_config/cfg.py:3256}}
Jun 02 16:09:29.066769 np0000001946 nova-scheduler[95872]: DEBUG cotyledon.oslo_config_glue [-] oslo_limit.min_version = None {{(pid=95872) log_opt_values /opt/stack/data/venv/lib/python3.12/site-packages/oslo_config/cfg.py:3256}}
Jun 02 16:09:29.066769 np0000001946 nova-scheduler[95872]: DEBUG cotyledon.oslo_config_glue [-] oslo_limit.region_name = None {{(pid=95872) log_opt_values /opt/stack/data/venv/lib/python3.12/site-packages/oslo_config/cfg.py:3256}}
Jun 02 16:09:29.066769 np0000001946 nova-scheduler[95872]: DEBUG cotyledon.oslo_config_glue [-] oslo_limit.retriable_status_codes = None {{(pid=95872) log_opt_values /opt/stack/data/venv/lib/python3.12/site-packages/oslo_config/cfg.py:3256}}
Jun 02 16:09:29.066769 np0000001946 nova-scheduler[95872]: DEBUG cotyledon.oslo_config_glue [-] oslo_limit.service_name = None {{(pid=95872) log_opt_values /opt/stack/data/venv/lib/python3.12/site-packages/oslo_config/cfg.py:3256}}
Jun 02 16:09:29.066769 np0000001946 nova-scheduler[95872]: DEBUG cotyledon.oslo_config_glue [-] oslo_limit.service_type = None {{(pid=95872) log_opt_values /opt/stack/data/venv/lib/python3.12/site-packages/oslo_config/cfg.py:3256}}
Jun 02 16:09:29.066769 np0000001946 nova-scheduler[95872]: DEBUG cotyledon.oslo_config_glue [-] oslo_limit.split_loggers = False {{(pid=95872) log_opt_values /opt/stack/data/venv/lib/python3.12/site-packages/oslo_config/cfg.py:3256}}
Jun 02 16:09:29.066769 np0000001946 nova-scheduler[95872]: DEBUG cotyledon.oslo_config_glue [-] oslo_limit.status_code_retries = None {{(pid=95872) log_opt_values /opt/stack/data/venv/lib/python3.12/site-packages/oslo_config/cfg.py:3256}}
Jun 02 16:09:29.066769 np0000001946 nova-scheduler[95872]: DEBUG cotyledon.oslo_config_glue [-] oslo_limit.status_code_retry_delay = None {{(pid=95872) log_opt_values /opt/stack/data/venv/lib/python3.12/site-packages/oslo_config/cfg.py:3256}}
Jun 02 16:09:29.066769 np0000001946 nova-scheduler[95872]: DEBUG cotyledon.oslo_config_glue [-] oslo_limit.timeout = None {{(pid=95872) log_opt_values /opt/stack/data/venv/lib/python3.12/site-packages/oslo_config/cfg.py:3256}}
Jun 02 16:09:29.067056 np0000001946 nova-scheduler[95872]: DEBUG cotyledon.oslo_config_glue [-] oslo_limit.valid_interfaces = None {{(pid=95872) log_opt_values /opt/stack/data/venv/lib/python3.12/site-packages/oslo_config/cfg.py:3256}}
Jun 02 16:09:29.067056 np0000001946 nova-scheduler[95872]: DEBUG cotyledon.oslo_config_glue [-] oslo_limit.version = None {{(pid=95872) log_opt_values /opt/stack/data/venv/lib/python3.12/site-packages/oslo_config/cfg.py:3256}}
Jun 02 16:09:29.067056 np0000001946 nova-scheduler[95872]: DEBUG cotyledon.oslo_config_glue [-] oslo_reports.file_event_handler = None {{(pid=95872) log_opt_values /opt/stack/data/venv/lib/python3.12/site-packages/oslo_config/cfg.py:3256}}
Jun 02 16:09:29.067056 np0000001946 nova-scheduler[95872]: DEBUG cotyledon.oslo_config_glue [-] oslo_reports.file_event_handler_interval = 1 {{(pid=95872) log_opt_values /opt/stack/data/venv/lib/python3.12/site-packages/oslo_config/cfg.py:3256}}
Jun 02 16:09:29.067056 np0000001946 nova-scheduler[95872]: DEBUG cotyledon.oslo_config_glue [-] oslo_reports.log_dir = None {{(pid=95872) log_opt_values /opt/stack/data/venv/lib/python3.12/site-packages/oslo_config/cfg.py:3256}}
Jun 02 16:09:29.067056 np0000001946 nova-scheduler[95872]: DEBUG cotyledon.oslo_config_glue [-] ******************************************************************************** {{(pid=95872) log_opt_values /opt/stack/data/venv/lib/python3.12/site-packages/oslo_config/cfg.py:3263}}
Jun 02 16:09:29.067056 np0000001946 nova-scheduler[95872]: DEBUG cotyledon._service_worker [-] Run service ServiceWrapper(1) [95872] {{(pid=95872) wait_forever /opt/stack/data/venv/lib/python3.12/site-packages/cotyledon/_service_worker.py:218}}
Jun 02 16:09:29.067056 np0000001946 nova-scheduler[95872]: INFO nova.service [-] Starting scheduler node (version 33.1.0)
Jun 02 16:09:29.067056 np0000001946 nova-scheduler[95872]: INFO dbcounter [None req-c11d6da3-9d57-44cc-a826-5322d7adeb68 None None] Registered counter for database nova_cell0
Jun 02 16:09:29.067355 np0000001946 nova-scheduler[95870]: DEBUG oslo_db.sqlalchemy.engines [None req-ad55ae40-e006-428c-af4d-4bb97a2701b8 None None] MySQL server mode set to STRICT_TRANS_TABLES,STRICT_ALL_TABLES,NO_ZERO_IN_DATE,NO_ZERO_DATE,ERROR_FOR_DIVISION_BY_ZERO,TRADITIONAL,NO_ENGINE_SUBSTITUTION {{(pid=95870) _check_effective_sql_mode /opt/stack/data/venv/lib/python3.12/site-packages/oslo_db/sqlalchemy/engines.py:325}}
Jun 02 16:09:29.077316 np0000001946 nova-scheduler[95870]: DEBUG dbcounter [-] [95870] Writer thread running {{(pid=95870) stat_writer /opt/stack/data/venv/lib/python3.12/site-packages/dbcounter.py:102}}
Jun 02 16:09:29.090649 np0000001946 nova-scheduler[95874]: DEBUG oslo_db.sqlalchemy.engines [None req-1511644a-c82d-4bd7-94c7-da7b25851340 None None] MySQL server mode set to STRICT_TRANS_TABLES,STRICT_ALL_TABLES,NO_ZERO_IN_DATE,NO_ZERO_DATE,ERROR_FOR_DIVISION_BY_ZERO,TRADITIONAL,NO_ENGINE_SUBSTITUTION {{(pid=95874) _check_effective_sql_mode /opt/stack/data/venv/lib/python3.12/site-packages/oslo_db/sqlalchemy/engines.py:325}}
Jun 02 16:09:29.096859 np0000001946 nova-scheduler[95870]: DEBUG nova.service [None req-ad55ae40-e006-428c-af4d-4bb97a2701b8 None None] Creating RPC server for service: nova-scheduler on topic: scheduler {{(pid=95870) start /opt/stack/nova/nova/service.py:195}}
Jun 02 16:09:29.099841 np0000001946 nova-scheduler[95874]: DEBUG dbcounter [-] [95874] Writer thread running {{(pid=95874) stat_writer /opt/stack/data/venv/lib/python3.12/site-packages/dbcounter.py:102}}
Jun 02 16:09:29.103409 np0000001946 nova-scheduler[95874]: DEBUG nova.service [None req-1511644a-c82d-4bd7-94c7-da7b25851340 None None] Creating RPC server for service: nova-scheduler on topic: scheduler {{(pid=95874) start /opt/stack/nova/nova/service.py:195}}
Jun 02 16:09:29.108649 np0000001946 nova-scheduler[95872]: DEBUG oslo_db.sqlalchemy.engines [None req-c11d6da3-9d57-44cc-a826-5322d7adeb68 None None] MySQL server mode set to STRICT_TRANS_TABLES,STRICT_ALL_TABLES,NO_ZERO_IN_DATE,NO_ZERO_DATE,ERROR_FOR_DIVISION_BY_ZERO,TRADITIONAL,NO_ENGINE_SUBSTITUTION {{(pid=95872) _check_effective_sql_mode /opt/stack/data/venv/lib/python3.12/site-packages/oslo_db/sqlalchemy/engines.py:325}}
Jun 02 16:09:29.118895 np0000001946 nova-scheduler[95872]: DEBUG dbcounter [-] [95872] Writer thread running {{(pid=95872) stat_writer /opt/stack/data/venv/lib/python3.12/site-packages/dbcounter.py:102}}
Jun 02 16:09:29.122223 np0000001946 nova-scheduler[95872]: DEBUG nova.service [None req-c11d6da3-9d57-44cc-a826-5322d7adeb68 None None] Creating RPC server for service: nova-scheduler on topic: scheduler {{(pid=95872) start /opt/stack/nova/nova/service.py:195}}
Jun 02 16:09:29.125695 np0000001946 nova-scheduler[95870]: DEBUG nova.service [None req-ad55ae40-e006-428c-af4d-4bb97a2701b8 None None] Join ServiceGroup membership for this service scheduler {{(pid=95870) start /opt/stack/nova/nova/service.py:221}}
Jun 02 16:09:29.125778 np0000001946 nova-scheduler[95874]: DEBUG nova.service [None req-1511644a-c82d-4bd7-94c7-da7b25851340 None None] Join ServiceGroup membership for this service scheduler {{(pid=95874) start /opt/stack/nova/nova/service.py:221}}
Jun 02 16:09:29.125932 np0000001946 nova-scheduler[95874]: DEBUG nova.servicegroup.drivers.db [None req-1511644a-c82d-4bd7-94c7-da7b25851340 None None] DB_Driver: join new ServiceGroup member np0000001946 to the scheduler group, service = {{(pid=95874) join /opt/stack/nova/nova/servicegroup/drivers/db.py:44}}
Jun 02 16:09:29.126161 np0000001946 nova-scheduler[95870]: DEBUG nova.servicegroup.drivers.db [None req-ad55ae40-e006-428c-af4d-4bb97a2701b8 None None] DB_Driver: join new ServiceGroup member np0000001946 to the scheduler group, service = {{(pid=95870) join /opt/stack/nova/nova/servicegroup/drivers/db.py:44}}
Jun 02 16:09:29.138898 np0000001946 nova-scheduler[95872]: DEBUG nova.service [None req-c11d6da3-9d57-44cc-a826-5322d7adeb68 None None] Join ServiceGroup membership for this service scheduler {{(pid=95872) start /opt/stack/nova/nova/service.py:221}}
Jun 02 16:09:29.139292 np0000001946 nova-scheduler[95872]: DEBUG nova.servicegroup.drivers.db [None req-c11d6da3-9d57-44cc-a826-5322d7adeb68 None None] DB_Driver: join new ServiceGroup member np0000001946 to the scheduler group, service = {{(pid=95872) join /opt/stack/nova/nova/servicegroup/drivers/db.py:44}}
Jun 02 16:09:34.143575 np0000001946 nova-scheduler[95874]: DEBUG oslo.service.backend._threading.loopingcall [-] Fixed interval looping call 'nova.servicegroup.drivers.db.DbDriver._report_state' sleeping for 119.98 seconds {{(pid=95874) _run_loop /opt/stack/data/venv/lib/python3.12/site-packages/oslo_service/backend/_threading/loopingcall.py:125}}
Jun 02 16:09:34.144046 np0000001946 nova-scheduler[95870]: DEBUG oslo.service.backend._threading.loopingcall [-] Fixed interval looping call 'nova.servicegroup.drivers.db.DbDriver._report_state' sleeping for 119.98 seconds {{(pid=95870) _run_loop /opt/stack/data/venv/lib/python3.12/site-packages/oslo_service/backend/_threading/loopingcall.py:125}}
Jun 02 16:09:34.151043 np0000001946 nova-scheduler[95872]: DEBUG oslo.service.backend._threading.loopingcall [-] Fixed interval looping call 'nova.servicegroup.drivers.db.DbDriver._report_state' sleeping for 119.99 seconds {{(pid=95872) _run_loop /opt/stack/data/venv/lib/python3.12/site-packages/oslo_service/backend/_threading/loopingcall.py:125}}
Jun 02 16:09:37.634311 np0000001946 nova-scheduler[94593]: DEBUG dbcounter [-] [94593] Writing DB stats nova_api:SELECT=3 {{(pid=94593) stat_writer /opt/stack/data/venv/lib/python3.12/site-packages/dbcounter.py:115}}
Jun 02 16:09:37.801366 np0000001946 nova-scheduler[94593]: DEBUG dbcounter [-] [94593] Writing DB stats nova_cell0:SELECT=1 {{(pid=94593) stat_writer /opt/stack/data/venv/lib/python3.12/site-packages/dbcounter.py:115}}
Jun 02 16:09:37.806114 np0000001946 nova-scheduler[94593]: DEBUG dbcounter [-] [94593] Writing DB stats nova_cell1:SELECT=1 {{(pid=94593) stat_writer /opt/stack/data/venv/lib/python3.12/site-packages/dbcounter.py:115}}
Jun 02 16:09:38.141520 np0000001946 nova-scheduler[95872]: DEBUG oslo.service.backend._threading.loopingcall [None req-237c165f-21fc-4422-bcd0-a56f37318281 None None] Dynamic interval looping call 'nova.service.Service.periodic_tasks' sleeping for 60.00 seconds {{(pid=95872) _run_loop /opt/stack/data/venv/lib/python3.12/site-packages/oslo_service/backend/_threading/loopingcall.py:125}}
Jun 02 16:09:44.136731 np0000001946 nova-scheduler[95870]: DEBUG dbcounter [-] [95870] Writing DB stats nova_cell0:SELECT=4,nova_cell0:INSERT=1,nova_cell0:UPDATE=1 {{(pid=95870) stat_writer /opt/stack/data/venv/lib/python3.12/site-packages/dbcounter.py:115}}
Jun 02 16:09:44.139875 np0000001946 nova-scheduler[95874]: DEBUG dbcounter [-] [95874] Writing DB stats nova_cell0:SELECT=3,nova_cell0:UPDATE=1 {{(pid=95874) stat_writer /opt/stack/data/venv/lib/python3.12/site-packages/dbcounter.py:115}}
Jun 02 16:09:44.147907 np0000001946 nova-scheduler[95872]: DEBUG dbcounter [-] [95872] Writing DB stats nova_cell0:SELECT=3 {{(pid=95872) stat_writer /opt/stack/data/venv/lib/python3.12/site-packages/dbcounter.py:115}}
Jun 02 16:10:15.128341 np0000001946 nova-scheduler[95870]: DEBUG oslo.service.backend._threading.loopingcall [None req-63317b9a-784d-44b8-8531-9e799ad8836e None None] Dynamic interval looping call 'nova.service.Service.periodic_tasks' sleeping for 60.00 seconds {{(pid=95870) _run_loop /opt/stack/data/venv/lib/python3.12/site-packages/oslo_service/backend/_threading/loopingcall.py:125}}
Jun 02 16:10:19.128546 np0000001946 nova-scheduler[95874]: DEBUG oslo.service.backend._threading.loopingcall [None req-d2b4e8a2-6425-40c9-a4b4-32cc5c1bebb1 None None] Dynamic interval looping call 'nova.service.Service.periodic_tasks' sleeping for 60.00 seconds {{(pid=95874) _run_loop /opt/stack/data/venv/lib/python3.12/site-packages/oslo_service/backend/_threading/loopingcall.py:125}}
Jun 02 16:10:38.142146 np0000001946 nova-scheduler[95872]: DEBUG oslo.service.backend._threading.loopingcall [None req-237c165f-21fc-4422-bcd0-a56f37318281 None None] Dynamic interval looping call 'nova.service.Service.periodic_tasks' sleeping for 60.00 seconds {{(pid=95872) _run_loop /opt/stack/data/venv/lib/python3.12/site-packages/oslo_service/backend/_threading/loopingcall.py:125}}
Jun 02 16:11:15.128740 np0000001946 nova-scheduler[95870]: DEBUG oslo.service.backend._threading.loopingcall [None req-63317b9a-784d-44b8-8531-9e799ad8836e None None] Dynamic interval looping call 'nova.service.Service.periodic_tasks' sleeping for 60.00 seconds {{(pid=95870) _run_loop /opt/stack/data/venv/lib/python3.12/site-packages/oslo_service/backend/_threading/loopingcall.py:125}}
Jun 02 16:11:19.129056 np0000001946 nova-scheduler[95874]: DEBUG oslo.service.backend._threading.loopingcall [None req-d2b4e8a2-6425-40c9-a4b4-32cc5c1bebb1 None None] Dynamic interval looping call 'nova.service.Service.periodic_tasks' sleeping for 60.00 seconds {{(pid=95874) _run_loop /opt/stack/data/venv/lib/python3.12/site-packages/oslo_service/backend/_threading/loopingcall.py:125}}
Jun 02 16:11:34.130951 np0000001946 nova-scheduler[95870]: DEBUG oslo.service.backend._threading.loopingcall [-] Fixed interval looping call 'nova.servicegroup.drivers.db.DbDriver._report_state' sleeping for 119.99 seconds {{(pid=95870) _run_loop /opt/stack/data/venv/lib/python3.12/site-packages/oslo_service/backend/_threading/loopingcall.py:125}}
Jun 02 16:11:34.132145 np0000001946 nova-scheduler[95874]: DEBUG oslo.service.backend._threading.loopingcall [-] Fixed interval looping call 'nova.servicegroup.drivers.db.DbDriver._report_state' sleeping for 119.99 seconds {{(pid=95874) _run_loop /opt/stack/data/venv/lib/python3.12/site-packages/oslo_service/backend/_threading/loopingcall.py:125}}
Jun 02 16:11:34.144779 np0000001946 nova-scheduler[95872]: DEBUG oslo.service.backend._threading.loopingcall [-] Fixed interval looping call 'nova.servicegroup.drivers.db.DbDriver._report_state' sleeping for 120.00 seconds {{(pid=95872) _run_loop /opt/stack/data/venv/lib/python3.12/site-packages/oslo_service/backend/_threading/loopingcall.py:125}}
Jun 02 16:11:38.142814 np0000001946 nova-scheduler[95872]: DEBUG oslo.service.backend._threading.loopingcall [None req-237c165f-21fc-4422-bcd0-a56f37318281 None None] Dynamic interval looping call 'nova.service.Service.periodic_tasks' sleeping for 60.00 seconds {{(pid=95872) _run_loop /opt/stack/data/venv/lib/python3.12/site-packages/oslo_service/backend/_threading/loopingcall.py:125}}
Jun 02 16:11:44.127468 np0000001946 nova-scheduler[95870]: DEBUG dbcounter [-] [95870] Writing DB stats nova_cell0:SELECT=1,nova_cell0:UPDATE=1 {{(pid=95870) stat_writer /opt/stack/data/venv/lib/python3.12/site-packages/dbcounter.py:115}}
Jun 02 16:11:44.128131 np0000001946 nova-scheduler[95874]: DEBUG dbcounter [-] [95874] Writing DB stats nova_cell0:SELECT=1,nova_cell0:UPDATE=1 {{(pid=95874) stat_writer /opt/stack/data/venv/lib/python3.12/site-packages/dbcounter.py:115}}
Jun 02 16:11:44.143009 np0000001946 nova-scheduler[95872]: DEBUG dbcounter [-] [95872] Writing DB stats nova_cell0:SELECT=1 {{(pid=95872) stat_writer /opt/stack/data/venv/lib/python3.12/site-packages/dbcounter.py:115}}
Jun 02 16:12:15.129330 np0000001946 nova-scheduler[95870]: DEBUG oslo.service.backend._threading.loopingcall [None req-63317b9a-784d-44b8-8531-9e799ad8836e None None] Dynamic interval looping call 'nova.service.Service.periodic_tasks' sleeping for 60.00 seconds {{(pid=95870) _run_loop /opt/stack/data/venv/lib/python3.12/site-packages/oslo_service/backend/_threading/loopingcall.py:125}}
Jun 02 16:12:19.129530 np0000001946 nova-scheduler[95874]: DEBUG oslo.service.backend._threading.loopingcall [None req-d2b4e8a2-6425-40c9-a4b4-32cc5c1bebb1 None None] Dynamic interval looping call 'nova.service.Service.periodic_tasks' sleeping for 60.00 seconds {{(pid=95874) _run_loop /opt/stack/data/venv/lib/python3.12/site-packages/oslo_service/backend/_threading/loopingcall.py:125}}
Jun 02 16:12:28.834783 np0000001946 nova-scheduler[95874]: DEBUG nova.scheduler.manager [None req-0185e2ff-f4df-4da4-ad2e-1066555c2fed tempest-ServerRescueNegativeTestJSON-1454720172 tempest-ServerRescueNegativeTestJSON-1454720172-project-member] Starting to schedule for instances: ['733bdbcf-7f24-4c9a-b4f0-6b7fa6f5740b'] {{(pid=95874) select_destinations /opt/stack/nova/nova/scheduler/manager.py:210}}
Jun 02 16:12:28.835686 np0000001946 nova-scheduler[95874]: DEBUG nova.scheduler.request_filter [None req-0185e2ff-f4df-4da4-ad2e-1066555c2fed tempest-ServerRescueNegativeTestJSON-1454720172 tempest-ServerRescueNegativeTestJSON-1454720172-project-member] compute_status_filter request filter added forbidden trait COMPUTE_STATUS_DISABLED {{(pid=95874) compute_status_filter /opt/stack/nova/nova/scheduler/request_filter.py:253}}
Jun 02 16:12:28.835819 np0000001946 nova-scheduler[95874]: DEBUG nova.scheduler.request_filter [None req-0185e2ff-f4df-4da4-ad2e-1066555c2fed tempest-ServerRescueNegativeTestJSON-1454720172 tempest-ServerRescueNegativeTestJSON-1454720172-project-member] Request filter 'compute_status_filter' took 0.0 seconds {{(pid=95874) wrapper /opt/stack/nova/nova/scheduler/request_filter.py:46}}
Jun 02 16:12:28.836120 np0000001946 nova-scheduler[95874]: DEBUG nova.scheduler.request_filter [None req-0185e2ff-f4df-4da4-ad2e-1066555c2fed tempest-ServerRescueNegativeTestJSON-1454720172 tempest-ServerRescueNegativeTestJSON-1454720172-project-member] Request filter 'accelerators_filter' took 0.0 seconds {{(pid=95874) wrapper /opt/stack/nova/nova/scheduler/request_filter.py:46}}
Jun 02 16:12:28.836380 np0000001946 nova-scheduler[95874]: DEBUG nova.scheduler.request_filter [None req-0185e2ff-f4df-4da4-ad2e-1066555c2fed tempest-ServerRescueNegativeTestJSON-1454720172 tempest-ServerRescueNegativeTestJSON-1454720172-project-member] Request filter 'packed_virtqueue_filter' took 0.0 seconds {{(pid=95874) wrapper /opt/stack/nova/nova/scheduler/request_filter.py:46}}
Jun 02 16:12:28.837060 np0000001946 nova-scheduler[95874]: DEBUG nova.scheduler.request_filter [None req-0185e2ff-f4df-4da4-ad2e-1066555c2fed tempest-ServerRescueNegativeTestJSON-1454720172 tempest-ServerRescueNegativeTestJSON-1454720172-project-member] Request filter 'remote_managed_ports_filter' took 0.0 seconds {{(pid=95874) wrapper /opt/stack/nova/nova/scheduler/request_filter.py:46}}
Jun 02 16:12:28.837474 np0000001946 nova-scheduler[95874]: DEBUG nova.scheduler.request_filter [None req-0185e2ff-f4df-4da4-ad2e-1066555c2fed tempest-ServerRescueNegativeTestJSON-1454720172 tempest-ServerRescueNegativeTestJSON-1454720172-project-member] ephemeral_encryption_filter skipped {{(pid=95874) ephemeral_encryption_filter /opt/stack/nova/nova/scheduler/request_filter.py:426}}
Jun 02 16:12:28.837745 np0000001946 nova-scheduler[95874]: DEBUG nova.scheduler.request_filter [None req-0185e2ff-f4df-4da4-ad2e-1066555c2fed tempest-ServerRescueNegativeTestJSON-1454720172 tempest-ServerRescueNegativeTestJSON-1454720172-project-member] virtio_sound_filter skipped {{(pid=95874) virtio_sound_filter /opt/stack/nova/nova/scheduler/request_filter.py:460}}
Jun 02 16:12:28.837936 np0000001946 nova-scheduler[95874]: DEBUG nova.scheduler.request_filter [None req-0185e2ff-f4df-4da4-ad2e-1066555c2fed tempest-ServerRescueNegativeTestJSON-1454720172 tempest-ServerRescueNegativeTestJSON-1454720172-project-member] tpm_secret_security_filter skipped {{(pid=95874) tpm_secret_security_filter /opt/stack/nova/nova/scheduler/request_filter.py:477}}
Jun 02 16:12:29.452268 np0000001946 nova-scheduler[95874]: INFO nova.utils [None req-0185e2ff-f4df-4da4-ad2e-1066555c2fed tempest-ServerRescueNegativeTestJSON-1454720172 tempest-ServerRescueNegativeTestJSON-1454720172-project-member] The cell worker thread pool ForkProcess-3.cell_worker is initialized
Jun 02 16:12:29.452875 np0000001946 nova-scheduler[95874]: DEBUG oslo_concurrency.lockutils [None req-0185e2ff-f4df-4da4-ad2e-1066555c2fed tempest-ServerRescueNegativeTestJSON-1454720172 tempest-ServerRescueNegativeTestJSON-1454720172-project-member] Acquiring lock "67b46a0c-d3c8-4368-bb39-bf49804af7de" by "nova.context.set_target_cell..get_or_set_cached_cell_and_set_connections" {{(pid=95874) inner /opt/stack/data/venv/lib/python3.12/site-packages/oslo_concurrency/lockutils.py:511}}
Jun 02 16:12:29.452875 np0000001946 nova-scheduler[95874]: DEBUG oslo_concurrency.lockutils [None req-0185e2ff-f4df-4da4-ad2e-1066555c2fed tempest-ServerRescueNegativeTestJSON-1454720172 tempest-ServerRescueNegativeTestJSON-1454720172-project-member] Lock "67b46a0c-d3c8-4368-bb39-bf49804af7de" acquired by "nova.context.set_target_cell..get_or_set_cached_cell_and_set_connections" :: waited 0.000s {{(pid=95874) inner /opt/stack/data/venv/lib/python3.12/site-packages/oslo_concurrency/lockutils.py:524}}
Jun 02 16:12:29.454150 np0000001946 nova-scheduler[95874]: DEBUG oslo_concurrency.lockutils [None req-0185e2ff-f4df-4da4-ad2e-1066555c2fed tempest-ServerRescueNegativeTestJSON-1454720172 tempest-ServerRescueNegativeTestJSON-1454720172-project-member] Lock "67b46a0c-d3c8-4368-bb39-bf49804af7de" "released" by "nova.context.set_target_cell..get_or_set_cached_cell_and_set_connections" :: held 0.001s {{(pid=95874) inner /opt/stack/data/venv/lib/python3.12/site-packages/oslo_concurrency/lockutils.py:543}}
Jun 02 16:12:29.456087 np0000001946 nova-scheduler[95874]: INFO dbcounter [None req-0185e2ff-f4df-4da4-ad2e-1066555c2fed tempest-ServerRescueNegativeTestJSON-1454720172 tempest-ServerRescueNegativeTestJSON-1454720172-project-member] Registered counter for database nova_cell1
Jun 02 16:12:29.506199 np0000001946 nova-scheduler[95874]: DEBUG oslo_db.sqlalchemy.engines [None req-0185e2ff-f4df-4da4-ad2e-1066555c2fed tempest-ServerRescueNegativeTestJSON-1454720172 tempest-ServerRescueNegativeTestJSON-1454720172-project-member] MySQL server mode set to STRICT_TRANS_TABLES,STRICT_ALL_TABLES,NO_ZERO_IN_DATE,NO_ZERO_DATE,ERROR_FOR_DIVISION_BY_ZERO,TRADITIONAL,NO_ENGINE_SUBSTITUTION {{(pid=95874) _check_effective_sql_mode /opt/stack/data/venv/lib/python3.12/site-packages/oslo_db/sqlalchemy/engines.py:325}}
Jun 02 16:12:29.514352 np0000001946 nova-scheduler[95874]: DEBUG dbcounter [-] [95874] Writer thread running {{(pid=95874) stat_writer /opt/stack/data/venv/lib/python3.12/site-packages/dbcounter.py:102}}
Jun 02 16:12:29.528664 np0000001946 nova-scheduler[95874]: DEBUG oslo_db.sqlalchemy.engines [None req-0185e2ff-f4df-4da4-ad2e-1066555c2fed tempest-ServerRescueNegativeTestJSON-1454720172 tempest-ServerRescueNegativeTestJSON-1454720172-project-member] Parent process 94593 forked (95874) with an open database connection, which is being discarded and recreated. {{(pid=95874) checkout /opt/stack/data/venv/lib/python3.12/site-packages/oslo_db/sqlalchemy/engines.py:402}}
Jun 02 16:12:29.589064 np0000001946 nova-scheduler[95874]: DEBUG dbcounter [-] [95874] Writer thread running {{(pid=95874) stat_writer /opt/stack/data/venv/lib/python3.12/site-packages/dbcounter.py:102}}
Jun 02 16:12:29.593633 np0000001946 nova-scheduler[95874]: DEBUG oslo_concurrency.lockutils [None req-0185e2ff-f4df-4da4-ad2e-1066555c2fed tempest-ServerRescueNegativeTestJSON-1454720172 tempest-ServerRescueNegativeTestJSON-1454720172-project-member] Acquiring lock "67b46a0c-d3c8-4368-bb39-bf49804af7de" by "nova.context.set_target_cell..get_or_set_cached_cell_and_set_connections" {{(pid=95874) inner /opt/stack/data/venv/lib/python3.12/site-packages/oslo_concurrency/lockutils.py:511}}
Jun 02 16:12:29.593846 np0000001946 nova-scheduler[95874]: DEBUG oslo_concurrency.lockutils [None req-0185e2ff-f4df-4da4-ad2e-1066555c2fed tempest-ServerRescueNegativeTestJSON-1454720172 tempest-ServerRescueNegativeTestJSON-1454720172-project-member] Lock "67b46a0c-d3c8-4368-bb39-bf49804af7de" acquired by "nova.context.set_target_cell..get_or_set_cached_cell_and_set_connections" :: waited 0.000s {{(pid=95874) inner /opt/stack/data/venv/lib/python3.12/site-packages/oslo_concurrency/lockutils.py:524}}
Jun 02 16:12:29.593951 np0000001946 nova-scheduler[95874]: DEBUG oslo_concurrency.lockutils [None req-0185e2ff-f4df-4da4-ad2e-1066555c2fed tempest-ServerRescueNegativeTestJSON-1454720172 tempest-ServerRescueNegativeTestJSON-1454720172-project-member] Lock "67b46a0c-d3c8-4368-bb39-bf49804af7de" "released" by "nova.context.set_target_cell..get_or_set_cached_cell_and_set_connections" :: held 0.000s {{(pid=95874) inner /opt/stack/data/venv/lib/python3.12/site-packages/oslo_concurrency/lockutils.py:543}}
Jun 02 16:12:29.599339 np0000001946 nova-scheduler[95874]: DEBUG oslo_concurrency.lockutils [None req-0185e2ff-f4df-4da4-ad2e-1066555c2fed tempest-ServerRescueNegativeTestJSON-1454720172 tempest-ServerRescueNegativeTestJSON-1454720172-project-member] Acquiring lock "('np0000001946', 'np0000001946')" by "nova.scheduler.host_manager.HostState.update.._locked_update" {{(pid=95874) inner /opt/stack/data/venv/lib/python3.12/site-packages/oslo_concurrency/lockutils.py:511}}
Jun 02 16:12:29.599551 np0000001946 nova-scheduler[95874]: DEBUG oslo_concurrency.lockutils [None req-0185e2ff-f4df-4da4-ad2e-1066555c2fed tempest-ServerRescueNegativeTestJSON-1454720172 tempest-ServerRescueNegativeTestJSON-1454720172-project-member] Lock "('np0000001946', 'np0000001946')" acquired by "nova.scheduler.host_manager.HostState.update.._locked_update" :: waited 0.000s {{(pid=95874) inner /opt/stack/data/venv/lib/python3.12/site-packages/oslo_concurrency/lockutils.py:524}}
Jun 02 16:12:29.601460 np0000001946 nova-scheduler[95874]: DEBUG nova.scheduler.host_manager [None req-0185e2ff-f4df-4da4-ad2e-1066555c2fed tempest-ServerRescueNegativeTestJSON-1454720172 tempest-ServerRescueNegativeTestJSON-1454720172-project-member] Update host state from compute node: ComputeNode(cpu_allocation_ratio=4.0,cpu_info='{"arch": "x86_64", "model": "EPYC-Milan", "vendor": "AMD", "topology": {"cells": 1, "sockets": 12, "cores": 1, "threads": 1}, "maxphysaddr": {"mode": "emulate", "bits": 40}, "features": ["pat", "mmx", "rdtscp", "apic", "pfthreshold", "f16c", "lfence-always-serializing", "lbrv", "fpu", "xsaveerptr", "fsrm", "skip-l1dfl-vmentry", "pschange-mc-no", "pse", "xsaves", "rdseed", "cmov", "ssse3", "clzero", "spec-ctrl", "rdctl-no", "lm", "pcid", "clflush", "smep", "cx16", "3dnowprefetch", "hypervisor", "abm", "gds-no", "vgif", "virt-ssbd", "umip", "ssbd", "no-nested-data-bp", "amd-psfd", "arat", "mca", "sse2", "sse4.1", "pdpe1gb", "vpclmulqdq", "mmxext", "vmcb-clean", "pclmuldq", "sse4.2", "syscall", "xsavec", "mtrr", "sse", "fxsr_opt", "bmi2", "topoext", "vaes", "xsave", "svme-addr-chk", "amd-ssbd", "avx2", "arch-capabilities", "fsgsbase", "sep", "stibp", "invpcid", "tsc-deadline", "pae", "tsc-scale", "xsaveopt", "clflushopt", "mds-no", "cmp_legacy", "misalignsse", "rdpid", "smap", "nrip-save", "pni", "amd-stibp", "pause-filter", "svm", "sha-ni", "stibp-always-on", "wbnoinvd", "ibpb", "aes", "clwb", "pse36", "pku", "avx", "erms", "tsc", "cr8legacy", "sse4a", "fma", "lahf_lm", "de", "tsc_adjust", "bmi1", "mce", "perfctr_core", "popcnt", "v-vmsave-vmload", "nx", "cx8", "null-sel-clr-base", "npt", "adx", "xgetbv1", "pge", "osvw", "ibrs", "fxsr", "rdrand", "vme", "movbe", "x2apic", "msr", "flushbyasid"]}',created_at=2026-06-02T16:09:54Z,current_workload=0,deleted=False,deleted_at=None,disk_allocation_ratio=1.0,disk_available_least=74,free_disk_gb=95,free_ram_mb=23518,host='np0000001946',host_ip=10.4.3.235,hypervisor_hostname='np0000001946',hypervisor_type='QEMU',hypervisor_version=8002002,id=1,local_gb=95,local_gb_used=0,mapped=1,memory_mb=24030,memory_mb_used=512,metrics='[]',numa_topology='{"nova_object.name": "NUMATopology", "nova_object.namespace": "nova", "nova_object.version": "1.2", "nova_object.data": {"cells": [{"nova_object.name": "NUMACell", "nova_object.namespace": "nova", "nova_object.version": "1.5", "nova_object.data": {"id": 0, "cpuset": [0, 1, 2, 3, 4, 5, 6, 7, 8, 9, 10, 11], "pcpuset": [0, 1, 2, 3, 4, 5, 6, 7, 8, 9, 10, 11], "memory": 24030, "cpu_usage": 0, "memory_usage": 0, "pinned_cpus": [], "siblings": [[6], [2], [5], [11], [8], [4], [1], [7], [10], [0], [3], [9]], "mempages": [{"nova_object.name": "NUMAPagesTopology", "nova_object.namespace": "nova", "nova_object.version": "1.1", "nova_object.data": {"size_kb": 4, "total": 6151797, "used": 0, "reserved": 0}, "nova_object.changes": ["size_kb", "used", "total", "reserved"]}, {"nova_object.name": "NUMAPagesTopology", "nova_object.namespace": "nova", "nova_object.version": "1.1", "nova_object.data": {"size_kb": 2048, "total": 0, "used": 0, "reserved": 0}, "nova_object.changes": ["size_kb", "used", "total", "reserved"]}, {"nova_object.name": "NUMAPagesTopology", "nova_object.namespace": "nova", "nova_object.version": "1.1", "nova_object.data": {"size_kb": 1048576, "total": 0, "used": 0, "reserved": 0}, "nova_object.changes": ["size_kb", "used", "total", "reserved"]}], "network_metadata": {"nova_object.name": "NetworkMetadata", "nova_object.namespace": "nova", "nova_object.version": "1.0", "nova_object.data": {"physnets": [], "tunneled": false}, "nova_object.changes": ["tunneled", "physnets"]}, "socket": null}, "nova_object.changes": ["socket", "mempages", "memory", "pcpuset", "id", "cpu_usage", "network_metadata", "siblings", "memory_usage", "cpuset", "pinned_cpus"]}]}, "nova_object.changes": ["cells"]}',pci_device_pools=PciDevicePoolList,ram_allocation_ratio=1.0,running_vms=0,service_id=2,stats={failed_builds='0',uptime=' 16:11:40 up 28 min, 2 users, load average: 1.21, 1.32, 0.79
Jun 02 16:12:29.601460 np0000001946 nova-scheduler[95874]: '},supported_hv_specs=[HVSpec,HVSpec,HVSpec,HVSpec,HVSpec,HVSpec,HVSpec,HVSpec,HVSpec,HVSpec,HVSpec,HVSpec,HVSpec,HVSpec,HVSpec,HVSpec,HVSpec,HVSpec,HVSpec,HVSpec,HVSpec,HVSpec,HVSpec,HVSpec,HVSpec],updated_at=2026-06-02T16:11:42Z,uuid=589997f9-1648-4849-944c-0af54d3e6dac,vcpus=12,vcpus_used=0) {{(pid=95874) _locked_update /opt/stack/nova/nova/scheduler/host_manager.py:168}}
Jun 02 16:12:29.602498 np0000001946 nova-scheduler[95874]: DEBUG nova.scheduler.host_manager [None req-0185e2ff-f4df-4da4-ad2e-1066555c2fed tempest-ServerRescueNegativeTestJSON-1454720172 tempest-ServerRescueNegativeTestJSON-1454720172-project-member] Update host state with aggregates: [] {{(pid=95874) _locked_update /opt/stack/nova/nova/scheduler/host_manager.py:171}}
Jun 02 16:12:29.602498 np0000001946 nova-scheduler[95874]: DEBUG nova.scheduler.host_manager [None req-0185e2ff-f4df-4da4-ad2e-1066555c2fed tempest-ServerRescueNegativeTestJSON-1454720172 tempest-ServerRescueNegativeTestJSON-1454720172-project-member] Update host state with service dict: {'id': 2, 'uuid': '32f77395-85b1-4fd8-b015-2d9d329de2bf', 'host': 'np0000001946', 'binary': 'nova-compute', 'topic': 'compute', 'report_count': 2, 'disabled': False, 'disabled_reason': None, 'last_seen_up': datetime.datetime(2026, 6, 2, 16, 12, 3, tzinfo=datetime.timezone.utc), 'forced_down': False, 'version': 72, 'created_at': datetime.datetime(2026, 6, 2, 16, 9, 53, tzinfo=datetime.timezone.utc), 'updated_at': datetime.datetime(2026, 6, 2, 16, 12, 3, tzinfo=datetime.timezone.utc), 'deleted_at': None, 'deleted': False} {{(pid=95874) _locked_update /opt/stack/nova/nova/scheduler/host_manager.py:174}}
Jun 02 16:12:29.602498 np0000001946 nova-scheduler[95874]: DEBUG nova.scheduler.host_manager [None req-0185e2ff-f4df-4da4-ad2e-1066555c2fed tempest-ServerRescueNegativeTestJSON-1454720172 tempest-ServerRescueNegativeTestJSON-1454720172-project-member] Update host state with instances: [] {{(pid=95874) _locked_update /opt/stack/nova/nova/scheduler/host_manager.py:177}}
Jun 02 16:12:29.602710 np0000001946 nova-scheduler[95874]: DEBUG oslo_concurrency.lockutils [None req-0185e2ff-f4df-4da4-ad2e-1066555c2fed tempest-ServerRescueNegativeTestJSON-1454720172 tempest-ServerRescueNegativeTestJSON-1454720172-project-member] Lock "('np0000001946', 'np0000001946')" "released" by "nova.scheduler.host_manager.HostState.update.._locked_update" :: held 0.003s {{(pid=95874) inner /opt/stack/data/venv/lib/python3.12/site-packages/oslo_concurrency/lockutils.py:543}}
Jun 02 16:12:29.603803 np0000001946 nova-scheduler[95874]: DEBUG nova.filters [None req-0185e2ff-f4df-4da4-ad2e-1066555c2fed tempest-ServerRescueNegativeTestJSON-1454720172 tempest-ServerRescueNegativeTestJSON-1454720172-project-member] Starting with 1 host(s) {{(pid=95874) get_filtered_objects /opt/stack/nova/nova/filters.py:70}}
Jun 02 16:12:29.603870 np0000001946 nova-scheduler[95874]: DEBUG nova.filters [None req-0185e2ff-f4df-4da4-ad2e-1066555c2fed tempest-ServerRescueNegativeTestJSON-1454720172 tempest-ServerRescueNegativeTestJSON-1454720172-project-member] Filter ComputeFilter returned 1 host(s) {{(pid=95874) get_filtered_objects /opt/stack/nova/nova/filters.py:102}}
Jun 02 16:12:29.604134 np0000001946 nova-scheduler[95874]: DEBUG nova.filters [None req-0185e2ff-f4df-4da4-ad2e-1066555c2fed tempest-ServerRescueNegativeTestJSON-1454720172 tempest-ServerRescueNegativeTestJSON-1454720172-project-member] Filter ComputeCapabilitiesFilter returned 1 host(s) {{(pid=95874) get_filtered_objects /opt/stack/nova/nova/filters.py:102}}
Jun 02 16:12:29.604532 np0000001946 nova-scheduler[95874]: DEBUG nova.filters [None req-0185e2ff-f4df-4da4-ad2e-1066555c2fed tempest-ServerRescueNegativeTestJSON-1454720172 tempest-ServerRescueNegativeTestJSON-1454720172-project-member] Filter ImagePropertiesFilter returned 1 host(s) {{(pid=95874) get_filtered_objects /opt/stack/nova/nova/filters.py:102}}
Jun 02 16:12:29.604532 np0000001946 nova-scheduler[95874]: DEBUG nova.filters [None req-0185e2ff-f4df-4da4-ad2e-1066555c2fed tempest-ServerRescueNegativeTestJSON-1454720172 tempest-ServerRescueNegativeTestJSON-1454720172-project-member] Filter ServerGroupAntiAffinityFilter returned 1 host(s) {{(pid=95874) get_filtered_objects /opt/stack/nova/nova/filters.py:102}}
Jun 02 16:12:29.604779 np0000001946 nova-scheduler[95874]: DEBUG nova.filters [None req-0185e2ff-f4df-4da4-ad2e-1066555c2fed tempest-ServerRescueNegativeTestJSON-1454720172 tempest-ServerRescueNegativeTestJSON-1454720172-project-member] Filter ServerGroupAffinityFilter returned 1 host(s) {{(pid=95874) get_filtered_objects /opt/stack/nova/nova/filters.py:102}}
Jun 02 16:12:29.604838 np0000001946 nova-scheduler[95874]: DEBUG nova.filters [None req-0185e2ff-f4df-4da4-ad2e-1066555c2fed tempest-ServerRescueNegativeTestJSON-1454720172 tempest-ServerRescueNegativeTestJSON-1454720172-project-member] Filter SameHostFilter returned 1 host(s) {{(pid=95874) get_filtered_objects /opt/stack/nova/nova/filters.py:102}}
Jun 02 16:12:29.605302 np0000001946 nova-scheduler[95874]: DEBUG nova.filters [None req-0185e2ff-f4df-4da4-ad2e-1066555c2fed tempest-ServerRescueNegativeTestJSON-1454720172 tempest-ServerRescueNegativeTestJSON-1454720172-project-member] Filter DifferentHostFilter returned 1 host(s) {{(pid=95874) get_filtered_objects /opt/stack/nova/nova/filters.py:102}}
Jun 02 16:12:29.605460 np0000001946 nova-scheduler[95874]: DEBUG nova.scheduler.manager [None req-0185e2ff-f4df-4da4-ad2e-1066555c2fed tempest-ServerRescueNegativeTestJSON-1454720172 tempest-ServerRescueNegativeTestJSON-1454720172-project-member] Filtered [(np0000001946, np0000001946) ram: 23518MB disk: 75776MB io_ops: 0 instances: 0, allocation_candidates: 1] {{(pid=95874) _get_sorted_hosts /opt/stack/nova/nova/scheduler/manager.py:743}}
Jun 02 16:12:29.606049 np0000001946 nova-scheduler[95874]: DEBUG nova.scheduler.manager [None req-0185e2ff-f4df-4da4-ad2e-1066555c2fed tempest-ServerRescueNegativeTestJSON-1454720172 tempest-ServerRescueNegativeTestJSON-1454720172-project-member] Weighed [WeighedHost [host: (np0000001946, np0000001946) ram: 23518MB disk: 75776MB io_ops: 0 instances: 0, allocation_candidates: 1, weight: 0.0]] {{(pid=95874) _get_sorted_hosts /opt/stack/nova/nova/scheduler/manager.py:765}}
Jun 02 16:12:29.606254 np0000001946 nova-scheduler[95874]: DEBUG nova.scheduler.utils [None req-0185e2ff-f4df-4da4-ad2e-1066555c2fed tempest-ServerRescueNegativeTestJSON-1454720172 tempest-ServerRescueNegativeTestJSON-1454720172-project-member] Attempting to claim resources in the placement API for instance 733bdbcf-7f24-4c9a-b4f0-6b7fa6f5740b {{(pid=95874) claim_resources /opt/stack/nova/nova/scheduler/utils.py:1304}}
Jun 02 16:12:29.785192 np0000001946 nova-scheduler[95874]: DEBUG nova.scheduler.manager [None req-0185e2ff-f4df-4da4-ad2e-1066555c2fed tempest-ServerRescueNegativeTestJSON-1454720172 tempest-ServerRescueNegativeTestJSON-1454720172-project-member] [instance: 733bdbcf-7f24-4c9a-b4f0-6b7fa6f5740b] Selected host: (np0000001946, np0000001946) ram: 23518MB disk: 75776MB io_ops: 0 instances: 0, allocation_candidates: 1 {{(pid=95874) _consume_selected_host /opt/stack/nova/nova/scheduler/manager.py:625}}
Jun 02 16:12:29.785490 np0000001946 nova-scheduler[95874]: DEBUG oslo_concurrency.lockutils [None req-0185e2ff-f4df-4da4-ad2e-1066555c2fed tempest-ServerRescueNegativeTestJSON-1454720172 tempest-ServerRescueNegativeTestJSON-1454720172-project-member] Acquiring lock "('np0000001946', 'np0000001946')" by "nova.scheduler.host_manager.HostState.consume_from_request.._locked" {{(pid=95874) inner /opt/stack/data/venv/lib/python3.12/site-packages/oslo_concurrency/lockutils.py:511}}
Jun 02 16:12:29.785717 np0000001946 nova-scheduler[95874]: DEBUG oslo_concurrency.lockutils [None req-0185e2ff-f4df-4da4-ad2e-1066555c2fed tempest-ServerRescueNegativeTestJSON-1454720172 tempest-ServerRescueNegativeTestJSON-1454720172-project-member] Lock "('np0000001946', 'np0000001946')" acquired by "nova.scheduler.host_manager.HostState.consume_from_request.._locked" :: waited 0.000s {{(pid=95874) inner /opt/stack/data/venv/lib/python3.12/site-packages/oslo_concurrency/lockutils.py:524}}
Jun 02 16:12:29.786009 np0000001946 nova-scheduler[95874]: DEBUG oslo_concurrency.lockutils [None req-0185e2ff-f4df-4da4-ad2e-1066555c2fed tempest-ServerRescueNegativeTestJSON-1454720172 tempest-ServerRescueNegativeTestJSON-1454720172-project-member] Lock "('np0000001946', 'np0000001946')" "released" by "nova.scheduler.host_manager.HostState.consume_from_request.._locked" :: held 0.000s {{(pid=95874) inner /opt/stack/data/venv/lib/python3.12/site-packages/oslo_concurrency/lockutils.py:543}}
Jun 02 16:12:36.244575 np0000001946 nova-scheduler[95870]: DEBUG nova.scheduler.manager [None req-3220fa4c-8501-4cc4-ab93-54ae82d59357 tempest-ServerRescueNegativeTestJSON-1454720172 tempest-ServerRescueNegativeTestJSON-1454720172-project-member] Starting to schedule for instances: ['80ce9439-6117-4415-9e55-c9fb571234ac'] {{(pid=95870) select_destinations /opt/stack/nova/nova/scheduler/manager.py:210}}
Jun 02 16:12:36.245492 np0000001946 nova-scheduler[95870]: DEBUG nova.scheduler.request_filter [None req-3220fa4c-8501-4cc4-ab93-54ae82d59357 tempest-ServerRescueNegativeTestJSON-1454720172 tempest-ServerRescueNegativeTestJSON-1454720172-project-member] compute_status_filter request filter added forbidden trait COMPUTE_STATUS_DISABLED {{(pid=95870) compute_status_filter /opt/stack/nova/nova/scheduler/request_filter.py:253}}
Jun 02 16:12:36.245841 np0000001946 nova-scheduler[95870]: DEBUG nova.scheduler.request_filter [None req-3220fa4c-8501-4cc4-ab93-54ae82d59357 tempest-ServerRescueNegativeTestJSON-1454720172 tempest-ServerRescueNegativeTestJSON-1454720172-project-member] Request filter 'compute_status_filter' took 0.0 seconds {{(pid=95870) wrapper /opt/stack/nova/nova/scheduler/request_filter.py:46}}
Jun 02 16:12:36.245988 np0000001946 nova-scheduler[95870]: DEBUG nova.scheduler.request_filter [None req-3220fa4c-8501-4cc4-ab93-54ae82d59357 tempest-ServerRescueNegativeTestJSON-1454720172 tempest-ServerRescueNegativeTestJSON-1454720172-project-member] Request filter 'accelerators_filter' took 0.0 seconds {{(pid=95870) wrapper /opt/stack/nova/nova/scheduler/request_filter.py:46}}
Jun 02 16:12:36.246183 np0000001946 nova-scheduler[95870]: DEBUG nova.scheduler.request_filter [None req-3220fa4c-8501-4cc4-ab93-54ae82d59357 tempest-ServerRescueNegativeTestJSON-1454720172 tempest-ServerRescueNegativeTestJSON-1454720172-project-member] Request filter 'packed_virtqueue_filter' took 0.0 seconds {{(pid=95870) wrapper /opt/stack/nova/nova/scheduler/request_filter.py:46}}
Jun 02 16:12:36.246547 np0000001946 nova-scheduler[95870]: DEBUG nova.scheduler.request_filter [None req-3220fa4c-8501-4cc4-ab93-54ae82d59357 tempest-ServerRescueNegativeTestJSON-1454720172 tempest-ServerRescueNegativeTestJSON-1454720172-project-member] Request filter 'remote_managed_ports_filter' took 0.0 seconds {{(pid=95870) wrapper /opt/stack/nova/nova/scheduler/request_filter.py:46}}
Jun 02 16:12:36.246719 np0000001946 nova-scheduler[95870]: DEBUG nova.scheduler.request_filter [None req-3220fa4c-8501-4cc4-ab93-54ae82d59357 tempest-ServerRescueNegativeTestJSON-1454720172 tempest-ServerRescueNegativeTestJSON-1454720172-project-member] ephemeral_encryption_filter skipped {{(pid=95870) ephemeral_encryption_filter /opt/stack/nova/nova/scheduler/request_filter.py:426}}
Jun 02 16:12:36.246888 np0000001946 nova-scheduler[95870]: DEBUG nova.scheduler.request_filter [None req-3220fa4c-8501-4cc4-ab93-54ae82d59357 tempest-ServerRescueNegativeTestJSON-1454720172 tempest-ServerRescueNegativeTestJSON-1454720172-project-member] virtio_sound_filter skipped {{(pid=95870) virtio_sound_filter /opt/stack/nova/nova/scheduler/request_filter.py:460}}
Jun 02 16:12:36.247215 np0000001946 nova-scheduler[95870]: DEBUG nova.scheduler.request_filter [None req-3220fa4c-8501-4cc4-ab93-54ae82d59357 tempest-ServerRescueNegativeTestJSON-1454720172 tempest-ServerRescueNegativeTestJSON-1454720172-project-member] tpm_secret_security_filter skipped {{(pid=95870) tpm_secret_security_filter /opt/stack/nova/nova/scheduler/request_filter.py:477}}
Jun 02 16:12:36.351275 np0000001946 nova-scheduler[95870]: INFO nova.utils [None req-3220fa4c-8501-4cc4-ab93-54ae82d59357 tempest-ServerRescueNegativeTestJSON-1454720172 tempest-ServerRescueNegativeTestJSON-1454720172-project-member] The cell worker thread pool ForkProcess-1.cell_worker is initialized
Jun 02 16:12:36.351700 np0000001946 nova-scheduler[95870]: DEBUG oslo_concurrency.lockutils [None req-3220fa4c-8501-4cc4-ab93-54ae82d59357 tempest-ServerRescueNegativeTestJSON-1454720172 tempest-ServerRescueNegativeTestJSON-1454720172-project-member] Acquiring lock "67b46a0c-d3c8-4368-bb39-bf49804af7de" by "nova.context.set_target_cell..get_or_set_cached_cell_and_set_connections" {{(pid=95870) inner /opt/stack/data/venv/lib/python3.12/site-packages/oslo_concurrency/lockutils.py:511}}
Jun 02 16:12:36.351943 np0000001946 nova-scheduler[95870]: DEBUG oslo_concurrency.lockutils [None req-3220fa4c-8501-4cc4-ab93-54ae82d59357 tempest-ServerRescueNegativeTestJSON-1454720172 tempest-ServerRescueNegativeTestJSON-1454720172-project-member] Lock "67b46a0c-d3c8-4368-bb39-bf49804af7de" acquired by "nova.context.set_target_cell..get_or_set_cached_cell_and_set_connections" :: waited 0.000s {{(pid=95870) inner /opt/stack/data/venv/lib/python3.12/site-packages/oslo_concurrency/lockutils.py:524}}
Jun 02 16:12:36.353819 np0000001946 nova-scheduler[95870]: DEBUG oslo_concurrency.lockutils [None req-3220fa4c-8501-4cc4-ab93-54ae82d59357 tempest-ServerRescueNegativeTestJSON-1454720172 tempest-ServerRescueNegativeTestJSON-1454720172-project-member] Lock "67b46a0c-d3c8-4368-bb39-bf49804af7de" "released" by "nova.context.set_target_cell..get_or_set_cached_cell_and_set_connections" :: held 0.002s {{(pid=95870) inner /opt/stack/data/venv/lib/python3.12/site-packages/oslo_concurrency/lockutils.py:543}}
Jun 02 16:12:36.356212 np0000001946 nova-scheduler[95870]: INFO dbcounter [None req-3220fa4c-8501-4cc4-ab93-54ae82d59357 tempest-ServerRescueNegativeTestJSON-1454720172 tempest-ServerRescueNegativeTestJSON-1454720172-project-member] Registered counter for database nova_cell1
Jun 02 16:12:36.401686 np0000001946 nova-scheduler[95870]: DEBUG oslo_db.sqlalchemy.engines [None req-3220fa4c-8501-4cc4-ab93-54ae82d59357 tempest-ServerRescueNegativeTestJSON-1454720172 tempest-ServerRescueNegativeTestJSON-1454720172-project-member] MySQL server mode set to STRICT_TRANS_TABLES,STRICT_ALL_TABLES,NO_ZERO_IN_DATE,NO_ZERO_DATE,ERROR_FOR_DIVISION_BY_ZERO,TRADITIONAL,NO_ENGINE_SUBSTITUTION {{(pid=95870) _check_effective_sql_mode /opt/stack/data/venv/lib/python3.12/site-packages/oslo_db/sqlalchemy/engines.py:325}}
Jun 02 16:12:36.407490 np0000001946 nova-scheduler[95870]: DEBUG dbcounter [-] [95870] Writer thread running {{(pid=95870) stat_writer /opt/stack/data/venv/lib/python3.12/site-packages/dbcounter.py:102}}
Jun 02 16:12:36.471702 np0000001946 nova-scheduler[95870]: DEBUG dbcounter [-] [95870] Writer thread running {{(pid=95870) stat_writer /opt/stack/data/venv/lib/python3.12/site-packages/dbcounter.py:102}}
Jun 02 16:12:36.473734 np0000001946 nova-scheduler[95870]: DEBUG oslo_concurrency.lockutils [None req-3220fa4c-8501-4cc4-ab93-54ae82d59357 tempest-ServerRescueNegativeTestJSON-1454720172 tempest-ServerRescueNegativeTestJSON-1454720172-project-member] Acquiring lock "67b46a0c-d3c8-4368-bb39-bf49804af7de" by "nova.context.set_target_cell..get_or_set_cached_cell_and_set_connections" {{(pid=95870) inner /opt/stack/data/venv/lib/python3.12/site-packages/oslo_concurrency/lockutils.py:511}}
Jun 02 16:12:36.473883 np0000001946 nova-scheduler[95870]: DEBUG oslo_concurrency.lockutils [None req-3220fa4c-8501-4cc4-ab93-54ae82d59357 tempest-ServerRescueNegativeTestJSON-1454720172 tempest-ServerRescueNegativeTestJSON-1454720172-project-member] Lock "67b46a0c-d3c8-4368-bb39-bf49804af7de" acquired by "nova.context.set_target_cell..get_or_set_cached_cell_and_set_connections" :: waited 0.000s {{(pid=95870) inner /opt/stack/data/venv/lib/python3.12/site-packages/oslo_concurrency/lockutils.py:524}}
Jun 02 16:12:36.473988 np0000001946 nova-scheduler[95870]: DEBUG oslo_concurrency.lockutils [None req-3220fa4c-8501-4cc4-ab93-54ae82d59357 tempest-ServerRescueNegativeTestJSON-1454720172 tempest-ServerRescueNegativeTestJSON-1454720172-project-member] Lock "67b46a0c-d3c8-4368-bb39-bf49804af7de" "released" by "nova.context.set_target_cell..get_or_set_cached_cell_and_set_connections" :: held 0.000s {{(pid=95870) inner /opt/stack/data/venv/lib/python3.12/site-packages/oslo_concurrency/lockutils.py:543}}
Jun 02 16:12:36.477828 np0000001946 nova-scheduler[95870]: DEBUG oslo_concurrency.lockutils [None req-3220fa4c-8501-4cc4-ab93-54ae82d59357 tempest-ServerRescueNegativeTestJSON-1454720172 tempest-ServerRescueNegativeTestJSON-1454720172-project-member] Acquiring lock "('np0000001946', 'np0000001946')" by "nova.scheduler.host_manager.HostState.update.._locked_update" {{(pid=95870) inner /opt/stack/data/venv/lib/python3.12/site-packages/oslo_concurrency/lockutils.py:511}}
Jun 02 16:12:36.478290 np0000001946 nova-scheduler[95870]: DEBUG oslo_concurrency.lockutils [None req-3220fa4c-8501-4cc4-ab93-54ae82d59357 tempest-ServerRescueNegativeTestJSON-1454720172 tempest-ServerRescueNegativeTestJSON-1454720172-project-member] Lock "('np0000001946', 'np0000001946')" acquired by "nova.scheduler.host_manager.HostState.update.._locked_update" :: waited 0.000s {{(pid=95870) inner /opt/stack/data/venv/lib/python3.12/site-packages/oslo_concurrency/lockutils.py:524}}
