Aug 08 19:20:45.735358 np0000006803 devstack@neutron-api.service[90849]: INFO neutron.api.extensions [None req-26f8b2f8-db93-4ef7-8f35-591713ce0444 None None] Extension standard-attr-segment not supported by any of loaded plugins
Aug 08 19:20:45.735827 np0000006803 devstack@neutron-api.service[90849]: DEBUG neutron.api.extensions [None req-26f8b2f8-db93-4ef7-8f35-591713ce0444 None None] Loading extension file: standardattrdescription.py {{(pid=90849) _load_all_extensions_from_path /opt/stack/neutron/neutron/api/extensions.py:449}}
Aug 08 19:20:45.735827 np0000006803 devstack@neutron-api.service[90849]: DEBUG neutron.api.extensions [None req-26f8b2f8-db93-4ef7-8f35-591713ce0444 None None] Ext name="standard-attr-description" alias="standard-attr-description" description="Extension to add descriptions to standard attributes" updated="2016-02-10T10:00:00-00:00" {{(pid=90849) _check_extension /opt/stack/neutron/neutron/api/extensions.py:415}}
Aug 08 19:20:45.736632 np0000006803 devstack@neutron-api.service[90849]: INFO neutron.api.extensions [None req-26f8b2f8-db93-4ef7-8f35-591713ce0444 None None] Loaded extension: standard-attr-description
Aug 08 19:20:45.736632 np0000006803 devstack@neutron-api.service[90849]: DEBUG neutron.api.extensions [None req-26f8b2f8-db93-4ef7-8f35-591713ce0444 None None] Loading extension file: stateful_security_group.py {{(pid=90849) _load_all_extensions_from_path /opt/stack/neutron/neutron/api/extensions.py:449}}
Aug 08 19:20:45.736632 np0000006803 devstack@neutron-api.service[90849]: DEBUG neutron.api.extensions [None req-26f8b2f8-db93-4ef7-8f35-591713ce0444 None None] Ext name="Stateful security group" alias="stateful-security-group" description="Indicates if the security group is stateful or not" updated="2019-11-26T09:00:00-00:00" {{(pid=90849) _check_extension /opt/stack/neutron/neutron/api/extensions.py:415}}
Aug 08 19:20:45.737074 np0000006803 devstack@neutron-api.service[90849]: INFO neutron.api.extensions [None req-26f8b2f8-db93-4ef7-8f35-591713ce0444 None None] Loaded extension: stateful-security-group
Aug 08 19:20:45.737074 np0000006803 devstack@neutron-api.service[90849]: DEBUG neutron.api.extensions [None req-26f8b2f8-db93-4ef7-8f35-591713ce0444 None None] Loading extension file: stdattrs_common.py {{(pid=90849) _load_all_extensions_from_path /opt/stack/neutron/neutron/api/extensions.py:449}}
Aug 08 19:20:45.737385 np0000006803 devstack@neutron-api.service[90849]: WARNING neutron.api.extensions [None req-26f8b2f8-db93-4ef7-8f35-591713ce0444 None None] Did not find expected name "Stdattrs_common" in /opt/stack/neutron/neutron/extensions/stdattrs_common.py
Aug 08 19:20:45.737622 np0000006803 devstack@neutron-api.service[90849]: DEBUG neutron.api.extensions [None req-26f8b2f8-db93-4ef7-8f35-591713ce0444 None None] Loading extension file: subnet_dns_publish_fixed_ip.py {{(pid=90849) _load_all_extensions_from_path /opt/stack/neutron/neutron/api/extensions.py:449}}
Aug 08 19:20:45.737913 np0000006803 devstack@neutron-api.service[90849]: DEBUG neutron.api.extensions [None req-26f8b2f8-db93-4ef7-8f35-591713ce0444 None None] Ext name="Subnet DNS publish fixed IP" alias="subnet-dns-publish-fixed-ip" description="Support choosing to publish DNS records for IPs from a subnet" updated="2019-05-24T10:00:00-00:00" {{(pid=90849) _check_extension /opt/stack/neutron/neutron/api/extensions.py:415}}
Aug 08 19:20:45.738207 np0000006803 devstack@neutron-api.service[90849]: INFO neutron.api.extensions [None req-26f8b2f8-db93-4ef7-8f35-591713ce0444 None None] Loaded extension: subnet-dns-publish-fixed-ip
Aug 08 19:20:45.738473 np0000006803 devstack@neutron-api.service[90849]: DEBUG neutron.api.extensions [None req-26f8b2f8-db93-4ef7-8f35-591713ce0444 None None] Loading extension file: subnet_external_network.py {{(pid=90849) _load_all_extensions_from_path /opt/stack/neutron/neutron/api/extensions.py:449}}
Aug 08 19:20:45.738706 np0000006803 devstack@neutron-api.service[90849]: DEBUG neutron.api.extensions [None req-26f8b2f8-db93-4ef7-8f35-591713ce0444 None None] Ext name="Subnet belongs to an external network" alias="subnet-external-network" description="Informs if the subnet belongs to an external network" updated="2024-02-05T18:00:00-00:00" {{(pid=90849) _check_extension /opt/stack/neutron/neutron/api/extensions.py:415}}
Aug 08 19:20:45.738927 np0000006803 devstack@neutron-api.service[90849]: INFO neutron.api.extensions [None req-26f8b2f8-db93-4ef7-8f35-591713ce0444 None None] Loaded extension: subnet-external-network
Aug 08 19:20:45.739133 np0000006803 devstack@neutron-api.service[90849]: DEBUG neutron.api.extensions [None req-26f8b2f8-db93-4ef7-8f35-591713ce0444 None None] Loading extension file: subnet_onboard.py {{(pid=90849) _load_all_extensions_from_path /opt/stack/neutron/neutron/api/extensions.py:449}}
Aug 08 19:20:45.739607 np0000006803 devstack@neutron-api.service[90849]: DEBUG neutron.api.extensions [None req-26f8b2f8-db93-4ef7-8f35-591713ce0444 None None] Ext name="Subnet Onboard" alias="subnet_onboard" description="Provides support for onboarding subnets into subnet pools" updated="2018-12-18T09:00:00-00:00" {{(pid=90849) _check_extension /opt/stack/neutron/neutron/api/extensions.py:415}}
Aug 08 19:20:45.739799 np0000006803 devstack@neutron-api.service[90849]: INFO neutron.api.extensions [None req-26f8b2f8-db93-4ef7-8f35-591713ce0444 None None] Loaded extension: subnet_onboard
Aug 08 19:20:45.739799 np0000006803 devstack@neutron-api.service[90849]: DEBUG neutron.api.extensions [None req-26f8b2f8-db93-4ef7-8f35-591713ce0444 None None] Loading extension file: subnet_segmentid_writable.py {{(pid=90849) _load_all_extensions_from_path /opt/stack/neutron/neutron/api/extensions.py:449}}
Aug 08 19:20:45.740286 np0000006803 devstack@neutron-api.service[90849]: DEBUG neutron.api.extensions [None req-26f8b2f8-db93-4ef7-8f35-591713ce0444 None None] Ext name="Subnet SegmentID (writable)" alias="subnet-segmentid-writable" description="Provides a writable segment_id attribute for a subnet resource." updated="2018-03-12T00:00:00-00:00" {{(pid=90849) _check_extension /opt/stack/neutron/neutron/api/extensions.py:415}}
Aug 08 19:20:45.740640 np0000006803 devstack@neutron-api.service[90849]: INFO neutron.api.extensions [None req-26f8b2f8-db93-4ef7-8f35-591713ce0444 None None] Extension subnet-segmentid-writable not supported by any of loaded plugins
Aug 08 19:20:45.740640 np0000006803 devstack@neutron-api.service[90849]: DEBUG neutron.api.extensions [None req-26f8b2f8-db93-4ef7-8f35-591713ce0444 None None] Loading extension file: subnet_service_types.py {{(pid=90849) _load_all_extensions_from_path /opt/stack/neutron/neutron/api/extensions.py:449}}
Aug 08 19:20:45.741041 np0000006803 devstack@neutron-api.service[90849]: DEBUG neutron.api.extensions [None req-26f8b2f8-db93-4ef7-8f35-591713ce0444 None None] Ext name="Subnet service types" alias="subnet-service-types" description="Provides ability to set the subnet service_types field" updated="2016-03-15T18:00:00-00:00" {{(pid=90849) _check_extension /opt/stack/neutron/neutron/api/extensions.py:415}}
Aug 08 19:20:45.741307 np0000006803 devstack@neutron-api.service[90849]: INFO neutron.api.extensions [None req-26f8b2f8-db93-4ef7-8f35-591713ce0444 None None] Loaded extension: subnet-service-types
Aug 08 19:20:45.741536 np0000006803 devstack@neutron-api.service[90849]: DEBUG neutron.api.extensions [None req-26f8b2f8-db93-4ef7-8f35-591713ce0444 None None] Loading extension file: subnetallocation.py {{(pid=90849) _load_all_extensions_from_path /opt/stack/neutron/neutron/api/extensions.py:449}}
Aug 08 19:20:45.742066 np0000006803 devstack@neutron-api.service[90849]: DEBUG neutron.api.extensions [None req-26f8b2f8-db93-4ef7-8f35-591713ce0444 None None] Ext name="Subnet Allocation" alias="subnet_allocation" description="Enables allocation of subnets from a subnet pool" updated="2015-03-30T10:00:00-00:00" {{(pid=90849) _check_extension /opt/stack/neutron/neutron/api/extensions.py:415}}
Aug 08 19:20:45.742066 np0000006803 devstack@neutron-api.service[90849]: INFO neutron.api.extensions [None req-26f8b2f8-db93-4ef7-8f35-591713ce0444 None None] Loaded extension: subnet_allocation
Aug 08 19:20:45.742387 np0000006803 devstack@neutron-api.service[90849]: DEBUG neutron.api.extensions [None req-26f8b2f8-db93-4ef7-8f35-591713ce0444 None None] Loading extension file: subnetpool_prefix_ops.py {{(pid=90849) _load_all_extensions_from_path /opt/stack/neutron/neutron/api/extensions.py:449}}
Aug 08 19:20:45.742792 np0000006803 devstack@neutron-api.service[90849]: DEBUG neutron.api.extensions [None req-26f8b2f8-db93-4ef7-8f35-591713ce0444 None None] Ext name="Subnet Pool Prefix Operations" alias="subnetpool-prefix-ops" description="Provides support for adjusting the prefix list of subnet pools" updated="2019-02-08T10:00:00-00:00" {{(pid=90849) _check_extension /opt/stack/neutron/neutron/api/extensions.py:415}}
Aug 08 19:20:45.743045 np0000006803 devstack@neutron-api.service[90849]: INFO neutron.api.extensions [None req-26f8b2f8-db93-4ef7-8f35-591713ce0444 None None] Loaded extension: subnetpool-prefix-ops
Aug 08 19:20:45.743045 np0000006803 devstack@neutron-api.service[90849]: DEBUG neutron.api.extensions [None req-26f8b2f8-db93-4ef7-8f35-591713ce0444 None None] Loading extension file: tag_creation.py {{(pid=90849) _load_all_extensions_from_path /opt/stack/neutron/neutron/api/extensions.py:449}}
Aug 08 19:20:45.743480 np0000006803 devstack@neutron-api.service[90849]: DEBUG neutron.api.extensions [None req-26f8b2f8-db93-4ef7-8f35-591713ce0444 None None] Ext name="Tag creation extension" alias="tag-creation" description="Allow to create multiple tags for a resource" updated="2024-23-07T10:00:00-00:00" {{(pid=90849) _check_extension /opt/stack/neutron/neutron/api/extensions.py:415}}
Aug 08 19:20:45.743840 np0000006803 devstack@neutron-api.service[90849]: INFO neutron.api.extensions [None req-26f8b2f8-db93-4ef7-8f35-591713ce0444 None None] Loaded extension: tag-creation
Aug 08 19:20:45.743840 np0000006803 devstack@neutron-api.service[90849]: DEBUG neutron.api.extensions [None req-26f8b2f8-db93-4ef7-8f35-591713ce0444 None None] Loading extension file: tag_ports_during_bulk_creation.py {{(pid=90849) _load_all_extensions_from_path /opt/stack/neutron/neutron/api/extensions.py:449}}
Aug 08 19:20:45.744311 np0000006803 devstack@neutron-api.service[90849]: DEBUG neutron.api.extensions [None req-26f8b2f8-db93-4ef7-8f35-591713ce0444 None None] Ext name="Tag Ports During Bulk Creation" alias="tag-ports-during-bulk-creation" description="Allow to tag ports during bulk creation" updated="2019-12-29T19:00:00-00:00" {{(pid=90849) _check_extension /opt/stack/neutron/neutron/api/extensions.py:415}}
Aug 08 19:20:45.744631 np0000006803 devstack@neutron-api.service[90849]: INFO neutron.api.extensions [None req-26f8b2f8-db93-4ef7-8f35-591713ce0444 None None] Extension tag-ports-during-bulk-creation not supported by any of loaded plugins
Aug 08 19:20:45.744631 np0000006803 devstack@neutron-api.service[90849]: DEBUG neutron.api.extensions [None req-26f8b2f8-db93-4ef7-8f35-591713ce0444 None None] Loading extension file: tagging.py {{(pid=90849) _load_all_extensions_from_path /opt/stack/neutron/neutron/api/extensions.py:449}}
Aug 08 19:20:45.745874 np0000006803 devstack@neutron-api.service[90849]: DEBUG neutron.api.extensions [None req-26f8b2f8-db93-4ef7-8f35-591713ce0444 None None] Ext name="Tag support for resources with standard attribute: port, subnet, subnetpool, network, security_group, router, floatingip, policy, trunk, network_segment_range" alias="standard-attr-tag" description="Enables to set tag on resources with standard attribute." updated="2017-01-01T00:00:00-00:00" {{(pid=90849) _check_extension /opt/stack/neutron/neutron/api/extensions.py:415}}
Aug 08 19:20:45.746291 np0000006803 devstack@neutron-api.service[90849]: INFO neutron.api.extensions [None req-26f8b2f8-db93-4ef7-8f35-591713ce0444 None None] Loaded extension: standard-attr-tag
Aug 08 19:20:45.746291 np0000006803 devstack@neutron-api.service[90849]: DEBUG neutron.api.extensions [None req-26f8b2f8-db93-4ef7-8f35-591713ce0444 None None] Loading extension file: timestamp.py {{(pid=90849) _load_all_extensions_from_path /opt/stack/neutron/neutron/api/extensions.py:449}}
Aug 08 19:20:45.746785 np0000006803 devstack@neutron-api.service[90849]: DEBUG neutron.api.extensions [None req-26f8b2f8-db93-4ef7-8f35-591713ce0444 None None] Ext name="Resource timestamps" alias="standard-attr-timestamp" description="Adds created_at and updated_at fields to all Neutron resources that have Neutron standard attributes." updated="2016-09-12T10:00:00-00:00" {{(pid=90849) _check_extension /opt/stack/neutron/neutron/api/extensions.py:415}}
Aug 08 19:20:45.747004 np0000006803 devstack@neutron-api.service[90849]: INFO neutron.api.extensions [None req-26f8b2f8-db93-4ef7-8f35-591713ce0444 None None] Loaded extension: standard-attr-timestamp
Aug 08 19:20:45.747004 np0000006803 devstack@neutron-api.service[90849]: DEBUG neutron.api.extensions [None req-26f8b2f8-db93-4ef7-8f35-591713ce0444 None None] Loading extension file: trunk.py {{(pid=90849) _load_all_extensions_from_path /opt/stack/neutron/neutron/api/extensions.py:449}}
Aug 08 19:20:45.747536 np0000006803 devstack@neutron-api.service[90849]: DEBUG neutron.api.extensions [None req-26f8b2f8-db93-4ef7-8f35-591713ce0444 None None] Ext name="Trunk Extension" alias="trunk" description="Provides support for trunk ports" updated="2016-01-01T10:00:00-00:00" {{(pid=90849) _check_extension /opt/stack/neutron/neutron/api/extensions.py:415}}
Aug 08 19:20:45.747731 np0000006803 devstack@neutron-api.service[90849]: INFO neutron.api.extensions [None req-26f8b2f8-db93-4ef7-8f35-591713ce0444 None None] Extension trunk not supported by any of loaded plugins
Aug 08 19:20:45.747871 np0000006803 devstack@neutron-api.service[90849]: DEBUG neutron.api.extensions [None req-26f8b2f8-db93-4ef7-8f35-591713ce0444 None None] Loading extension file: trunk_details.py {{(pid=90849) _load_all_extensions_from_path /opt/stack/neutron/neutron/api/extensions.py:449}}
Aug 08 19:20:45.748217 np0000006803 devstack@neutron-api.service[90849]: DEBUG neutron.api.extensions [None req-26f8b2f8-db93-4ef7-8f35-591713ce0444 None None] Ext name="Trunk port details" alias="trunk-details" description="Expose trunk port details" updated="2016-01-01T10:00:00-00:00" {{(pid=90849) _check_extension /opt/stack/neutron/neutron/api/extensions.py:415}}
Aug 08 19:20:45.748488 np0000006803 devstack@neutron-api.service[90849]: INFO neutron.api.extensions [None req-26f8b2f8-db93-4ef7-8f35-591713ce0444 None None] Extension trunk-details not supported by any of loaded plugins
Aug 08 19:20:45.748657 np0000006803 devstack@neutron-api.service[90849]: DEBUG neutron.api.extensions [None req-26f8b2f8-db93-4ef7-8f35-591713ce0444 None None] Loading extension file: uplink_status_propagation.py {{(pid=90849) _load_all_extensions_from_path /opt/stack/neutron/neutron/api/extensions.py:449}}
Aug 08 19:20:45.749039 np0000006803 devstack@neutron-api.service[90849]: DEBUG neutron.api.extensions [None req-26f8b2f8-db93-4ef7-8f35-591713ce0444 None None] Ext name="Uplink status propagation extension" alias="uplink-status-propagation" description="Provides ability to propagate port uplink status." updated="2018-05-31T18:00:00-00:00" {{(pid=90849) _check_extension /opt/stack/neutron/neutron/api/extensions.py:415}}
Aug 08 19:20:45.749249 np0000006803 devstack@neutron-api.service[90849]: INFO neutron.api.extensions [None req-26f8b2f8-db93-4ef7-8f35-591713ce0444 None None] Extension uplink-status-propagation not supported by any of loaded plugins
Aug 08 19:20:45.749380 np0000006803 devstack@neutron-api.service[90849]: DEBUG neutron.api.extensions [None req-26f8b2f8-db93-4ef7-8f35-591713ce0444 None None] Loading extension file: uplink_status_propagation_updatable.py {{(pid=90849) _load_all_extensions_from_path /opt/stack/neutron/neutron/api/extensions.py:449}}
Aug 08 19:20:45.750091 np0000006803 devstack@neutron-api.service[90849]: DEBUG neutron.api.extensions [None req-26f8b2f8-db93-4ef7-8f35-591713ce0444 None None] Ext name="Uplink status propagation updatable extension" alias="uplink-status-propagation-updatable" description="Provides ability to update the port uplink status." updated="2024-09-03T18:00:00-00:00" {{(pid=90849) _check_extension /opt/stack/neutron/neutron/api/extensions.py:415}}
Aug 08 19:20:45.750535 np0000006803 devstack@neutron-api.service[90849]: INFO neutron.api.extensions [None req-26f8b2f8-db93-4ef7-8f35-591713ce0444 None None] Extension uplink-status-propagation-updatable not supported by any of loaded plugins
Aug 08 19:20:45.750535 np0000006803 devstack@neutron-api.service[90849]: DEBUG neutron.api.extensions [None req-26f8b2f8-db93-4ef7-8f35-591713ce0444 None None] Loading extension file: vlantransparent.py {{(pid=90849) _load_all_extensions_from_path /opt/stack/neutron/neutron/api/extensions.py:449}}
Aug 08 19:20:45.750879 np0000006803 devstack@neutron-api.service[90849]: DEBUG neutron.api.extensions [None req-26f8b2f8-db93-4ef7-8f35-591713ce0444 None None] Ext name="Vlantransparent" alias="vlan-transparent" description="Provides Vlan Transparent Networks" updated="2015-03-23T09:00:00-00:00" {{(pid=90849) _check_extension /opt/stack/neutron/neutron/api/extensions.py:415}}
Aug 08 19:20:45.751165 np0000006803 devstack@neutron-api.service[90849]: INFO neutron.api.extensions [None req-26f8b2f8-db93-4ef7-8f35-591713ce0444 None None] Loaded extension: vlan-transparent
Aug 08 19:20:45.753936 np0000006803 devstack@neutron-api.service[90849]: INFO neutron.quota.resource_registry [None req-26f8b2f8-db93-4ef7-8f35-591713ce0444 None None] Creating instance of TrackedResource for resource:network
Aug 08 19:20:45.754243 np0000006803 devstack@neutron-api.service[90849]: INFO neutron.quota.resource_registry [None req-26f8b2f8-db93-4ef7-8f35-591713ce0444 None None] Creating instance of TrackedResource for resource:subnet
Aug 08 19:20:45.754243 np0000006803 devstack@neutron-api.service[90849]: INFO neutron.quota.resource_registry [None req-26f8b2f8-db93-4ef7-8f35-591713ce0444 None None] Creating instance of TrackedResource for resource:subnetpool
Aug 08 19:20:45.754776 np0000006803 devstack@neutron-api.service[90849]: INFO neutron.quota.resource_registry [None req-26f8b2f8-db93-4ef7-8f35-591713ce0444 None None] Creating instance of TrackedResource for resource:port
Aug 08 19:20:45.756757 np0000006803 devstack@neutron-api.service[90849]: INFO neutron.quota.resource_registry [None req-26f8b2f8-db93-4ef7-8f35-591713ce0444 None None] Creating instance of CountableResource for resource:router_route
Aug 08 19:20:45.757215 np0000006803 devstack@neutron-api.service[90849]: DEBUG neutron.api.v2.resource_helper [None req-26f8b2f8-db93-4ef7-8f35-591713ce0444 None None] Service L3_ROUTER_NAT assigned prefix: {{(pid=90849) build_resource_info /opt/stack/neutron/neutron/api/v2/resource_helper.py:77}}
Aug 08 19:20:45.757962 np0000006803 devstack@neutron-api.service[90849]: DEBUG neutron.api.v2.resource_helper [None req-26f8b2f8-db93-4ef7-8f35-591713ce0444 None None] Service FLAVORS assigned prefix: {{(pid=90849) build_resource_info /opt/stack/neutron/neutron/api/v2/resource_helper.py:77}}
Aug 08 19:20:45.759495 np0000006803 devstack@neutron-api.service[90849]: DEBUG neutron.api.v2.resource_helper [None req-26f8b2f8-db93-4ef7-8f35-591713ce0444 None None] Service L3_ROUTER_NAT assigned prefix: {{(pid=90849) build_resource_info /opt/stack/neutron/neutron/api/v2/resource_helper.py:77}}
Aug 08 19:20:45.760215 np0000006803 devstack@neutron-api.service[90849]: DEBUG neutron.api.v2.resource_helper [None req-26f8b2f8-db93-4ef7-8f35-591713ce0444 None None] Service L3_ROUTER_NAT assigned prefix: {{(pid=90849) build_resource_info /opt/stack/neutron/neutron/api/v2/resource_helper.py:77}}
Aug 08 19:20:45.760215 np0000006803 devstack@neutron-api.service[90849]: INFO neutron.quota.resource_registry [None req-26f8b2f8-db93-4ef7-8f35-591713ce0444 None None] Creating instance of TrackedResource for resource:router
Aug 08 19:20:45.760985 np0000006803 devstack@neutron-api.service[90849]: INFO neutron.quota.resource_registry [None req-26f8b2f8-db93-4ef7-8f35-591713ce0444 None None] Creating instance of TrackedResource for resource:floatingip
Aug 08 19:20:45.762640 np0000006803 devstack@neutron-api.service[90849]: INFO neutron.quota.resource_registry [None req-26f8b2f8-db93-4ef7-8f35-591713ce0444 None None] Creating instance of CountableResource for resource:rbac_policy
Aug 08 19:20:45.763997 np0000006803 devstack@neutron-api.service[90849]: INFO neutron.quota.resource_registry [None req-26f8b2f8-db93-4ef7-8f35-591713ce0444 None None] Creating instance of TrackedResource for resource:security_group
Aug 08 19:20:45.764319 np0000006803 devstack@neutron-api.service[90849]: INFO neutron.quota.resource_registry [None req-26f8b2f8-db93-4ef7-8f35-591713ce0444 None None] Creating instance of TrackedResource for resource:security_group_rule
Aug 08 19:20:45.765685 np0000006803 devstack@neutron-api.service[90849]: DEBUG neutron.api.v2.resource_helper [None req-26f8b2f8-db93-4ef7-8f35-591713ce0444 None None] Service CORE assigned prefix: {{(pid=90849) build_resource_info /opt/stack/neutron/neutron/api/v2/resource_helper.py:77}}
Aug 08 19:20:45.765685 np0000006803 devstack@neutron-api.service[90849]: INFO neutron.quota.resource_registry [None req-26f8b2f8-db93-4ef7-8f35-591713ce0444 None None] Creating instance of TrackedResource for resource:subnetpool
Aug 08 19:20:45.765998 np0000006803 devstack@neutron-api.service[90849]: WARNING neutron.quota.resource_registry [None req-26f8b2f8-db93-4ef7-8f35-591713ce0444 None None] subnetpool is already registered
Aug 08 19:20:45.766639 np0000006803 devstack@neutron-api.service[90849]: DEBUG neutron.api.v2.resource_helper [None req-26f8b2f8-db93-4ef7-8f35-591713ce0444 None None] Service CORE assigned prefix: {{(pid=90849) build_resource_info /opt/stack/neutron/neutron/api/v2/resource_helper.py:77}}
Aug 08 19:20:45.766639 np0000006803 devstack@neutron-api.service[90849]: INFO neutron.quota.resource_registry [None req-26f8b2f8-db93-4ef7-8f35-591713ce0444 None None] Creating instance of TrackedResource for resource:subnetpool
Aug 08 19:20:45.766938 np0000006803 devstack@neutron-api.service[90849]: WARNING neutron.quota.resource_registry [None req-26f8b2f8-db93-4ef7-8f35-591713ce0444 None None] subnetpool is already registered
Aug 08 19:20:45.770444 np0000006803 devstack@neutron-api.service[90849]: INFO neutron.quota.resource_registry [None req-26f8b2f8-db93-4ef7-8f35-591713ce0444 None None] Creating instance of CountableResource for resource:router_route
Aug 08 19:20:45.770590 np0000006803 devstack@neutron-api.service[90849]: WARNING neutron.quota.resource_registry [None req-26f8b2f8-db93-4ef7-8f35-591713ce0444 None None] router_route is already registered
Aug 08 19:20:45.770781 np0000006803 devstack@neutron-api.service[90849]: DEBUG neutron.api.v2.resource_helper [None req-26f8b2f8-db93-4ef7-8f35-591713ce0444 None None] Service L3_ROUTER_NAT assigned prefix: {{(pid=90849) build_resource_info /opt/stack/neutron/neutron/api/v2/resource_helper.py:77}}
Aug 08 19:20:45.771395 np0000006803 devstack@neutron-api.service[90849]: DEBUG neutron.api.v2.resource_helper [None req-26f8b2f8-db93-4ef7-8f35-591713ce0444 None None] Service FLAVORS assigned prefix: {{(pid=90849) build_resource_info /opt/stack/neutron/neutron/api/v2/resource_helper.py:77}}
Aug 08 19:20:45.773025 np0000006803 devstack@neutron-api.service[90849]: DEBUG neutron.api.v2.resource_helper [None req-26f8b2f8-db93-4ef7-8f35-591713ce0444 None None] Service L3_ROUTER_NAT assigned prefix: {{(pid=90849) build_resource_info /opt/stack/neutron/neutron/api/v2/resource_helper.py:77}}
Aug 08 19:20:45.773498 np0000006803 devstack@neutron-api.service[90849]: DEBUG neutron.api.v2.resource_helper [None req-26f8b2f8-db93-4ef7-8f35-591713ce0444 None None] Service L3_ROUTER_NAT assigned prefix: {{(pid=90849) build_resource_info /opt/stack/neutron/neutron/api/v2/resource_helper.py:77}}
Aug 08 19:20:45.773715 np0000006803 devstack@neutron-api.service[90849]: INFO neutron.quota.resource_registry [None req-26f8b2f8-db93-4ef7-8f35-591713ce0444 None None] Creating instance of TrackedResource for resource:router
Aug 08 19:20:45.773864 np0000006803 devstack@neutron-api.service[90849]: WARNING neutron.quota.resource_registry [None req-26f8b2f8-db93-4ef7-8f35-591713ce0444 None None] router is already registered
Aug 08 19:20:45.774603 np0000006803 devstack@neutron-api.service[90849]: INFO neutron.quota.resource_registry [None req-26f8b2f8-db93-4ef7-8f35-591713ce0444 None None] Creating instance of TrackedResource for resource:floatingip
Aug 08 19:20:45.774603 np0000006803 devstack@neutron-api.service[90849]: WARNING neutron.quota.resource_registry [None req-26f8b2f8-db93-4ef7-8f35-591713ce0444 None None] floatingip is already registered
Aug 08 19:20:45.776566 np0000006803 devstack@neutron-api.service[90849]: INFO neutron.quota.resource_registry [None req-26f8b2f8-db93-4ef7-8f35-591713ce0444 None None] Creating instance of CountableResource for resource:rbac_policy
Aug 08 19:20:45.776709 np0000006803 devstack@neutron-api.service[90849]: WARNING neutron.quota.resource_registry [None req-26f8b2f8-db93-4ef7-8f35-591713ce0444 None None] rbac_policy is already registered
Aug 08 19:20:45.777470 np0000006803 devstack@neutron-api.service[90852]: DEBUG oslo_concurrency.processutils [None req-279b2d4d-35c5-434e-9972-0c4488dd9048 None None] CMD "ovsdb-client transact ssl:10.4.3.89:6641 --timeout 180 -p /opt/stack/data/CA/int-ca/private/devstack-cert.key -c /opt/stack/data/CA/int-ca/devstack-cert.crt -C /opt/stack/data/CA/int-ca/ca-chain.pem ["OVN_Northbound", {"op": "wait", "timeout": 0, "table": "Port_Group", "where": [["name", "==", "neutron_pg_drop"]], "until": "==", "rows": []}, {"op": "insert", "table": "ACL", "row": {"action": "drop", "direction": "to-lport", "match": "outport == @neutron_pg_drop && ip", "priority": 1000}, "uuid-name": "droptoport"}, {"op": "insert", "table": "ACL", "row": {"action": "drop", "direction": "from-lport", "match": "inport == @neutron_pg_drop && ip", "priority": 1000}, "uuid-name": "dropfromport"}, {"op": "insert", "table": "Port_Group", "row": {"name": "neutron_pg_drop", "acls": ["set", [["named-uuid", "droptoport"], ["named-uuid", "dropfromport"]]]}}]" returned: 0 in 0.131s {{(pid=90852) execute /opt/stack/data/venv/lib/python3.12/site-packages/oslo_concurrency/processutils.py:468}}
Aug 08 19:20:45.777889 np0000006803 devstack@neutron-api.service[90849]: INFO neutron.quota.resource_registry [None req-26f8b2f8-db93-4ef7-8f35-591713ce0444 None None] Creating instance of TrackedResource for resource:security_group
Aug 08 19:20:45.778071 np0000006803 devstack@neutron-api.service[90849]: WARNING neutron.quota.resource_registry [None req-26f8b2f8-db93-4ef7-8f35-591713ce0444 None None] security_group is already registered
Aug 08 19:20:45.778252 np0000006803 devstack@neutron-api.service[90852]: DEBUG neutron_lib.callbacks.manager [None req-279b2d4d-35c5-434e-9972-0c4488dd9048 None None] Publish callbacks ['neutron.plugins.ml2.drivers.ovn.mech_driver.mech_driver.OVNMechanismDriver.post_fork_initialize-1962484', 'neutron.services.pvlan.drivers.ovn.driver._initialize_pvlan_pg_drop-7750867063368', 'neutron.services.ovn_l3.plugin.OVNL3RouterPlugin._post_fork_initialize-60813'] for process (None), after_init {{(pid=90852) _notify_loop /opt/stack/data/venv/lib/python3.12/site-packages/neutron_lib/callbacks/manager.py:184}}
Aug 08 19:20:45.778702 np0000006803 devstack@neutron-api.service[90849]: INFO neutron.quota.resource_registry [None req-26f8b2f8-db93-4ef7-8f35-591713ce0444 None None] Creating instance of TrackedResource for resource:security_group_rule
Aug 08 19:20:45.778797 np0000006803 devstack@neutron-api.service[90852]: DEBUG oslo_concurrency.lockutils [None req-279b2d4d-35c5-434e-9972-0c4488dd9048 None None] Acquiring lock "singleton_lock" {{(pid=90852) lock /opt/stack/data/venv/lib/python3.12/site-packages/oslo_concurrency/lockutils.py:396}}
Aug 08 19:20:45.778882 np0000006803 devstack@neutron-api.service[90849]: WARNING neutron.quota.resource_registry [None req-26f8b2f8-db93-4ef7-8f35-591713ce0444 None None] security_group_rule is already registered
Aug 08 19:20:45.778959 np0000006803 devstack@neutron-api.service[90852]: DEBUG oslo_concurrency.lockutils [None req-279b2d4d-35c5-434e-9972-0c4488dd9048 None None] Acquired lock "singleton_lock" {{(pid=90852) lock /opt/stack/data/venv/lib/python3.12/site-packages/oslo_concurrency/lockutils.py:399}}
Aug 08 19:20:45.779211 np0000006803 devstack@neutron-api.service[90852]: DEBUG oslo_concurrency.lockutils [None req-279b2d4d-35c5-434e-9972-0c4488dd9048 None None] Releasing lock "singleton_lock" {{(pid=90852) lock /opt/stack/data/venv/lib/python3.12/site-packages/oslo_concurrency/lockutils.py:419}}
Aug 08 19:20:45.779698 np0000006803 devstack@neutron-api.service[90849]: DEBUG neutron.api.v2.resource_helper [None req-26f8b2f8-db93-4ef7-8f35-591713ce0444 None None] Service CORE assigned prefix: {{(pid=90849) build_resource_info /opt/stack/neutron/neutron/api/v2/resource_helper.py:77}}
Aug 08 19:20:45.779963 np0000006803 devstack@neutron-api.service[90849]: INFO neutron.quota.resource_registry [None req-26f8b2f8-db93-4ef7-8f35-591713ce0444 None None] Creating instance of TrackedResource for resource:subnetpool
Aug 08 19:20:45.780210 np0000006803 devstack@neutron-api.service[90849]: WARNING neutron.quota.resource_registry [None req-26f8b2f8-db93-4ef7-8f35-591713ce0444 None None] subnetpool is already registered
Aug 08 19:20:45.780684 np0000006803 devstack@neutron-api.service[90849]: DEBUG neutron.api.v2.resource_helper [None req-26f8b2f8-db93-4ef7-8f35-591713ce0444 None None] Service CORE assigned prefix: {{(pid=90849) build_resource_info /opt/stack/neutron/neutron/api/v2/resource_helper.py:77}}
Aug 08 19:20:45.780885 np0000006803 devstack@neutron-api.service[90849]: INFO neutron.quota.resource_registry [None req-26f8b2f8-db93-4ef7-8f35-591713ce0444 None None] Creating instance of TrackedResource for resource:subnetpool
Aug 08 19:20:45.781245 np0000006803 devstack@neutron-api.service[90849]: WARNING neutron.quota.resource_registry [None req-26f8b2f8-db93-4ef7-8f35-591713ce0444 None None] subnetpool is already registered
Aug 08 19:20:45.781930 np0000006803 devstack@neutron-api.service[90849]: DEBUG neutron.api.extensions [None req-26f8b2f8-db93-4ef7-8f35-591713ce0444 None None] Extended resource: extensions {{(pid=90849) __init__ /opt/stack/neutron/neutron/api/extensions.py:156}}
Aug 08 19:20:45.782284 np0000006803 devstack@neutron-api.service[90852]: DEBUG neutron.plugins.ml2.drivers.ovn.mech_driver.mech_driver [None req-279b2d4d-35c5-434e-9972-0c4488dd9048 None None] Hash Ring setup using WSGI start time 2026-08-08 19:20:38+00:00 {{(pid=90852) _init_hash_ring /opt/stack/neutron/neutron/plugins/ml2/drivers/ovn/mech_driver/mech_driver.py:404}}
Aug 08 19:20:45.783201 np0000006803 devstack@neutron-api.service[90849]: DEBUG neutron.api.extensions [None req-26f8b2f8-db93-4ef7-8f35-591713ce0444 None None] Extended resource: address-groups {{(pid=90849) __init__ /opt/stack/neutron/neutron/api/extensions.py:156}}
Aug 08 19:20:45.784002 np0000006803 devstack@neutron-api.service[90849]: DEBUG neutron.api.extensions [None req-26f8b2f8-db93-4ef7-8f35-591713ce0444 None None] Extended resource: address-scopes {{(pid=90849) __init__ /opt/stack/neutron/neutron/api/extensions.py:156}}
Aug 08 19:20:45.785034 np0000006803 devstack@neutron-api.service[90849]: DEBUG neutron.api.extensions [None req-26f8b2f8-db93-4ef7-8f35-591713ce0444 None None] Extended resource: agents {{(pid=90849) __init__ /opt/stack/neutron/neutron/api/extensions.py:156}}
Aug 08 19:20:45.785622 np0000006803 devstack@neutron-api.service[90849]: DEBUG neutron.api.extensions [None req-26f8b2f8-db93-4ef7-8f35-591713ce0444 None None] Extended resource: auto-allocated-topology {{(pid=90849) __init__ /opt/stack/neutron/neutron/api/extensions.py:156}}
Aug 08 19:20:45.786533 np0000006803 devstack@neutron-api.service[90849]: DEBUG neutron.api.extensions [None req-26f8b2f8-db93-4ef7-8f35-591713ce0444 None None] Extended resource: availability_zones {{(pid=90849) __init__ /opt/stack/neutron/neutron/api/extensions.py:156}}
Aug 08 19:20:45.787325 np0000006803 devstack@neutron-api.service[90849]: DEBUG neutron.api.extensions [None req-26f8b2f8-db93-4ef7-8f35-591713ce0444 None None] Extended resource: dhcp-networks {{(pid=90849) __init__ /opt/stack/neutron/neutron/api/extensions.py:156}}
Aug 08 19:20:45.788289 np0000006803 devstack@neutron-api.service[90849]: DEBUG neutron.api.extensions [None req-26f8b2f8-db93-4ef7-8f35-591713ce0444 None None] Extended resource: dhcp-agents {{(pid=90849) __init__ /opt/stack/neutron/neutron/api/extensions.py:156}}
Aug 08 19:20:45.789304 np0000006803 devstack@neutron-api.service[90849]: DEBUG neutron.api.extensions [None req-26f8b2f8-db93-4ef7-8f35-591713ce0444 None None] Extended resource: routers {{(pid=90849) __init__ /opt/stack/neutron/neutron/api/extensions.py:156}}
Aug 08 19:20:45.790817 np0000006803 devstack@neutron-api.service[90849]: DEBUG neutron.api.extensions [None req-26f8b2f8-db93-4ef7-8f35-591713ce0444 None None] Extended resource: flavors {{(pid=90849) __init__ /opt/stack/neutron/neutron/api/extensions.py:156}}
Aug 08 19:20:45.791606 np0000006803 devstack@neutron-api.service[90849]: DEBUG neutron.api.extensions [None req-26f8b2f8-db93-4ef7-8f35-591713ce0444 None None] Extended resource: service_profiles {{(pid=90849) __init__ /opt/stack/neutron/neutron/api/extensions.py:156}}
Aug 08 19:20:45.792489 np0000006803 devstack@neutron-api.service[90849]: DEBUG neutron.api.extensions [None req-26f8b2f8-db93-4ef7-8f35-591713ce0444 None None] Extended resource: next_providers {{(pid=90849) __init__ /opt/stack/neutron/neutron/api/extensions.py:156}}
Aug 08 19:20:45.793274 np0000006803 devstack@neutron-api.service[90849]: DEBUG neutron.api.extensions [None req-26f8b2f8-db93-4ef7-8f35-591713ce0444 None None] Extended resource: service_profiles {{(pid=90849) __init__ /opt/stack/neutron/neutron/api/extensions.py:156}}
Aug 08 19:20:45.793862 np0000006803 devstack@neutron-api.service[90852]: INFO neutron.db.ovn_hash_ring_db [None req-279b2d4d-35c5-434e-9972-0c4488dd9048 None None] Nodes from host "np0000006803" and group "mechanism_driver" removed from the Hash Ring created at 2026-08-08 19:20:38+00:00
Aug 08 19:20:45.794247 np0000006803 devstack@neutron-api.service[90849]: DEBUG neutron.api.extensions [None req-26f8b2f8-db93-4ef7-8f35-591713ce0444 None None] Extended resource: floatingip-pools {{(pid=90849) __init__ /opt/stack/neutron/neutron/api/extensions.py:156}}
Aug 08 19:20:45.795138 np0000006803 devstack@neutron-api.service[90849]: DEBUG neutron.api.extensions [None req-26f8b2f8-db93-4ef7-8f35-591713ce0444 None None] Extended resource: routers {{(pid=90849) __init__ /opt/stack/neutron/neutron/api/extensions.py:156}}
Aug 08 19:20:45.796692 np0000006803 devstack@neutron-api.service[90849]: DEBUG neutron.api.extensions [None req-26f8b2f8-db93-4ef7-8f35-591713ce0444 None None] Extended resource: floatingips {{(pid=90849) __init__ /opt/stack/neutron/neutron/api/extensions.py:156}}
Aug 08 19:20:45.797326 np0000006803 devstack@neutron-api.service[90849]: DEBUG neutron.api.extensions [None req-26f8b2f8-db93-4ef7-8f35-591713ce0444 None None] Extended resource: l3-routers {{(pid=90849) __init__ /opt/stack/neutron/neutron/api/extensions.py:156}}
Aug 08 19:20:45.798395 np0000006803 devstack@neutron-api.service[90849]: DEBUG neutron.api.extensions [None req-26f8b2f8-db93-4ef7-8f35-591713ce0444 None None] Extended resource: l3-agents {{(pid=90849) __init__ /opt/stack/neutron/neutron/api/extensions.py:156}}
Aug 08 19:20:45.798630 np0000006803 devstack@neutron-api.service[90852]: INFO neutron.db.ovn_hash_ring_db [None req-279b2d4d-35c5-434e-9972-0c4488dd9048 None None] Node 8b498d0f483d5154b397da8a8c1e8d9d from host "np0000006803" and group "mechanism_driver" added to the Hash Ring
Aug 08 19:20:45.799574 np0000006803 devstack@neutron-api.service[90849]: DEBUG neutron.api.extensions [None req-26f8b2f8-db93-4ef7-8f35-591713ce0444 None None] Extended resource: network-ip-availabilities {{(pid=90849) __init__ /opt/stack/neutron/neutron/api/extensions.py:156}}
Aug 08 19:20:45.800840 np0000006803 devstack@neutron-api.service[90849]: DEBUG neutron.api.extensions [None req-26f8b2f8-db93-4ef7-8f35-591713ce0444 None None] Extended resource: network-ip-availabilities {{(pid=90849) __init__ /opt/stack/neutron/neutron/api/extensions.py:156}}
Aug 08 19:20:45.802997 np0000006803 devstack@neutron-api.service[90849]: DEBUG neutron.api.extensions [None req-26f8b2f8-db93-4ef7-8f35-591713ce0444 None None] Extended resource: bindings {{(pid=90849) __init__ /opt/stack/neutron/neutron/api/extensions.py:156}}
Aug 08 19:20:45.803668 np0000006803 devstack@neutron-api.service[90852]: DEBUG neutron.plugins.ml2.drivers.ovn.mech_driver.mech_driver [None req-279b2d4d-35c5-434e-9972-0c4488dd9048 None None] Hash Ring setup, this worker has detected 2 OVN hash ring registers in the database {{(pid=90852) _init_hash_ring /opt/stack/neutron/neutron/plugins/ml2/drivers/ovn/mech_driver/mech_driver.py:414}}
Aug 08 19:20:45.803776 np0000006803 devstack@neutron-api.service[90849]: DEBUG neutron.api.extensions [None req-26f8b2f8-db93-4ef7-8f35-591713ce0444 None None] Extended resource: quotas {{(pid=90849) __init__ /opt/stack/neutron/neutron/api/extensions.py:156}}
Aug 08 19:20:45.804769 np0000006803 devstack@neutron-api.service[90849]: DEBUG neutron.api.extensions [None req-26f8b2f8-db93-4ef7-8f35-591713ce0444 None None] Extended resource: quotas {{(pid=90849) __init__ /opt/stack/neutron/neutron/api/extensions.py:156}}
Aug 08 19:20:45.805858 np0000006803 devstack@neutron-api.service[90849]: DEBUG neutron.api.extensions [None req-26f8b2f8-db93-4ef7-8f35-591713ce0444 None None] Extended resource: rbac-policies {{(pid=90849) __init__ /opt/stack/neutron/neutron/api/extensions.py:156}}
Aug 08 19:20:45.806515 np0000006803 devstack@neutron-api.service[90849]: DEBUG neutron.api.extensions [None req-26f8b2f8-db93-4ef7-8f35-591713ce0444 None None] Extended resource: default-security-group-rules {{(pid=90849) __init__ /opt/stack/neutron/neutron/api/extensions.py:156}}
Aug 08 19:20:45.807308 np0000006803 devstack@neutron-api.service[90849]: DEBUG neutron.api.extensions [None req-26f8b2f8-db93-4ef7-8f35-591713ce0444 None None] Extended resource: security-groups-default-statefulness {{(pid=90849) __init__ /opt/stack/neutron/neutron/api/extensions.py:156}}
Aug 08 19:20:45.808149 np0000006803 devstack@neutron-api.service[90849]: DEBUG neutron.api.extensions [None req-26f8b2f8-db93-4ef7-8f35-591713ce0444 None None] Extended resource: security-groups {{(pid=90849) __init__ /opt/stack/neutron/neutron/api/extensions.py:156}}
Aug 08 19:20:45.808723 np0000006803 devstack@neutron-api.service[90849]: DEBUG neutron.api.extensions [None req-26f8b2f8-db93-4ef7-8f35-591713ce0444 None None] Extended resource: security-group-rules {{(pid=90849) __init__ /opt/stack/neutron/neutron/api/extensions.py:156}}
Aug 08 19:20:45.809383 np0000006803 devstack@neutron-api.service[90849]: DEBUG neutron.api.extensions [None req-26f8b2f8-db93-4ef7-8f35-591713ce0444 None None] Extended resource: service-providers {{(pid=90849) __init__ /opt/stack/neutron/neutron/api/extensions.py:156}}
Aug 08 19:20:45.810162 np0000006803 devstack@neutron-api.service[90849]: DEBUG neutron.api.extensions [None req-26f8b2f8-db93-4ef7-8f35-591713ce0444 None None] Extended resource: subnetpools {{(pid=90849) __init__ /opt/stack/neutron/neutron/api/extensions.py:156}}
Aug 08 19:20:45.811067 np0000006803 devstack@neutron-api.service[90849]: DEBUG neutron.api.extensions [None req-26f8b2f8-db93-4ef7-8f35-591713ce0444 None None] Extended resource: subnetpools {{(pid=90849) __init__ /opt/stack/neutron/neutron/api/extensions.py:156}}
Aug 08 19:20:45.812196 np0000006803 devstack@neutron-api.service[90849]: DEBUG neutron.api.extensions [None req-26f8b2f8-db93-4ef7-8f35-591713ce0444 None None] Extended resource: tags {{(pid=90849) __init__ /opt/stack/neutron/neutron/api/extensions.py:156}}
Aug 08 19:20:45.813133 np0000006803 devstack@neutron-api.service[90849]: DEBUG neutron.api.extensions [None req-26f8b2f8-db93-4ef7-8f35-591713ce0444 None None] Extended resource: tags {{(pid=90849) __init__ /opt/stack/neutron/neutron/api/extensions.py:156}}
Aug 08 19:20:45.813421 np0000006803 devstack@neutron-api.service[90852]: DEBUG neutron.plugins.ml2.drivers.ovn.mech_driver.ovsdb.maintenance [None req-279b2d4d-35c5-434e-9972-0c4488dd9048 None None] Periodic task found: HashRingHealthCheckPeriodics.touch_hash_ring_node {{(pid=90852) add_periodics /opt/stack/neutron/neutron/plugins/ml2/drivers/ovn/mech_driver/ovsdb/maintenance.py:148}}
Aug 08 19:20:45.814490 np0000006803 devstack@neutron-api.service[90849]: DEBUG neutron.api.extensions [None req-26f8b2f8-db93-4ef7-8f35-591713ce0444 None None] Extended resource: tags {{(pid=90849) __init__ /opt/stack/neutron/neutron/api/extensions.py:156}}
Aug 08 19:20:45.814717 np0000006803 devstack@neutron-api.service[90852]: INFO neutron.plugins.ml2.drivers.ovn.mech_driver.mech_driver [None req-279b2d4d-35c5-434e-9972-0c4488dd9048 None None] Hash Ring probing thread for node 8b498d0f483d5154b397da8a8c1e8d9d has started
Aug 08 19:20:45.815168 np0000006803 devstack@neutron-api.service[90850]: DEBUG oslo_concurrency.processutils [None req-256ecdfc-3792-47e2-a7f3-2133d240d56e None None] CMD "ovsdb-client transact ssl:10.4.3.89:6641 --timeout 180 -p /opt/stack/data/CA/int-ca/private/devstack-cert.key -c /opt/stack/data/CA/int-ca/devstack-cert.crt -C /opt/stack/data/CA/int-ca/ca-chain.pem ["OVN_Northbound", {"op": "wait", "timeout": 0, "table": "Port_Group", "where": [["name", "==", "neutron_pg_drop"]], "until": "==", "rows": []}, {"op": "insert", "table": "ACL", "row": {"action": "drop", "direction": "to-lport", "match": "outport == @neutron_pg_drop && ip", "priority": 1000}, "uuid-name": "droptoport"}, {"op": "insert", "table": "ACL", "row": {"action": "drop", "direction": "from-lport", "match": "inport == @neutron_pg_drop && ip", "priority": 1000}, "uuid-name": "dropfromport"}, {"op": "insert", "table": "Port_Group", "row": {"name": "neutron_pg_drop", "acls": ["set", [["named-uuid", "droptoport"], ["named-uuid", "dropfromport"]]]}}]" returned: 0 in 0.109s {{(pid=90850) execute /opt/stack/data/venv/lib/python3.12/site-packages/oslo_concurrency/processutils.py:468}}
Aug 08 19:20:45.815359 np0000006803 devstack@neutron-api.service[90849]: DEBUG neutron.api.extensions [None req-26f8b2f8-db93-4ef7-8f35-591713ce0444 None None] Extended resource: tags {{(pid=90849) __init__ /opt/stack/neutron/neutron/api/extensions.py:156}}
Aug 08 19:20:45.815605 np0000006803 devstack@neutron-api.service[90852]: INFO neutron.plugins.ml2.drivers.ovn.mech_driver.ovsdb.impl_idl_ovn [None req-279b2d4d-35c5-434e-9972-0c4488dd9048 None None] Getting OvsdbNbOvnIdl for WorkerService with retry
Aug 08 19:20:45.816385 np0000006803 devstack@neutron-api.service[90849]: DEBUG neutron.api.extensions [None req-26f8b2f8-db93-4ef7-8f35-591713ce0444 None None] Extended resource: tags {{(pid=90849) __init__ /opt/stack/neutron/neutron/api/extensions.py:156}}
Aug 08 19:20:45.817129 np0000006803 devstack@neutron-api.service[90850]: DEBUG neutron_lib.callbacks.manager [None req-256ecdfc-3792-47e2-a7f3-2133d240d56e None None] Publish callbacks ['neutron.plugins.ml2.drivers.ovn.mech_driver.mech_driver.OVNMechanismDriver.post_fork_initialize-1957601', 'neutron.services.pvlan.drivers.ovn.driver._initialize_pvlan_pg_drop-7750867041040', 'neutron.services.ovn_l3.plugin.OVNL3RouterPlugin._post_fork_initialize-67152'] for process (None), after_init {{(pid=90850) _notify_loop /opt/stack/data/venv/lib/python3.12/site-packages/neutron_lib/callbacks/manager.py:184}}
Aug 08 19:20:45.817335 np0000006803 devstack@neutron-api.service[90849]: DEBUG neutron.api.extensions [None req-26f8b2f8-db93-4ef7-8f35-591713ce0444 None None] Extended resource: tags {{(pid=90849) __init__ /opt/stack/neutron/neutron/api/extensions.py:156}}
Aug 08 19:20:45.817720 np0000006803 devstack@neutron-api.service[90850]: DEBUG oslo_concurrency.lockutils [None req-256ecdfc-3792-47e2-a7f3-2133d240d56e None None] Acquiring lock "singleton_lock" {{(pid=90850) lock /opt/stack/data/venv/lib/python3.12/site-packages/oslo_concurrency/lockutils.py:396}}
Aug 08 19:20:45.817907 np0000006803 devstack@neutron-api.service[90850]: DEBUG oslo_concurrency.lockutils [None req-256ecdfc-3792-47e2-a7f3-2133d240d56e None None] Acquired lock "singleton_lock" {{(pid=90850) lock /opt/stack/data/venv/lib/python3.12/site-packages/oslo_concurrency/lockutils.py:399}}
Aug 08 19:20:45.818075 np0000006803 devstack@neutron-api.service[90849]: DEBUG neutron.api.extensions [None req-26f8b2f8-db93-4ef7-8f35-591713ce0444 None None] Extended resource: tags {{(pid=90849) __init__ /opt/stack/neutron/neutron/api/extensions.py:156}}
Aug 08 19:20:45.818310 np0000006803 devstack@neutron-api.service[90850]: DEBUG oslo_concurrency.lockutils [None req-256ecdfc-3792-47e2-a7f3-2133d240d56e None None] Releasing lock "singleton_lock" {{(pid=90850) lock /opt/stack/data/venv/lib/python3.12/site-packages/oslo_concurrency/lockutils.py:419}}
Aug 08 19:20:45.819116 np0000006803 devstack@neutron-api.service[90849]: DEBUG neutron.api.extensions [None req-26f8b2f8-db93-4ef7-8f35-591713ce0444 None None] Extended resource: tags {{(pid=90849) __init__ /opt/stack/neutron/neutron/api/extensions.py:156}}
Aug 08 19:20:45.819792 np0000006803 devstack@neutron-api.service[90849]: DEBUG neutron.api.extensions [None req-26f8b2f8-db93-4ef7-8f35-591713ce0444 None None] Extended resource: tags {{(pid=90849) __init__ /opt/stack/neutron/neutron/api/extensions.py:156}}
Aug 08 19:20:45.820702 np0000006803 devstack@neutron-api.service[90849]: DEBUG neutron.api.extensions [None req-26f8b2f8-db93-4ef7-8f35-591713ce0444 None None] Extended resource: tags {{(pid=90849) __init__ /opt/stack/neutron/neutron/api/extensions.py:156}}
Aug 08 19:20:45.820994 np0000006803 devstack@neutron-api.service[90850]: DEBUG neutron.plugins.ml2.drivers.ovn.mech_driver.mech_driver [None req-256ecdfc-3792-47e2-a7f3-2133d240d56e None None] Hash Ring setup using WSGI start time 2026-08-08 19:20:38+00:00 {{(pid=90850) _init_hash_ring /opt/stack/neutron/neutron/plugins/ml2/drivers/ovn/mech_driver/mech_driver.py:404}}
Aug 08 19:20:45.829483 np0000006803 devstack@neutron-api.service[90850]: INFO neutron.db.ovn_hash_ring_db [None req-256ecdfc-3792-47e2-a7f3-2133d240d56e None None] Nodes from host "np0000006803" and group "mechanism_driver" removed from the Hash Ring created at 2026-08-08 19:20:38+00:00
Aug 08 19:20:45.836707 np0000006803 devstack@neutron-api.service[90850]: INFO neutron.db.ovn_hash_ring_db [None req-256ecdfc-3792-47e2-a7f3-2133d240d56e None None] Node 9686024700335430914cec58b8f714e8 from host "np0000006803" and group "mechanism_driver" added to the Hash Ring
Aug 08 19:20:45.840256 np0000006803 devstack@neutron-api.service[90849]: DEBUG neutron_lib.callbacks.manager [None req-26f8b2f8-db93-4ef7-8f35-591713ce0444 None None] Publish callbacks ['neutron.plugins.ml2.drivers.ovn.mech_driver.mech_driver.OVNMechanismDriver.pre_fork_initialize-1950265'] for process (None), before_spawn {{(pid=90849) _notify_loop /opt/stack/data/venv/lib/python3.12/site-packages/neutron_lib/callbacks/manager.py:184}}
Aug 08 19:20:45.840256 np0000006803 devstack@neutron-api.service[90849]: DEBUG oslo_concurrency.processutils [None req-26f8b2f8-db93-4ef7-8f35-591713ce0444 None None] Running cmd (subprocess): ovsdb-client transact ssl:10.4.3.89:6641 --timeout 180 -p /opt/stack/data/CA/int-ca/private/devstack-cert.key -c /opt/stack/data/CA/int-ca/devstack-cert.crt -C /opt/stack/data/CA/int-ca/ca-chain.pem ["OVN_Northbound", {"op": "wait", "timeout": 0, "table": "Port_Group", "where": [["name", "==", "neutron_pg_drop"]], "until": "==", "rows": []}, {"op": "insert", "table": "ACL", "row": {"action": "drop", "direction": "to-lport", "match": "outport == @neutron_pg_drop && ip", "priority": 1000}, "uuid-name": "droptoport"}, {"op": "insert", "table": "ACL", "row": {"action": "drop", "direction": "from-lport", "match": "inport == @neutron_pg_drop && ip", "priority": 1000}, "uuid-name": "dropfromport"}, {"op": "insert", "table": "Port_Group", "row": {"name": "neutron_pg_drop", "acls": ["set", [["named-uuid", "droptoport"], ["named-uuid", "dropfromport"]]]}}] {{(pid=90849) execute /opt/stack/data/venv/lib/python3.12/site-packages/oslo_concurrency/processutils.py:440}}
Aug 08 19:20:45.842595 np0000006803 devstack@neutron-api.service[90850]: DEBUG neutron.plugins.ml2.drivers.ovn.mech_driver.mech_driver [None req-256ecdfc-3792-47e2-a7f3-2133d240d56e None None] Hash Ring setup, this worker has detected 3 OVN hash ring registers in the database {{(pid=90850) _init_hash_ring /opt/stack/neutron/neutron/plugins/ml2/drivers/ovn/mech_driver/mech_driver.py:414}}
Aug 08 19:20:45.856036 np0000006803 devstack@neutron-api.service[90850]: DEBUG neutron.plugins.ml2.drivers.ovn.mech_driver.ovsdb.maintenance [None req-256ecdfc-3792-47e2-a7f3-2133d240d56e None None] Periodic task found: HashRingHealthCheckPeriodics.touch_hash_ring_node {{(pid=90850) add_periodics /opt/stack/neutron/neutron/plugins/ml2/drivers/ovn/mech_driver/ovsdb/maintenance.py:148}}
Aug 08 19:20:45.857051 np0000006803 devstack@neutron-api.service[90850]: INFO neutron.plugins.ml2.drivers.ovn.mech_driver.mech_driver [None req-256ecdfc-3792-47e2-a7f3-2133d240d56e None None] Hash Ring probing thread for node 9686024700335430914cec58b8f714e8 has started
