Aug 17 09:23:50.382530 np0000007478 nova-scheduler[93540]: DEBUG cotyledon.oslo_config_glue [-] oslo_messaging_rabbit.rabbit_quorum_max_memory_length = 0 {{(pid=93540) log_opt_values /opt/stack/data/venv/lib/python3.12/site-packages/oslo_config/cfg.py:3560}}
Aug 17 09:23:50.382530 np0000007478 nova-scheduler[93540]: DEBUG cotyledon.oslo_config_glue [-] oslo_messaging_rabbit.rabbit_quorum_queue = False {{(pid=93540) log_opt_values /opt/stack/data/venv/lib/python3.12/site-packages/oslo_config/cfg.py:3560}}
Aug 17 09:23:50.382530 np0000007478 nova-scheduler[93540]: DEBUG cotyledon.oslo_config_glue [-] oslo_messaging_rabbit.rabbit_retry_backoff = 2 {{(pid=93540) log_opt_values /opt/stack/data/venv/lib/python3.12/site-packages/oslo_config/cfg.py:3560}}
Aug 17 09:23:50.382530 np0000007478 nova-scheduler[93540]: DEBUG cotyledon.oslo_config_glue [-] oslo_messaging_rabbit.rabbit_retry_interval = 1 {{(pid=93540) log_opt_values /opt/stack/data/venv/lib/python3.12/site-packages/oslo_config/cfg.py:3560}}
Aug 17 09:23:50.382530 np0000007478 nova-scheduler[93540]: DEBUG cotyledon.oslo_config_glue [-] oslo_messaging_rabbit.rabbit_stream_fanout = False {{(pid=93540) log_opt_values /opt/stack/data/venv/lib/python3.12/site-packages/oslo_config/cfg.py:3560}}
Aug 17 09:23:50.382690 np0000007478 nova-scheduler[93540]: DEBUG cotyledon.oslo_config_glue [-] oslo_messaging_rabbit.rabbit_transient_queues_ttl = 1800 {{(pid=93540) log_opt_values /opt/stack/data/venv/lib/python3.12/site-packages/oslo_config/cfg.py:3560}}
Aug 17 09:23:50.382690 np0000007478 nova-scheduler[93540]: DEBUG cotyledon.oslo_config_glue [-] oslo_messaging_rabbit.rabbit_transient_quorum_queue = False {{(pid=93540) log_opt_values /opt/stack/data/venv/lib/python3.12/site-packages/oslo_config/cfg.py:3560}}
Aug 17 09:23:50.382690 np0000007478 nova-scheduler[93540]: DEBUG cotyledon.oslo_config_glue [-] oslo_messaging_rabbit.rpc_conn_pool_size = 30 {{(pid=93540) log_opt_values /opt/stack/data/venv/lib/python3.12/site-packages/oslo_config/cfg.py:3560}}
Aug 17 09:23:50.382690 np0000007478 nova-scheduler[93540]: DEBUG cotyledon.oslo_config_glue [-] oslo_messaging_rabbit.ssl = False {{(pid=93540) log_opt_values /opt/stack/data/venv/lib/python3.12/site-packages/oslo_config/cfg.py:3560}}
Aug 17 09:23:50.382690 np0000007478 nova-scheduler[93540]: DEBUG cotyledon.oslo_config_glue [-] oslo_messaging_rabbit.ssl_ca_file = {{(pid=93540) log_opt_values /opt/stack/data/venv/lib/python3.12/site-packages/oslo_config/cfg.py:3560}}
Aug 17 09:23:50.382690 np0000007478 nova-scheduler[93540]: DEBUG cotyledon.oslo_config_glue [-] oslo_messaging_rabbit.ssl_cert_file = {{(pid=93540) log_opt_values /opt/stack/data/venv/lib/python3.12/site-packages/oslo_config/cfg.py:3560}}
Aug 17 09:23:50.382690 np0000007478 nova-scheduler[93540]: DEBUG cotyledon.oslo_config_glue [-] oslo_messaging_rabbit.ssl_enforce_fips_mode = False {{(pid=93540) log_opt_values /opt/stack/data/venv/lib/python3.12/site-packages/oslo_config/cfg.py:3560}}
Aug 17 09:23:50.382690 np0000007478 nova-scheduler[93540]: DEBUG cotyledon.oslo_config_glue [-] oslo_messaging_rabbit.ssl_enforce_hostname_verification = True {{(pid=93540) log_opt_values /opt/stack/data/venv/lib/python3.12/site-packages/oslo_config/cfg.py:3560}}
Aug 17 09:23:50.382690 np0000007478 nova-scheduler[93540]: DEBUG cotyledon.oslo_config_glue [-] oslo_messaging_rabbit.ssl_key_file = {{(pid=93540) log_opt_values /opt/stack/data/venv/lib/python3.12/site-packages/oslo_config/cfg.py:3560}}
Aug 17 09:23:50.382853 np0000007478 nova-scheduler[93540]: DEBUG cotyledon.oslo_config_glue [-] oslo_messaging_rabbit.ssl_version = {{(pid=93540) log_opt_values /opt/stack/data/venv/lib/python3.12/site-packages/oslo_config/cfg.py:3560}}
Aug 17 09:23:50.382853 np0000007478 nova-scheduler[93540]: DEBUG cotyledon.oslo_config_glue [-] oslo_messaging_rabbit.use_queue_manager = False {{(pid=93540) log_opt_values /opt/stack/data/venv/lib/python3.12/site-packages/oslo_config/cfg.py:3560}}
Aug 17 09:23:50.382853 np0000007478 nova-scheduler[93540]: DEBUG cotyledon.oslo_config_glue [-] oslo_messaging_notifications.driver = ['messagingv2'] {{(pid=93540) log_opt_values /opt/stack/data/venv/lib/python3.12/site-packages/oslo_config/cfg.py:3560}}
Aug 17 09:23:50.382853 np0000007478 nova-scheduler[93540]: DEBUG cotyledon.oslo_config_glue [-] oslo_messaging_notifications.retry = -1 {{(pid=93540) log_opt_values /opt/stack/data/venv/lib/python3.12/site-packages/oslo_config/cfg.py:3560}}
Aug 17 09:23:50.382853 np0000007478 nova-scheduler[93540]: DEBUG cotyledon.oslo_config_glue [-] oslo_messaging_notifications.topics = ['notifications'] {{(pid=93540) log_opt_values /opt/stack/data/venv/lib/python3.12/site-packages/oslo_config/cfg.py:3560}}
Aug 17 09:23:50.382853 np0000007478 nova-scheduler[93540]: DEBUG cotyledon.oslo_config_glue [-] oslo_messaging_notifications.transport_url = **** {{(pid=93540) log_opt_values /opt/stack/data/venv/lib/python3.12/site-packages/oslo_config/cfg.py:3560}}
Aug 17 09:23:50.382853 np0000007478 nova-scheduler[93540]: DEBUG cotyledon.oslo_config_glue [-] oslo_limit.auth_section = None {{(pid=93540) log_opt_values /opt/stack/data/venv/lib/python3.12/site-packages/oslo_config/cfg.py:3560}}
Aug 17 09:23:50.382853 np0000007478 nova-scheduler[93540]: DEBUG cotyledon.oslo_config_glue [-] oslo_limit.auth_type = None {{(pid=93540) log_opt_values /opt/stack/data/venv/lib/python3.12/site-packages/oslo_config/cfg.py:3560}}
Aug 17 09:23:50.382853 np0000007478 nova-scheduler[93540]: DEBUG cotyledon.oslo_config_glue [-] oslo_limit.cafile = None {{(pid=93540) log_opt_values /opt/stack/data/venv/lib/python3.12/site-packages/oslo_config/cfg.py:3560}}
Aug 17 09:23:50.383019 np0000007478 nova-scheduler[93540]: DEBUG cotyledon.oslo_config_glue [-] oslo_limit.certfile = None {{(pid=93540) log_opt_values /opt/stack/data/venv/lib/python3.12/site-packages/oslo_config/cfg.py:3560}}
Aug 17 09:23:50.383019 np0000007478 nova-scheduler[93540]: DEBUG cotyledon.oslo_config_glue [-] oslo_limit.collect_timing = False {{(pid=93540) log_opt_values /opt/stack/data/venv/lib/python3.12/site-packages/oslo_config/cfg.py:3560}}
Aug 17 09:23:50.383019 np0000007478 nova-scheduler[93540]: DEBUG cotyledon.oslo_config_glue [-] oslo_limit.connect_retries = None {{(pid=93540) log_opt_values /opt/stack/data/venv/lib/python3.12/site-packages/oslo_config/cfg.py:3560}}
Aug 17 09:23:50.383019 np0000007478 nova-scheduler[93540]: DEBUG cotyledon.oslo_config_glue [-] oslo_limit.connect_retry_delay = None {{(pid=93540) log_opt_values /opt/stack/data/venv/lib/python3.12/site-packages/oslo_config/cfg.py:3560}}
Aug 17 09:23:50.383019 np0000007478 nova-scheduler[93540]: DEBUG cotyledon.oslo_config_glue [-] oslo_limit.endpoint_id = None {{(pid=93540) log_opt_values /opt/stack/data/venv/lib/python3.12/site-packages/oslo_config/cfg.py:3560}}
Aug 17 09:23:50.383019 np0000007478 nova-scheduler[93540]: DEBUG cotyledon.oslo_config_glue [-] oslo_limit.endpoint_interface = public {{(pid=93540) log_opt_values /opt/stack/data/venv/lib/python3.12/site-packages/oslo_config/cfg.py:3560}}
Aug 17 09:23:50.383019 np0000007478 nova-scheduler[93540]: DEBUG cotyledon.oslo_config_glue [-] oslo_limit.endpoint_override = None {{(pid=93540) log_opt_values /opt/stack/data/venv/lib/python3.12/site-packages/oslo_config/cfg.py:3560}}
Aug 17 09:23:50.383019 np0000007478 nova-scheduler[93540]: DEBUG cotyledon.oslo_config_glue [-] oslo_limit.endpoint_region_name = None {{(pid=93540) log_opt_values /opt/stack/data/venv/lib/python3.12/site-packages/oslo_config/cfg.py:3560}}
Aug 17 09:23:50.383019 np0000007478 nova-scheduler[93540]: DEBUG cotyledon.oslo_config_glue [-] oslo_limit.endpoint_service_name = None {{(pid=93540) log_opt_values /opt/stack/data/venv/lib/python3.12/site-packages/oslo_config/cfg.py:3560}}
Aug 17 09:23:50.383222 np0000007478 nova-scheduler[93540]: DEBUG cotyledon.oslo_config_glue [-] oslo_limit.endpoint_service_type = None {{(pid=93540) log_opt_values /opt/stack/data/venv/lib/python3.12/site-packages/oslo_config/cfg.py:3560}}
Aug 17 09:23:50.383222 np0000007478 nova-scheduler[93540]: DEBUG cotyledon.oslo_config_glue [-] oslo_limit.insecure = False {{(pid=93540) log_opt_values /opt/stack/data/venv/lib/python3.12/site-packages/oslo_config/cfg.py:3560}}
Aug 17 09:23:50.383222 np0000007478 nova-scheduler[93540]: DEBUG cotyledon.oslo_config_glue [-] oslo_limit.keyfile = None {{(pid=93540) log_opt_values /opt/stack/data/venv/lib/python3.12/site-packages/oslo_config/cfg.py:3560}}
Aug 17 09:23:50.383222 np0000007478 nova-scheduler[93540]: DEBUG cotyledon.oslo_config_glue [-] oslo_limit.max_version = None {{(pid=93540) log_opt_values /opt/stack/data/venv/lib/python3.12/site-packages/oslo_config/cfg.py:3560}}
Aug 17 09:23:50.383222 np0000007478 nova-scheduler[93540]: DEBUG cotyledon.oslo_config_glue [-] oslo_limit.min_version = None {{(pid=93540) log_opt_values /opt/stack/data/venv/lib/python3.12/site-packages/oslo_config/cfg.py:3560}}
Aug 17 09:23:50.383222 np0000007478 nova-scheduler[93540]: DEBUG cotyledon.oslo_config_glue [-] oslo_limit.region_name = None {{(pid=93540) log_opt_values /opt/stack/data/venv/lib/python3.12/site-packages/oslo_config/cfg.py:3560}}
Aug 17 09:23:50.383222 np0000007478 nova-scheduler[93540]: DEBUG cotyledon.oslo_config_glue [-] oslo_limit.retriable_status_codes = None {{(pid=93540) log_opt_values /opt/stack/data/venv/lib/python3.12/site-packages/oslo_config/cfg.py:3560}}
Aug 17 09:23:50.383222 np0000007478 nova-scheduler[93540]: DEBUG cotyledon.oslo_config_glue [-] oslo_limit.service_name = None {{(pid=93540) log_opt_values /opt/stack/data/venv/lib/python3.12/site-packages/oslo_config/cfg.py:3560}}
Aug 17 09:23:50.383222 np0000007478 nova-scheduler[93540]: DEBUG cotyledon.oslo_config_glue [-] oslo_limit.service_type = None {{(pid=93540) log_opt_values /opt/stack/data/venv/lib/python3.12/site-packages/oslo_config/cfg.py:3560}}
Aug 17 09:23:50.383417 np0000007478 nova-scheduler[93540]: DEBUG cotyledon.oslo_config_glue [-] oslo_limit.split_loggers = False {{(pid=93540) log_opt_values /opt/stack/data/venv/lib/python3.12/site-packages/oslo_config/cfg.py:3560}}
Aug 17 09:23:50.383417 np0000007478 nova-scheduler[93540]: DEBUG cotyledon.oslo_config_glue [-] oslo_limit.status_code_retries = None {{(pid=93540) log_opt_values /opt/stack/data/venv/lib/python3.12/site-packages/oslo_config/cfg.py:3560}}
Aug 17 09:23:50.383417 np0000007478 nova-scheduler[93540]: DEBUG cotyledon.oslo_config_glue [-] oslo_limit.status_code_retry_delay = None {{(pid=93540) log_opt_values /opt/stack/data/venv/lib/python3.12/site-packages/oslo_config/cfg.py:3560}}
Aug 17 09:23:50.383417 np0000007478 nova-scheduler[93540]: DEBUG cotyledon.oslo_config_glue [-] oslo_limit.timeout = None {{(pid=93540) log_opt_values /opt/stack/data/venv/lib/python3.12/site-packages/oslo_config/cfg.py:3560}}
Aug 17 09:23:50.383417 np0000007478 nova-scheduler[93540]: DEBUG cotyledon.oslo_config_glue [-] oslo_limit.valid_interfaces = None {{(pid=93540) log_opt_values /opt/stack/data/venv/lib/python3.12/site-packages/oslo_config/cfg.py:3560}}
Aug 17 09:23:50.383417 np0000007478 nova-scheduler[93540]: DEBUG cotyledon.oslo_config_glue [-] oslo_limit.version = None {{(pid=93540) log_opt_values /opt/stack/data/venv/lib/python3.12/site-packages/oslo_config/cfg.py:3560}}
Aug 17 09:23:50.383417 np0000007478 nova-scheduler[93540]: DEBUG cotyledon.oslo_config_glue [-] oslo_reports.file_event_handler = None {{(pid=93540) log_opt_values /opt/stack/data/venv/lib/python3.12/site-packages/oslo_config/cfg.py:3560}}
Aug 17 09:23:50.383417 np0000007478 nova-scheduler[93540]: DEBUG cotyledon.oslo_config_glue [-] oslo_reports.file_event_handler_interval = 1 {{(pid=93540) log_opt_values /opt/stack/data/venv/lib/python3.12/site-packages/oslo_config/cfg.py:3560}}
Aug 17 09:23:50.383417 np0000007478 nova-scheduler[93540]: DEBUG cotyledon.oslo_config_glue [-] oslo_reports.log_dir = None {{(pid=93540) log_opt_values /opt/stack/data/venv/lib/python3.12/site-packages/oslo_config/cfg.py:3560}}
Aug 17 09:23:50.383597 np0000007478 nova-scheduler[93540]: DEBUG cotyledon.oslo_config_glue [-] ******************************************************************************** {{(pid=93540) log_opt_values /opt/stack/data/venv/lib/python3.12/site-packages/oslo_config/cfg.py:3567}}
Aug 17 09:23:50.383597 np0000007478 nova-scheduler[93540]: DEBUG cotyledon._service_worker [-] Run service ServiceWrapper(2) [93540] {{(pid=93540) wait_forever /opt/stack/data/venv/lib/python3.12/site-packages/cotyledon/_service_worker.py:218}}
Aug 17 09:23:50.383597 np0000007478 nova-scheduler[93540]: INFO nova.service [-] Starting scheduler node (version 33.1.0)
Aug 17 09:23:50.383597 np0000007478 nova-scheduler[93540]: INFO dbcounter [None req-66a70fd9-a09e-4580-b91c-edc93641bc73 None None] Registered counter for database nova_cell0
Aug 17 09:23:50.383678 np0000007478 nova-scheduler[93536]: DEBUG oslo_db.sqlalchemy.engines [None req-90af39ed-5ae6-4aa2-b10e-d8e8064c5a5e None None] MySQL server mode set to STRICT_TRANS_TABLES,STRICT_ALL_TABLES,NO_ZERO_IN_DATE,NO_ZERO_DATE,ERROR_FOR_DIVISION_BY_ZERO,TRADITIONAL,NO_ENGINE_SUBSTITUTION {{(pid=93536) _check_effective_sql_mode /opt/stack/data/venv/lib/python3.12/site-packages/oslo_db/sqlalchemy/engines.py:325}}
Aug 17 09:23:50.391000 np0000007478 nova-scheduler[93536]: DEBUG dbcounter [-] [93536] Writer thread running {{(pid=93536) stat_writer /opt/stack/data/venv/lib/python3.12/site-packages/dbcounter.py:102}}
Aug 17 09:23:50.402840 np0000007478 nova-scheduler[93538]: DEBUG oslo_db.sqlalchemy.engines [None req-8d586d94-0084-4892-94dd-969537ba5be7 None None] MySQL server mode set to STRICT_TRANS_TABLES,STRICT_ALL_TABLES,NO_ZERO_IN_DATE,NO_ZERO_DATE,ERROR_FOR_DIVISION_BY_ZERO,TRADITIONAL,NO_ENGINE_SUBSTITUTION {{(pid=93538) _check_effective_sql_mode /opt/stack/data/venv/lib/python3.12/site-packages/oslo_db/sqlalchemy/engines.py:325}}
Aug 17 09:23:50.405125 np0000007478 nova-scheduler[93536]: DEBUG nova.service [None req-90af39ed-5ae6-4aa2-b10e-d8e8064c5a5e None None] Creating RPC server for service: nova-scheduler on topic: scheduler {{(pid=93536) start /opt/stack/nova/nova/service.py:262}}
Aug 17 09:23:50.412156 np0000007478 nova-scheduler[93538]: DEBUG dbcounter [-] [93538] Writer thread running {{(pid=93538) stat_writer /opt/stack/data/venv/lib/python3.12/site-packages/dbcounter.py:102}}
Aug 17 09:23:50.417432 np0000007478 nova-scheduler[93538]: DEBUG nova.service [None req-8d586d94-0084-4892-94dd-969537ba5be7 None None] Creating RPC server for service: nova-scheduler on topic: scheduler {{(pid=93538) start /opt/stack/nova/nova/service.py:262}}
Aug 17 09:23:50.424373 np0000007478 nova-scheduler[93536]: DEBUG nova.service [None req-90af39ed-5ae6-4aa2-b10e-d8e8064c5a5e None None] Join ServiceGroup membership for this service scheduler {{(pid=93536) start /opt/stack/nova/nova/service.py:288}}
Aug 17 09:23:50.424617 np0000007478 nova-scheduler[93536]: DEBUG nova.servicegroup.drivers.db [None req-90af39ed-5ae6-4aa2-b10e-d8e8064c5a5e None None] DB_Driver: join new ServiceGroup member np0000007478 to the scheduler group, service = {{(pid=93536) join /opt/stack/nova/nova/servicegroup/drivers/db.py:44}}
Aug 17 09:23:50.426398 np0000007478 nova-scheduler[93540]: DEBUG oslo_db.sqlalchemy.engines [None req-66a70fd9-a09e-4580-b91c-edc93641bc73 None None] MySQL server mode set to STRICT_TRANS_TABLES,STRICT_ALL_TABLES,NO_ZERO_IN_DATE,NO_ZERO_DATE,ERROR_FOR_DIVISION_BY_ZERO,TRADITIONAL,NO_ENGINE_SUBSTITUTION {{(pid=93540) _check_effective_sql_mode /opt/stack/data/venv/lib/python3.12/site-packages/oslo_db/sqlalchemy/engines.py:325}}
Aug 17 09:23:50.435168 np0000007478 nova-scheduler[93540]: DEBUG dbcounter [-] [93540] Writer thread running {{(pid=93540) stat_writer /opt/stack/data/venv/lib/python3.12/site-packages/dbcounter.py:102}}
Aug 17 09:23:50.435298 np0000007478 nova-scheduler[93538]: DEBUG nova.service [None req-8d586d94-0084-4892-94dd-969537ba5be7 None None] Join ServiceGroup membership for this service scheduler {{(pid=93538) start /opt/stack/nova/nova/service.py:288}}
Aug 17 09:23:50.435372 np0000007478 nova-scheduler[93538]: DEBUG nova.servicegroup.drivers.db [None req-8d586d94-0084-4892-94dd-969537ba5be7 None None] DB_Driver: join new ServiceGroup member np0000007478 to the scheduler group, service = {{(pid=93538) join /opt/stack/nova/nova/servicegroup/drivers/db.py:44}}
Aug 17 09:23:50.437994 np0000007478 nova-scheduler[93540]: DEBUG nova.service [None req-66a70fd9-a09e-4580-b91c-edc93641bc73 None None] Creating RPC server for service: nova-scheduler on topic: scheduler {{(pid=93540) start /opt/stack/nova/nova/service.py:262}}
Aug 17 09:23:50.454643 np0000007478 nova-scheduler[93540]: DEBUG nova.service [None req-66a70fd9-a09e-4580-b91c-edc93641bc73 None None] Join ServiceGroup membership for this service scheduler {{(pid=93540) start /opt/stack/nova/nova/service.py:288}}
Aug 17 09:23:50.454836 np0000007478 nova-scheduler[93540]: DEBUG nova.servicegroup.drivers.db [None req-66a70fd9-a09e-4580-b91c-edc93641bc73 None None] DB_Driver: join new ServiceGroup member np0000007478 to the scheduler group, service = {{(pid=93540) join /opt/stack/nova/nova/servicegroup/drivers/db.py:44}}
Aug 17 09:23:55.440363 np0000007478 nova-scheduler[93536]: DEBUG oslo.service.backend._threading.loopingcall [-] Fixed interval looping call 'nova.servicegroup.drivers.db.DbDriver._report_state' sleeping for 119.99 seconds {{(pid=93536) _run_loop /opt/stack/data/venv/lib/python3.12/site-packages/oslo_service/backend/_threading/loopingcall.py:125}}
Aug 17 09:23:55.445775 np0000007478 nova-scheduler[93538]: DEBUG oslo.service.backend._threading.loopingcall [-] Fixed interval looping call 'nova.servicegroup.drivers.db.DbDriver._report_state' sleeping for 119.99 seconds {{(pid=93538) _run_loop /opt/stack/data/venv/lib/python3.12/site-packages/oslo_service/backend/_threading/loopingcall.py:125}}
Aug 17 09:23:55.475735 np0000007478 nova-scheduler[93540]: DEBUG oslo.service.backend._threading.loopingcall [-] Fixed interval looping call 'nova.servicegroup.drivers.db.DbDriver._report_state' sleeping for 119.98 seconds {{(pid=93540) _run_loop /opt/stack/data/venv/lib/python3.12/site-packages/oslo_service/backend/_threading/loopingcall.py:125}}
Aug 17 09:23:59.035684 np0000007478 nova-scheduler[92257]: DEBUG dbcounter [-] [92257] Writing DB stats nova_api:SELECT=3 {{(pid=92257) stat_writer /opt/stack/data/venv/lib/python3.12/site-packages/dbcounter.py:115}}
Aug 17 09:23:59.153798 np0000007478 nova-scheduler[92257]: DEBUG dbcounter [-] [92257] Writing DB stats nova_cell0:SELECT=1 {{(pid=92257) stat_writer /opt/stack/data/venv/lib/python3.12/site-packages/dbcounter.py:115}}
Aug 17 09:23:59.166557 np0000007478 nova-scheduler[92257]: DEBUG dbcounter [-] [92257] Writing DB stats nova_cell1:SELECT=1 {{(pid=92257) stat_writer /opt/stack/data/venv/lib/python3.12/site-packages/dbcounter.py:115}}
Aug 17 09:24:05.435356 np0000007478 nova-scheduler[93536]: DEBUG dbcounter [-] [93536] Writing DB stats nova_cell0:SELECT=4,nova_cell0:INSERT=1,nova_cell0:UPDATE=1 {{(pid=93536) stat_writer /opt/stack/data/venv/lib/python3.12/site-packages/dbcounter.py:115}}
Aug 17 09:24:05.443104 np0000007478 nova-scheduler[93538]: DEBUG dbcounter [-] [93538] Writing DB stats nova_cell0:SELECT=3 {{(pid=93538) stat_writer /opt/stack/data/venv/lib/python3.12/site-packages/dbcounter.py:115}}
Aug 17 09:24:05.466883 np0000007478 nova-scheduler[93540]: DEBUG dbcounter [-] [93540] Writing DB stats nova_cell0:SELECT=3 {{(pid=93540) stat_writer /opt/stack/data/venv/lib/python3.12/site-packages/dbcounter.py:115}}
Aug 17 09:24:13.437222 np0000007478 nova-scheduler[93538]: DEBUG oslo.service.backend._threading.loopingcall [None req-68e29c7a-eac5-41a1-b881-32338a9e1aa0 None None] Dynamic interval looping call 'nova.service.Service.periodic_tasks' sleeping for 60.00 seconds {{(pid=93538) _run_loop /opt/stack/data/venv/lib/python3.12/site-packages/oslo_service/backend/_threading/loopingcall.py:125}}
Aug 17 09:24:18.456598 np0000007478 nova-scheduler[93540]: DEBUG oslo.service.backend._threading.loopingcall [None req-d316eaac-36cc-4aab-84fd-899bf3e4b8dd None None] Dynamic interval looping call 'nova.service.Service.periodic_tasks' sleeping for 60.00 seconds {{(pid=93540) _run_loop /opt/stack/data/venv/lib/python3.12/site-packages/oslo_service/backend/_threading/loopingcall.py:125}}
Aug 17 09:24:43.426702 np0000007478 nova-scheduler[93536]: DEBUG oslo.service.backend._threading.loopingcall [None req-d9e9ca5b-e0c9-4179-8532-922f8875307e None None] Dynamic interval looping call 'nova.service.Service.periodic_tasks' sleeping for 60.00 seconds {{(pid=93536) _run_loop /opt/stack/data/venv/lib/python3.12/site-packages/oslo_service/backend/_threading/loopingcall.py:125}}
Aug 17 09:25:13.437686 np0000007478 nova-scheduler[93538]: DEBUG oslo.service.backend._threading.loopingcall [None req-68e29c7a-eac5-41a1-b881-32338a9e1aa0 None None] Dynamic interval looping call 'nova.service.Service.periodic_tasks' sleeping for 60.00 seconds {{(pid=93538) _run_loop /opt/stack/data/venv/lib/python3.12/site-packages/oslo_service/backend/_threading/loopingcall.py:125}}
Aug 17 09:25:18.457040 np0000007478 nova-scheduler[93540]: DEBUG oslo.service.backend._threading.loopingcall [None req-d316eaac-36cc-4aab-84fd-899bf3e4b8dd None None] Dynamic interval looping call 'nova.service.Service.periodic_tasks' sleeping for 60.00 seconds {{(pid=93540) _run_loop /opt/stack/data/venv/lib/python3.12/site-packages/oslo_service/backend/_threading/loopingcall.py:125}}
Aug 17 09:25:43.427159 np0000007478 nova-scheduler[93536]: DEBUG oslo.service.backend._threading.loopingcall [None req-d9e9ca5b-e0c9-4179-8532-922f8875307e None None] Dynamic interval looping call 'nova.service.Service.periodic_tasks' sleeping for 60.00 seconds {{(pid=93536) _run_loop /opt/stack/data/venv/lib/python3.12/site-packages/oslo_service/backend/_threading/loopingcall.py:125}}
Aug 17 09:25:55.440323 np0000007478 nova-scheduler[93536]: DEBUG oslo.service.backend._threading.loopingcall [-] Fixed interval looping call 'nova.servicegroup.drivers.db.DbDriver._report_state' sleeping for 119.99 seconds {{(pid=93536) _run_loop /opt/stack/data/venv/lib/python3.12/site-packages/oslo_service/backend/_threading/loopingcall.py:125}}
Aug 17 09:25:55.443767 np0000007478 nova-scheduler[93538]: DEBUG oslo.service.backend._threading.loopingcall [-] Fixed interval looping call 'nova.servicegroup.drivers.db.DbDriver._report_state' sleeping for 119.99 seconds {{(pid=93538) _run_loop /opt/stack/data/venv/lib/python3.12/site-packages/oslo_service/backend/_threading/loopingcall.py:125}}
Aug 17 09:25:55.462355 np0000007478 nova-scheduler[93540]: DEBUG oslo.service.backend._threading.loopingcall [-] Fixed interval looping call 'nova.servicegroup.drivers.db.DbDriver._report_state' sleeping for 119.99 seconds {{(pid=93540) _run_loop /opt/stack/data/venv/lib/python3.12/site-packages/oslo_service/backend/_threading/loopingcall.py:125}}
Aug 17 09:26:05.436517 np0000007478 nova-scheduler[93536]: DEBUG dbcounter [-] [93536] Writing DB stats nova_cell0:SELECT=1,nova_cell0:UPDATE=1 {{(pid=93536) stat_writer /opt/stack/data/venv/lib/python3.12/site-packages/dbcounter.py:115}}
Aug 17 09:26:05.441747 np0000007478 nova-scheduler[93538]: DEBUG dbcounter [-] [93538] Writing DB stats nova_cell0:SELECT=1 {{(pid=93538) stat_writer /opt/stack/data/venv/lib/python3.12/site-packages/dbcounter.py:115}}
Aug 17 09:26:05.460714 np0000007478 nova-scheduler[93540]: DEBUG dbcounter [-] [93540] Writing DB stats nova_cell0:SELECT=1 {{(pid=93540) stat_writer /opt/stack/data/venv/lib/python3.12/site-packages/dbcounter.py:115}}
Aug 17 09:26:13.438093 np0000007478 nova-scheduler[93538]: DEBUG oslo.service.backend._threading.loopingcall [None req-68e29c7a-eac5-41a1-b881-32338a9e1aa0 None None] Dynamic interval looping call 'nova.service.Service.periodic_tasks' sleeping for 60.00 seconds {{(pid=93538) _run_loop /opt/stack/data/venv/lib/python3.12/site-packages/oslo_service/backend/_threading/loopingcall.py:125}}
Aug 17 09:26:16.047257 np0000007478 nova-scheduler[93536]: DEBUG nova.scheduler.manager [None req-5badaa2d-462b-4238-bbc4-a1b9c0ce3c22 tempest-DeleteServersTestJSON-1554214845 tempest-DeleteServersTestJSON-1554214845-project-member] Starting to schedule for instances: ['eb0e624f-6c72-4610-9edd-70f4818d514e'] {{(pid=93536) select_destinations /opt/stack/nova/nova/scheduler/manager.py:197}}
Aug 17 09:26:16.047992 np0000007478 nova-scheduler[93536]: DEBUG nova.scheduler.request_filter [None req-5badaa2d-462b-4238-bbc4-a1b9c0ce3c22 tempest-DeleteServersTestJSON-1554214845 tempest-DeleteServersTestJSON-1554214845-project-member] compute_status_filter request filter added forbidden trait COMPUTE_STATUS_DISABLED {{(pid=93536) compute_status_filter /opt/stack/nova/nova/scheduler/request_filter.py:253}}
Aug 17 09:26:16.048163 np0000007478 nova-scheduler[93536]: DEBUG nova.scheduler.request_filter [None req-5badaa2d-462b-4238-bbc4-a1b9c0ce3c22 tempest-DeleteServersTestJSON-1554214845 tempest-DeleteServersTestJSON-1554214845-project-member] Request filter 'compute_status_filter' took 0.0 seconds {{(pid=93536) wrapper /opt/stack/nova/nova/scheduler/request_filter.py:46}}
Aug 17 09:26:16.048446 np0000007478 nova-scheduler[93536]: DEBUG nova.scheduler.request_filter [None req-5badaa2d-462b-4238-bbc4-a1b9c0ce3c22 tempest-DeleteServersTestJSON-1554214845 tempest-DeleteServersTestJSON-1554214845-project-member] Request filter 'accelerators_filter' took 0.0 seconds {{(pid=93536) wrapper /opt/stack/nova/nova/scheduler/request_filter.py:46}}
Aug 17 09:26:16.048690 np0000007478 nova-scheduler[93536]: DEBUG nova.scheduler.request_filter [None req-5badaa2d-462b-4238-bbc4-a1b9c0ce3c22 tempest-DeleteServersTestJSON-1554214845 tempest-DeleteServersTestJSON-1554214845-project-member] Request filter 'packed_virtqueue_filter' took 0.0 seconds {{(pid=93536) wrapper /opt/stack/nova/nova/scheduler/request_filter.py:46}}
Aug 17 09:26:16.049026 np0000007478 nova-scheduler[93536]: DEBUG nova.scheduler.request_filter [None req-5badaa2d-462b-4238-bbc4-a1b9c0ce3c22 tempest-DeleteServersTestJSON-1554214845 tempest-DeleteServersTestJSON-1554214845-project-member] Request filter 'remote_managed_ports_filter' took 0.0 seconds {{(pid=93536) wrapper /opt/stack/nova/nova/scheduler/request_filter.py:46}}
Aug 17 09:26:16.049238 np0000007478 nova-scheduler[93536]: DEBUG nova.scheduler.request_filter [None req-5badaa2d-462b-4238-bbc4-a1b9c0ce3c22 tempest-DeleteServersTestJSON-1554214845 tempest-DeleteServersTestJSON-1554214845-project-member] ephemeral_encryption_filter skipped {{(pid=93536) ephemeral_encryption_filter /opt/stack/nova/nova/scheduler/request_filter.py:426}}
Aug 17 09:26:16.049436 np0000007478 nova-scheduler[93536]: DEBUG nova.scheduler.request_filter [None req-5badaa2d-462b-4238-bbc4-a1b9c0ce3c22 tempest-DeleteServersTestJSON-1554214845 tempest-DeleteServersTestJSON-1554214845-project-member] virtio_sound_filter skipped {{(pid=93536) virtio_sound_filter /opt/stack/nova/nova/scheduler/request_filter.py:460}}
Aug 17 09:26:16.049589 np0000007478 nova-scheduler[93536]: DEBUG nova.scheduler.request_filter [None req-5badaa2d-462b-4238-bbc4-a1b9c0ce3c22 tempest-DeleteServersTestJSON-1554214845 tempest-DeleteServersTestJSON-1554214845-project-member] tpm_secret_security_filter skipped {{(pid=93536) tpm_secret_security_filter /opt/stack/nova/nova/scheduler/request_filter.py:477}}
Aug 17 09:26:16.488398 np0000007478 nova-scheduler[93536]: INFO nova.utils [None req-5badaa2d-462b-4238-bbc4-a1b9c0ce3c22 tempest-DeleteServersTestJSON-1554214845 tempest-DeleteServersTestJSON-1554214845-project-member] The cell worker thread pool ForkProcess-1.cell_worker is initialized
Aug 17 09:26:16.488750 np0000007478 nova-scheduler[93536]: DEBUG oslo_concurrency.lockutils [None req-5badaa2d-462b-4238-bbc4-a1b9c0ce3c22 tempest-DeleteServersTestJSON-1554214845 tempest-DeleteServersTestJSON-1554214845-project-member] Acquiring lock "e01de010-d925-4eef-9b58-4dd26cb50153" by "nova.context.set_target_cell..get_or_set_cached_cell_and_set_connections" {{(pid=93536) inner /opt/stack/data/venv/lib/python3.12/site-packages/oslo_concurrency/lockutils.py:512}}
Aug 17 09:26:16.488898 np0000007478 nova-scheduler[93536]: DEBUG oslo_concurrency.lockutils [None req-5badaa2d-462b-4238-bbc4-a1b9c0ce3c22 tempest-DeleteServersTestJSON-1554214845 tempest-DeleteServersTestJSON-1554214845-project-member] Lock "e01de010-d925-4eef-9b58-4dd26cb50153" acquired by "nova.context.set_target_cell..get_or_set_cached_cell_and_set_connections" :: waited 0.000s {{(pid=93536) inner /opt/stack/data/venv/lib/python3.12/site-packages/oslo_concurrency/lockutils.py:525}}
Aug 17 09:26:16.490076 np0000007478 nova-scheduler[93536]: DEBUG oslo_concurrency.lockutils [None req-5badaa2d-462b-4238-bbc4-a1b9c0ce3c22 tempest-DeleteServersTestJSON-1554214845 tempest-DeleteServersTestJSON-1554214845-project-member] Lock "e01de010-d925-4eef-9b58-4dd26cb50153" "released" by "nova.context.set_target_cell..get_or_set_cached_cell_and_set_connections" :: held 0.001s {{(pid=93536) inner /opt/stack/data/venv/lib/python3.12/site-packages/oslo_concurrency/lockutils.py:544}}
Aug 17 09:26:16.491985 np0000007478 nova-scheduler[93536]: INFO dbcounter [None req-5badaa2d-462b-4238-bbc4-a1b9c0ce3c22 tempest-DeleteServersTestJSON-1554214845 tempest-DeleteServersTestJSON-1554214845-project-member] Registered counter for database nova_cell1
Aug 17 09:26:16.523127 np0000007478 nova-scheduler[93536]: DEBUG oslo_db.sqlalchemy.engines [None req-5badaa2d-462b-4238-bbc4-a1b9c0ce3c22 tempest-DeleteServersTestJSON-1554214845 tempest-DeleteServersTestJSON-1554214845-project-member] MySQL server mode set to STRICT_TRANS_TABLES,STRICT_ALL_TABLES,NO_ZERO_IN_DATE,NO_ZERO_DATE,ERROR_FOR_DIVISION_BY_ZERO,TRADITIONAL,NO_ENGINE_SUBSTITUTION {{(pid=93536) _check_effective_sql_mode /opt/stack/data/venv/lib/python3.12/site-packages/oslo_db/sqlalchemy/engines.py:325}}
Aug 17 09:26:16.527450 np0000007478 nova-scheduler[93536]: DEBUG dbcounter [-] [93536] Writer thread running {{(pid=93536) stat_writer /opt/stack/data/venv/lib/python3.12/site-packages/dbcounter.py:102}}
Aug 17 09:26:16.536891 np0000007478 nova-scheduler[93536]: DEBUG oslo_db.sqlalchemy.engines [None req-5badaa2d-462b-4238-bbc4-a1b9c0ce3c22 tempest-DeleteServersTestJSON-1554214845 tempest-DeleteServersTestJSON-1554214845-project-member] Parent process 92257 forked (93536) with an open database connection, which is being discarded and recreated. {{(pid=93536) checkout /opt/stack/data/venv/lib/python3.12/site-packages/oslo_db/sqlalchemy/engines.py:402}}
Aug 17 09:26:16.572469 np0000007478 nova-scheduler[93536]: DEBUG dbcounter [-] [93536] Writer thread running {{(pid=93536) stat_writer /opt/stack/data/venv/lib/python3.12/site-packages/dbcounter.py:102}}
Aug 17 09:26:16.574697 np0000007478 nova-scheduler[93536]: DEBUG oslo_concurrency.lockutils [None req-5badaa2d-462b-4238-bbc4-a1b9c0ce3c22 tempest-DeleteServersTestJSON-1554214845 tempest-DeleteServersTestJSON-1554214845-project-member] Acquiring lock "e01de010-d925-4eef-9b58-4dd26cb50153" by "nova.context.set_target_cell..get_or_set_cached_cell_and_set_connections" {{(pid=93536) inner /opt/stack/data/venv/lib/python3.12/site-packages/oslo_concurrency/lockutils.py:512}}
Aug 17 09:26:16.575139 np0000007478 nova-scheduler[93536]: DEBUG oslo_concurrency.lockutils [None req-5badaa2d-462b-4238-bbc4-a1b9c0ce3c22 tempest-DeleteServersTestJSON-1554214845 tempest-DeleteServersTestJSON-1554214845-project-member] Lock "e01de010-d925-4eef-9b58-4dd26cb50153" acquired by "nova.context.set_target_cell..get_or_set_cached_cell_and_set_connections" :: waited 0.000s {{(pid=93536) inner /opt/stack/data/venv/lib/python3.12/site-packages/oslo_concurrency/lockutils.py:525}}
Aug 17 09:26:16.575272 np0000007478 nova-scheduler[93536]: DEBUG oslo_concurrency.lockutils [None req-5badaa2d-462b-4238-bbc4-a1b9c0ce3c22 tempest-DeleteServersTestJSON-1554214845 tempest-DeleteServersTestJSON-1554214845-project-member] Lock "e01de010-d925-4eef-9b58-4dd26cb50153" "released" by "nova.context.set_target_cell..get_or_set_cached_cell_and_set_connections" :: held 0.000s {{(pid=93536) inner /opt/stack/data/venv/lib/python3.12/site-packages/oslo_concurrency/lockutils.py:544}}
Aug 17 09:26:16.578434 np0000007478 nova-scheduler[93536]: DEBUG oslo_concurrency.lockutils [None req-5badaa2d-462b-4238-bbc4-a1b9c0ce3c22 tempest-DeleteServersTestJSON-1554214845 tempest-DeleteServersTestJSON-1554214845-project-member] Acquiring lock "np0000007478-np0000007478" by "nova.scheduler.host_manager.HostState.update.._locked_update" {{(pid=93536) inner /opt/stack/data/venv/lib/python3.12/site-packages/oslo_concurrency/lockutils.py:512}}
Aug 17 09:26:16.578599 np0000007478 nova-scheduler[93536]: DEBUG oslo_concurrency.lockutils [None req-5badaa2d-462b-4238-bbc4-a1b9c0ce3c22 tempest-DeleteServersTestJSON-1554214845 tempest-DeleteServersTestJSON-1554214845-project-member] Lock "np0000007478-np0000007478" acquired by "nova.scheduler.host_manager.HostState.update.._locked_update" :: waited 0.000s {{(pid=93536) inner /opt/stack/data/venv/lib/python3.12/site-packages/oslo_concurrency/lockutils.py:525}}
Aug 17 09:26:16.579661 np0000007478 nova-scheduler[93536]: DEBUG nova.scheduler.host_manager [None req-5badaa2d-462b-4238-bbc4-a1b9c0ce3c22 tempest-DeleteServersTestJSON-1554214845 tempest-DeleteServersTestJSON-1554214845-project-member] Update host state from compute node: ComputeNode(cpu_allocation_ratio=4.0,cpu_info='{"arch": "x86_64", "model": "EPYC-Milan", "vendor": "AMD", "topology": {"cells": 1, "sockets": 16, "cores": 1, "threads": 1}, "maxphysaddr": {"mode": "emulate", "bits": 40}, "features": ["clwb", "msr", "sse", "cx16", "popcnt", "fxsr_opt", "no-nested-data-bp", "sse2", "3dnowprefetch", "rdpid", "stibp", "mmx", "mds-no", "sse4.2", "rdrand", "syscall", "avx", "sse4.1", "vme", "pni", "hypervisor", "xsaves", "pschange-mc-no", "vpclmulqdq", "abm", "stibp-always-on", "virt-ssbd", "misalignsse", "npt", "lahf_lm", "pcid", "pse36", "tsc-scale", "sep", "mmxext", "pclmuldq", "aes", "fxsr", "invpcid", "clzero", "mce", "nrip-save", "f16c", "vaes", "mca", "mtrr", "pae", "ssse3", "svm", "xgetbv1", "tsc-deadline", "osvw", "sha-ni", "movbe", "lfence-always-serializing", "sse4a", "pdpe1gb", "amd-ssbd", "erms", "smep", "xsaveopt", "wbnoinvd", "nx", "clflush", "rdseed", "apic", "amd-stibp", "tsc_adjust", "pat", "ibrs", "perfctr_core", "cmp_legacy", "cr8legacy", "rdctl-no", "cx8", "svme-addr-chk", "smap", "lm", "fma", "avx2", "topoext", "xsavec", "skip-l1dfl-vmentry", "v-vmsave-vmload", "fsgsbase", "ssbd", "vmcb-clean", "pge", "null-sel-clr-base", "x2apic", "rdtscp", "fsrm", "arat", "amd-psfd", "lbrv", "pse", "cmov", "adx", "xsaveerptr", "pku", "ibpb", "pfthreshold", "fpu", "umip", "vgif", "xsave", "tsc", "spec-ctrl", "de", "arch-capabilities", "pause-filter", "bmi1", "flushbyasid", "gds-no", "clflushopt", "bmi2"]}',created_at=2026-08-17T09:24:10Z,current_workload=0,deleted=False,deleted_at=None,disk_allocation_ratio=1.0,disk_available_least=73,free_disk_gb=95,free_ram_mb=62765,host='np0000007478',host_ip=10.4.3.101,hypervisor_hostname='np0000007478',hypervisor_type='QEMU',hypervisor_version=8002002,id=1,local_gb=95,local_gb_used=0,mapped=1,memory_mb=63277,memory_mb_used=512,metrics='[]',numa_topology='{"nova_object.name": "NUMATopology", "nova_object.namespace": "nova", "nova_object.version": "1.2", "nova_object.data": {"cells": [{"nova_object.name": "NUMACell", "nova_object.namespace": "nova", "nova_object.version": "1.5", "nova_object.data": {"id": 0, "cpuset": [0, 1, 2, 3, 4, 5, 6, 7, 8, 9, 10, 11, 12, 13, 14, 15], "pcpuset": [0, 1, 2, 3, 4, 5, 6, 7, 8, 9, 10, 11, 12, 13, 14, 15], "memory": 63277, "cpu_usage": 0, "memory_usage": 0, "pinned_cpus": [], "siblings": [[6], [12], [2], [15], [5], [11], [8], [14], [4], [1], [7], [10], [0], [13], [3], [9]], "mempages": [{"nova_object.name": "NUMAPagesTopology", "nova_object.namespace": "nova", "nova_object.version": "1.1", "nova_object.data": {"size_kb": 4, "total": 16177929, "used": 0, "reserved": 0}, "nova_object.changes": ["total", "size_kb", "used", "reserved"]}, {"nova_object.name": "NUMAPagesTopology", "nova_object.namespace": "nova", "nova_object.version": "1.1", "nova_object.data": {"size_kb": 2048, "total": 41, "used": 0, "reserved": 0}, "nova_object.changes": ["total", "size_kb", "used", "reserved"]}, {"nova_object.name": "NUMAPagesTopology", "nova_object.namespace": "nova", "nova_object.version": "1.1", "nova_object.data": {"size_kb": 1048576, "total": 0, "used": 0, "reserved": 0}, "nova_object.changes": ["total", "size_kb", "used", "reserved"]}], "network_metadata": {"nova_object.name": "NetworkMetadata", "nova_object.namespace": "nova", "nova_object.version": "1.0", "nova_object.data": {"physnets": [], "tunneled": false}, "nova_object.changes": ["tunneled", "physnets"]}, "socket": null}, "nova_object.changes": ["memory_usage", "cpu_usage", "siblings", "pcpuset", "pinned_cpus", "memory", "id", "mempages", "socket", "network_metadata", "cpuset"]}]}, "nova_object.changes": ["cells"]}',pci_device_pools=PciDevicePoolList,ram_allocation_ratio=1.0,running_vms=0,service_id=2,stats={failed_builds='0',uptime=' 09:25:59 up 13 min, 2 users, load average: 1.23, 1.31, 0.75
Aug 17 09:26:16.579661 np0000007478 nova-scheduler[93536]: '},supported_hv_specs=[HVSpec,HVSpec,HVSpec,HVSpec,HVSpec,HVSpec,HVSpec,HVSpec,HVSpec,HVSpec,HVSpec,HVSpec,HVSpec,HVSpec,HVSpec,HVSpec,HVSpec,HVSpec,HVSpec,HVSpec,HVSpec,HVSpec,HVSpec,HVSpec,HVSpec],updated_at=2026-08-17T09:26:00Z,uuid=b6368312-3e83-4787-85c2-9b90521c8a8b,vcpus=16,vcpus_used=0) {{(pid=93536) _locked_update /opt/stack/nova/nova/scheduler/host_manager.py:168}}
Aug 17 09:26:16.580366 np0000007478 nova-scheduler[93536]: DEBUG nova.scheduler.host_manager [None req-5badaa2d-462b-4238-bbc4-a1b9c0ce3c22 tempest-DeleteServersTestJSON-1554214845 tempest-DeleteServersTestJSON-1554214845-project-member] Update host state with aggregates: [] {{(pid=93536) _locked_update /opt/stack/nova/nova/scheduler/host_manager.py:171}}
Aug 17 09:26:16.580507 np0000007478 nova-scheduler[93536]: DEBUG nova.scheduler.host_manager [None req-5badaa2d-462b-4238-bbc4-a1b9c0ce3c22 tempest-DeleteServersTestJSON-1554214845 tempest-DeleteServersTestJSON-1554214845-project-member] Update host state with service dict: {'id': 2, 'uuid': 'f111a6fd-7283-4045-91d9-9a12fb8cb31e', 'host': 'np0000007478', 'binary': 'nova-compute', 'topic': 'compute', 'report_count': 2, 'disabled': False, 'disabled_reason': None, 'last_seen_up': datetime.datetime(2026, 8, 17, 9, 26, 16, tzinfo=datetime.timezone.utc), 'forced_down': False, 'version': 72, 'created_at': datetime.datetime(2026, 8, 17, 9, 24, 10, tzinfo=datetime.timezone.utc), 'updated_at': datetime.datetime(2026, 8, 17, 9, 26, 16, tzinfo=datetime.timezone.utc), 'deleted_at': None, 'deleted': False} {{(pid=93536) _locked_update /opt/stack/nova/nova/scheduler/host_manager.py:174}}
Aug 17 09:26:16.580643 np0000007478 nova-scheduler[93536]: DEBUG nova.scheduler.host_manager [None req-5badaa2d-462b-4238-bbc4-a1b9c0ce3c22 tempest-DeleteServersTestJSON-1554214845 tempest-DeleteServersTestJSON-1554214845-project-member] Update host state with instances: [] {{(pid=93536) _locked_update /opt/stack/nova/nova/scheduler/host_manager.py:177}}
Aug 17 09:26:16.580763 np0000007478 nova-scheduler[93536]: DEBUG oslo_concurrency.lockutils [None req-5badaa2d-462b-4238-bbc4-a1b9c0ce3c22 tempest-DeleteServersTestJSON-1554214845 tempest-DeleteServersTestJSON-1554214845-project-member] Lock "np0000007478-np0000007478" "released" by "nova.scheduler.host_manager.HostState.update.._locked_update" :: held 0.002s {{(pid=93536) inner /opt/stack/data/venv/lib/python3.12/site-packages/oslo_concurrency/lockutils.py:544}}
Aug 17 09:26:16.581186 np0000007478 nova-scheduler[93536]: DEBUG nova.filters [None req-5badaa2d-462b-4238-bbc4-a1b9c0ce3c22 tempest-DeleteServersTestJSON-1554214845 tempest-DeleteServersTestJSON-1554214845-project-member] Starting with 1 host(s) {{(pid=93536) get_filtered_objects /opt/stack/nova/nova/filters.py:70}}
Aug 17 09:26:16.581394 np0000007478 nova-scheduler[93536]: DEBUG nova.filters [None req-5badaa2d-462b-4238-bbc4-a1b9c0ce3c22 tempest-DeleteServersTestJSON-1554214845 tempest-DeleteServersTestJSON-1554214845-project-member] Filter ComputeFilter returned 1 host(s) {{(pid=93536) get_filtered_objects /opt/stack/nova/nova/filters.py:102}}
Aug 17 09:26:16.581572 np0000007478 nova-scheduler[93536]: DEBUG nova.filters [None req-5badaa2d-462b-4238-bbc4-a1b9c0ce3c22 tempest-DeleteServersTestJSON-1554214845 tempest-DeleteServersTestJSON-1554214845-project-member] Filter ComputeCapabilitiesFilter returned 1 host(s) {{(pid=93536) get_filtered_objects /opt/stack/nova/nova/filters.py:102}}
Aug 17 09:26:16.581783 np0000007478 nova-scheduler[93536]: DEBUG nova.filters [None req-5badaa2d-462b-4238-bbc4-a1b9c0ce3c22 tempest-DeleteServersTestJSON-1554214845 tempest-DeleteServersTestJSON-1554214845-project-member] Filter ImagePropertiesFilter returned 1 host(s) {{(pid=93536) get_filtered_objects /opt/stack/nova/nova/filters.py:102}}
Aug 17 09:26:16.581917 np0000007478 nova-scheduler[93536]: DEBUG nova.filters [None req-5badaa2d-462b-4238-bbc4-a1b9c0ce3c22 tempest-DeleteServersTestJSON-1554214845 tempest-DeleteServersTestJSON-1554214845-project-member] Filter ServerGroupAntiAffinityFilter returned 1 host(s) {{(pid=93536) get_filtered_objects /opt/stack/nova/nova/filters.py:102}}
Aug 17 09:26:16.582365 np0000007478 nova-scheduler[93536]: DEBUG nova.filters [None req-5badaa2d-462b-4238-bbc4-a1b9c0ce3c22 tempest-DeleteServersTestJSON-1554214845 tempest-DeleteServersTestJSON-1554214845-project-member] Filter ServerGroupAffinityFilter returned 1 host(s) {{(pid=93536) get_filtered_objects /opt/stack/nova/nova/filters.py:102}}
Aug 17 09:26:16.582539 np0000007478 nova-scheduler[93536]: DEBUG nova.filters [None req-5badaa2d-462b-4238-bbc4-a1b9c0ce3c22 tempest-DeleteServersTestJSON-1554214845 tempest-DeleteServersTestJSON-1554214845-project-member] Filter SameHostFilter returned 1 host(s) {{(pid=93536) get_filtered_objects /opt/stack/nova/nova/filters.py:102}}
Aug 17 09:26:16.582669 np0000007478 nova-scheduler[93536]: DEBUG nova.filters [None req-5badaa2d-462b-4238-bbc4-a1b9c0ce3c22 tempest-DeleteServersTestJSON-1554214845 tempest-DeleteServersTestJSON-1554214845-project-member] Filter DifferentHostFilter returned 1 host(s) {{(pid=93536) get_filtered_objects /opt/stack/nova/nova/filters.py:102}}
Aug 17 09:26:16.582827 np0000007478 nova-scheduler[93536]: DEBUG nova.scheduler.manager [None req-5badaa2d-462b-4238-bbc4-a1b9c0ce3c22 tempest-DeleteServersTestJSON-1554214845 tempest-DeleteServersTestJSON-1554214845-project-member] Filtered [(np0000007478, np0000007478) ram: 62765MB disk: 74752MB io_ops: 0 instances: 0, allocation_candidates: 1] {{(pid=93536) _get_sorted_hosts /opt/stack/nova/nova/scheduler/manager.py:730}}
Aug 17 09:26:16.583211 np0000007478 nova-scheduler[93536]: DEBUG nova.scheduler.manager [None req-5badaa2d-462b-4238-bbc4-a1b9c0ce3c22 tempest-DeleteServersTestJSON-1554214845 tempest-DeleteServersTestJSON-1554214845-project-member] Weighed [WeighedHost [host: (np0000007478, np0000007478) ram: 62765MB disk: 74752MB io_ops: 0 instances: 0, allocation_candidates: 1, weight: 0.0]] {{(pid=93536) _get_sorted_hosts /opt/stack/nova/nova/scheduler/manager.py:752}}
Aug 17 09:26:16.583396 np0000007478 nova-scheduler[93536]: DEBUG nova.scheduler.utils [None req-5badaa2d-462b-4238-bbc4-a1b9c0ce3c22 tempest-DeleteServersTestJSON-1554214845 tempest-DeleteServersTestJSON-1554214845-project-member] Attempting to claim resources in the placement API for instance eb0e624f-6c72-4610-9edd-70f4818d514e {{(pid=93536) claim_resources /opt/stack/nova/nova/scheduler/utils.py:1345}}
Aug 17 09:26:16.714768 np0000007478 nova-scheduler[93536]: DEBUG nova.scheduler.manager [None req-5badaa2d-462b-4238-bbc4-a1b9c0ce3c22 tempest-DeleteServersTestJSON-1554214845 tempest-DeleteServersTestJSON-1554214845-project-member] [instance: eb0e624f-6c72-4610-9edd-70f4818d514e] Selected host: (np0000007478, np0000007478) ram: 62765MB disk: 74752MB io_ops: 0 instances: 0, allocation_candidates: 1 {{(pid=93536) _consume_selected_host /opt/stack/nova/nova/scheduler/manager.py:612}}
Aug 17 09:26:16.715097 np0000007478 nova-scheduler[93536]: DEBUG oslo_concurrency.lockutils [None req-5badaa2d-462b-4238-bbc4-a1b9c0ce3c22 tempest-DeleteServersTestJSON-1554214845 tempest-DeleteServersTestJSON-1554214845-project-member] Acquiring lock "np0000007478-np0000007478" by "nova.scheduler.host_manager.HostState.consume_from_request.._locked" {{(pid=93536) inner /opt/stack/data/venv/lib/python3.12/site-packages/oslo_concurrency/lockutils.py:512}}
Aug 17 09:26:16.715308 np0000007478 nova-scheduler[93536]: DEBUG oslo_concurrency.lockutils [None req-5badaa2d-462b-4238-bbc4-a1b9c0ce3c22 tempest-DeleteServersTestJSON-1554214845 tempest-DeleteServersTestJSON-1554214845-project-member] Lock "np0000007478-np0000007478" acquired by "nova.scheduler.host_manager.HostState.consume_from_request.._locked" :: waited 0.000s {{(pid=93536) inner /opt/stack/data/venv/lib/python3.12/site-packages/oslo_concurrency/lockutils.py:525}}
Aug 17 09:26:16.715515 np0000007478 nova-scheduler[93536]: DEBUG oslo_concurrency.lockutils [None req-5badaa2d-462b-4238-bbc4-a1b9c0ce3c22 tempest-DeleteServersTestJSON-1554214845 tempest-DeleteServersTestJSON-1554214845-project-member] Lock "np0000007478-np0000007478" "released" by "nova.scheduler.host_manager.HostState.consume_from_request.._locked" :: held 0.000s {{(pid=93536) inner /opt/stack/data/venv/lib/python3.12/site-packages/oslo_concurrency/lockutils.py:544}}
Aug 17 09:26:18.460032 np0000007478 nova-scheduler[93540]: DEBUG oslo.service.backend._threading.loopingcall [None req-d316eaac-36cc-4aab-84fd-899bf3e4b8dd None None] Dynamic interval looping call 'nova.service.Service.periodic_tasks' sleeping for 60.00 seconds {{(pid=93540) _run_loop /opt/stack/data/venv/lib/python3.12/site-packages/oslo_service/backend/_threading/loopingcall.py:125}}
Aug 17 09:26:21.231280 np0000007478 nova-scheduler[93538]: DEBUG nova.scheduler.manager [None req-b0ddef25-636d-476f-b223-c9ca0e346f6c tempest-ServerBootFromVolumeStableRescueTest-210802993 tempest-ServerBootFromVolumeStableRescueTest-210802993-project-member] Starting to schedule for instances: ['4599e0b0-f2e1-4991-8e3a-def8b81ed7d7'] {{(pid=93538) select_destinations /opt/stack/nova/nova/scheduler/manager.py:197}}
Aug 17 09:26:21.231785 np0000007478 nova-scheduler[93538]: DEBUG nova.scheduler.request_filter [None req-b0ddef25-636d-476f-b223-c9ca0e346f6c tempest-ServerBootFromVolumeStableRescueTest-210802993 tempest-ServerBootFromVolumeStableRescueTest-210802993-project-member] compute_status_filter request filter added forbidden trait COMPUTE_STATUS_DISABLED {{(pid=93538) compute_status_filter /opt/stack/nova/nova/scheduler/request_filter.py:253}}
Aug 17 09:26:21.232178 np0000007478 nova-scheduler[93538]: DEBUG nova.scheduler.request_filter [None req-b0ddef25-636d-476f-b223-c9ca0e346f6c tempest-ServerBootFromVolumeStableRescueTest-210802993 tempest-ServerBootFromVolumeStableRescueTest-210802993-project-member] Request filter 'compute_status_filter' took 0.0 seconds {{(pid=93538) wrapper /opt/stack/nova/nova/scheduler/request_filter.py:46}}
Aug 17 09:26:21.232376 np0000007478 nova-scheduler[93538]: DEBUG nova.scheduler.request_filter [None req-b0ddef25-636d-476f-b223-c9ca0e346f6c tempest-ServerBootFromVolumeStableRescueTest-210802993 tempest-ServerBootFromVolumeStableRescueTest-210802993-project-member] Request filter 'accelerators_filter' took 0.0 seconds {{(pid=93538) wrapper /opt/stack/nova/nova/scheduler/request_filter.py:46}}
Aug 17 09:26:21.232582 np0000007478 nova-scheduler[93538]: DEBUG nova.scheduler.request_filter [None req-b0ddef25-636d-476f-b223-c9ca0e346f6c tempest-ServerBootFromVolumeStableRescueTest-210802993 tempest-ServerBootFromVolumeStableRescueTest-210802993-project-member] Request filter 'packed_virtqueue_filter' took 0.0 seconds {{(pid=93538) wrapper /opt/stack/nova/nova/scheduler/request_filter.py:46}}
Aug 17 09:26:21.232816 np0000007478 nova-scheduler[93538]: DEBUG nova.scheduler.request_filter [None req-b0ddef25-636d-476f-b223-c9ca0e346f6c tempest-ServerBootFromVolumeStableRescueTest-210802993 tempest-ServerBootFromVolumeStableRescueTest-210802993-project-member] Request filter 'remote_managed_ports_filter' took 0.0 seconds {{(pid=93538) wrapper /opt/stack/nova/nova/scheduler/request_filter.py:46}}
Aug 17 09:26:21.232944 np0000007478 nova-scheduler[93538]: DEBUG nova.scheduler.request_filter [None req-b0ddef25-636d-476f-b223-c9ca0e346f6c tempest-ServerBootFromVolumeStableRescueTest-210802993 tempest-ServerBootFromVolumeStableRescueTest-210802993-project-member] ephemeral_encryption_filter skipped {{(pid=93538) ephemeral_encryption_filter /opt/stack/nova/nova/scheduler/request_filter.py:426}}
Aug 17 09:26:21.233156 np0000007478 nova-scheduler[93538]: DEBUG nova.scheduler.request_filter [None req-b0ddef25-636d-476f-b223-c9ca0e346f6c tempest-ServerBootFromVolumeStableRescueTest-210802993 tempest-ServerBootFromVolumeStableRescueTest-210802993-project-member] virtio_sound_filter skipped {{(pid=93538) virtio_sound_filter /opt/stack/nova/nova/scheduler/request_filter.py:460}}
Aug 17 09:26:21.233314 np0000007478 nova-scheduler[93538]: DEBUG nova.scheduler.request_filter [None req-b0ddef25-636d-476f-b223-c9ca0e346f6c tempest-ServerBootFromVolumeStableRescueTest-210802993 tempest-ServerBootFromVolumeStableRescueTest-210802993-project-member] tpm_secret_security_filter skipped {{(pid=93538) tpm_secret_security_filter /opt/stack/nova/nova/scheduler/request_filter.py:477}}
