Aug 17 09:24:06.416494 np0000007478 devstack@neutron-api.service[87640]: DEBUG dbcounter [-] [87640] Writing DB stats neutron:SELECT=461,neutron:INSERT=19,neutron:DELETE=6,neutron:UPDATE=22 {{(pid=87640) stat_writer /opt/stack/data/venv/lib/python3.12/site-packages/dbcounter.py:115}}
Aug 17 09:24:06.438444 np0000007478 devstack@neutron-api.service[87638]: DEBUG dbcounter [-] [87638] Writing DB stats neutron:UPDATE=1,neutron:SELECT=1 {{(pid=87638) stat_writer /opt/stack/data/venv/lib/python3.12/site-packages/dbcounter.py:115}}
Aug 17 09:24:10.557448 np0000007478 devstack@neutron-api.service[87639]: DEBUG futurist.periodics [-] Submitting periodic callback 'neutron.plugins.ml2.drivers.ovn.mech_driver.ovsdb.maintenance.HashRingHealthCheckPeriodics.touch_hash_ring_node' {{(pid=87639) _process_scheduled /opt/stack/data/venv/lib/python3.12/site-packages/futurist/periodics.py:784}}
Aug 17 09:24:10.557789 np0000007478 devstack@neutron-api.service[87639]: DEBUG neutron.plugins.ml2.drivers.ovn.mech_driver.ovsdb.maintenance [-] Touching Hash Ring node "0933a05ce862592697ae0e42dfc0e347" from periodic health check thread {{(pid=87639) touch_hash_ring_node /opt/stack/neutron/neutron/plugins/ml2/drivers/ovn/mech_driver/ovsdb/maintenance.py:1453}}
Aug 17 09:24:11.408287 np0000007478 devstack@neutron-api.service[87640]: DEBUG futurist.periodics [-] Submitting periodic callback 'neutron.plugins.ml2.drivers.ovn.mech_driver.ovsdb.maintenance.HashRingHealthCheckPeriodics.touch_hash_ring_node' {{(pid=87640) _process_scheduled /opt/stack/data/venv/lib/python3.12/site-packages/futurist/periodics.py:784}}
Aug 17 09:24:11.408720 np0000007478 devstack@neutron-api.service[87640]: DEBUG neutron.plugins.ml2.drivers.ovn.mech_driver.ovsdb.maintenance [-] Touching Hash Ring node "3cb4404632695d90a11720e587efc4b1" from periodic health check thread {{(pid=87640) touch_hash_ring_node /opt/stack/neutron/neutron/plugins/ml2/drivers/ovn/mech_driver/ovsdb/maintenance.py:1453}}
Aug 17 09:24:11.431643 np0000007478 devstack@neutron-api.service[87638]: DEBUG futurist.periodics [-] Submitting periodic callback 'neutron.plugins.ml2.drivers.ovn.mech_driver.ovsdb.maintenance.HashRingHealthCheckPeriodics.touch_hash_ring_node' {{(pid=87638) _process_scheduled /opt/stack/data/venv/lib/python3.12/site-packages/futurist/periodics.py:784}}
Aug 17 09:24:11.432014 np0000007478 devstack@neutron-api.service[87638]: DEBUG neutron.plugins.ml2.drivers.ovn.mech_driver.ovsdb.maintenance [-] Touching Hash Ring node "b498123d3fbc5d6eae4fd449831f9042" from periodic health check thread {{(pid=87638) touch_hash_ring_node /opt/stack/neutron/neutron/plugins/ml2/drivers/ovn/mech_driver/ovsdb/maintenance.py:1453}}
Aug 17 09:24:20.564385 np0000007478 devstack@neutron-api.service[87639]: DEBUG dbcounter [-] [87639] Writing DB stats neutron:UPDATE=1,neutron:SELECT=1 {{(pid=87639) stat_writer /opt/stack/data/venv/lib/python3.12/site-packages/dbcounter.py:115}}
Aug 17 09:24:21.414510 np0000007478 devstack@neutron-api.service[87640]: DEBUG dbcounter [-] [87640] Writing DB stats neutron:UPDATE=1,neutron:SELECT=1 {{(pid=87640) stat_writer /opt/stack/data/venv/lib/python3.12/site-packages/dbcounter.py:115}}
Aug 17 09:24:21.437705 np0000007478 devstack@neutron-api.service[87638]: DEBUG dbcounter [-] [87638] Writing DB stats neutron:UPDATE=1,neutron:SELECT=1 {{(pid=87638) stat_writer /opt/stack/data/venv/lib/python3.12/site-packages/dbcounter.py:115}}
Aug 17 09:24:25.557868 np0000007478 devstack@neutron-api.service[87639]: DEBUG futurist.periodics [-] Submitting periodic callback 'neutron.plugins.ml2.drivers.ovn.mech_driver.ovsdb.maintenance.HashRingHealthCheckPeriodics.touch_hash_ring_node' {{(pid=87639) _process_scheduled /opt/stack/data/venv/lib/python3.12/site-packages/futurist/periodics.py:784}}
Aug 17 09:24:25.558390 np0000007478 devstack@neutron-api.service[87639]: DEBUG neutron.plugins.ml2.drivers.ovn.mech_driver.ovsdb.maintenance [-] Touching Hash Ring node "0933a05ce862592697ae0e42dfc0e347" from periodic health check thread {{(pid=87639) touch_hash_ring_node /opt/stack/neutron/neutron/plugins/ml2/drivers/ovn/mech_driver/ovsdb/maintenance.py:1453}}
Aug 17 09:24:26.408772 np0000007478 devstack@neutron-api.service[87640]: DEBUG futurist.periodics [-] Submitting periodic callback 'neutron.plugins.ml2.drivers.ovn.mech_driver.ovsdb.maintenance.HashRingHealthCheckPeriodics.touch_hash_ring_node' {{(pid=87640) _process_scheduled /opt/stack/data/venv/lib/python3.12/site-packages/futurist/periodics.py:784}}
Aug 17 09:24:26.409307 np0000007478 devstack@neutron-api.service[87640]: DEBUG neutron.plugins.ml2.drivers.ovn.mech_driver.ovsdb.maintenance [-] Touching Hash Ring node "3cb4404632695d90a11720e587efc4b1" from periodic health check thread {{(pid=87640) touch_hash_ring_node /opt/stack/neutron/neutron/plugins/ml2/drivers/ovn/mech_driver/ovsdb/maintenance.py:1453}}
Aug 17 09:24:26.432100 np0000007478 devstack@neutron-api.service[87638]: DEBUG futurist.periodics [-] Submitting periodic callback 'neutron.plugins.ml2.drivers.ovn.mech_driver.ovsdb.maintenance.HashRingHealthCheckPeriodics.touch_hash_ring_node' {{(pid=87638) _process_scheduled /opt/stack/data/venv/lib/python3.12/site-packages/futurist/periodics.py:784}}
Aug 17 09:24:26.432412 np0000007478 devstack@neutron-api.service[87638]: DEBUG neutron.plugins.ml2.drivers.ovn.mech_driver.ovsdb.maintenance [-] Touching Hash Ring node "b498123d3fbc5d6eae4fd449831f9042" from periodic health check thread {{(pid=87638) touch_hash_ring_node /opt/stack/neutron/neutron/plugins/ml2/drivers/ovn/mech_driver/ovsdb/maintenance.py:1453}}
Aug 17 09:24:35.564164 np0000007478 devstack@neutron-api.service[87639]: DEBUG dbcounter [-] [87639] Writing DB stats neutron:UPDATE=1,neutron:SELECT=1 {{(pid=87639) stat_writer /opt/stack/data/venv/lib/python3.12/site-packages/dbcounter.py:115}}
Aug 17 09:24:36.415430 np0000007478 devstack@neutron-api.service[87640]: DEBUG dbcounter [-] [87640] Writing DB stats neutron:UPDATE=1,neutron:SELECT=1 {{(pid=87640) stat_writer /opt/stack/data/venv/lib/python3.12/site-packages/dbcounter.py:115}}
Aug 17 09:24:36.440632 np0000007478 devstack@neutron-api.service[87638]: DEBUG dbcounter [-] [87638] Writing DB stats neutron:UPDATE=1,neutron:SELECT=1 {{(pid=87638) stat_writer /opt/stack/data/venv/lib/python3.12/site-packages/dbcounter.py:115}}
Aug 17 09:24:40.558511 np0000007478 devstack@neutron-api.service[87639]: DEBUG futurist.periodics [-] Submitting periodic callback 'neutron.plugins.ml2.drivers.ovn.mech_driver.ovsdb.maintenance.HashRingHealthCheckPeriodics.touch_hash_ring_node' {{(pid=87639) _process_scheduled /opt/stack/data/venv/lib/python3.12/site-packages/futurist/periodics.py:784}}
Aug 17 09:24:40.559947 np0000007478 devstack@neutron-api.service[87639]: DEBUG neutron.plugins.ml2.drivers.ovn.mech_driver.ovsdb.maintenance [-] Touching Hash Ring node "0933a05ce862592697ae0e42dfc0e347" from periodic health check thread {{(pid=87639) touch_hash_ring_node /opt/stack/neutron/neutron/plugins/ml2/drivers/ovn/mech_driver/ovsdb/maintenance.py:1453}}
Aug 17 09:24:41.409387 np0000007478 devstack@neutron-api.service[87640]: DEBUG futurist.periodics [-] Submitting periodic callback 'neutron.plugins.ml2.drivers.ovn.mech_driver.ovsdb.maintenance.HashRingHealthCheckPeriodics.touch_hash_ring_node' {{(pid=87640) _process_scheduled /opt/stack/data/venv/lib/python3.12/site-packages/futurist/periodics.py:784}}
Aug 17 09:24:41.409777 np0000007478 devstack@neutron-api.service[87640]: DEBUG neutron.plugins.ml2.drivers.ovn.mech_driver.ovsdb.maintenance [-] Touching Hash Ring node "3cb4404632695d90a11720e587efc4b1" from periodic health check thread {{(pid=87640) touch_hash_ring_node /opt/stack/neutron/neutron/plugins/ml2/drivers/ovn/mech_driver/ovsdb/maintenance.py:1453}}
Aug 17 09:24:41.432509 np0000007478 devstack@neutron-api.service[87638]: DEBUG futurist.periodics [-] Submitting periodic callback 'neutron.plugins.ml2.drivers.ovn.mech_driver.ovsdb.maintenance.HashRingHealthCheckPeriodics.touch_hash_ring_node' {{(pid=87638) _process_scheduled /opt/stack/data/venv/lib/python3.12/site-packages/futurist/periodics.py:784}}
Aug 17 09:24:41.432815 np0000007478 devstack@neutron-api.service[87638]: DEBUG neutron.plugins.ml2.drivers.ovn.mech_driver.ovsdb.maintenance [-] Touching Hash Ring node "b498123d3fbc5d6eae4fd449831f9042" from periodic health check thread {{(pid=87638) touch_hash_ring_node /opt/stack/neutron/neutron/plugins/ml2/drivers/ovn/mech_driver/ovsdb/maintenance.py:1453}}
Aug 17 09:24:44.463952 np0000007478 devstack@neutron-api.service[87638]: DEBUG neutron.api.wsgi [None req-5866c59c-301b-4e43-88be-918808545853 admin admin] Missing Content-Type {{(pid=87638) get_content_type /opt/stack/neutron/neutron/api/wsgi.py:80}}
Aug 17 09:24:44.464548 np0000007478 devstack@neutron-api.service[87638]: DEBUG neutron.api.wsgi [None req-5866c59c-301b-4e43-88be-918808545853 admin admin] https://10.4.3.101/networking/v2.0/extensions returned with HTTP 200 {{(pid=87638) __call__ /opt/stack/neutron/neutron/api/wsgi.py:540}}
Aug 17 09:24:44.464670 np0000007478 devstack@neutron-api.service[87638]: [pid: 87638|app: 0|req: 11/34] 10.4.3.101 () {64 vars in 1292 bytes} [Mon Aug 17 09:24:44 2026] GET /networking/v2.0/extensions => generated 16171 bytes in 3 msecs (HTTP/1.1 200) 4 headers in 159 bytes (1 switches on core 0)
Aug 17 09:24:44.718946 np0000007478 devstack@neutron-api.service[87639]: INFO neutron.pecan_wsgi.hooks.translation [None req-bc5cd2d1-39e7-457a-9795-53309f46f430 admin admin] GET failed (client error): The resource could not be found.
Aug 17 09:24:44.719957 np0000007478 devstack@neutron-api.service[87639]: [pid: 87639|app: 0|req: 13/35] 10.4.3.101 () {64 vars in 1294 bytes} [Mon Aug 17 09:24:44 2026] GET /networking/v2.0/networks/public => generated 108 bytes in 11 msecs (HTTP/1.1 404) 4 headers in 164 bytes (1 switches on core 0)
Aug 17 09:24:44.760345 np0000007478 devstack@neutron-api.service[87640]: DEBUG neutron.pecan_wsgi.hooks.policy_enforcement [None req-fce5eb7e-4adb-43e0-901b-91f7f9d6cc13 admin admin] Attributes excluded by policy engine: ['standard_attr_id'] {{(pid=87640) _exclude_attributes_by_policy /opt/stack/neutron/neutron/pecan_wsgi/hooks/policy_enforcement.py:259}}
Aug 17 09:24:44.761477 np0000007478 devstack@neutron-api.service[87640]: [pid: 87640|app: 0|req: 12/36] 10.4.3.101 () {64 vars in 1309 bytes} [Mon Aug 17 09:24:44 2026] GET /networking/v2.0/networks?name=public => generated 759 bytes in 35 msecs (HTTP/1.1 200) 4 headers in 157 bytes (1 switches on core 0)
Aug 17 09:24:44.951153 np0000007478 devstack@neutron-api.service[87638]: DEBUG neutron.api.v2.base [None req-35d23692-8602-4241-bdc6-6809e4b1b242 admin admin] Request body: {'network': {'admin_state_up': True, 'shared': True, 'name': 'shared'}} {{(pid=87638) prepare_request_body /opt/stack/neutron/neutron/api/v2/base.py:727}}
Aug 17 09:24:44.961471 np0000007478 devstack@neutron-api.service[87638]: DEBUG neutron.pecan_wsgi.hooks.quota_enforcement [None req-35d23692-8602-4241-bdc6-6809e4b1b242 admin admin] Made reservation on behalf of 4f8b5b083c494a99b4fb902e9fcace2e for: {'network': 1} {{(pid=87638) before /opt/stack/neutron/neutron/pecan_wsgi/hooks/quota_enforcement.py:66}}
Aug 17 09:24:44.963911 np0000007478 devstack@neutron-api.service[87638]: DEBUG neutron_lib.callbacks.manager [None req-35d23692-8602-4241-bdc6-6809e4b1b242 admin admin] Publish callbacks ['neutron.plugins.ml2.plugin.SecurityGroupDbMixin._ensure_default_security_group_handler-815273'] for network (None), before_create {{(pid=87638) _notify_loop /opt/stack/data/venv/lib/python3.12/site-packages/neutron_lib/callbacks/manager.py:184}}
Aug 17 09:24:44.987033 np0000007478 devstack@neutron-api.service[87638]: WARNING neutron.services.revisions.revision_plugin [None req-35d23692-8602-4241-bdc6-6809e4b1b242 admin admin] Could not find related network for resource to bump revision.
Aug 17 09:24:45.011890 np0000007478 devstack@neutron-api.service[87638]: DEBUG neutron.plugins.ml2.drivers.helpers [None req-35d23692-8602-4241-bdc6-6809e4b1b242 admin admin] geneve segment allocate from pool success with {'geneve_vni': 45445} {{(pid=87638) allocate_partially_specified_segment /opt/stack/neutron/neutron/plugins/ml2/drivers/helpers.py:142}}
Aug 17 09:24:45.017726 np0000007478 devstack@neutron-api.service[87638]: DEBUG neutron_lib.callbacks.manager [None req-35d23692-8602-4241-bdc6-6809e4b1b242 admin admin] Publish callbacks ['neutron.plugins.ml2.plugin.Ml2Plugin._handle_segment_change-44705'] for segment (1d79796a-9510-4e44-af50-186197f296a2), precommit_create {{(pid=87638) _notify_loop /opt/stack/data/venv/lib/python3.12/site-packages/neutron_lib/callbacks/manager.py:184}}
Aug 17 09:24:45.017848 np0000007478 devstack@neutron-api.service[87638]: INFO neutron.db.segments_db [None req-35d23692-8602-4241-bdc6-6809e4b1b242 admin admin] Added segment 1d79796a-9510-4e44-af50-186197f296a2 of type geneve for network 4a9fefdc-85b6-46b4-9d3a-50e3d7bdeb21
Aug 17 09:24:45.028487 np0000007478 devstack@neutron-api.service[87638]: DEBUG neutron_lib.callbacks.manager [None req-35d23692-8602-4241-bdc6-6809e4b1b242 admin admin] Publish callbacks ['neutron.services.auto_allocate.db._ensure_external_network_default_value_callback-8467693131666'] for network (4a9fefdc-85b6-46b4-9d3a-50e3d7bdeb21), precommit_create {{(pid=87638) _notify_loop /opt/stack/data/venv/lib/python3.12/site-packages/neutron_lib/callbacks/manager.py:184}}
Aug 17 09:24:45.037218 np0000007478 devstack@neutron-api.service[87638]: DEBUG neutron.plugins.ml2.drivers.ovn.mech_driver.mech_driver [None req-35d23692-8602-4241-bdc6-6809e4b1b242 admin admin] Validating network segment with type geneve, segmentation ID 45445, physical network None {{(pid=87638) _validate_network_segments /opt/stack/neutron/neutron/plugins/ml2/drivers/ovn/mech_driver/mech_driver.py:624}}
Aug 17 09:24:45.037339 np0000007478 devstack@neutron-api.service[87638]: DEBUG neutron.db.ovn_revision_numbers_db [None req-35d23692-8602-4241-bdc6-6809e4b1b242 admin admin] create_initial_revision uuid=4a9fefdc-85b6-46b4-9d3a-50e3d7bdeb21, type=networks, rev=-1 {{(pid=87638) create_initial_revision /opt/stack/neutron/neutron/db/ovn_revision_numbers_db.py:98}}
Aug 17 09:24:45.042603 np0000007478 devstack@neutron-api.service[87638]: DEBUG neutron_lib.callbacks.manager [None req-35d23692-8602-4241-bdc6-6809e4b1b242 admin admin] Publish callbacks ['neutron.plugins.ml2.ovo_rpc._ObjectChangeHandler.handle_event-4187494'] for network (4a9fefdc-85b6-46b4-9d3a-50e3d7bdeb21), after_create {{(pid=87638) _notify_loop /opt/stack/data/venv/lib/python3.12/site-packages/neutron_lib/callbacks/manager.py:184}}
Aug 17 09:24:45.053482 np0000007478 devstack@neutron-api.service[87638]: DEBUG neutron.api.rpc.handlers.resources_rpc [None req-35d23692-8602-4241-bdc6-6809e4b1b242 admin admin] Pushing event updated for resources: {'Network': ['ID=4a9fefdc-85b6-46b4-9d3a-50e3d7bdeb21,revision_number=1']} {{(pid=87638) push /opt/stack/neutron/neutron/api/rpc/handlers/resources_rpc.py:237}}
Aug 17 09:24:45.057044 np0000007478 devstack@neutron-api.service[87638]: DEBUG ovsdbapp.backend.ovs_idl.transaction [None req-40669985-6d6c-48a3-bf13-08bee9b67d17 None None] Running txn n=1 command(idx=0): CheckLivenessCommand(_result=None) {{(pid=87638) do_commit /opt/stack/data/venv/lib/python3.12/site-packages/ovsdbapp/backend/ovs_idl/transaction.py:89}}
Aug 17 09:24:45.063665 np0000007478 devstack@neutron-api.service[87640]: DEBUG ovsdbapp.backend.ovs_idl.event [None req-8182a117-29c6-471e-976e-0dc7a9391f68 None None] Matched UPDATE: ChassisAgentWriteEvent(events=('create', 'update'), table='Chassis_Private', conditions=None, old_conditions=None), priority=20 to row=Chassis_Private(uuid=ef80661d-1dd0-46ae-9593-0147368fccde, chassis=f1b7928b-510f-4483-84f9-8e5afcc53497, external_ids={'neutron:ovn-bridge': 'br-int', 'neutron:ovn-neutron-agent-id': '5ec920e3-05db-5f8e-af5a-ce7225388061', 'neutron:ovn-neutron-agent-sb-cfg': '1'}, name='1ba3ed90-d809-44ac-851a-0bb7dc4bc614', nb_cfg=2, nb_cfg_timestamp=1786958685059) old=Chassis_Private(uuid=ef80661d-1dd0-46ae-9593-0147368fccde, nb_cfg=1, nb_cfg_timestamp=1786958612163) {{(pid=87640) matches /opt/stack/data/venv/lib/python3.12/site-packages/ovsdbapp/backend/ovs_idl/event.py:55}}
Aug 17 09:24:45.064179 np0000007478 devstack@neutron-api.service[87639]: DEBUG ovsdbapp.backend.ovs_idl.event [None req-23fadf31-6b0d-42e6-907b-0a00a1516f67 None None] Matched UPDATE: ChassisAgentWriteEvent(events=('create', 'update'), table='Chassis_Private', conditions=None, old_conditions=None), priority=20 to row=Chassis_Private(uuid=ef80661d-1dd0-46ae-9593-0147368fccde, chassis=f1b7928b-510f-4483-84f9-8e5afcc53497, external_ids={'neutron:ovn-bridge': 'br-int', 'neutron:ovn-neutron-agent-id': '5ec920e3-05db-5f8e-af5a-ce7225388061', 'neutron:ovn-neutron-agent-sb-cfg': '1'}, name='1ba3ed90-d809-44ac-851a-0bb7dc4bc614', nb_cfg=2, nb_cfg_timestamp=1786958685059) old=Chassis_Private(uuid=ef80661d-1dd0-46ae-9593-0147368fccde, nb_cfg=1, nb_cfg_timestamp=1786958612163) {{(pid=87639) matches /opt/stack/data/venv/lib/python3.12/site-packages/ovsdbapp/backend/ovs_idl/event.py:55}}
Aug 17 09:24:45.064482 np0000007478 devstack@neutron-api.service[87638]: DEBUG ovsdbapp.backend.ovs_idl.event [None req-9ba82173-9b52-4c05-ae26-ab545f8a5e5d None None] Matched UPDATE: ChassisAgentWriteEvent(events=('create', 'update'), table='Chassis_Private', conditions=None, old_conditions=None), priority=20 to row=Chassis_Private(uuid=ef80661d-1dd0-46ae-9593-0147368fccde, chassis=f1b7928b-510f-4483-84f9-8e5afcc53497, external_ids={'neutron:ovn-bridge': 'br-int', 'neutron:ovn-neutron-agent-id': '5ec920e3-05db-5f8e-af5a-ce7225388061', 'neutron:ovn-neutron-agent-sb-cfg': '1'}, name='1ba3ed90-d809-44ac-851a-0bb7dc4bc614', nb_cfg=2, nb_cfg_timestamp=1786958685059) old=Chassis_Private(uuid=ef80661d-1dd0-46ae-9593-0147368fccde, nb_cfg=1, nb_cfg_timestamp=1786958612163) {{(pid=87638) matches /opt/stack/data/venv/lib/python3.12/site-packages/ovsdbapp/backend/ovs_idl/event.py:55}}
Aug 17 09:24:45.068710 np0000007478 devstack@neutron-api.service[87639]: DEBUG neutron.common.ovn.hash_ring_manager [None req-b1dad1a1-8d91-46db-bdb3-f49290221691 None None] Hash Ring loaded. 3 active nodes. 0 offline nodes {{(pid=87639) _load_hash_ring /opt/stack/neutron/neutron/common/ovn/hash_ring_manager.py:110}}
Aug 17 09:24:45.069788 np0000007478 devstack@neutron-api.service[87638]: DEBUG neutron.common.ovn.hash_ring_manager [None req-40669985-6d6c-48a3-bf13-08bee9b67d17 None None] Hash Ring loaded. 3 active nodes. 0 offline nodes {{(pid=87638) _load_hash_ring /opt/stack/neutron/neutron/common/ovn/hash_ring_manager.py:110}}
Aug 17 09:24:45.070303 np0000007478 devstack@neutron-api.service[87640]: DEBUG neutron.common.ovn.hash_ring_manager [None req-9aea5a73-e39f-4f9f-8527-b19b307a5e45 None None] Hash Ring loaded. 3 active nodes. 0 offline nodes {{(pid=87640) _load_hash_ring /opt/stack/neutron/neutron/common/ovn/hash_ring_manager.py:110}}
Aug 17 09:24:45.070825 np0000007478 devstack@neutron-api.service[87640]: DEBUG neutron.common.ovn.hash_ring_manager [None req-8182a117-29c6-471e-976e-0dc7a9391f68 None None] Hash Ring loaded. 3 active nodes. 0 offline nodes {{(pid=87640) _load_hash_ring /opt/stack/neutron/neutron/common/ovn/hash_ring_manager.py:110}}
Aug 17 09:24:45.071052 np0000007478 devstack@neutron-api.service[87640]: DEBUG neutron.plugins.ml2.drivers.ovn.mech_driver.ovsdb.ovsdb_monitor [None req-9aea5a73-e39f-4f9f-8527-b19b307a5e45 None None] Hash Ring: Node 3cb4404632695d90a11720e587efc4b1 (host: np0000007478) handling event "update" for row a3e8ae3a-305d-4a13-b71b-64b2a3fef1c8 (table: NB_Global) {{(pid=87640) notify /opt/stack/neutron/neutron/plugins/ml2/drivers/ovn/mech_driver/ovsdb/ovsdb_monitor.py:1099}}
Aug 17 09:24:45.071396 np0000007478 devstack@neutron-api.service[87640]: DEBUG neutron.plugins.ml2.drivers.ovn.mech_driver.ovsdb.ovsdb_monitor [None req-8182a117-29c6-471e-976e-0dc7a9391f68 None None] Hash Ring: Node 3cb4404632695d90a11720e587efc4b1 (host: np0000007478) handling event "update" for row ef80661d-1dd0-46ae-9593-0147368fccde (table: Chassis_Private) {{(pid=87640) notify /opt/stack/neutron/neutron/plugins/ml2/drivers/ovn/mech_driver/ovsdb/ovsdb_monitor.py:1099}}
Aug 17 09:24:45.072205 np0000007478 devstack@neutron-api.service[87640]: DEBUG neutron.plugins.ml2.drivers.ovn.mech_driver.ovsdb.ovsdb_monitor [None req-9aea5a73-e39f-4f9f-8527-b19b307a5e45 None None] Hash Ring: Node 3cb4404632695d90a11720e587efc4b1 (host: np0000007478) handling event "update" for row a3e8ae3a-305d-4a13-b71b-64b2a3fef1c8 (table: NB_Global) {{(pid=87640) notify /opt/stack/neutron/neutron/plugins/ml2/drivers/ovn/mech_driver/ovsdb/ovsdb_monitor.py:1099}}
Aug 17 09:24:45.072665 np0000007478 devstack@neutron-api.service[87639]: DEBUG neutron.common.ovn.hash_ring_manager [None req-23fadf31-6b0d-42e6-907b-0a00a1516f67 None None] Hash Ring loaded. 3 active nodes. 0 offline nodes {{(pid=87639) _load_hash_ring /opt/stack/neutron/neutron/common/ovn/hash_ring_manager.py:110}}
Aug 17 09:24:45.073023 np0000007478 devstack@neutron-api.service[87640]: DEBUG neutron.plugins.ml2.drivers.ovn.mech_driver.ovsdb.ovsdb_monitor [None req-9aea5a73-e39f-4f9f-8527-b19b307a5e45 None None] Hash Ring: Node 3cb4404632695d90a11720e587efc4b1 (host: np0000007478) handling event "update" for row a3e8ae3a-305d-4a13-b71b-64b2a3fef1c8 (table: NB_Global) {{(pid=87640) notify /opt/stack/neutron/neutron/plugins/ml2/drivers/ovn/mech_driver/ovsdb/ovsdb_monitor.py:1099}}
Aug 17 09:24:45.073619 np0000007478 devstack@neutron-api.service[87640]: DEBUG neutron.plugins.ml2.drivers.ovn.mech_driver.ovsdb.ovsdb_monitor [None req-9aea5a73-e39f-4f9f-8527-b19b307a5e45 None None] Hash Ring: Node 3cb4404632695d90a11720e587efc4b1 (host: np0000007478) handling event "update" for row a3e8ae3a-305d-4a13-b71b-64b2a3fef1c8 (table: NB_Global) {{(pid=87640) notify /opt/stack/neutron/neutron/plugins/ml2/drivers/ovn/mech_driver/ovsdb/ovsdb_monitor.py:1099}}
Aug 17 09:24:45.075656 np0000007478 devstack@neutron-api.service[87638]: DEBUG neutron.common.ovn.hash_ring_manager [None req-9ba82173-9b52-4c05-ae26-ab545f8a5e5d None None] Hash Ring loaded. 3 active nodes. 0 offline nodes {{(pid=87638) _load_hash_ring /opt/stack/neutron/neutron/common/ovn/hash_ring_manager.py:110}}
Aug 17 09:24:45.081530 np0000007478 devstack@neutron-api.service[87638]: DEBUG ovsdbapp.backend.ovs_idl.transaction [None req-40669985-6d6c-48a3-bf13-08bee9b67d17 None None] Running txn n=1 command(idx=0): AddNetworkCommand(_result=None, network_uuid=4a9fefdc-85b6-46b4-9d3a-50e3d7bdeb21, may_exist=True, columns={'external_ids': {'neutron:network_name': 'shared', 'neutron:mtu': '1372', 'neutron:revision_number': '1', 'neutron:availability_zone_hints': '', 'neutron:provnet-network-type': 'geneve'}, 'other_config': {'mcast_snoop': 'false', 'mcast_flood_unregistered': 'false', 'vlan-passthru': 'false'}}) {{(pid=87638) do_commit /opt/stack/data/venv/lib/python3.12/site-packages/ovsdbapp/backend/ovs_idl/transaction.py:89}}
Aug 17 09:24:45.083473 np0000007478 devstack@neutron-api.service[87639]: DEBUG neutron.plugins.ml2.drivers.ovn.mech_driver.ovsdb.ovsdb_monitor [None req-b1dad1a1-8d91-46db-bdb3-f49290221691 None None] Hash Ring: Node 0933a05ce862592697ae0e42dfc0e347 (host: np0000007478) handling event "create" for row 4a9fefdc-85b6-46b4-9d3a-50e3d7bdeb21 (table: Logical_Switch) {{(pid=87639) notify /opt/stack/neutron/neutron/plugins/ml2/drivers/ovn/mech_driver/ovsdb/ovsdb_monitor.py:1099}}
Aug 17 09:24:45.086523 np0000007478 devstack@neutron-api.service[87640]: DEBUG neutron.plugins.ml2.drivers.ovn.mech_driver.ovsdb.ovsdb_monitor [None req-8182a117-29c6-471e-976e-0dc7a9391f68 None None] Hash Ring: Node 3cb4404632695d90a11720e587efc4b1 (host: np0000007478) handling event "create" for row c99dd66e-c35f-444e-8275-867e580d5709 (table: Datapath_Binding) {{(pid=87640) notify /opt/stack/neutron/neutron/plugins/ml2/drivers/ovn/mech_driver/ovsdb/ovsdb_monitor.py:1099}}
Aug 17 09:24:45.101950 np0000007478 devstack@neutron-api.service[87638]: INFO neutron.db.ovn_revision_numbers_db [None req-35d23692-8602-4241-bdc6-6809e4b1b242 admin admin] Successfully bumped revision number for resource 4a9fefdc-85b6-46b4-9d3a-50e3d7bdeb21 (type: networks) to 1
Aug 17 09:24:45.111935 np0000007478 devstack@neutron-api.service[87638]: DEBUG neutron_lib.callbacks.manager [None req-35d23692-8602-4241-bdc6-6809e4b1b242 admin admin] Publish callbacks ['neutron.plugins.ml2.plugin.SecurityGroupDbMixin._ensure_default_security_group_handler-815273'] for port (None), before_create {{(pid=87638) _notify_loop /opt/stack/data/venv/lib/python3.12/site-packages/neutron_lib/callbacks/manager.py:184}}
Aug 17 09:24:45.166251 np0000007478 devstack@neutron-api.service[87638]: DEBUG neutron_lib.callbacks.manager [None req-35d23692-8602-4241-bdc6-6809e4b1b242 admin admin] Publish callbacks ['neutron.plugins.ml2.drivers.ovn.mech_driver.mech_driver.OVNMechanismDriver._validate_allowed_address_pairs-341320'] for allowed_address_pair (2160f3da-4166-4919-b7c1-529019339efc), before_create {{(pid=87638) _notify_loop /opt/stack/data/venv/lib/python3.12/site-packages/neutron_lib/callbacks/manager.py:184}}
Aug 17 09:24:45.166772 np0000007478 devstack@neutron-api.service[87638]: DEBUG neutron_lib.callbacks.manager [None req-35d23692-8602-4241-bdc6-6809e4b1b242 admin admin] Publish callbacks [] for port (2160f3da-4166-4919-b7c1-529019339efc), precommit_create {{(pid=87638) _notify_loop /opt/stack/data/venv/lib/python3.12/site-packages/neutron_lib/callbacks/manager.py:184}}
Aug 17 09:24:45.166940 np0000007478 devstack@neutron-api.service[87638]: DEBUG neutron.plugins.ml2.drivers.ovn.mech_driver.mech_driver [None req-35d23692-8602-4241-bdc6-6809e4b1b242 admin admin] No provisioning block for port 2160f3da-4166-4919-b7c1-529019339efc since it does not have a host {{(pid=87638) _is_port_provisioning_required /opt/stack/neutron/neutron/plugins/ml2/drivers/ovn/mech_driver/mech_driver.py:877}}
Aug 17 09:24:45.167180 np0000007478 devstack@neutron-api.service[87638]: DEBUG neutron.db.ovn_revision_numbers_db [None req-35d23692-8602-4241-bdc6-6809e4b1b242 admin admin] create_initial_revision uuid=2160f3da-4166-4919-b7c1-529019339efc, type=ports, rev=-1 {{(pid=87638) create_initial_revision /opt/stack/neutron/neutron/db/ovn_revision_numbers_db.py:98}}
Aug 17 09:24:45.192691 np0000007478 devstack@neutron-api.service[87638]: DEBUG neutron_lib.callbacks.manager [None req-35d23692-8602-4241-bdc6-6809e4b1b242 admin admin] Publish callbacks ['neutron.plugins.ml2.ovo_rpc._ObjectChangeHandler.handle_event-4187285'] for port (2160f3da-4166-4919-b7c1-529019339efc), after_create {{(pid=87638) _notify_loop /opt/stack/data/venv/lib/python3.12/site-packages/neutron_lib/callbacks/manager.py:184}}
Aug 17 09:24:45.221594 np0000007478 devstack@neutron-api.service[87638]: DEBUG neutron.api.rpc.handlers.resources_rpc [None req-35d23692-8602-4241-bdc6-6809e4b1b242 admin admin] Pushing event updated for resources: {'Port': ['ID=2160f3da-4166-4919-b7c1-529019339efc,revision_number=1']} {{(pid=87638) push /opt/stack/neutron/neutron/api/rpc/handlers/resources_rpc.py:237}}
Aug 17 09:24:45.226528 np0000007478 devstack@neutron-api.service[87638]: DEBUG neutron.plugins.ml2.drivers.ovn.mech_driver.ovsdb.commands [None req-35d23692-8602-4241-bdc6-6809e4b1b242 admin admin] Converting tag [] to a tag_request {{(pid=87638) _tag_column_to_tag_request /opt/stack/neutron/neutron/plugins/ml2/drivers/ovn/mech_driver/ovsdb/commands.py:227}}
Aug 17 09:24:45.227243 np0000007478 devstack@neutron-api.service[87638]: DEBUG ovsdbapp.backend.ovs_idl.transaction [None req-40669985-6d6c-48a3-bf13-08bee9b67d17 None None] Running txn n=1 command(idx=0): AddLSwitchPortCommand(_result=None, lport=2160f3da-4166-4919-b7c1-529019339efc, lswitch=neutron-4a9fefdc-85b6-46b4-9d3a-50e3d7bdeb21, may_exist=True, network_uuid=4a9fefdc-85b6-46b4-9d3a-50e3d7bdeb21, columns={'addresses': ['fa:16:3e:28:19:ce'], 'external_ids': {'neutron:port_name': '', 'neutron:device_id': 'ovnmeta-4a9fefdc-85b6-46b4-9d3a-50e3d7bdeb21', 'neutron:project_id': '4f8b5b083c494a99b4fb902e9fcace2e', 'neutron:cidrs': '', 'neutron:device_owner': 'network:distributed', 'neutron:subnet_pool_addr_scope4': '', 'neutron:subnet_pool_addr_scope6': '', 'neutron:network_name': 'neutron-4a9fefdc-85b6-46b4-9d3a-50e3d7bdeb21', 'neutron:security_group_ids': '', 'neutron:revision_number': '1', 'neutron:vnic_type': 'normal', 'neutron:port_capabilities': '', 'neutron:mtu': '1372'}, 'parent_name': [], 'enabled': True, 'options': {}, 'type': 'localport', 'port_security': [], 'dhcpv4_options': [], 'dhcpv6_options': [], 'tag_request': []}) {{(pid=87638) do_commit /opt/stack/data/venv/lib/python3.12/site-packages/ovsdbapp/backend/ovs_idl/transaction.py:89}}
Aug 17 09:24:45.227794 np0000007478 devstack@neutron-api.service[87638]: DEBUG ovsdbapp.backend.ovs_idl.transaction [None req-40669985-6d6c-48a3-bf13-08bee9b67d17 None None] Running txn n=1 command(idx=1): QoSDelCommand(_result=None, switch=neutron-4a9fefdc-85b6-46b4-9d3a-50e3d7bdeb21, conditions=[('direction', '=', 'to-lport'), ('priority', '=', 2002), ('match', '=', 'outport == "2160f3da-4166-4919-b7c1-529019339efc"')], if_exists=True) {{(pid=87638) do_commit /opt/stack/data/venv/lib/python3.12/site-packages/ovsdbapp/backend/ovs_idl/transaction.py:89}}
Aug 17 09:24:45.227988 np0000007478 devstack@neutron-api.service[87638]: DEBUG ovsdbapp.backend.ovs_idl.transaction [None req-40669985-6d6c-48a3-bf13-08bee9b67d17 None None] Running txn n=1 command(idx=2): QoSDelCommand(_result=None, switch=neutron-4a9fefdc-85b6-46b4-9d3a-50e3d7bdeb21, conditions=[('direction', '=', 'from-lport'), ('priority', '=', 2002), ('match', '=', 'inport == "2160f3da-4166-4919-b7c1-529019339efc"')], if_exists=True) {{(pid=87638) do_commit /opt/stack/data/venv/lib/python3.12/site-packages/ovsdbapp/backend/ovs_idl/transaction.py:89}}
Aug 17 09:24:45.230675 np0000007478 devstack@neutron-api.service[87638]: DEBUG neutron.plugins.ml2.drivers.ovn.mech_driver.ovsdb.ovsdb_monitor [None req-40669985-6d6c-48a3-bf13-08bee9b67d17 None None] Hash Ring: Node b498123d3fbc5d6eae4fd449831f9042 (host: np0000007478) handling event "create" for row 3f4a7fe7-daab-47d9-b0d3-406dea8cc9ff (table: Logical_Switch_Port) {{(pid=87638) notify /opt/stack/neutron/neutron/plugins/ml2/drivers/ovn/mech_driver/ovsdb/ovsdb_monitor.py:1099}}
Aug 17 09:24:45.231972 np0000007478 devstack@neutron-api.service[87638]: DEBUG ovsdbapp.backend.ovs_idl.event [None req-40669985-6d6c-48a3-bf13-08bee9b67d17 None None] Matched CREATE: LogicalSwitchPortCreateEvent(events=('create',), table='Logical_Switch_Port', conditions=[], old_conditions=None), priority=20 to row=Logical_Switch_Port(uuid=3f4a7fe7-daab-47d9-b0d3-406dea8cc9ff, addresses=['fa:16:3e:28:19:ce'], dhcpv4_options=[], dhcpv6_options=[], dynamic_addresses=[], enabled=True, external_ids={'neutron:cidrs': '', 'neutron:device_id': 'ovnmeta-4a9fefdc-85b6-46b4-9d3a-50e3d7bdeb21', 'neutron:device_owner': 'network:distributed', 'neutron:mtu': '1372', 'neutron:network_name': 'neutron-4a9fefdc-85b6-46b4-9d3a-50e3d7bdeb21', 'neutron:port_capabilities': '', 'neutron:port_name': '', 'neutron:project_id': '4f8b5b083c494a99b4fb902e9fcace2e', 'neutron:revision_number': '1', 'neutron:security_group_ids': '', 'neutron:subnet_pool_addr_scope4': '', 'neutron:subnet_pool_addr_scope6': '', 'neutron:vnic_type': 'normal'}, ha_chassis_group=[], mirror_rules=[], name='2160f3da-4166-4919-b7c1-529019339efc', options={}, parent_name=[], port_security=[], tag=[], tag_request=[], type='localport', up=[]) old= {{(pid=87638) matches /opt/stack/data/venv/lib/python3.12/site-packages/ovsdbapp/backend/ovs_idl/event.py:55}}
Aug 17 09:24:45.232581 np0000007478 devstack@neutron-api.service[87639]: DEBUG neutron.plugins.ml2.drivers.ovn.mech_driver.ovsdb.ovsdb_monitor [None req-b1dad1a1-8d91-46db-bdb3-f49290221691 None None] Hash Ring: Node 0933a05ce862592697ae0e42dfc0e347 (host: np0000007478) handling event "update" for row 4a9fefdc-85b6-46b4-9d3a-50e3d7bdeb21 (table: Logical_Switch) {{(pid=87639) notify /opt/stack/neutron/neutron/plugins/ml2/drivers/ovn/mech_driver/ovsdb/ovsdb_monitor.py:1099}}
Aug 17 09:24:45.233603 np0000007478 devstack@neutron-api.service[87638]: INFO neutron.plugins.ml2.drivers.ovn.mech_driver.mech_driver [None req-dacd33b0-428d-46ba-98a8-557369614c79 None None] OVN reports status down for port: 2160f3da-4166-4919-b7c1-529019339efc
Aug 17 09:24:45.236681 np0000007478 devstack@neutron-api.service[87638]: DEBUG neutron.plugins.ml2.drivers.ovn.mech_driver.ovsdb.ovsdb_monitor [None req-40669985-6d6c-48a3-bf13-08bee9b67d17 None None] Hash Ring: Node b498123d3fbc5d6eae4fd449831f9042 (host: np0000007478) handling event "update" for row 3f4a7fe7-daab-47d9-b0d3-406dea8cc9ff (table: Logical_Switch_Port) {{(pid=87638) notify /opt/stack/neutron/neutron/plugins/ml2/drivers/ovn/mech_driver/ovsdb/ovsdb_monitor.py:1099}}
Aug 17 09:24:45.238266 np0000007478 devstack@neutron-api.service[87640]: DEBUG neutron.plugins.ml2.drivers.ovn.mech_driver.ovsdb.ovsdb_monitor [None req-8182a117-29c6-471e-976e-0dc7a9391f68 None None] Hash Ring: Node 3cb4404632695d90a11720e587efc4b1 (host: np0000007478) handling event "create" for row d70daa93-7ea4-4d4b-900c-fd80d1578be4 (table: Port_Binding) {{(pid=87640) notify /opt/stack/neutron/neutron/plugins/ml2/drivers/ovn/mech_driver/ovsdb/ovsdb_monitor.py:1099}}
Aug 17 09:24:45.280226 np0000007478 devstack@neutron-api.service[87638]: INFO neutron.db.ovn_revision_numbers_db [None req-35d23692-8602-4241-bdc6-6809e4b1b242 admin admin] Successfully bumped revision number for resource 2160f3da-4166-4919-b7c1-529019339efc (type: ports) to 1
Aug 17 09:24:45.281387 np0000007478 devstack@neutron-api.service[87638]: DEBUG neutron.db.provisioning_blocks [None req-dacd33b0-428d-46ba-98a8-557369614c79 None None] Transition to ACTIVE for port object 2160f3da-4166-4919-b7c1-529019339efc will not be triggered until provisioned by entity L2. {{(pid=87638) add_provisioning_component /opt/stack/neutron/neutron/db/provisioning_blocks.py:74}}
Aug 17 09:24:45.288613 np0000007478 devstack@neutron-api.service[87638]: DEBUG neutron.pecan_wsgi.hooks.policy_enforcement [None req-35d23692-8602-4241-bdc6-6809e4b1b242 admin admin] Attributes excluded by policy engine: ['standard_attr_id'] {{(pid=87638) _exclude_attributes_by_policy /opt/stack/neutron/neutron/pecan_wsgi/hooks/policy_enforcement.py:259}}
Aug 17 09:24:45.288939 np0000007478 devstack@neutron-api.service[87638]: DEBUG neutron_lib.callbacks.manager [None req-35d23692-8602-4241-bdc6-6809e4b1b242 admin admin] Publish callbacks [] for network (None), before_response {{(pid=87638) _notify_loop /opt/stack/data/venv/lib/python3.12/site-packages/neutron_lib/callbacks/manager.py:184}}
Aug 17 09:24:45.306424 np0000007478 devstack@neutron-api.service[87638]: [pid: 87638|app: 0|req: 12/37] 10.4.3.101 () {68 vars in 1326 bytes} [Mon Aug 17 09:24:44 2026] POST /networking/v2.0/networks => generated 679 bytes in 358 msecs (HTTP/1.1 201) 4 headers in 162 bytes (1 switches on core 0)
Aug 17 09:24:45.309551 np0000007478 devstack@neutron-api.service[87638]: DEBUG neutron.plugins.ml2.plugin [None req-dacd33b0-428d-46ba-98a8-557369614c79 None None] Current status of the port 2160f3da-4166-4919-b7c1-529019339efc is: DOWN; New status is: DOWN {{(pid=87638) _update_individual_port_db_status /opt/stack/neutron/neutron/plugins/ml2/plugin.py:2473}}
Aug 17 09:24:45.310434 np0000007478 devstack@neutron-api.service[87638]: DEBUG ovsdbapp.backend.ovs_idl.transaction [None req-40669985-6d6c-48a3-bf13-08bee9b67d17 None None] Running txn n=1 command(idx=0): DbRemoveCommand(_result=None, table=Logical_Switch_Port, record=2160f3da-4166-4919-b7c1-529019339efc, column=external_ids, values=('neutron:host_id',), keyvalues={}, if_exists=True) {{(pid=87638) do_commit /opt/stack/data/venv/lib/python3.12/site-packages/ovsdbapp/backend/ovs_idl/transaction.py:89}}
Aug 17 09:24:45.479094 np0000007478 devstack@neutron-api.service[87639]: INFO neutron.pecan_wsgi.hooks.translation [None req-cbea5650-a18d-4991-9714-52046c7fe128 admin admin] GET failed (client error): The resource could not be found.
Aug 17 09:24:45.479810 np0000007478 devstack@neutron-api.service[87639]: [pid: 87639|app: 0|req: 14/38] 10.4.3.101 () {64 vars in 1294 bytes} [Mon Aug 17 09:24:45 2026] GET /networking/v2.0/networks/shared => generated 108 bytes in 9 msecs (HTTP/1.1 404) 4 headers in 164 bytes (1 switches on core 0)
Aug 17 09:24:45.506140 np0000007478 devstack@neutron-api.service[87640]: DEBUG neutron.pecan_wsgi.hooks.policy_enforcement [None req-42ddbf61-c108-418d-8617-bed915b80eb8 admin admin] Attributes excluded by policy engine: ['standard_attr_id'] {{(pid=87640) _exclude_attributes_by_policy /opt/stack/neutron/neutron/pecan_wsgi/hooks/policy_enforcement.py:259}}
Aug 17 09:24:45.506569 np0000007478 devstack@neutron-api.service[87640]: [pid: 87640|app: 0|req: 13/39] 10.4.3.101 () {64 vars in 1309 bytes} [Mon Aug 17 09:24:45 2026] GET /networking/v2.0/networks?name=shared => generated 663 bytes in 21 msecs (HTTP/1.1 200) 4 headers in 157 bytes (1 switches on core 0)
Aug 17 09:24:45.516826 np0000007478 devstack@neutron-api.service[87638]: DEBUG neutron.api.v2.base [None req-f0fbd120-81eb-4707-90b2-c665b4c77252 admin admin] Request body: {'subnet': {'cidr': '192.168.233.0/24', 'ip_version': 4, 'name': 'shared-subnet', 'description': 'shared-subnet', 'network_id': '4a9fefdc-85b6-46b4-9d3a-50e3d7bdeb21'}} {{(pid=87638) prepare_request_body /opt/stack/neutron/neutron/api/v2/base.py:727}}
Aug 17 09:24:45.528159 np0000007478 devstack@neutron-api.service[87638]: DEBUG neutron.pecan_wsgi.hooks.quota_enforcement [None req-f0fbd120-81eb-4707-90b2-c665b4c77252 admin admin] Made reservation on behalf of 4f8b5b083c494a99b4fb902e9fcace2e for: {'subnet': 1} {{(pid=87638) before /opt/stack/neutron/neutron/pecan_wsgi/hooks/quota_enforcement.py:66}}
Aug 17 09:24:45.530438 np0000007478 devstack@neutron-api.service[87638]: DEBUG neutron_lib.callbacks.manager [None req-f0fbd120-81eb-4707-90b2-c665b4c77252 admin admin] Publish callbacks [] for subnet (None), before_create {{(pid=87638) _notify_loop /opt/stack/data/venv/lib/python3.12/site-packages/neutron_lib/callbacks/manager.py:184}}
Aug 17 09:24:45.832102 np0000007478 devstack@neutron-api.service[87638]: DEBUG neutron.db.ovn_revision_numbers_db [None req-f0fbd120-81eb-4707-90b2-c665b4c77252 admin admin] create_initial_revision uuid=846672ff-9e09-40b3-ae58-c921e5afff19, type=subnets, rev=-1 {{(pid=87638) create_initial_revision /opt/stack/neutron/neutron/db/ovn_revision_numbers_db.py:98}}
Aug 17 09:24:45.835456 np0000007478 devstack@neutron-api.service[87638]: DEBUG neutron_lib.callbacks.manager [None req-f0fbd120-81eb-4707-90b2-c665b4c77252 admin admin] Publish callbacks ['neutron.plugins.ml2.ovo_rpc._ObjectChangeHandler.handle_event-4187498'] for subnet (846672ff-9e09-40b3-ae58-c921e5afff19), after_create {{(pid=87638) _notify_loop /opt/stack/data/venv/lib/python3.12/site-packages/neutron_lib/callbacks/manager.py:184}}
Aug 17 09:24:45.845225 np0000007478 devstack@neutron-api.service[87638]: DEBUG neutron.api.rpc.handlers.resources_rpc [None req-f0fbd120-81eb-4707-90b2-c665b4c77252 admin admin] Pushing event updated for resources: {'Subnet': ['ID=846672ff-9e09-40b3-ae58-c921e5afff19,revision_number=0']} {{(pid=87638) push /opt/stack/neutron/neutron/api/rpc/handlers/resources_rpc.py:237}}
Aug 17 09:24:45.882637 np0000007478 devstack@neutron-api.service[87638]: DEBUG neutron_lib.callbacks.manager [None req-f0fbd120-81eb-4707-90b2-c665b4c77252 admin admin] Publish callbacks ['neutron.plugins.ml2.plugin.SecurityGroupDbMixin._ensure_default_security_group_handler-815273', 'neutron.services.ovn_l3.plugin.OVNL3RouterPlugin._port_update-8467693131046', 'neutron.db.l3_db.L3_NAT_dbonly_mixin._prevent_internal_ip_change_for_fip-8467694178348'] for port (2160f3da-4166-4919-b7c1-529019339efc), before_update {{(pid=87638) _notify_loop /opt/stack/data/venv/lib/python3.12/site-packages/neutron_lib/callbacks/manager.py:184}}
Aug 17 09:24:45.952635 np0000007478 devstack@neutron-api.service[87638]: DEBUG neutron.db.db_base_plugin_common [None req-f0fbd120-81eb-4707-90b2-c665b4c77252 admin admin] Allocated IP 192.168.233.2 (4a9fefdc-85b6-46b4-9d3a-50e3d7bdeb21/846672ff-9e09-40b3-ae58-c921e5afff19/2160f3da-4166-4919-b7c1-529019339efc) {{(pid=87638) _store_ip_allocation /opt/stack/neutron/neutron/db/db_base_plugin_common.py:131}}
Aug 17 09:24:46.008891 np0000007478 devstack@neutron-api.service[87638]: DEBUG neutron_lib.callbacks.manager [None req-f0fbd120-81eb-4707-90b2-c665b4c77252 admin admin] Publish callbacks [] for port (2160f3da-4166-4919-b7c1-529019339efc), precommit_update {{(pid=87638) _notify_loop /opt/stack/data/venv/lib/python3.12/site-packages/neutron_lib/callbacks/manager.py:184}}
Aug 17 09:24:46.009138 np0000007478 devstack@neutron-api.service[87638]: DEBUG neutron.plugins.ml2.drivers.ovn.mech_driver.mech_driver [None req-f0fbd120-81eb-4707-90b2-c665b4c77252 admin admin] No provisioning block for port 2160f3da-4166-4919-b7c1-529019339efc since it does not have a host {{(pid=87638) _is_port_provisioning_required /opt/stack/neutron/neutron/plugins/ml2/drivers/ovn/mech_driver/mech_driver.py:877}}
Aug 17 09:24:46.017050 np0000007478 devstack@neutron-api.service[87638]: DEBUG neutron_lib.callbacks.manager [None req-f0fbd120-81eb-4707-90b2-c665b4c77252 admin admin] Publish callbacks ['neutron.plugins.ml2.ovo_rpc._ObjectChangeHandler.handle_event-4187285', 'neutron.services.ovn_l3.plugin.OVNL3RouterPlugin._port_update-8467693131046'] for port (2160f3da-4166-4919-b7c1-529019339efc), after_update {{(pid=87638) _notify_loop /opt/stack/data/venv/lib/python3.12/site-packages/neutron_lib/callbacks/manager.py:184}}
Aug 17 09:24:46.041570 np0000007478 devstack@neutron-api.service[87638]: DEBUG neutron.api.rpc.handlers.resources_rpc [None req-f0fbd120-81eb-4707-90b2-c665b4c77252 admin admin] Pushing event updated for resources: {'Port': ['ID=2160f3da-4166-4919-b7c1-529019339efc,revision_number=2']} {{(pid=87638) push /opt/stack/neutron/neutron/api/rpc/handlers/resources_rpc.py:237}}
Aug 17 09:24:46.081864 np0000007478 devstack@neutron-api.service[87639]: DEBUG ovsdbapp.backend.ovs_idl.event [None req-23fadf31-6b0d-42e6-907b-0a00a1516f67 None None] Matched UPDATE: ChassisOVNAgentWriteEvent(events=('create', 'update'), table='Chassis_Private', conditions=None, old_conditions=None), priority=20 to row=Chassis_Private(uuid=ef80661d-1dd0-46ae-9593-0147368fccde, chassis=f1b7928b-510f-4483-84f9-8e5afcc53497, external_ids={'neutron:ovn-bridge': 'br-int', 'neutron:ovn-neutron-agent-id': '5ec920e3-05db-5f8e-af5a-ce7225388061', 'neutron:ovn-neutron-agent-sb-cfg': '2'}, name='1ba3ed90-d809-44ac-851a-0bb7dc4bc614', nb_cfg=2, nb_cfg_timestamp=1786958685059) old=Chassis_Private(uuid=ef80661d-1dd0-46ae-9593-0147368fccde, external_ids={'neutron:ovn-bridge': 'br-int', 'neutron:ovn-neutron-agent-id': '5ec920e3-05db-5f8e-af5a-ce7225388061', 'neutron:ovn-neutron-agent-sb-cfg': '1'}) {{(pid=87639) matches /opt/stack/data/venv/lib/python3.12/site-packages/ovsdbapp/backend/ovs_idl/event.py:55}}
Aug 17 09:24:46.082347 np0000007478 devstack@neutron-api.service[87640]: DEBUG ovsdbapp.backend.ovs_idl.event [None req-8182a117-29c6-471e-976e-0dc7a9391f68 None None] Matched UPDATE: ChassisOVNAgentWriteEvent(events=('create', 'update'), table='Chassis_Private', conditions=None, old_conditions=None), priority=20 to row=Chassis_Private(uuid=ef80661d-1dd0-46ae-9593-0147368fccde, chassis=f1b7928b-510f-4483-84f9-8e5afcc53497, external_ids={'neutron:ovn-bridge': 'br-int', 'neutron:ovn-neutron-agent-id': '5ec920e3-05db-5f8e-af5a-ce7225388061', 'neutron:ovn-neutron-agent-sb-cfg': '2'}, name='1ba3ed90-d809-44ac-851a-0bb7dc4bc614', nb_cfg=2, nb_cfg_timestamp=1786958685059) old=Chassis_Private(uuid=ef80661d-1dd0-46ae-9593-0147368fccde, external_ids={'neutron:ovn-bridge': 'br-int', 'neutron:ovn-neutron-agent-id': '5ec920e3-05db-5f8e-af5a-ce7225388061', 'neutron:ovn-neutron-agent-sb-cfg': '1'}) {{(pid=87640) matches /opt/stack/data/venv/lib/python3.12/site-packages/ovsdbapp/backend/ovs_idl/event.py:55}}
Aug 17 09:24:46.082705 np0000007478 devstack@neutron-api.service[87638]: DEBUG ovsdbapp.backend.ovs_idl.event [None req-9ba82173-9b52-4c05-ae26-ab545f8a5e5d None None] Matched UPDATE: ChassisOVNAgentWriteEvent(events=('create', 'update'), table='Chassis_Private', conditions=None, old_conditions=None), priority=20 to row=Chassis_Private(uuid=ef80661d-1dd0-46ae-9593-0147368fccde, chassis=f1b7928b-510f-4483-84f9-8e5afcc53497, external_ids={'neutron:ovn-bridge': 'br-int', 'neutron:ovn-neutron-agent-id': '5ec920e3-05db-5f8e-af5a-ce7225388061', 'neutron:ovn-neutron-agent-sb-cfg': '2'}, name='1ba3ed90-d809-44ac-851a-0bb7dc4bc614', nb_cfg=2, nb_cfg_timestamp=1786958685059) old=Chassis_Private(uuid=ef80661d-1dd0-46ae-9593-0147368fccde, external_ids={'neutron:ovn-bridge': 'br-int', 'neutron:ovn-neutron-agent-id': '5ec920e3-05db-5f8e-af5a-ce7225388061', 'neutron:ovn-neutron-agent-sb-cfg': '1'}) {{(pid=87638) matches /opt/stack/data/venv/lib/python3.12/site-packages/ovsdbapp/backend/ovs_idl/event.py:55}}
Aug 17 09:24:46.082833 np0000007478 devstack@neutron-api.service[87640]: DEBUG neutron.plugins.ml2.drivers.ovn.mech_driver.ovsdb.ovsdb_monitor [None req-8182a117-29c6-471e-976e-0dc7a9391f68 None None] Hash Ring: Node 3cb4404632695d90a11720e587efc4b1 (host: np0000007478) handling event "update" for row ef80661d-1dd0-46ae-9593-0147368fccde (table: Chassis_Private) {{(pid=87640) notify /opt/stack/neutron/neutron/plugins/ml2/drivers/ovn/mech_driver/ovsdb/ovsdb_monitor.py:1099}}
Aug 17 09:24:46.116977 np0000007478 devstack@neutron-api.service[87638]: DEBUG neutron.plugins.ml2.drivers.ovn.mech_driver.ovsdb.commands [None req-f0fbd120-81eb-4707-90b2-c665b4c77252 admin admin] Converting tag [] to a tag_request {{(pid=87638) _tag_column_to_tag_request /opt/stack/neutron/neutron/plugins/ml2/drivers/ovn/mech_driver/ovsdb/commands.py:227}}
Aug 17 09:24:46.117726 np0000007478 devstack@neutron-api.service[87638]: DEBUG ovsdbapp.backend.ovs_idl.transaction [None req-40669985-6d6c-48a3-bf13-08bee9b67d17 None None] Running txn n=1 command(idx=0): CheckRevisionNumberCommand(_result=None, name=2160f3da-4166-4919-b7c1-529019339efc, resource={'id': '2160f3da-4166-4919-b7c1-529019339efc', 'name': '', 'network_id': '4a9fefdc-85b6-46b4-9d3a-50e3d7bdeb21', 'project_id': '4f8b5b083c494a99b4fb902e9fcace2e', 'mac_address': 'fa:16:3e:28:19:ce', 'admin_state_up': True, 'status': 'DOWN', 'device_id': 'ovnmeta-4a9fefdc-85b6-46b4-9d3a-50e3d7bdeb21', 'device_owner': 'network:distributed', 'standard_attr_id': 28, 'fixed_ips': [{'subnet_id': '846672ff-9e09-40b3-ae58-c921e5afff19', 'ip_address': '192.168.233.2'}], 'allowed_address_pairs': [], 'extra_dhcp_opts': [], 'security_groups': [], 'description': '', 'binding:vnic_type': 'normal', 'binding:profile': {}, 'binding:host_id': '', 'binding:vif_type': 'unbound', 'binding:vif_details': {}, 'port_security_enabled': False, 'tags': [], 'created_at': '2026-08-17T09:24:45Z', 'updated_at': '2026-08-17T09:24:45Z', 'revision_number': 2, 'tenant_id': '4f8b5b083c494a99b4fb902e9fcace2e', 'network': {'id': '4a9fefdc-85b6-46b4-9d3a-50e3d7bdeb21', 'name': 'shared', 'tenant_id': '4f8b5b083c494a99b4fb902e9fcace2e', 'project_id': '4f8b5b083c494a99b4fb902e9fcace2e', 'admin_state_up': True, 'mtu': 1372, 'status': 'ACTIVE', 'subnets': ['846672ff-9e09-40b3-ae58-c921e5afff19'], 'standard_attr_id': 26, 'shared': True, 'availability_zone_hints': [], 'availability_zones': [], 'ipv4_address_scope': None, 'ipv6_address_scope': None, 'router:external': False, 'qinq': False, 'vlan_transparent': False, 'description': '', 'port_security_enabled': True, 'tags': [], 'created_at': '2026-08-17T09:24:44Z', 'updated_at': '2026-08-17T09:24:45Z', 'revision_number': 2, 'provider:network_type': 'geneve', 'provider:physical_network': None, 'provider:segmentation_id': 45445}}, resource_type=ports, if_exists=True) {{(pid=87638) do_commit /opt/stack/data/venv/lib/python3.12/site-packages/ovsdbapp/backend/ovs_idl/transaction.py:89}}
Aug 17 09:24:46.118061 np0000007478 devstack@neutron-api.service[87638]: DEBUG ovsdbapp.backend.ovs_idl.transaction [None req-40669985-6d6c-48a3-bf13-08bee9b67d17 None None] Running txn n=1 command(idx=1): AddDHCPOptionsCommand(_result=None, columns={'cidr': '192.168.233.0/24', 'options': {'server_id': '192.168.233.1', 'lease_time': '43200', 'mtu': '1372', 'router': '192.168.233.1', 'server_mac': 'fa:16:3e:4a:80:d0', 'dns_server': '{127.0.0.53}', 'classless_static_route': '{169.254.169.254/32,192.168.233.2, 0.0.0.0/0,192.168.233.1}'}, 'external_ids': {'subnet_id': '846672ff-9e09-40b3-ae58-c921e5afff19', 'neutron:network_id': '4a9fefdc-85b6-46b4-9d3a-50e3d7bdeb21', 'neutron:revision_number': '0'}}, may_exist=True, subnet_id=846672ff-9e09-40b3-ae58-c921e5afff19, port_id=None, new_insert=False) {{(pid=87638) do_commit /opt/stack/data/venv/lib/python3.12/site-packages/ovsdbapp/backend/ovs_idl/transaction.py:89}}
