Aug 03 19:22:57.275216 np0000006365 nova-conductor[99075]: DEBUG cotyledon.oslo_config_glue [-] workarounds.disable_fallback_pcpu_query = False {{(pid=99075) log_opt_values /opt/stack/data/venv/lib/python3.12/site-packages/oslo_config/cfg.py:3545}}
Aug 03 19:22:57.275216 np0000006365 nova-conductor[99075]: DEBUG cotyledon.oslo_config_glue [-] workarounds.disable_group_policy_check_upcall = False {{(pid=99075) log_opt_values /opt/stack/data/venv/lib/python3.12/site-packages/oslo_config/cfg.py:3545}}
Aug 03 19:22:57.275216 np0000006365 nova-conductor[99075]: DEBUG cotyledon.oslo_config_glue [-] workarounds.disable_libvirt_livesnapshot = False {{(pid=99075) log_opt_values /opt/stack/data/venv/lib/python3.12/site-packages/oslo_config/cfg.py:3545}}
Aug 03 19:22:57.275384 np0000006365 nova-conductor[99075]: DEBUG cotyledon.oslo_config_glue [-] workarounds.disable_rootwrap = False {{(pid=99075) log_opt_values /opt/stack/data/venv/lib/python3.12/site-packages/oslo_config/cfg.py:3545}}
Aug 03 19:22:57.275384 np0000006365 nova-conductor[99075]: DEBUG cotyledon.oslo_config_glue [-] workarounds.enable_numa_live_migration = False {{(pid=99075) log_opt_values /opt/stack/data/venv/lib/python3.12/site-packages/oslo_config/cfg.py:3545}}
Aug 03 19:22:57.275384 np0000006365 nova-conductor[99075]: DEBUG cotyledon.oslo_config_glue [-] workarounds.enable_qemu_monitor_announce_self = False {{(pid=99075) log_opt_values /opt/stack/data/venv/lib/python3.12/site-packages/oslo_config/cfg.py:3545}}
Aug 03 19:22:57.275384 np0000006365 nova-conductor[99075]: DEBUG cotyledon.oslo_config_glue [-] workarounds.ensure_libvirt_rbd_instance_dir_cleanup = False {{(pid=99075) log_opt_values /opt/stack/data/venv/lib/python3.12/site-packages/oslo_config/cfg.py:3545}}
Aug 03 19:22:57.275384 np0000006365 nova-conductor[99075]: DEBUG cotyledon.oslo_config_glue [-] workarounds.handle_virt_lifecycle_events = True {{(pid=99075) log_opt_values /opt/stack/data/venv/lib/python3.12/site-packages/oslo_config/cfg.py:3545}}
Aug 03 19:22:57.275384 np0000006365 nova-conductor[99075]: DEBUG cotyledon.oslo_config_glue [-] workarounds.libvirt_disable_apic = False {{(pid=99075) log_opt_values /opt/stack/data/venv/lib/python3.12/site-packages/oslo_config/cfg.py:3545}}
Aug 03 19:22:57.275384 np0000006365 nova-conductor[99075]: DEBUG cotyledon.oslo_config_glue [-] workarounds.never_download_image_if_on_rbd = False {{(pid=99075) log_opt_values /opt/stack/data/venv/lib/python3.12/site-packages/oslo_config/cfg.py:3545}}
Aug 03 19:22:57.275384 np0000006365 nova-conductor[99075]: DEBUG cotyledon.oslo_config_glue [-] workarounds.qemu_monitor_announce_self_count = 3 {{(pid=99075) log_opt_values /opt/stack/data/venv/lib/python3.12/site-packages/oslo_config/cfg.py:3545}}
Aug 03 19:22:57.275384 np0000006365 nova-conductor[99075]: DEBUG cotyledon.oslo_config_glue [-] workarounds.qemu_monitor_announce_self_interval = 1 {{(pid=99075) log_opt_values /opt/stack/data/venv/lib/python3.12/site-packages/oslo_config/cfg.py:3545}}
Aug 03 19:22:57.275552 np0000006365 nova-conductor[99075]: DEBUG cotyledon.oslo_config_glue [-] workarounds.reserve_disk_resource_for_image_cache = False {{(pid=99075) log_opt_values /opt/stack/data/venv/lib/python3.12/site-packages/oslo_config/cfg.py:3545}}
Aug 03 19:22:57.275552 np0000006365 nova-conductor[99075]: DEBUG cotyledon.oslo_config_glue [-] workarounds.skip_cpu_compare_at_startup = False {{(pid=99075) log_opt_values /opt/stack/data/venv/lib/python3.12/site-packages/oslo_config/cfg.py:3545}}
Aug 03 19:22:57.275552 np0000006365 nova-conductor[99075]: DEBUG cotyledon.oslo_config_glue [-] workarounds.skip_cpu_compare_on_dest = False {{(pid=99075) log_opt_values /opt/stack/data/venv/lib/python3.12/site-packages/oslo_config/cfg.py:3545}}
Aug 03 19:22:57.275552 np0000006365 nova-conductor[99075]: DEBUG cotyledon.oslo_config_glue [-] workarounds.skip_hypervisor_version_check_on_lm = False {{(pid=99075) log_opt_values /opt/stack/data/venv/lib/python3.12/site-packages/oslo_config/cfg.py:3545}}
Aug 03 19:22:57.275552 np0000006365 nova-conductor[99075]: DEBUG cotyledon.oslo_config_glue [-] workarounds.skip_reserve_in_use_ironic_nodes = False {{(pid=99075) log_opt_values /opt/stack/data/venv/lib/python3.12/site-packages/oslo_config/cfg.py:3545}}
Aug 03 19:22:57.275552 np0000006365 nova-conductor[99075]: DEBUG cotyledon.oslo_config_glue [-] workarounds.unified_limits_count_pcpu_as_vcpu = False {{(pid=99075) log_opt_values /opt/stack/data/venv/lib/python3.12/site-packages/oslo_config/cfg.py:3545}}
Aug 03 19:22:57.275552 np0000006365 nova-conductor[99075]: DEBUG cotyledon.oslo_config_glue [-] workarounds.wait_for_vif_plugged_event_during_hard_reboot = [] {{(pid=99075) log_opt_values /opt/stack/data/venv/lib/python3.12/site-packages/oslo_config/cfg.py:3545}}
Aug 03 19:22:57.275552 np0000006365 nova-conductor[99075]: DEBUG cotyledon.oslo_config_glue [-] wsgi.api_paste_config = /etc/nova/api-paste.ini {{(pid=99075) log_opt_values /opt/stack/data/venv/lib/python3.12/site-packages/oslo_config/cfg.py:3545}}
Aug 03 19:22:57.275731 np0000006365 nova-conductor[99075]: DEBUG cotyledon.oslo_config_glue [-] wsgi.secure_proxy_ssl_header = None {{(pid=99075) log_opt_values /opt/stack/data/venv/lib/python3.12/site-packages/oslo_config/cfg.py:3545}}
Aug 03 19:22:57.275731 np0000006365 nova-conductor[99075]: DEBUG cotyledon.oslo_config_glue [-] zvm.ca_file = None {{(pid=99075) log_opt_values /opt/stack/data/venv/lib/python3.12/site-packages/oslo_config/cfg.py:3545}}
Aug 03 19:22:57.275731 np0000006365 nova-conductor[99075]: DEBUG cotyledon.oslo_config_glue [-] zvm.cloud_connector_url = None {{(pid=99075) log_opt_values /opt/stack/data/venv/lib/python3.12/site-packages/oslo_config/cfg.py:3545}}
Aug 03 19:22:57.275731 np0000006365 nova-conductor[99075]: DEBUG cotyledon.oslo_config_glue [-] zvm.image_tmp_path = /opt/stack/data/nova/images {{(pid=99075) log_opt_values /opt/stack/data/venv/lib/python3.12/site-packages/oslo_config/cfg.py:3545}}
Aug 03 19:22:57.275731 np0000006365 nova-conductor[99075]: DEBUG cotyledon.oslo_config_glue [-] zvm.reachable_timeout = 300 {{(pid=99075) log_opt_values /opt/stack/data/venv/lib/python3.12/site-packages/oslo_config/cfg.py:3545}}
Aug 03 19:22:57.275731 np0000006365 nova-conductor[99075]: DEBUG cotyledon.oslo_config_glue [-] oslo_versionedobjects.fatal_exception_format_errors = False {{(pid=99075) log_opt_values /opt/stack/data/venv/lib/python3.12/site-packages/oslo_config/cfg.py:3545}}
Aug 03 19:22:57.275731 np0000006365 nova-conductor[99075]: DEBUG cotyledon.oslo_config_glue [-] oslo_middleware.http_basic_auth_user_file = /etc/htpasswd {{(pid=99075) log_opt_values /opt/stack/data/venv/lib/python3.12/site-packages/oslo_config/cfg.py:3545}}
Aug 03 19:22:57.275731 np0000006365 nova-conductor[99075]: DEBUG cotyledon.oslo_config_glue [-] profiler.connection_string = messaging:// {{(pid=99075) log_opt_values /opt/stack/data/venv/lib/python3.12/site-packages/oslo_config/cfg.py:3545}}
Aug 03 19:22:57.275731 np0000006365 nova-conductor[99075]: DEBUG cotyledon.oslo_config_glue [-] profiler.enabled = False {{(pid=99075) log_opt_values /opt/stack/data/venv/lib/python3.12/site-packages/oslo_config/cfg.py:3545}}
Aug 03 19:22:57.275897 np0000006365 nova-conductor[99075]: DEBUG cotyledon.oslo_config_glue [-] profiler.es_doc_type = notification {{(pid=99075) log_opt_values /opt/stack/data/venv/lib/python3.12/site-packages/oslo_config/cfg.py:3545}}
Aug 03 19:22:57.275897 np0000006365 nova-conductor[99075]: DEBUG cotyledon.oslo_config_glue [-] profiler.es_scroll_size = 10000 {{(pid=99075) log_opt_values /opt/stack/data/venv/lib/python3.12/site-packages/oslo_config/cfg.py:3545}}
Aug 03 19:22:57.275897 np0000006365 nova-conductor[99075]: DEBUG cotyledon.oslo_config_glue [-] profiler.es_scroll_time = 2m {{(pid=99075) log_opt_values /opt/stack/data/venv/lib/python3.12/site-packages/oslo_config/cfg.py:3545}}
Aug 03 19:22:57.275897 np0000006365 nova-conductor[99075]: DEBUG cotyledon.oslo_config_glue [-] profiler.filter_error_trace = False {{(pid=99075) log_opt_values /opt/stack/data/venv/lib/python3.12/site-packages/oslo_config/cfg.py:3545}}
Aug 03 19:22:57.275897 np0000006365 nova-conductor[99075]: DEBUG cotyledon.oslo_config_glue [-] profiler.hmac_keys = **** {{(pid=99075) log_opt_values /opt/stack/data/venv/lib/python3.12/site-packages/oslo_config/cfg.py:3545}}
Aug 03 19:22:57.275897 np0000006365 nova-conductor[99075]: DEBUG cotyledon.oslo_config_glue [-] profiler.sentinel_service_name = mymaster {{(pid=99075) log_opt_values /opt/stack/data/venv/lib/python3.12/site-packages/oslo_config/cfg.py:3545}}
Aug 03 19:22:57.275897 np0000006365 nova-conductor[99075]: DEBUG cotyledon.oslo_config_glue [-] profiler.socket_timeout = 0.1 {{(pid=99075) log_opt_values /opt/stack/data/venv/lib/python3.12/site-packages/oslo_config/cfg.py:3545}}
Aug 03 19:22:57.275897 np0000006365 nova-conductor[99075]: DEBUG cotyledon.oslo_config_glue [-] profiler.trace_requests = False {{(pid=99075) log_opt_values /opt/stack/data/venv/lib/python3.12/site-packages/oslo_config/cfg.py:3545}}
Aug 03 19:22:57.275897 np0000006365 nova-conductor[99075]: DEBUG cotyledon.oslo_config_glue [-] profiler.trace_sqlalchemy = False {{(pid=99075) log_opt_values /opt/stack/data/venv/lib/python3.12/site-packages/oslo_config/cfg.py:3545}}
Aug 03 19:22:57.276174 np0000006365 nova-conductor[99075]: DEBUG cotyledon.oslo_config_glue [-] profiler_jaeger.process_tags = {} {{(pid=99075) log_opt_values /opt/stack/data/venv/lib/python3.12/site-packages/oslo_config/cfg.py:3545}}
Aug 03 19:22:57.276174 np0000006365 nova-conductor[99075]: DEBUG cotyledon.oslo_config_glue [-] profiler_jaeger.service_name_prefix = None {{(pid=99075) log_opt_values /opt/stack/data/venv/lib/python3.12/site-packages/oslo_config/cfg.py:3545}}
Aug 03 19:22:57.276174 np0000006365 nova-conductor[99075]: DEBUG cotyledon.oslo_config_glue [-] profiler_otlp.service_name_prefix = None {{(pid=99075) log_opt_values /opt/stack/data/venv/lib/python3.12/site-packages/oslo_config/cfg.py:3545}}
Aug 03 19:22:57.276174 np0000006365 nova-conductor[99075]: DEBUG cotyledon.oslo_config_glue [-] oslo_messaging_rabbit.amqp_auto_delete = False {{(pid=99075) log_opt_values /opt/stack/data/venv/lib/python3.12/site-packages/oslo_config/cfg.py:3545}}
Aug 03 19:22:57.276174 np0000006365 nova-conductor[99075]: DEBUG cotyledon.oslo_config_glue [-] oslo_messaging_rabbit.amqp_durable_queues = False {{(pid=99075) log_opt_values /opt/stack/data/venv/lib/python3.12/site-packages/oslo_config/cfg.py:3545}}
Aug 03 19:22:57.276174 np0000006365 nova-conductor[99075]: DEBUG cotyledon.oslo_config_glue [-] oslo_messaging_rabbit.conn_pool_min_size = 2 {{(pid=99075) log_opt_values /opt/stack/data/venv/lib/python3.12/site-packages/oslo_config/cfg.py:3545}}
Aug 03 19:22:57.276174 np0000006365 nova-conductor[99075]: DEBUG cotyledon.oslo_config_glue [-] oslo_messaging_rabbit.conn_pool_ttl = 1200 {{(pid=99075) log_opt_values /opt/stack/data/venv/lib/python3.12/site-packages/oslo_config/cfg.py:3545}}
Aug 03 19:22:57.276174 np0000006365 nova-conductor[99075]: DEBUG cotyledon.oslo_config_glue [-] oslo_messaging_rabbit.direct_mandatory_flag = True {{(pid=99075) log_opt_values /opt/stack/data/venv/lib/python3.12/site-packages/oslo_config/cfg.py:3545}}
Aug 03 19:22:57.276174 np0000006365 nova-conductor[99075]: DEBUG cotyledon.oslo_config_glue [-] oslo_messaging_rabbit.enable_cancel_on_failover = False {{(pid=99075) log_opt_values /opt/stack/data/venv/lib/python3.12/site-packages/oslo_config/cfg.py:3545}}
Aug 03 19:22:57.276355 np0000006365 nova-conductor[99075]: DEBUG cotyledon.oslo_config_glue [-] oslo_messaging_rabbit.heartbeat_rate = 3 {{(pid=99075) log_opt_values /opt/stack/data/venv/lib/python3.12/site-packages/oslo_config/cfg.py:3545}}
Aug 03 19:22:57.276355 np0000006365 nova-conductor[99075]: DEBUG cotyledon.oslo_config_glue [-] oslo_messaging_rabbit.heartbeat_timeout_threshold = 60 {{(pid=99075) log_opt_values /opt/stack/data/venv/lib/python3.12/site-packages/oslo_config/cfg.py:3545}}
Aug 03 19:22:57.276355 np0000006365 nova-conductor[99075]: DEBUG cotyledon.oslo_config_glue [-] oslo_messaging_rabbit.hostname = np0000006365 {{(pid=99075) log_opt_values /opt/stack/data/venv/lib/python3.12/site-packages/oslo_config/cfg.py:3545}}
Aug 03 19:22:57.276355 np0000006365 nova-conductor[99075]: DEBUG cotyledon.oslo_config_glue [-] oslo_messaging_rabbit.kombu_compression = None {{(pid=99075) log_opt_values /opt/stack/data/venv/lib/python3.12/site-packages/oslo_config/cfg.py:3545}}
Aug 03 19:22:57.276355 np0000006365 nova-conductor[99075]: DEBUG cotyledon.oslo_config_glue [-] oslo_messaging_rabbit.kombu_failover_strategy = round-robin {{(pid=99075) log_opt_values /opt/stack/data/venv/lib/python3.12/site-packages/oslo_config/cfg.py:3545}}
Aug 03 19:22:57.276355 np0000006365 nova-conductor[99075]: DEBUG cotyledon.oslo_config_glue [-] oslo_messaging_rabbit.kombu_missing_consumer_retry_timeout = 60 {{(pid=99075) log_opt_values /opt/stack/data/venv/lib/python3.12/site-packages/oslo_config/cfg.py:3545}}
Aug 03 19:22:57.276355 np0000006365 nova-conductor[99075]: DEBUG cotyledon.oslo_config_glue [-] oslo_messaging_rabbit.kombu_reconnect_delay = 1.0 {{(pid=99075) log_opt_values /opt/stack/data/venv/lib/python3.12/site-packages/oslo_config/cfg.py:3545}}
Aug 03 19:22:57.276355 np0000006365 nova-conductor[99075]: DEBUG cotyledon.oslo_config_glue [-] oslo_messaging_rabbit.kombu_reconnect_splay = 0.0 {{(pid=99075) log_opt_values /opt/stack/data/venv/lib/python3.12/site-packages/oslo_config/cfg.py:3545}}
Aug 03 19:22:57.276355 np0000006365 nova-conductor[99075]: DEBUG cotyledon.oslo_config_glue [-] oslo_messaging_rabbit.processname = nova-conductor {{(pid=99075) log_opt_values /opt/stack/data/venv/lib/python3.12/site-packages/oslo_config/cfg.py:3545}}
Aug 03 19:22:57.276532 np0000006365 nova-conductor[99075]: DEBUG cotyledon.oslo_config_glue [-] oslo_messaging_rabbit.rabbit_ha_queues = False {{(pid=99075) log_opt_values /opt/stack/data/venv/lib/python3.12/site-packages/oslo_config/cfg.py:3545}}
Aug 03 19:22:57.276532 np0000006365 nova-conductor[99075]: DEBUG cotyledon.oslo_config_glue [-] oslo_messaging_rabbit.rabbit_interval_max = 30 {{(pid=99075) log_opt_values /opt/stack/data/venv/lib/python3.12/site-packages/oslo_config/cfg.py:3545}}
Aug 03 19:22:57.276532 np0000006365 nova-conductor[99075]: DEBUG cotyledon.oslo_config_glue [-] oslo_messaging_rabbit.rabbit_login_method = AMQPLAIN {{(pid=99075) log_opt_values /opt/stack/data/venv/lib/python3.12/site-packages/oslo_config/cfg.py:3545}}
Aug 03 19:22:57.276532 np0000006365 nova-conductor[99075]: DEBUG cotyledon.oslo_config_glue [-] oslo_messaging_rabbit.rabbit_qos_prefetch_count = 0 {{(pid=99075) log_opt_values /opt/stack/data/venv/lib/python3.12/site-packages/oslo_config/cfg.py:3545}}
Aug 03 19:22:57.276532 np0000006365 nova-conductor[99075]: DEBUG cotyledon.oslo_config_glue [-] oslo_messaging_rabbit.rabbit_quorum_delivery_limit = 0 {{(pid=99075) log_opt_values /opt/stack/data/venv/lib/python3.12/site-packages/oslo_config/cfg.py:3545}}
Aug 03 19:22:57.276532 np0000006365 nova-conductor[99075]: DEBUG cotyledon.oslo_config_glue [-] oslo_messaging_rabbit.rabbit_quorum_max_memory_bytes = 0 {{(pid=99075) log_opt_values /opt/stack/data/venv/lib/python3.12/site-packages/oslo_config/cfg.py:3545}}
Aug 03 19:22:57.276532 np0000006365 nova-conductor[99075]: DEBUG cotyledon.oslo_config_glue [-] oslo_messaging_rabbit.rabbit_quorum_max_memory_length = 0 {{(pid=99075) log_opt_values /opt/stack/data/venv/lib/python3.12/site-packages/oslo_config/cfg.py:3545}}
Aug 03 19:22:57.276532 np0000006365 nova-conductor[99075]: DEBUG cotyledon.oslo_config_glue [-] oslo_messaging_rabbit.rabbit_quorum_queue = False {{(pid=99075) log_opt_values /opt/stack/data/venv/lib/python3.12/site-packages/oslo_config/cfg.py:3545}}
Aug 03 19:22:57.276532 np0000006365 nova-conductor[99075]: DEBUG cotyledon.oslo_config_glue [-] oslo_messaging_rabbit.rabbit_retry_backoff = 2 {{(pid=99075) log_opt_values /opt/stack/data/venv/lib/python3.12/site-packages/oslo_config/cfg.py:3545}}
Aug 03 19:22:57.276737 np0000006365 nova-conductor[99075]: DEBUG cotyledon.oslo_config_glue [-] oslo_messaging_rabbit.rabbit_retry_interval = 1 {{(pid=99075) log_opt_values /opt/stack/data/venv/lib/python3.12/site-packages/oslo_config/cfg.py:3545}}
Aug 03 19:22:57.276737 np0000006365 nova-conductor[99075]: DEBUG cotyledon.oslo_config_glue [-] oslo_messaging_rabbit.rabbit_stream_fanout = False {{(pid=99075) log_opt_values /opt/stack/data/venv/lib/python3.12/site-packages/oslo_config/cfg.py:3545}}
Aug 03 19:22:57.276737 np0000006365 nova-conductor[99075]: DEBUG cotyledon.oslo_config_glue [-] oslo_messaging_rabbit.rabbit_transient_queues_ttl = 1800 {{(pid=99075) log_opt_values /opt/stack/data/venv/lib/python3.12/site-packages/oslo_config/cfg.py:3545}}
Aug 03 19:22:57.276737 np0000006365 nova-conductor[99075]: DEBUG cotyledon.oslo_config_glue [-] oslo_messaging_rabbit.rabbit_transient_quorum_queue = False {{(pid=99075) log_opt_values /opt/stack/data/venv/lib/python3.12/site-packages/oslo_config/cfg.py:3545}}
Aug 03 19:22:57.276737 np0000006365 nova-conductor[99075]: DEBUG cotyledon.oslo_config_glue [-] oslo_messaging_rabbit.rpc_conn_pool_size = 30 {{(pid=99075) log_opt_values /opt/stack/data/venv/lib/python3.12/site-packages/oslo_config/cfg.py:3545}}
Aug 03 19:22:57.276737 np0000006365 nova-conductor[99075]: DEBUG cotyledon.oslo_config_glue [-] oslo_messaging_rabbit.ssl = False {{(pid=99075) log_opt_values /opt/stack/data/venv/lib/python3.12/site-packages/oslo_config/cfg.py:3545}}
Aug 03 19:22:57.276737 np0000006365 nova-conductor[99075]: DEBUG cotyledon.oslo_config_glue [-] oslo_messaging_rabbit.ssl_ca_file = {{(pid=99075) log_opt_values /opt/stack/data/venv/lib/python3.12/site-packages/oslo_config/cfg.py:3545}}
Aug 03 19:22:57.276737 np0000006365 nova-conductor[99075]: DEBUG cotyledon.oslo_config_glue [-] oslo_messaging_rabbit.ssl_cert_file = {{(pid=99075) log_opt_values /opt/stack/data/venv/lib/python3.12/site-packages/oslo_config/cfg.py:3545}}
Aug 03 19:22:57.276737 np0000006365 nova-conductor[99075]: DEBUG cotyledon.oslo_config_glue [-] oslo_messaging_rabbit.ssl_enforce_fips_mode = False {{(pid=99075) log_opt_values /opt/stack/data/venv/lib/python3.12/site-packages/oslo_config/cfg.py:3545}}
Aug 03 19:22:57.276952 np0000006365 nova-conductor[99075]: DEBUG cotyledon.oslo_config_glue [-] oslo_messaging_rabbit.ssl_enforce_hostname_verification = True {{(pid=99075) log_opt_values /opt/stack/data/venv/lib/python3.12/site-packages/oslo_config/cfg.py:3545}}
Aug 03 19:22:57.276952 np0000006365 nova-conductor[99075]: DEBUG cotyledon.oslo_config_glue [-] oslo_messaging_rabbit.ssl_key_file = {{(pid=99075) log_opt_values /opt/stack/data/venv/lib/python3.12/site-packages/oslo_config/cfg.py:3545}}
Aug 03 19:22:57.276952 np0000006365 nova-conductor[99075]: DEBUG cotyledon.oslo_config_glue [-] oslo_messaging_rabbit.ssl_version = {{(pid=99075) log_opt_values /opt/stack/data/venv/lib/python3.12/site-packages/oslo_config/cfg.py:3545}}
Aug 03 19:22:57.276952 np0000006365 nova-conductor[99075]: DEBUG cotyledon.oslo_config_glue [-] oslo_messaging_rabbit.use_queue_manager = False {{(pid=99075) log_opt_values /opt/stack/data/venv/lib/python3.12/site-packages/oslo_config/cfg.py:3545}}
Aug 03 19:22:57.276952 np0000006365 nova-conductor[99075]: DEBUG cotyledon.oslo_config_glue [-] oslo_messaging_notifications.driver = ['messagingv2'] {{(pid=99075) log_opt_values /opt/stack/data/venv/lib/python3.12/site-packages/oslo_config/cfg.py:3545}}
Aug 03 19:22:57.276952 np0000006365 nova-conductor[99075]: DEBUG cotyledon.oslo_config_glue [-] oslo_messaging_notifications.retry = -1 {{(pid=99075) log_opt_values /opt/stack/data/venv/lib/python3.12/site-packages/oslo_config/cfg.py:3545}}
Aug 03 19:22:57.276952 np0000006365 nova-conductor[99075]: DEBUG cotyledon.oslo_config_glue [-] oslo_messaging_notifications.topics = ['notifications'] {{(pid=99075) log_opt_values /opt/stack/data/venv/lib/python3.12/site-packages/oslo_config/cfg.py:3545}}
Aug 03 19:22:57.276952 np0000006365 nova-conductor[99075]: DEBUG cotyledon.oslo_config_glue [-] oslo_messaging_notifications.transport_url = **** {{(pid=99075) log_opt_values /opt/stack/data/venv/lib/python3.12/site-packages/oslo_config/cfg.py:3545}}
Aug 03 19:22:57.276952 np0000006365 nova-conductor[99075]: DEBUG cotyledon.oslo_config_glue [-] oslo_limit.auth_section = None {{(pid=99075) log_opt_values /opt/stack/data/venv/lib/python3.12/site-packages/oslo_config/cfg.py:3545}}
Aug 03 19:22:57.277259 np0000006365 nova-conductor[99075]: DEBUG cotyledon.oslo_config_glue [-] oslo_limit.auth_type = None {{(pid=99075) log_opt_values /opt/stack/data/venv/lib/python3.12/site-packages/oslo_config/cfg.py:3545}}
Aug 03 19:22:57.277259 np0000006365 nova-conductor[99075]: DEBUG cotyledon.oslo_config_glue [-] oslo_limit.cafile = None {{(pid=99075) log_opt_values /opt/stack/data/venv/lib/python3.12/site-packages/oslo_config/cfg.py:3545}}
Aug 03 19:22:57.277259 np0000006365 nova-conductor[99075]: DEBUG cotyledon.oslo_config_glue [-] oslo_limit.certfile = None {{(pid=99075) log_opt_values /opt/stack/data/venv/lib/python3.12/site-packages/oslo_config/cfg.py:3545}}
Aug 03 19:22:57.277259 np0000006365 nova-conductor[99075]: DEBUG cotyledon.oslo_config_glue [-] oslo_limit.collect_timing = False {{(pid=99075) log_opt_values /opt/stack/data/venv/lib/python3.12/site-packages/oslo_config/cfg.py:3545}}
Aug 03 19:22:57.277259 np0000006365 nova-conductor[99075]: DEBUG cotyledon.oslo_config_glue [-] oslo_limit.connect_retries = None {{(pid=99075) log_opt_values /opt/stack/data/venv/lib/python3.12/site-packages/oslo_config/cfg.py:3545}}
Aug 03 19:22:57.277259 np0000006365 nova-conductor[99075]: DEBUG cotyledon.oslo_config_glue [-] oslo_limit.connect_retry_delay = None {{(pid=99075) log_opt_values /opt/stack/data/venv/lib/python3.12/site-packages/oslo_config/cfg.py:3545}}
Aug 03 19:22:57.277259 np0000006365 nova-conductor[99075]: DEBUG cotyledon.oslo_config_glue [-] oslo_limit.endpoint_id = None {{(pid=99075) log_opt_values /opt/stack/data/venv/lib/python3.12/site-packages/oslo_config/cfg.py:3545}}
Aug 03 19:22:57.277259 np0000006365 nova-conductor[99075]: DEBUG cotyledon.oslo_config_glue [-] oslo_limit.endpoint_interface = public {{(pid=99075) log_opt_values /opt/stack/data/venv/lib/python3.12/site-packages/oslo_config/cfg.py:3545}}
Aug 03 19:22:57.277259 np0000006365 nova-conductor[99075]: DEBUG cotyledon.oslo_config_glue [-] oslo_limit.endpoint_override = None {{(pid=99075) log_opt_values /opt/stack/data/venv/lib/python3.12/site-packages/oslo_config/cfg.py:3545}}
Aug 03 19:22:57.277428 np0000006365 nova-conductor[99075]: DEBUG cotyledon.oslo_config_glue [-] oslo_limit.endpoint_region_name = None {{(pid=99075) log_opt_values /opt/stack/data/venv/lib/python3.12/site-packages/oslo_config/cfg.py:3545}}
Aug 03 19:22:57.277428 np0000006365 nova-conductor[99075]: DEBUG cotyledon.oslo_config_glue [-] oslo_limit.endpoint_service_name = None {{(pid=99075) log_opt_values /opt/stack/data/venv/lib/python3.12/site-packages/oslo_config/cfg.py:3545}}
Aug 03 19:22:57.277428 np0000006365 nova-conductor[99075]: DEBUG cotyledon.oslo_config_glue [-] oslo_limit.endpoint_service_type = None {{(pid=99075) log_opt_values /opt/stack/data/venv/lib/python3.12/site-packages/oslo_config/cfg.py:3545}}
Aug 03 19:22:57.277428 np0000006365 nova-conductor[99075]: DEBUG cotyledon.oslo_config_glue [-] oslo_limit.insecure = False {{(pid=99075) log_opt_values /opt/stack/data/venv/lib/python3.12/site-packages/oslo_config/cfg.py:3545}}
Aug 03 19:22:57.277428 np0000006365 nova-conductor[99075]: DEBUG cotyledon.oslo_config_glue [-] oslo_limit.keyfile = None {{(pid=99075) log_opt_values /opt/stack/data/venv/lib/python3.12/site-packages/oslo_config/cfg.py:3545}}
Aug 03 19:22:57.277428 np0000006365 nova-conductor[99075]: DEBUG cotyledon.oslo_config_glue [-] oslo_limit.max_version = None {{(pid=99075) log_opt_values /opt/stack/data/venv/lib/python3.12/site-packages/oslo_config/cfg.py:3545}}
Aug 03 19:22:57.277428 np0000006365 nova-conductor[99075]: DEBUG cotyledon.oslo_config_glue [-] oslo_limit.min_version = None {{(pid=99075) log_opt_values /opt/stack/data/venv/lib/python3.12/site-packages/oslo_config/cfg.py:3545}}
Aug 03 19:22:57.277428 np0000006365 nova-conductor[99075]: DEBUG cotyledon.oslo_config_glue [-] oslo_limit.region_name = None {{(pid=99075) log_opt_values /opt/stack/data/venv/lib/python3.12/site-packages/oslo_config/cfg.py:3545}}
Aug 03 19:22:57.277428 np0000006365 nova-conductor[99075]: DEBUG cotyledon.oslo_config_glue [-] oslo_limit.retriable_status_codes = None {{(pid=99075) log_opt_values /opt/stack/data/venv/lib/python3.12/site-packages/oslo_config/cfg.py:3545}}
Aug 03 19:22:57.277587 np0000006365 nova-conductor[99075]: DEBUG cotyledon.oslo_config_glue [-] oslo_limit.service_name = None {{(pid=99075) log_opt_values /opt/stack/data/venv/lib/python3.12/site-packages/oslo_config/cfg.py:3545}}
Aug 03 19:22:57.277587 np0000006365 nova-conductor[99075]: DEBUG cotyledon.oslo_config_glue [-] oslo_limit.service_type = None {{(pid=99075) log_opt_values /opt/stack/data/venv/lib/python3.12/site-packages/oslo_config/cfg.py:3545}}
Aug 03 19:22:57.277587 np0000006365 nova-conductor[99075]: DEBUG cotyledon.oslo_config_glue [-] oslo_limit.split_loggers = False {{(pid=99075) log_opt_values /opt/stack/data/venv/lib/python3.12/site-packages/oslo_config/cfg.py:3545}}
Aug 03 19:22:57.277587 np0000006365 nova-conductor[99075]: DEBUG cotyledon.oslo_config_glue [-] oslo_limit.status_code_retries = None {{(pid=99075) log_opt_values /opt/stack/data/venv/lib/python3.12/site-packages/oslo_config/cfg.py:3545}}
Aug 03 19:22:57.277587 np0000006365 nova-conductor[99075]: DEBUG cotyledon.oslo_config_glue [-] oslo_limit.status_code_retry_delay = None {{(pid=99075) log_opt_values /opt/stack/data/venv/lib/python3.12/site-packages/oslo_config/cfg.py:3545}}
Aug 03 19:22:57.277587 np0000006365 nova-conductor[99075]: DEBUG cotyledon.oslo_config_glue [-] oslo_limit.timeout = None {{(pid=99075) log_opt_values /opt/stack/data/venv/lib/python3.12/site-packages/oslo_config/cfg.py:3545}}
Aug 03 19:22:57.277587 np0000006365 nova-conductor[99075]: DEBUG cotyledon.oslo_config_glue [-] oslo_limit.valid_interfaces = None {{(pid=99075) log_opt_values /opt/stack/data/venv/lib/python3.12/site-packages/oslo_config/cfg.py:3545}}
Aug 03 19:22:57.277587 np0000006365 nova-conductor[99075]: DEBUG cotyledon.oslo_config_glue [-] oslo_limit.version = None {{(pid=99075) log_opt_values /opt/stack/data/venv/lib/python3.12/site-packages/oslo_config/cfg.py:3545}}
Aug 03 19:22:57.277587 np0000006365 nova-conductor[99075]: DEBUG cotyledon.oslo_config_glue [-] oslo_reports.file_event_handler = None {{(pid=99075) log_opt_values /opt/stack/data/venv/lib/python3.12/site-packages/oslo_config/cfg.py:3545}}
Aug 03 19:22:57.277793 np0000006365 nova-conductor[99075]: DEBUG cotyledon.oslo_config_glue [-] oslo_reports.file_event_handler_interval = 1 {{(pid=99075) log_opt_values /opt/stack/data/venv/lib/python3.12/site-packages/oslo_config/cfg.py:3545}}
Aug 03 19:22:57.277793 np0000006365 nova-conductor[99075]: DEBUG cotyledon.oslo_config_glue [-] oslo_reports.log_dir = None {{(pid=99075) log_opt_values /opt/stack/data/venv/lib/python3.12/site-packages/oslo_config/cfg.py:3545}}
Aug 03 19:22:57.277793 np0000006365 nova-conductor[99075]: DEBUG cotyledon.oslo_config_glue [-] ******************************************************************************** {{(pid=99075) log_opt_values /opt/stack/data/venv/lib/python3.12/site-packages/oslo_config/cfg.py:3552}}
Aug 03 19:22:57.277793 np0000006365 nova-conductor[99075]: DEBUG cotyledon._service_worker [-] Run service ServiceWrapper(3) [99075] {{(pid=99075) wait_forever /opt/stack/data/venv/lib/python3.12/site-packages/cotyledon/_service_worker.py:218}}
Aug 03 19:22:57.277793 np0000006365 nova-conductor[99075]: INFO nova.service [-] Starting conductor node (version 33.1.0)
Aug 03 19:22:57.277793 np0000006365 nova-conductor[99075]: INFO dbcounter [None req-410b8d79-991d-4aba-871b-e6c251544eff None None] Registered counter for database nova_cell0
Aug 03 19:22:57.277913 np0000006365 nova-conductor[99067]: DEBUG oslo_db.sqlalchemy.engines [None req-1a2b168a-304b-43e3-9253-0dd2ee0ef6b6 None None] MySQL server mode set to STRICT_TRANS_TABLES,STRICT_ALL_TABLES,NO_ZERO_IN_DATE,NO_ZERO_DATE,ERROR_FOR_DIVISION_BY_ZERO,TRADITIONAL,NO_ENGINE_SUBSTITUTION {{(pid=99067) _check_effective_sql_mode /opt/stack/data/venv/lib/python3.12/site-packages/oslo_db/sqlalchemy/engines.py:325}}
Aug 03 19:22:57.277944 np0000006365 nova-conductor[99059]: DEBUG oslo_db.sqlalchemy.engines [None req-b59405ac-bbae-4015-a7a1-5603b318c8e6 None None] MySQL server mode set to STRICT_TRANS_TABLES,STRICT_ALL_TABLES,NO_ZERO_IN_DATE,NO_ZERO_DATE,ERROR_FOR_DIVISION_BY_ZERO,TRADITIONAL,NO_ENGINE_SUBSTITUTION {{(pid=99059) _check_effective_sql_mode /opt/stack/data/venv/lib/python3.12/site-packages/oslo_db/sqlalchemy/engines.py:325}}
Aug 03 19:22:57.283047 np0000006365 nova-conductor[99067]: DEBUG dbcounter [-] [99067] Writer thread running {{(pid=99067) stat_writer /opt/stack/data/venv/lib/python3.12/site-packages/dbcounter.py:102}}
Aug 03 19:22:57.287332 np0000006365 nova-conductor[99059]: DEBUG dbcounter [-] [99059] Writer thread running {{(pid=99059) stat_writer /opt/stack/data/venv/lib/python3.12/site-packages/dbcounter.py:102}}
Aug 03 19:22:57.297175 np0000006365 nova-conductor[99071]: DEBUG oslo_db.sqlalchemy.engines [None req-92517a2f-2524-4815-bb73-77d8d033116e None None] MySQL server mode set to STRICT_TRANS_TABLES,STRICT_ALL_TABLES,NO_ZERO_IN_DATE,NO_ZERO_DATE,ERROR_FOR_DIVISION_BY_ZERO,TRADITIONAL,NO_ENGINE_SUBSTITUTION {{(pid=99071) _check_effective_sql_mode /opt/stack/data/venv/lib/python3.12/site-packages/oslo_db/sqlalchemy/engines.py:325}}
Aug 03 19:22:57.303903 np0000006365 nova-conductor[99075]: DEBUG oslo_db.sqlalchemy.engines [None req-410b8d79-991d-4aba-871b-e6c251544eff None None] MySQL server mode set to STRICT_TRANS_TABLES,STRICT_ALL_TABLES,NO_ZERO_IN_DATE,NO_ZERO_DATE,ERROR_FOR_DIVISION_BY_ZERO,TRADITIONAL,NO_ENGINE_SUBSTITUTION {{(pid=99075) _check_effective_sql_mode /opt/stack/data/venv/lib/python3.12/site-packages/oslo_db/sqlalchemy/engines.py:325}}
Aug 03 19:22:57.307037 np0000006365 nova-conductor[99067]: DEBUG nova.service [None req-1a2b168a-304b-43e3-9253-0dd2ee0ef6b6 None None] Creating RPC server for service: nova-conductor on topic: conductor {{(pid=99067) start /opt/stack/nova/nova/service.py:196}}
Aug 03 19:22:57.309655 np0000006365 nova-conductor[99071]: DEBUG dbcounter [-] [99071] Writer thread running {{(pid=99071) stat_writer /opt/stack/data/venv/lib/python3.12/site-packages/dbcounter.py:102}}
Aug 03 19:22:57.312121 np0000006365 nova-conductor[99059]: DEBUG nova.service [None req-b59405ac-bbae-4015-a7a1-5603b318c8e6 None None] Creating RPC server for service: nova-conductor on topic: conductor {{(pid=99059) start /opt/stack/nova/nova/service.py:196}}
Aug 03 19:22:57.312909 np0000006365 nova-conductor[99071]: DEBUG nova.service [None req-92517a2f-2524-4815-bb73-77d8d033116e None None] Creating RPC server for service: nova-conductor on topic: conductor {{(pid=99071) start /opt/stack/nova/nova/service.py:196}}
Aug 03 19:22:57.316516 np0000006365 nova-conductor[99075]: DEBUG dbcounter [-] [99075] Writer thread running {{(pid=99075) stat_writer /opt/stack/data/venv/lib/python3.12/site-packages/dbcounter.py:102}}
Aug 03 19:22:57.320366 np0000006365 nova-conductor[99075]: DEBUG nova.service [None req-410b8d79-991d-4aba-871b-e6c251544eff None None] Creating RPC server for service: nova-conductor on topic: conductor {{(pid=99075) start /opt/stack/nova/nova/service.py:196}}
Aug 03 19:22:57.336662 np0000006365 nova-conductor[99059]: DEBUG nova.service [None req-b59405ac-bbae-4015-a7a1-5603b318c8e6 None None] Join ServiceGroup membership for this service conductor {{(pid=99059) start /opt/stack/nova/nova/service.py:222}}
Aug 03 19:22:57.337038 np0000006365 nova-conductor[99059]: DEBUG nova.servicegroup.drivers.db [None req-b59405ac-bbae-4015-a7a1-5603b318c8e6 None None] DB_Driver: join new ServiceGroup member np0000006365 to the conductor group, service = {{(pid=99059) join /opt/stack/nova/nova/servicegroup/drivers/db.py:44}}
Aug 03 19:22:57.338834 np0000006365 nova-conductor[99075]: DEBUG nova.service [None req-410b8d79-991d-4aba-871b-e6c251544eff None None] Join ServiceGroup membership for this service conductor {{(pid=99075) start /opt/stack/nova/nova/service.py:222}}
Aug 03 19:22:57.339069 np0000006365 nova-conductor[99075]: DEBUG nova.servicegroup.drivers.db [None req-410b8d79-991d-4aba-871b-e6c251544eff None None] DB_Driver: join new ServiceGroup member np0000006365 to the conductor group, service = {{(pid=99075) join /opt/stack/nova/nova/servicegroup/drivers/db.py:44}}
Aug 03 19:22:57.340929 np0000006365 nova-conductor[99071]: DEBUG nova.service [None req-92517a2f-2524-4815-bb73-77d8d033116e None None] Join ServiceGroup membership for this service conductor {{(pid=99071) start /opt/stack/nova/nova/service.py:222}}
Aug 03 19:22:57.341156 np0000006365 nova-conductor[99071]: DEBUG nova.servicegroup.drivers.db [None req-92517a2f-2524-4815-bb73-77d8d033116e None None] DB_Driver: join new ServiceGroup member np0000006365 to the conductor group, service = {{(pid=99071) join /opt/stack/nova/nova/servicegroup/drivers/db.py:44}}
Aug 03 19:22:57.341566 np0000006365 nova-conductor[99067]: DEBUG nova.service [None req-1a2b168a-304b-43e3-9253-0dd2ee0ef6b6 None None] Join ServiceGroup membership for this service conductor {{(pid=99067) start /opt/stack/nova/nova/service.py:222}}
Aug 03 19:22:57.341806 np0000006365 nova-conductor[99067]: DEBUG nova.servicegroup.drivers.db [None req-1a2b168a-304b-43e3-9253-0dd2ee0ef6b6 None None] DB_Driver: join new ServiceGroup member np0000006365 to the conductor group, service = {{(pid=99067) join /opt/stack/nova/nova/servicegroup/drivers/db.py:44}}
Aug 03 19:23:02.355941 np0000006365 nova-conductor[99059]: DEBUG oslo.service.backend._threading.loopingcall [-] Fixed interval looping call 'nova.servicegroup.drivers.db.DbDriver._report_state' sleeping for 119.98 seconds {{(pid=99059) _run_loop /opt/stack/data/venv/lib/python3.12/site-packages/oslo_service/backend/_threading/loopingcall.py:125}}
Aug 03 19:23:02.358920 np0000006365 nova-conductor[99067]: DEBUG oslo.service.backend._threading.loopingcall [-] Fixed interval looping call 'nova.servicegroup.drivers.db.DbDriver._report_state' sleeping for 119.98 seconds {{(pid=99067) _run_loop /opt/stack/data/venv/lib/python3.12/site-packages/oslo_service/backend/_threading/loopingcall.py:125}}
Aug 03 19:23:02.359774 np0000006365 nova-conductor[99075]: DEBUG oslo.service.backend._threading.loopingcall [-] Fixed interval looping call 'nova.servicegroup.drivers.db.DbDriver._report_state' sleeping for 119.98 seconds {{(pid=99075) _run_loop /opt/stack/data/venv/lib/python3.12/site-packages/oslo_service/backend/_threading/loopingcall.py:125}}
Aug 03 19:23:02.365069 np0000006365 nova-conductor[99071]: DEBUG oslo.service.backend._threading.loopingcall [-] Fixed interval looping call 'nova.servicegroup.drivers.db.DbDriver._report_state' sleeping for 119.98 seconds {{(pid=99071) _run_loop /opt/stack/data/venv/lib/python3.12/site-packages/oslo_service/backend/_threading/loopingcall.py:125}}
Aug 03 19:23:05.884758 np0000006365 nova-conductor[97563]: DEBUG dbcounter [-] [97563] Writing DB stats nova_api:SELECT=1 {{(pid=97563) stat_writer /opt/stack/data/venv/lib/python3.12/site-packages/dbcounter.py:115}}
Aug 03 19:23:06.016338 np0000006365 nova-conductor[97563]: DEBUG dbcounter [-] [97563] Writing DB stats nova_cell0:SELECT=1 {{(pid=97563) stat_writer /opt/stack/data/venv/lib/python3.12/site-packages/dbcounter.py:115}}
Aug 03 19:23:06.019620 np0000006365 nova-conductor[97563]: DEBUG dbcounter [-] [97563] Writing DB stats nova_cell1:SELECT=1 {{(pid=97563) stat_writer /opt/stack/data/venv/lib/python3.12/site-packages/dbcounter.py:115}}
Aug 03 19:23:12.349367 np0000006365 nova-conductor[99059]: DEBUG dbcounter [-] [99059] Writing DB stats nova_cell0:SELECT=5,nova_cell0:INSERT=1,nova_cell0:UPDATE=1 {{(pid=99059) stat_writer /opt/stack/data/venv/lib/python3.12/site-packages/dbcounter.py:115}}
Aug 03 19:23:12.354871 np0000006365 nova-conductor[99067]: DEBUG dbcounter [-] [99067] Writing DB stats nova_cell0:SELECT=4,nova_cell0:INSERT=1 {{(pid=99067) stat_writer /opt/stack/data/venv/lib/python3.12/site-packages/dbcounter.py:115}}
Aug 03 19:23:12.357718 np0000006365 nova-conductor[99075]: DEBUG dbcounter [-] [99075] Writing DB stats nova_cell0:SELECT=3,nova_cell0:UPDATE=1 {{(pid=99075) stat_writer /opt/stack/data/venv/lib/python3.12/site-packages/dbcounter.py:115}}
Aug 03 19:23:12.359132 np0000006365 nova-conductor[99071]: DEBUG dbcounter [-] [99071] Writing DB stats nova_cell0:SELECT=3 {{(pid=99071) stat_writer /opt/stack/data/venv/lib/python3.12/site-packages/dbcounter.py:115}}
Aug 03 19:23:22.339322 np0000006365 nova-conductor[99059]: DEBUG oslo.service.backend._threading.loopingcall [None req-57895320-1e70-465f-8196-33ad95ac8b26 None None] Dynamic interval looping call 'nova.service.Service.periodic_tasks' sleeping for 60.00 seconds {{(pid=99059) _run_loop /opt/stack/data/venv/lib/python3.12/site-packages/oslo_service/backend/_threading/loopingcall.py:125}}
Aug 03 19:23:25.344230 np0000006365 nova-conductor[99067]: DEBUG oslo.service.backend._threading.loopingcall [None req-156bdb89-6f1b-47ec-a6b3-a169f5682862 None None] Dynamic interval looping call 'nova.service.Service.periodic_tasks' sleeping for 60.00 seconds {{(pid=99067) _run_loop /opt/stack/data/venv/lib/python3.12/site-packages/oslo_service/backend/_threading/loopingcall.py:125}}
Aug 03 19:23:50.341285 np0000006365 nova-conductor[99075]: DEBUG oslo.service.backend._threading.loopingcall [None req-9600d9f2-bbdb-40c0-a7bb-1ca59a85c29b None None] Dynamic interval looping call 'nova.service.Service.periodic_tasks' sleeping for 60.00 seconds {{(pid=99075) _run_loop /opt/stack/data/venv/lib/python3.12/site-packages/oslo_service/backend/_threading/loopingcall.py:125}}
Aug 03 19:23:52.342838 np0000006365 nova-conductor[99071]: DEBUG oslo.service.backend._threading.loopingcall [None req-776641b8-8d2f-42a8-b076-b7fa74a5ce57 None None] Dynamic interval looping call 'nova.service.Service.periodic_tasks' sleeping for 60.00 seconds {{(pid=99071) _run_loop /opt/stack/data/venv/lib/python3.12/site-packages/oslo_service/backend/_threading/loopingcall.py:125}}
Aug 03 19:24:22.339829 np0000006365 nova-conductor[99059]: DEBUG oslo.service.backend._threading.loopingcall [None req-57895320-1e70-465f-8196-33ad95ac8b26 None None] Dynamic interval looping call 'nova.service.Service.periodic_tasks' sleeping for 60.00 seconds {{(pid=99059) _run_loop /opt/stack/data/venv/lib/python3.12/site-packages/oslo_service/backend/_threading/loopingcall.py:125}}
Aug 03 19:24:25.344716 np0000006365 nova-conductor[99067]: DEBUG oslo.service.backend._threading.loopingcall [None req-156bdb89-6f1b-47ec-a6b3-a169f5682862 None None] Dynamic interval looping call 'nova.service.Service.periodic_tasks' sleeping for 60.00 seconds {{(pid=99067) _run_loop /opt/stack/data/venv/lib/python3.12/site-packages/oslo_service/backend/_threading/loopingcall.py:125}}
Aug 03 19:24:50.341794 np0000006365 nova-conductor[99075]: DEBUG oslo.service.backend._threading.loopingcall [None req-9600d9f2-bbdb-40c0-a7bb-1ca59a85c29b None None] Dynamic interval looping call 'nova.service.Service.periodic_tasks' sleeping for 60.00 seconds {{(pid=99075) _run_loop /opt/stack/data/venv/lib/python3.12/site-packages/oslo_service/backend/_threading/loopingcall.py:125}}
Aug 03 19:24:52.343452 np0000006365 nova-conductor[99071]: DEBUG oslo.service.backend._threading.loopingcall [None req-776641b8-8d2f-42a8-b076-b7fa74a5ce57 None None] Dynamic interval looping call 'nova.service.Service.periodic_tasks' sleeping for 60.00 seconds {{(pid=99071) _run_loop /opt/stack/data/venv/lib/python3.12/site-packages/oslo_service/backend/_threading/loopingcall.py:125}}
Aug 03 19:25:02.347323 np0000006365 nova-conductor[99059]: DEBUG oslo.service.backend._threading.loopingcall [-] Fixed interval looping call 'nova.servicegroup.drivers.db.DbDriver._report_state' sleeping for 119.99 seconds {{(pid=99059) _run_loop /opt/stack/data/venv/lib/python3.12/site-packages/oslo_service/backend/_threading/loopingcall.py:125}}
Aug 03 19:25:02.347676 np0000006365 nova-conductor[99067]: DEBUG oslo.service.backend._threading.loopingcall [-] Fixed interval looping call 'nova.servicegroup.drivers.db.DbDriver._report_state' sleeping for 119.99 seconds {{(pid=99067) _run_loop /opt/stack/data/venv/lib/python3.12/site-packages/oslo_service/backend/_threading/loopingcall.py:125}}
Aug 03 19:25:02.349048 np0000006365 nova-conductor[99075]: DEBUG oslo.service.backend._threading.loopingcall [-] Fixed interval looping call 'nova.servicegroup.drivers.db.DbDriver._report_state' sleeping for 119.99 seconds {{(pid=99075) _run_loop /opt/stack/data/venv/lib/python3.12/site-packages/oslo_service/backend/_threading/loopingcall.py:125}}
Aug 03 19:25:02.351938 np0000006365 nova-conductor[99071]: DEBUG oslo.service.backend._threading.loopingcall [-] Fixed interval looping call 'nova.servicegroup.drivers.db.DbDriver._report_state' sleeping for 119.99 seconds {{(pid=99071) _run_loop /opt/stack/data/venv/lib/python3.12/site-packages/oslo_service/backend/_threading/loopingcall.py:125}}
Aug 03 19:25:05.948342 np0000006365 nova-conductor[99059]: DEBUG oslo_db.sqlalchemy.engines [None req-a9a09c75-a9fb-4645-8e51-38d38c79d0e8 tempest-DeleteServersTestJSON-1254848446 tempest-DeleteServersTestJSON-1254848446-project-member] Parent process 97563 forked (99059) with an open database connection, which is being discarded and recreated. {{(pid=99059) checkout /opt/stack/data/venv/lib/python3.12/site-packages/oslo_db/sqlalchemy/engines.py:402}}
Aug 03 19:25:05.993426 np0000006365 nova-conductor[99059]: DEBUG dbcounter [-] [99059] Writer thread running {{(pid=99059) stat_writer /opt/stack/data/venv/lib/python3.12/site-packages/dbcounter.py:102}}
Aug 03 19:25:07.026746 np0000006365 nova-conductor[99059]: DEBUG nova.conductor.manager [None req-a9a09c75-a9fb-4645-8e51-38d38c79d0e8 tempest-DeleteServersTestJSON-1254848446 tempest-DeleteServersTestJSON-1254848446-project-member] Took 1.03 seconds to select destinations for 1 instance(s). {{(pid=99059) _schedule_instances /opt/stack/nova/nova/conductor/manager.py:968}}
Aug 03 19:25:07.056298 np0000006365 nova-conductor[99059]: DEBUG oslo_concurrency.lockutils [None req-a9a09c75-a9fb-4645-8e51-38d38c79d0e8 tempest-DeleteServersTestJSON-1254848446 tempest-DeleteServersTestJSON-1254848446-project-member] Acquiring lock "6e1de6ab-264f-4e9a-9111-7ced999865e4" by "nova.context.set_target_cell..get_or_set_cached_cell_and_set_connections" {{(pid=99059) inner /opt/stack/data/venv/lib/python3.12/site-packages/oslo_concurrency/lockutils.py:512}}
Aug 03 19:25:07.056425 np0000006365 nova-conductor[99059]: DEBUG oslo_concurrency.lockutils [None req-a9a09c75-a9fb-4645-8e51-38d38c79d0e8 tempest-DeleteServersTestJSON-1254848446 tempest-DeleteServersTestJSON-1254848446-project-member] Lock "6e1de6ab-264f-4e9a-9111-7ced999865e4" acquired by "nova.context.set_target_cell..get_or_set_cached_cell_and_set_connections" :: waited 0.000s {{(pid=99059) inner /opt/stack/data/venv/lib/python3.12/site-packages/oslo_concurrency/lockutils.py:525}}
Aug 03 19:25:07.059100 np0000006365 nova-conductor[99059]: DEBUG oslo_concurrency.lockutils [None req-a9a09c75-a9fb-4645-8e51-38d38c79d0e8 tempest-DeleteServersTestJSON-1254848446 tempest-DeleteServersTestJSON-1254848446-project-member] Lock "6e1de6ab-264f-4e9a-9111-7ced999865e4" "released" by "nova.context.set_target_cell..get_or_set_cached_cell_and_set_connections" :: held 0.002s {{(pid=99059) inner /opt/stack/data/venv/lib/python3.12/site-packages/oslo_concurrency/lockutils.py:544}}
Aug 03 19:25:07.059533 np0000006365 nova-conductor[99059]: INFO dbcounter [None req-a9a09c75-a9fb-4645-8e51-38d38c79d0e8 tempest-DeleteServersTestJSON-1254848446 tempest-DeleteServersTestJSON-1254848446-project-member] Registered counter for database nova_cell1
Aug 03 19:25:07.095204 np0000006365 nova-conductor[99059]: DEBUG oslo_db.sqlalchemy.engines [None req-a9a09c75-a9fb-4645-8e51-38d38c79d0e8 tempest-DeleteServersTestJSON-1254848446 tempest-DeleteServersTestJSON-1254848446-project-member] MySQL server mode set to STRICT_TRANS_TABLES,STRICT_ALL_TABLES,NO_ZERO_IN_DATE,NO_ZERO_DATE,ERROR_FOR_DIVISION_BY_ZERO,TRADITIONAL,NO_ENGINE_SUBSTITUTION {{(pid=99059) _check_effective_sql_mode /opt/stack/data/venv/lib/python3.12/site-packages/oslo_db/sqlalchemy/engines.py:325}}
Aug 03 19:25:07.101994 np0000006365 nova-conductor[99059]: DEBUG dbcounter [-] [99059] Writer thread running {{(pid=99059) stat_writer /opt/stack/data/venv/lib/python3.12/site-packages/dbcounter.py:102}}
Aug 03 19:25:07.196177 np0000006365 nova-conductor[99059]: INFO nova.utils [None req-a9a09c75-a9fb-4645-8e51-38d38c79d0e8 tempest-DeleteServersTestJSON-1254848446 tempest-DeleteServersTestJSON-1254848446-project-member] The cell worker thread pool ForkProcess-1.cell_worker is initialized
Aug 03 19:25:07.196177 np0000006365 nova-conductor[99059]: DEBUG oslo_concurrency.lockutils [None req-a9a09c75-a9fb-4645-8e51-38d38c79d0e8 tempest-DeleteServersTestJSON-1254848446 tempest-DeleteServersTestJSON-1254848446-project-member] Acquiring lock "00000000-0000-0000-0000-000000000000" by "nova.context.set_target_cell..get_or_set_cached_cell_and_set_connections" {{(pid=99059) inner /opt/stack/data/venv/lib/python3.12/site-packages/oslo_concurrency/lockutils.py:512}}
Aug 03 19:25:07.196177 np0000006365 nova-conductor[99059]: DEBUG oslo_concurrency.lockutils [None req-a9a09c75-a9fb-4645-8e51-38d38c79d0e8 tempest-DeleteServersTestJSON-1254848446 tempest-DeleteServersTestJSON-1254848446-project-member] Lock "00000000-0000-0000-0000-000000000000" acquired by "nova.context.set_target_cell..get_or_set_cached_cell_and_set_connections" :: waited 0.000s {{(pid=99059) inner /opt/stack/data/venv/lib/python3.12/site-packages/oslo_concurrency/lockutils.py:525}}
Aug 03 19:25:07.196898 np0000006365 nova-conductor[99059]: DEBUG oslo_concurrency.lockutils [None req-a9a09c75-a9fb-4645-8e51-38d38c79d0e8 tempest-DeleteServersTestJSON-1254848446 tempest-DeleteServersTestJSON-1254848446-project-member] Lock "00000000-0000-0000-0000-000000000000" "released" by "nova.context.set_target_cell..get_or_set_cached_cell_and_set_connections" :: held 0.000s {{(pid=99059) inner /opt/stack/data/venv/lib/python3.12/site-packages/oslo_concurrency/lockutils.py:544}}
Aug 03 19:25:07.197635 np0000006365 nova-conductor[99059]: DEBUG oslo_concurrency.lockutils [None req-a9a09c75-a9fb-4645-8e51-38d38c79d0e8 tempest-DeleteServersTestJSON-1254848446 tempest-DeleteServersTestJSON-1254848446-project-member] Acquiring lock "6e1de6ab-264f-4e9a-9111-7ced999865e4" by "nova.context.set_target_cell..get_or_set_cached_cell_and_set_connections" {{(pid=99059) inner /opt/stack/data/venv/lib/python3.12/site-packages/oslo_concurrency/lockutils.py:512}}
Aug 03 19:25:07.197801 np0000006365 nova-conductor[99059]: DEBUG oslo_concurrency.lockutils [None req-a9a09c75-a9fb-4645-8e51-38d38c79d0e8 tempest-DeleteServersTestJSON-1254848446 tempest-DeleteServersTestJSON-1254848446-project-member] Lock "6e1de6ab-264f-4e9a-9111-7ced999865e4" acquired by "nova.context.set_target_cell..get_or_set_cached_cell_and_set_connections" :: waited 0.000s {{(pid=99059) inner /opt/stack/data/venv/lib/python3.12/site-packages/oslo_concurrency/lockutils.py:525}}
Aug 03 19:25:07.197948 np0000006365 nova-conductor[99059]: DEBUG oslo_concurrency.lockutils [None req-a9a09c75-a9fb-4645-8e51-38d38c79d0e8 tempest-DeleteServersTestJSON-1254848446 tempest-DeleteServersTestJSON-1254848446-project-member] Lock "6e1de6ab-264f-4e9a-9111-7ced999865e4" "released" by "nova.context.set_target_cell..get_or_set_cached_cell_and_set_connections" :: held 0.000s {{(pid=99059) inner /opt/stack/data/venv/lib/python3.12/site-packages/oslo_concurrency/lockutils.py:544}}
Aug 03 19:25:07.199426 np0000006365 nova-conductor[99059]: INFO dbcounter [None req-a9a09c75-a9fb-4645-8e51-38d38c79d0e8 tempest-DeleteServersTestJSON-1254848446 tempest-DeleteServersTestJSON-1254848446-project-member] Registered counter for database nova_cell0
Aug 03 19:25:07.254818 np0000006365 nova-conductor[99059]: DEBUG oslo_db.sqlalchemy.engines [None req-a9a09c75-a9fb-4645-8e51-38d38c79d0e8 tempest-DeleteServersTestJSON-1254848446 tempest-DeleteServersTestJSON-1254848446-project-member] MySQL server mode set to STRICT_TRANS_TABLES,STRICT_ALL_TABLES,NO_ZERO_IN_DATE,NO_ZERO_DATE,ERROR_FOR_DIVISION_BY_ZERO,TRADITIONAL,NO_ENGINE_SUBSTITUTION {{(pid=99059) _check_effective_sql_mode /opt/stack/data/venv/lib/python3.12/site-packages/oslo_db/sqlalchemy/engines.py:325}}
Aug 03 19:25:07.263180 np0000006365 nova-conductor[99059]: DEBUG dbcounter [-] [99059] Writer thread running {{(pid=99059) stat_writer /opt/stack/data/venv/lib/python3.12/site-packages/dbcounter.py:102}}
Aug 03 19:25:07.274799 np0000006365 nova-conductor[99059]: DEBUG nova.quota [None req-a9a09c75-a9fb-4645-8e51-38d38c79d0e8 tempest-DeleteServersTestJSON-1254848446 tempest-DeleteServersTestJSON-1254848446-project-member] Getting quotas for project 240ac8badf4d4d13b78d622837e3b4a5. Resources: {'cores', 'ram', 'instances'} {{(pid=99059) _get_quotas /opt/stack/nova/nova/quota.py:389}}
Aug 03 19:25:07.279271 np0000006365 nova-conductor[99059]: DEBUG nova.quota [None req-a9a09c75-a9fb-4645-8e51-38d38c79d0e8 tempest-DeleteServersTestJSON-1254848446 tempest-DeleteServersTestJSON-1254848446-project-member] Getting quotas for user d8e951800ecc4b0db1b69849a1e67844 and project 240ac8badf4d4d13b78d622837e3b4a5. Resources: {'cores', 'ram', 'instances'} {{(pid=99059) _get_quotas /opt/stack/nova/nova/quota.py:379}}
