Jun 16 14:43:33.864307 np0000002957 devstack@g-api.service[102074]: DEBUG glance_store.location [-] Registering scheme file with {'store': , 'location_class': , 'store_entry': 'file'} {{(pid=102074) register_scheme_map /opt/stack/data/venv/lib/python3.12/site-packages/glance_store/location.py:146}}
Jun 16 14:43:33.864365 np0000002957 devstack@g-api.service[102074]: DEBUG glance_store.location [-] Registering scheme filesystem with {'store': , 'location_class': , 'store_entry': 'file'} {{(pid=102074) register_scheme_map /opt/stack/data/venv/lib/python3.12/site-packages/glance_store/location.py:146}}
Jun 16 14:43:33.864416 np0000002957 devstack@g-api.service[102074]: DEBUG glance_store.backend [-] Attempting to import store swift {{(pid=102074) _load_store /opt/stack/data/venv/lib/python3.12/site-packages/glance_store/backend.py:215}}
Jun 16 14:43:33.864591 np0000002957 devstack@g-api.service[102074]: WARNING oslo_config.cfg [-] Deprecated: Option "default_store" from group "glance_store" is deprecated for removal (
Jun 16 14:43:33.864591 np0000002957 devstack@g-api.service[102074]: This option is deprecated against new config option
Jun 16 14:43:33.864591 np0000002957 devstack@g-api.service[102074]: ``default_backend`` which acts similar to ``default_store`` config
Jun 16 14:43:33.864591 np0000002957 devstack@g-api.service[102074]: option.
Jun 16 14:43:33.864591 np0000002957 devstack@g-api.service[102074]: This option is scheduled for removal in the U development
Jun 16 14:43:33.864591 np0000002957 devstack@g-api.service[102074]: cycle.
Jun 16 14:43:33.864591 np0000002957 devstack@g-api.service[102074]: ). Its value may be silently ignored in the future.
Jun 16 14:43:33.865691 np0000002957 devstack@g-api.service[102074]: DEBUG glance_store.capabilities [-] Store glance_store._drivers.swift.store.SingleTenantStore doesn't support updating dynamic storage capabilities. Please overwrite 'update_capabilities' method of the store to implement updating logics if needed. {{(pid=102074) update_capabilities /opt/stack/data/venv/lib/python3.12/site-packages/glance_store/capabilities.py:91}}
Jun 16 14:43:33.865765 np0000002957 devstack@g-api.service[102074]: DEBUG glance_store.backend [-] Registering store swift with schemes ('swift+https', 'swift', 'swift+http', 'swift+config') {{(pid=102074) create_stores /opt/stack/data/venv/lib/python3.12/site-packages/glance_store/backend.py:261}}
Jun 16 14:43:33.865828 np0000002957 devstack@g-api.service[102074]: DEBUG glance_store.driver [-] Late loading location class glance_store._drivers.swift.store.StoreLocation {{(pid=102074) get_store_location_class /opt/stack/data/venv/lib/python3.12/site-packages/glance_store/driver.py:134}}
Jun 16 14:43:33.865886 np0000002957 devstack@g-api.service[102074]: DEBUG glance_store.location [-] Registering scheme swift+https with {'store': , 'location_class': , 'store_entry': 'swift'} {{(pid=102074) register_scheme_map /opt/stack/data/venv/lib/python3.12/site-packages/glance_store/location.py:146}}
Jun 16 14:43:33.865933 np0000002957 devstack@g-api.service[102074]: DEBUG glance_store.location [-] Registering scheme swift with {'store': , 'location_class': , 'store_entry': 'swift'} {{(pid=102074) register_scheme_map /opt/stack/data/venv/lib/python3.12/site-packages/glance_store/location.py:146}}
Jun 16 14:43:33.865987 np0000002957 devstack@g-api.service[102074]: DEBUG glance_store.location [-] Registering scheme swift+http with {'store': , 'location_class': , 'store_entry': 'swift'} {{(pid=102074) register_scheme_map /opt/stack/data/venv/lib/python3.12/site-packages/glance_store/location.py:146}}
Jun 16 14:43:33.866035 np0000002957 devstack@g-api.service[102074]: DEBUG glance_store.location [-] Registering scheme swift+config with {'store': , 'location_class': , 'store_entry': 'swift'} {{(pid=102074) register_scheme_map /opt/stack/data/venv/lib/python3.12/site-packages/glance_store/location.py:146}}
Jun 16 14:43:33.866137 np0000002957 devstack@g-api.service[102074]: DEBUG glance_store.backend [-] Attempting to import store swift {{(pid=102074) _load_store /opt/stack/data/venv/lib/python3.12/site-packages/glance_store/backend.py:215}}
Jun 16 14:43:33.867147 np0000002957 devstack@g-api.service[102074]: DEBUG glance_store.capabilities [-] Store glance_store._drivers.swift.store.SingleTenantStore doesn't support updating dynamic storage capabilities. Please overwrite 'update_capabilities' method of the store to implement updating logics if needed. {{(pid=102074) update_capabilities /opt/stack/data/venv/lib/python3.12/site-packages/glance_store/capabilities.py:91}}
Jun 16 14:43:33.867199 np0000002957 devstack@g-api.service[102074]: DEBUG glance_store.driver [-] Late loading location class glance_store._drivers.swift.store.StoreLocation {{(pid=102074) get_store_location_class /opt/stack/data/venv/lib/python3.12/site-packages/glance_store/driver.py:134}}
Jun 16 14:43:33.867268 np0000002957 devstack@g-api.service[102074]: DEBUG glance_store.location [-] Registering scheme swift+https with {'store': , 'location_class': , 'store_entry': 'swift'} {{(pid=102074) register_scheme_map /opt/stack/data/venv/lib/python3.12/site-packages/glance_store/location.py:146}}
Jun 16 14:43:33.867312 np0000002957 devstack@g-api.service[102074]: DEBUG glance_store.location [-] Registering scheme swift+https with {'store': , 'location_class': , 'store_entry': 'swift'} {{(pid=102074) register_scheme_map /opt/stack/data/venv/lib/python3.12/site-packages/glance_store/location.py:146}}
Jun 16 14:43:33.867378 np0000002957 devstack@g-api.service[102074]: DEBUG glance_store.location [-] Registering scheme swift with {'store': , 'location_class': , 'store_entry': 'swift'} {{(pid=102074) register_scheme_map /opt/stack/data/venv/lib/python3.12/site-packages/glance_store/location.py:146}}
Jun 16 14:43:33.867442 np0000002957 devstack@g-api.service[102074]: DEBUG glance_store.location [-] Registering scheme swift+https with {'store': , 'location_class': , 'store_entry': 'swift'} {{(pid=102074) register_scheme_map /opt/stack/data/venv/lib/python3.12/site-packages/glance_store/location.py:146}}
Jun 16 14:43:33.867494 np0000002957 devstack@g-api.service[102074]: DEBUG glance_store.location [-] Registering scheme swift with {'store': , 'location_class': , 'store_entry': 'swift'} {{(pid=102074) register_scheme_map /opt/stack/data/venv/lib/python3.12/site-packages/glance_store/location.py:146}}
Jun 16 14:43:33.867545 np0000002957 devstack@g-api.service[102074]: DEBUG glance_store.location [-] Registering scheme swift+http with {'store': , 'location_class': , 'store_entry': 'swift'} {{(pid=102074) register_scheme_map /opt/stack/data/venv/lib/python3.12/site-packages/glance_store/location.py:146}}
Jun 16 14:43:33.867596 np0000002957 devstack@g-api.service[102074]: DEBUG glance_store.location [-] Registering scheme swift+https with {'store': , 'location_class': , 'store_entry': 'swift'} {{(pid=102074) register_scheme_map /opt/stack/data/venv/lib/python3.12/site-packages/glance_store/location.py:146}}
Jun 16 14:43:33.867635 np0000002957 devstack@g-api.service[102074]: DEBUG glance_store.location [-] Registering scheme swift with {'store': , 'location_class': , 'store_entry': 'swift'} {{(pid=102074) register_scheme_map /opt/stack/data/venv/lib/python3.12/site-packages/glance_store/location.py:146}}
Jun 16 14:43:33.867683 np0000002957 devstack@g-api.service[102074]: DEBUG glance_store.location [-] Registering scheme swift+http with {'store': , 'location_class': , 'store_entry': 'swift'} {{(pid=102074) register_scheme_map /opt/stack/data/venv/lib/python3.12/site-packages/glance_store/location.py:146}}
Jun 16 14:43:33.867753 np0000002957 devstack@g-api.service[102074]: DEBUG glance_store.location [-] Registering scheme swift+config with {'store': , 'location_class': , 'store_entry': 'swift'} {{(pid=102074) register_scheme_map /opt/stack/data/venv/lib/python3.12/site-packages/glance_store/location.py:146}}
Jun 16 14:43:33.867995 np0000002957 devstack@g-api.service[102074]: DEBUG glance.sqlite_migration [-] SQLite caching database not located, skipping migration {{(pid=102074) get_db_path /opt/stack/glance/glance/sqlite_migration.py:68}}
Jun 16 14:43:33.868170 np0000002957 devstack@g-api.service[102074]: WARNING glance.common.wsgi_app [-] Import methods are enabled but staging directory /tmp/staging/ does not exist; Imports will fail!
Jun 16 14:43:34.070983 np0000002957 devstack@g-api.service[102073]: DEBUG glance.common.config [None req-205ac6d5-d0b8-4728-9efd-477a2683b2f2 None None] Loading glance-api-keystone+cachemanagement from /etc/glance/glance-api-paste.ini {{(pid=102073) load_paste_app /opt/stack/glance/glance/common/config.py:758}}
Jun 16 14:43:34.078944 np0000002957 devstack@g-api.service[102075]: DEBUG glance.common.config [None req-53a68462-d9c1-42fb-9d9b-2e28d76c7b9c None None] Loading glance-api-keystone+cachemanagement from /etc/glance/glance-api-paste.ini {{(pid=102075) load_paste_app /opt/stack/glance/glance/common/config.py:758}}
Jun 16 14:43:34.148604 np0000002957 devstack@g-api.service[102074]: DEBUG glance.common.config [None req-575168a3-b82d-49d2-b7e8-600a2caf4aa8 None None] Loading glance-api-keystone+cachemanagement from /etc/glance/glance-api-paste.ini {{(pid=102074) load_paste_app /opt/stack/glance/glance/common/config.py:758}}
Jun 16 14:43:34.719924 np0000002957 devstack@g-api.service[102075]: INFO glance.image_cache [None req-53a68462-d9c1-42fb-9d9b-2e28d76c7b9c None None] Image cache loaded driver 'centralized_db'.
Jun 16 14:43:34.721510 np0000002957 devstack@g-api.service[102074]: INFO glance.image_cache [None req-575168a3-b82d-49d2-b7e8-600a2caf4aa8 None None] Image cache loaded driver 'centralized_db'.
Jun 16 14:43:34.732269 np0000002957 devstack@g-api.service[102073]: INFO glance.image_cache [None req-205ac6d5-d0b8-4728-9efd-477a2683b2f2 None None] Image cache loaded driver 'centralized_db'.
Jun 16 14:43:34.767569 np0000002957 devstack@g-api.service[102075]: INFO dbcounter [None req-53a68462-d9c1-42fb-9d9b-2e28d76c7b9c None None] Registered counter for database glance
Jun 16 14:43:34.777731 np0000002957 devstack@g-api.service[102074]: INFO dbcounter [None req-575168a3-b82d-49d2-b7e8-600a2caf4aa8 None None] Registered counter for database glance
Jun 16 14:43:34.791263 np0000002957 devstack@g-api.service[102073]: INFO dbcounter [None req-205ac6d5-d0b8-4728-9efd-477a2683b2f2 None None] Registered counter for database glance
Jun 16 14:43:34.813525 np0000002957 devstack@g-api.service[102075]: DEBUG oslo_db.sqlalchemy.engines [None req-53a68462-d9c1-42fb-9d9b-2e28d76c7b9c None None] MySQL server mode set to STRICT_TRANS_TABLES,STRICT_ALL_TABLES,NO_ZERO_IN_DATE,NO_ZERO_DATE,ERROR_FOR_DIVISION_BY_ZERO,TRADITIONAL,NO_ENGINE_SUBSTITUTION {{(pid=102075) _check_effective_sql_mode /opt/stack/data/venv/lib/python3.12/site-packages/oslo_db/sqlalchemy/engines.py:325}}
Jun 16 14:43:34.826589 np0000002957 devstack@g-api.service[102074]: DEBUG oslo_db.sqlalchemy.engines [None req-575168a3-b82d-49d2-b7e8-600a2caf4aa8 None None] MySQL server mode set to STRICT_TRANS_TABLES,STRICT_ALL_TABLES,NO_ZERO_IN_DATE,NO_ZERO_DATE,ERROR_FOR_DIVISION_BY_ZERO,TRADITIONAL,NO_ENGINE_SUBSTITUTION {{(pid=102074) _check_effective_sql_mode /opt/stack/data/venv/lib/python3.12/site-packages/oslo_db/sqlalchemy/engines.py:325}}
Jun 16 14:43:34.837969 np0000002957 devstack@g-api.service[102073]: DEBUG oslo_db.sqlalchemy.engines [None req-205ac6d5-d0b8-4728-9efd-477a2683b2f2 None None] MySQL server mode set to STRICT_TRANS_TABLES,STRICT_ALL_TABLES,NO_ZERO_IN_DATE,NO_ZERO_DATE,ERROR_FOR_DIVISION_BY_ZERO,TRADITIONAL,NO_ENGINE_SUBSTITUTION {{(pid=102073) _check_effective_sql_mode /opt/stack/data/venv/lib/python3.12/site-packages/oslo_db/sqlalchemy/engines.py:325}}
Jun 16 14:43:34.840529 np0000002957 devstack@g-api.service[102075]: DEBUG dbcounter [-] [102075] Writer thread running {{(pid=102075) stat_writer /opt/stack/data/venv/lib/python3.12/site-packages/dbcounter.py:102}}
Jun 16 14:43:34.853454 np0000002957 devstack@g-api.service[102075]: INFO glance.image_cache [None req-53a68462-d9c1-42fb-9d9b-2e28d76c7b9c None None] Image cache loaded driver 'centralized_db'.
Jun 16 14:43:34.855159 np0000002957 devstack@g-api.service[102074]: DEBUG dbcounter [-] [102074] Writer thread running {{(pid=102074) stat_writer /opt/stack/data/venv/lib/python3.12/site-packages/dbcounter.py:102}}
Jun 16 14:43:34.858278 np0000002957 devstack@g-api.service[102074]: DEBUG glance.image_cache.drivers.centralized_db [None req-575168a3-b82d-49d2-b7e8-600a2caf4aa8 None None] Node reference is already recorded, ignoring it {{(pid=102074) configure /opt/stack/glance/glance/image_cache/drivers/centralized_db.py:71}}
Jun 16 14:43:34.860858 np0000002957 devstack@g-api.service[102075]: DEBUG glance.image_cache.drivers.centralized_db [None req-53a68462-d9c1-42fb-9d9b-2e28d76c7b9c None None] Node reference is already recorded, ignoring it {{(pid=102075) configure /opt/stack/glance/glance/image_cache/drivers/centralized_db.py:71}}
Jun 16 14:43:34.865788 np0000002957 devstack@g-api.service[102073]: DEBUG dbcounter [-] [102073] Writer thread running {{(pid=102073) stat_writer /opt/stack/data/venv/lib/python3.12/site-packages/dbcounter.py:102}}
Jun 16 14:43:34.865927 np0000002957 devstack@g-api.service[102075]: DEBUG glance.api.v2.cached_images [None req-53a68462-d9c1-42fb-9d9b-2e28d76c7b9c None None] Started cache worker thread {{(pid=102075) __init__ /opt/stack/glance/glance/api/v2/cached_images.py:69}}
Jun 16 14:43:34.866207 np0000002957 devstack@g-api.service[102074]: INFO glance.image_cache [None req-575168a3-b82d-49d2-b7e8-600a2caf4aa8 None None] Image cache loaded driver 'centralized_db'.
Jun 16 14:43:34.866482 np0000002957 devstack@g-api.service[102075]: INFO glance.image_cache [None req-53a68462-d9c1-42fb-9d9b-2e28d76c7b9c None None] Image cache loaded driver 'centralized_db'.
Jun 16 14:43:34.869840 np0000002957 devstack@g-api.service[102073]: DEBUG glance.image_cache.drivers.centralized_db [None req-205ac6d5-d0b8-4728-9efd-477a2683b2f2 None None] Node reference is already recorded, ignoring it {{(pid=102073) configure /opt/stack/glance/glance/image_cache/drivers/centralized_db.py:71}}
Jun 16 14:43:34.873014 np0000002957 devstack@g-api.service[102075]: DEBUG glance.image_cache.drivers.centralized_db [None req-53a68462-d9c1-42fb-9d9b-2e28d76c7b9c None None] Node reference is already recorded, ignoring it {{(pid=102075) configure /opt/stack/glance/glance/image_cache/drivers/centralized_db.py:71}}
Jun 16 14:43:34.874155 np0000002957 devstack@g-api.service[102074]: DEBUG glance.image_cache.drivers.centralized_db [None req-575168a3-b82d-49d2-b7e8-600a2caf4aa8 None None] Node reference is already recorded, ignoring it {{(pid=102074) configure /opt/stack/glance/glance/image_cache/drivers/centralized_db.py:71}}
Jun 16 14:43:34.875669 np0000002957 devstack@g-api.service[102073]: INFO glance.image_cache [None req-205ac6d5-d0b8-4728-9efd-477a2683b2f2 None None] Image cache loaded driver 'centralized_db'.
Jun 16 14:43:34.879892 np0000002957 devstack@g-api.service[102075]: INFO glance.api.middleware.cache_manage [None req-53a68462-d9c1-42fb-9d9b-2e28d76c7b9c None None] Initialized image cache management middleware
Jun 16 14:43:34.880063 np0000002957 devstack@g-api.service[102075]: INFO glance.image_cache [None req-53a68462-d9c1-42fb-9d9b-2e28d76c7b9c None None] Image cache loaded driver 'centralized_db'.
Jun 16 14:43:34.880872 np0000002957 devstack@g-api.service[102074]: DEBUG glance.api.v2.cached_images [None req-575168a3-b82d-49d2-b7e8-600a2caf4aa8 None None] Started cache worker thread {{(pid=102074) __init__ /opt/stack/glance/glance/api/v2/cached_images.py:69}}
Jun 16 14:43:34.881606 np0000002957 devstack@g-api.service[102074]: INFO glance.image_cache [None req-575168a3-b82d-49d2-b7e8-600a2caf4aa8 None None] Image cache loaded driver 'centralized_db'.
Jun 16 14:43:34.884461 np0000002957 devstack@g-api.service[102073]: DEBUG glance.image_cache.drivers.centralized_db [None req-205ac6d5-d0b8-4728-9efd-477a2683b2f2 None None] Node reference is already recorded, ignoring it {{(pid=102073) configure /opt/stack/glance/glance/image_cache/drivers/centralized_db.py:71}}
Jun 16 14:43:34.890991 np0000002957 devstack@g-api.service[102073]: DEBUG glance.api.v2.cached_images [None req-205ac6d5-d0b8-4728-9efd-477a2683b2f2 None None] Started cache worker thread {{(pid=102073) __init__ /opt/stack/glance/glance/api/v2/cached_images.py:69}}
Jun 16 14:43:34.891567 np0000002957 devstack@g-api.service[102073]: INFO glance.image_cache [None req-205ac6d5-d0b8-4728-9efd-477a2683b2f2 None None] Image cache loaded driver 'centralized_db'.
Jun 16 14:43:34.902255 np0000002957 devstack@g-api.service[102073]: DEBUG glance.image_cache.drivers.centralized_db [None req-205ac6d5-d0b8-4728-9efd-477a2683b2f2 None None] Node reference is already recorded, ignoring it {{(pid=102073) configure /opt/stack/glance/glance/image_cache/drivers/centralized_db.py:71}}
Jun 16 14:43:34.982724 np0000002957 devstack@g-api.service[102075]: DEBUG glance.image_cache.drivers.centralized_db [None req-53a68462-d9c1-42fb-9d9b-2e28d76c7b9c None None] Node reference is already recorded, ignoring it {{(pid=102075) configure /opt/stack/glance/glance/image_cache/drivers/centralized_db.py:71}}
Jun 16 14:43:34.987190 np0000002957 devstack@g-api.service[102075]: INFO glance.api.middleware.cache [None req-53a68462-d9c1-42fb-9d9b-2e28d76c7b9c None None] Initialized image cache middleware
Jun 16 14:43:34.999728 np0000002957 devstack@g-api.service[102075]: DEBUG glance.common.config [None req-53a68462-d9c1-42fb-9d9b-2e28d76c7b9c None None] ******************************************************************************** {{(pid=102075) log_opt_values /opt/stack/data/venv/lib/python3.12/site-packages/oslo_config/cfg.py:3226}}
Jun 16 14:43:34.999992 np0000002957 devstack@g-api.service[102075]: DEBUG glance.common.config [None req-53a68462-d9c1-42fb-9d9b-2e28d76c7b9c None None] Configuration options gathered from: {{(pid=102075) log_opt_values /opt/stack/data/venv/lib/python3.12/site-packages/oslo_config/cfg.py:3227}}
Jun 16 14:43:35.000153 np0000002957 devstack@g-api.service[102075]: DEBUG glance.common.config [None req-53a68462-d9c1-42fb-9d9b-2e28d76c7b9c None None] command line args: [] {{(pid=102075) log_opt_values /opt/stack/data/venv/lib/python3.12/site-packages/oslo_config/cfg.py:3228}}
Jun 16 14:43:35.000297 np0000002957 devstack@g-api.service[102075]: DEBUG glance.common.config [None req-53a68462-d9c1-42fb-9d9b-2e28d76c7b9c None None] config files: ['/etc/glance/glance-image-import.conf', '/etc/glance/glance-api.conf'] {{(pid=102075) log_opt_values /opt/stack/data/venv/lib/python3.12/site-packages/oslo_config/cfg.py:3229}}
Jun 16 14:43:35.000395 np0000002957 devstack@g-api.service[102075]: DEBUG glance.common.config [None req-53a68462-d9c1-42fb-9d9b-2e28d76c7b9c None None] ================================================================================ {{(pid=102075) log_opt_values /opt/stack/data/venv/lib/python3.12/site-packages/oslo_config/cfg.py:3234}}
Jun 16 14:43:35.000517 np0000002957 devstack@g-api.service[102075]: DEBUG glance.common.config [None req-53a68462-d9c1-42fb-9d9b-2e28d76c7b9c None None] allow_anonymous_access = False {{(pid=102075) log_opt_values /opt/stack/data/venv/lib/python3.12/site-packages/oslo_config/cfg.py:3242}}
Jun 16 14:43:35.000634 np0000002957 devstack@g-api.service[102075]: DEBUG glance.common.config [None req-53a68462-d9c1-42fb-9d9b-2e28d76c7b9c None None] api_limit_max = 1000 {{(pid=102075) log_opt_values /opt/stack/data/venv/lib/python3.12/site-packages/oslo_config/cfg.py:3242}}
Jun 16 14:43:35.000764 np0000002957 devstack@g-api.service[102075]: DEBUG glance.common.config [None req-53a68462-d9c1-42fb-9d9b-2e28d76c7b9c None None] backlog = 4096 {{(pid=102075) log_opt_values /opt/stack/data/venv/lib/python3.12/site-packages/oslo_config/cfg.py:3242}}
Jun 16 14:43:35.000908 np0000002957 devstack@g-api.service[102075]: DEBUG glance.common.config [None req-53a68462-d9c1-42fb-9d9b-2e28d76c7b9c None None] bind_host = 0.0.0.0 {{(pid=102075) log_opt_values /opt/stack/data/venv/lib/python3.12/site-packages/oslo_config/cfg.py:3242}}
Jun 16 14:43:35.001032 np0000002957 devstack@g-api.service[102075]: DEBUG glance.common.config [None req-53a68462-d9c1-42fb-9d9b-2e28d76c7b9c None None] bind_port = 19292 {{(pid=102075) log_opt_values /opt/stack/data/venv/lib/python3.12/site-packages/oslo_config/cfg.py:3242}}
Jun 16 14:43:35.001142 np0000002957 devstack@g-api.service[102075]: DEBUG glance.common.config [None req-53a68462-d9c1-42fb-9d9b-2e28d76c7b9c None None] client_socket_timeout = 900 {{(pid=102075) log_opt_values /opt/stack/data/venv/lib/python3.12/site-packages/oslo_config/cfg.py:3242}}
Jun 16 14:43:35.001251 np0000002957 devstack@g-api.service[102075]: DEBUG glance.common.config [None req-53a68462-d9c1-42fb-9d9b-2e28d76c7b9c None None] config_dir = [] {{(pid=102075) log_opt_values /opt/stack/data/venv/lib/python3.12/site-packages/oslo_config/cfg.py:3242}}
Jun 16 14:43:35.001333 np0000002957 devstack@g-api.service[102075]: DEBUG glance.common.config [None req-53a68462-d9c1-42fb-9d9b-2e28d76c7b9c None None] config_file = ['/etc/glance/glance-image-import.conf', '/etc/glance/glance-api.conf'] {{(pid=102075) log_opt_values /opt/stack/data/venv/lib/python3.12/site-packages/oslo_config/cfg.py:3242}}
Jun 16 14:43:35.001454 np0000002957 devstack@g-api.service[102075]: DEBUG glance.common.config [None req-53a68462-d9c1-42fb-9d9b-2e28d76c7b9c None None] config_source = [] {{(pid=102075) log_opt_values /opt/stack/data/venv/lib/python3.12/site-packages/oslo_config/cfg.py:3242}}
Jun 16 14:43:35.001568 np0000002957 devstack@g-api.service[102075]: DEBUG glance.common.config [None req-53a68462-d9c1-42fb-9d9b-2e28d76c7b9c None None] control_exchange = glance {{(pid=102075) log_opt_values /opt/stack/data/venv/lib/python3.12/site-packages/oslo_config/cfg.py:3242}}
Jun 16 14:43:35.001647 np0000002957 devstack@g-api.service[102075]: DEBUG glance.common.config [None req-53a68462-d9c1-42fb-9d9b-2e28d76c7b9c None None] debug = True {{(pid=102075) log_opt_values /opt/stack/data/venv/lib/python3.12/site-packages/oslo_config/cfg.py:3242}}
Jun 16 14:43:35.001863 np0000002957 devstack@g-api.service[102075]: DEBUG glance.common.config [None req-53a68462-d9c1-42fb-9d9b-2e28d76c7b9c None None] default_log_levels = ['amqp=WARN', 'boto=WARN', 'sqlalchemy=WARN', 'suds=INFO', 'oslo.messaging=INFO', 'oslo_messaging=INFO', 'iso8601=WARN', 'requests.packages.urllib3.connectionpool=WARN', 'urllib3.connectionpool=WARN', 'websocket=WARN', 'requests.packages.urllib3.util.retry=WARN', 'urllib3.util.retry=WARN', 'keystonemiddleware=WARN', 'routes.middleware=WARN', 'stevedore=WARN', 'taskflow=WARN', 'keystoneauth=WARN', 'oslo.cache=INFO', 'oslo_policy=INFO', 'dogpile.core.dogpile=INFO'] {{(pid=102075) log_opt_values /opt/stack/data/venv/lib/python3.12/site-packages/oslo_config/cfg.py:3242}}
Jun 16 14:43:35.001965 np0000002957 devstack@g-api.service[102075]: DEBUG glance.common.config [None req-53a68462-d9c1-42fb-9d9b-2e28d76c7b9c None None] default_publisher_id = image.localhost {{(pid=102075) log_opt_values /opt/stack/data/venv/lib/python3.12/site-packages/oslo_config/cfg.py:3242}}
Jun 16 14:43:35.002072 np0000002957 devstack@g-api.service[102075]: DEBUG glance.common.config [None req-53a68462-d9c1-42fb-9d9b-2e28d76c7b9c None None] delayed_delete = False {{(pid=102075) log_opt_values /opt/stack/data/venv/lib/python3.12/site-packages/oslo_config/cfg.py:3242}}
Jun 16 14:43:35.002181 np0000002957 devstack@g-api.service[102075]: DEBUG glance.common.config [None req-53a68462-d9c1-42fb-9d9b-2e28d76c7b9c None None] digest_algorithm = sha256 {{(pid=102075) log_opt_values /opt/stack/data/venv/lib/python3.12/site-packages/oslo_config/cfg.py:3242}}
Jun 16 14:43:35.002292 np0000002957 devstack@g-api.service[102075]: DEBUG glance.common.config [None req-53a68462-d9c1-42fb-9d9b-2e28d76c7b9c None None] disabled_notifications = [] {{(pid=102075) log_opt_values /opt/stack/data/venv/lib/python3.12/site-packages/oslo_config/cfg.py:3242}}
Jun 16 14:43:35.002406 np0000002957 devstack@g-api.service[102075]: DEBUG glance.common.config [None req-53a68462-d9c1-42fb-9d9b-2e28d76c7b9c None None] do_secure_hash = True {{(pid=102075) log_opt_values /opt/stack/data/venv/lib/python3.12/site-packages/oslo_config/cfg.py:3242}}
Jun 16 14:43:35.002513 np0000002957 devstack@g-api.service[102075]: DEBUG glance.common.config [None req-53a68462-d9c1-42fb-9d9b-2e28d76c7b9c None None] enabled_backends = None {{(pid=102075) log_opt_values /opt/stack/data/venv/lib/python3.12/site-packages/oslo_config/cfg.py:3242}}
Jun 16 14:43:35.002639 np0000002957 devstack@g-api.service[102075]: DEBUG glance.common.config [None req-53a68462-d9c1-42fb-9d9b-2e28d76c7b9c None None] enabled_import_methods = ['glance-direct', 'web-download', 'copy-image'] {{(pid=102075) log_opt_values /opt/stack/data/venv/lib/python3.12/site-packages/oslo_config/cfg.py:3242}}
Jun 16 14:43:35.002761 np0000002957 devstack@g-api.service[102075]: DEBUG glance.common.config [None req-53a68462-d9c1-42fb-9d9b-2e28d76c7b9c None None] fatal_deprecations = False {{(pid=102075) log_opt_values /opt/stack/data/venv/lib/python3.12/site-packages/oslo_config/cfg.py:3242}}
Jun 16 14:43:35.002879 np0000002957 devstack@g-api.service[102075]: DEBUG glance.common.config [None req-53a68462-d9c1-42fb-9d9b-2e28d76c7b9c None None] hashing_algorithm = sha512 {{(pid=102075) log_opt_values /opt/stack/data/venv/lib/python3.12/site-packages/oslo_config/cfg.py:3242}}
Jun 16 14:43:35.002977 np0000002957 devstack@g-api.service[102075]: DEBUG glance.common.config [None req-53a68462-d9c1-42fb-9d9b-2e28d76c7b9c None None] http_keepalive = True {{(pid=102075) log_opt_values /opt/stack/data/venv/lib/python3.12/site-packages/oslo_config/cfg.py:3242}}
Jun 16 14:43:35.003081 np0000002957 devstack@g-api.service[102075]: DEBUG glance.common.config [None req-53a68462-d9c1-42fb-9d9b-2e28d76c7b9c None None] http_retries = 3 {{(pid=102075) log_opt_values /opt/stack/data/venv/lib/python3.12/site-packages/oslo_config/cfg.py:3242}}
Jun 16 14:43:35.003191 np0000002957 devstack@g-api.service[102075]: DEBUG glance.common.config [None req-53a68462-d9c1-42fb-9d9b-2e28d76c7b9c None None] image_cache_dir = /opt/stack/data/glance/cache/ {{(pid=102075) log_opt_values /opt/stack/data/venv/lib/python3.12/site-packages/oslo_config/cfg.py:3242}}
Jun 16 14:43:35.003302 np0000002957 devstack@g-api.service[102075]: DEBUG glance.common.config [None req-53a68462-d9c1-42fb-9d9b-2e28d76c7b9c None None] image_cache_driver = centralized_db {{(pid=102075) log_opt_values /opt/stack/data/venv/lib/python3.12/site-packages/oslo_config/cfg.py:3242}}
Jun 16 14:43:35.003430 np0000002957 devstack@g-api.service[102075]: DEBUG glance.common.config [None req-53a68462-d9c1-42fb-9d9b-2e28d76c7b9c None None] image_cache_max_size = 10737418240 {{(pid=102075) log_opt_values /opt/stack/data/venv/lib/python3.12/site-packages/oslo_config/cfg.py:3242}}
Jun 16 14:43:35.003549 np0000002957 devstack@g-api.service[102075]: DEBUG glance.common.config [None req-53a68462-d9c1-42fb-9d9b-2e28d76c7b9c None None] image_cache_sqlite_db = cache.db {{(pid=102075) log_opt_values /opt/stack/data/venv/lib/python3.12/site-packages/oslo_config/cfg.py:3242}}
Jun 16 14:43:35.003663 np0000002957 devstack@g-api.service[102075]: DEBUG glance.common.config [None req-53a68462-d9c1-42fb-9d9b-2e28d76c7b9c None None] image_cache_stall_time = 86400 {{(pid=102075) log_opt_values /opt/stack/data/venv/lib/python3.12/site-packages/oslo_config/cfg.py:3242}}
Jun 16 14:43:35.003782 np0000002957 devstack@g-api.service[102075]: DEBUG glance.common.config [None req-53a68462-d9c1-42fb-9d9b-2e28d76c7b9c None None] image_location_quota = 10 {{(pid=102075) log_opt_values /opt/stack/data/venv/lib/python3.12/site-packages/oslo_config/cfg.py:3242}}
Jun 16 14:43:35.003896 np0000002957 devstack@g-api.service[102075]: DEBUG glance.common.config [None req-53a68462-d9c1-42fb-9d9b-2e28d76c7b9c None None] image_member_quota = 128 {{(pid=102075) log_opt_values /opt/stack/data/venv/lib/python3.12/site-packages/oslo_config/cfg.py:3242}}
Jun 16 14:43:35.003997 np0000002957 devstack@g-api.service[102075]: DEBUG glance.common.config [None req-53a68462-d9c1-42fb-9d9b-2e28d76c7b9c None None] image_property_quota = 128 {{(pid=102075) log_opt_values /opt/stack/data/venv/lib/python3.12/site-packages/oslo_config/cfg.py:3242}}
Jun 16 14:43:35.004097 np0000002957 devstack@g-api.service[102075]: DEBUG glance.common.config [None req-53a68462-d9c1-42fb-9d9b-2e28d76c7b9c None None] image_size_cap = 1099511627776 {{(pid=102075) log_opt_values /opt/stack/data/venv/lib/python3.12/site-packages/oslo_config/cfg.py:3242}}
Jun 16 14:43:35.004199 np0000002957 devstack@g-api.service[102075]: DEBUG glance.common.config [None req-53a68462-d9c1-42fb-9d9b-2e28d76c7b9c None None] image_tag_quota = 128 {{(pid=102075) log_opt_values /opt/stack/data/venv/lib/python3.12/site-packages/oslo_config/cfg.py:3242}}
Jun 16 14:43:35.004313 np0000002957 devstack@g-api.service[102075]: DEBUG glance.common.config [None req-53a68462-d9c1-42fb-9d9b-2e28d76c7b9c None None] instance_format = [instance: %(uuid)s] {{(pid=102075) log_opt_values /opt/stack/data/venv/lib/python3.12/site-packages/oslo_config/cfg.py:3242}}
Jun 16 14:43:35.004436 np0000002957 devstack@g-api.service[102075]: DEBUG glance.common.config [None req-53a68462-d9c1-42fb-9d9b-2e28d76c7b9c None None] instance_uuid_format = [instance: %(uuid)s] {{(pid=102075) log_opt_values /opt/stack/data/venv/lib/python3.12/site-packages/oslo_config/cfg.py:3242}}
Jun 16 14:43:35.004540 np0000002957 devstack@g-api.service[102075]: DEBUG glance.common.config [None req-53a68462-d9c1-42fb-9d9b-2e28d76c7b9c None None] limit_param_default = 25 {{(pid=102075) log_opt_values /opt/stack/data/venv/lib/python3.12/site-packages/oslo_config/cfg.py:3242}}
Jun 16 14:43:35.004655 np0000002957 devstack@g-api.service[102075]: DEBUG glance.common.config [None req-53a68462-d9c1-42fb-9d9b-2e28d76c7b9c None None] log_color = False {{(pid=102075) log_opt_values /opt/stack/data/venv/lib/python3.12/site-packages/oslo_config/cfg.py:3242}}
Jun 16 14:43:35.004783 np0000002957 devstack@g-api.service[102075]: DEBUG glance.common.config [None req-53a68462-d9c1-42fb-9d9b-2e28d76c7b9c None None] log_config_append = None {{(pid=102075) log_opt_values /opt/stack/data/venv/lib/python3.12/site-packages/oslo_config/cfg.py:3242}}
Jun 16 14:43:35.004899 np0000002957 devstack@g-api.service[102075]: DEBUG glance.common.config [None req-53a68462-d9c1-42fb-9d9b-2e28d76c7b9c None None] log_date_format = %Y-%m-%d %H:%M:%S {{(pid=102075) log_opt_values /opt/stack/data/venv/lib/python3.12/site-packages/oslo_config/cfg.py:3242}}
Jun 16 14:43:35.005010 np0000002957 devstack@g-api.service[102075]: DEBUG glance.common.config [None req-53a68462-d9c1-42fb-9d9b-2e28d76c7b9c None None] log_dir = None {{(pid=102075) log_opt_values /opt/stack/data/venv/lib/python3.12/site-packages/oslo_config/cfg.py:3242}}
Jun 16 14:43:35.005114 np0000002957 devstack@g-api.service[102075]: DEBUG glance.common.config [None req-53a68462-d9c1-42fb-9d9b-2e28d76c7b9c None None] log_file = None {{(pid=102075) log_opt_values /opt/stack/data/venv/lib/python3.12/site-packages/oslo_config/cfg.py:3242}}
Jun 16 14:43:35.005217 np0000002957 devstack@g-api.service[102075]: DEBUG glance.common.config [None req-53a68462-d9c1-42fb-9d9b-2e28d76c7b9c None None] log_rotate_interval = 1 {{(pid=102075) log_opt_values /opt/stack/data/venv/lib/python3.12/site-packages/oslo_config/cfg.py:3242}}
Jun 16 14:43:35.005331 np0000002957 devstack@g-api.service[102075]: DEBUG glance.common.config [None req-53a68462-d9c1-42fb-9d9b-2e28d76c7b9c None None] log_rotate_interval_type = days {{(pid=102075) log_opt_values /opt/stack/data/venv/lib/python3.12/site-packages/oslo_config/cfg.py:3242}}
Jun 16 14:43:35.005457 np0000002957 devstack@g-api.service[102075]: DEBUG glance.common.config [None req-53a68462-d9c1-42fb-9d9b-2e28d76c7b9c None None] log_rotation_type = none {{(pid=102075) log_opt_values /opt/stack/data/venv/lib/python3.12/site-packages/oslo_config/cfg.py:3242}}
Jun 16 14:43:35.005540 np0000002957 devstack@g-api.service[102075]: DEBUG glance.common.config [None req-53a68462-d9c1-42fb-9d9b-2e28d76c7b9c None None] logging_context_format_string = %(color)s%(levelname)s %(name)s [%(global_request_id)s %(request_id)s %(project_name)s %(user_name)s%(color)s] %(instance)s%(color)s%(message)s {{(pid=102075) log_opt_values /opt/stack/data/venv/lib/python3.12/site-packages/oslo_config/cfg.py:3242}}
Jun 16 14:43:35.005619 np0000002957 devstack@g-api.service[102075]: DEBUG glance.common.config [None req-53a68462-d9c1-42fb-9d9b-2e28d76c7b9c None None] logging_debug_format_suffix = {{(pid=%(process)d) %(funcName)s %(pathname)s:%(lineno)d}} {{(pid=102075) log_opt_values /opt/stack/data/venv/lib/python3.12/site-packages/oslo_config/cfg.py:3242}}
Jun 16 14:43:35.005748 np0000002957 devstack@g-api.service[102075]: DEBUG glance.common.config [None req-53a68462-d9c1-42fb-9d9b-2e28d76c7b9c None None] logging_default_format_string = %(color)s%(levelname)s %(name)s [-%(color)s] %(instance)s%(color)s%(message)s {{(pid=102075) log_opt_values /opt/stack/data/venv/lib/python3.12/site-packages/oslo_config/cfg.py:3242}}
Jun 16 14:43:35.005861 np0000002957 devstack@g-api.service[102075]: DEBUG glance.common.config [None req-53a68462-d9c1-42fb-9d9b-2e28d76c7b9c None None] logging_exception_prefix = ERROR %(name)s %(instance)s {{(pid=102075) log_opt_values /opt/stack/data/venv/lib/python3.12/site-packages/oslo_config/cfg.py:3242}}
Jun 16 14:43:35.005940 np0000002957 devstack@g-api.service[102075]: DEBUG glance.common.config [None req-53a68462-d9c1-42fb-9d9b-2e28d76c7b9c None None] logging_user_identity_format = %(user)s %(project)s %(domain)s %(system_scope)s %(user_domain)s %(project_domain)s {{(pid=102075) log_opt_values /opt/stack/data/venv/lib/python3.12/site-packages/oslo_config/cfg.py:3242}}
Jun 16 14:43:35.006051 np0000002957 devstack@g-api.service[102075]: DEBUG glance.common.config [None req-53a68462-d9c1-42fb-9d9b-2e28d76c7b9c None None] max_header_line = 16384 {{(pid=102075) log_opt_values /opt/stack/data/venv/lib/python3.12/site-packages/oslo_config/cfg.py:3242}}
Jun 16 14:43:35.006148 np0000002957 devstack@g-api.service[102075]: DEBUG glance.common.config [None req-53a68462-d9c1-42fb-9d9b-2e28d76c7b9c None None] max_logfile_count = 30 {{(pid=102075) log_opt_values /opt/stack/data/venv/lib/python3.12/site-packages/oslo_config/cfg.py:3242}}
Jun 16 14:43:35.006252 np0000002957 devstack@g-api.service[102075]: DEBUG glance.common.config [None req-53a68462-d9c1-42fb-9d9b-2e28d76c7b9c None None] max_logfile_size_mb = 200 {{(pid=102075) log_opt_values /opt/stack/data/venv/lib/python3.12/site-packages/oslo_config/cfg.py:3242}}
Jun 16 14:43:35.006362 np0000002957 devstack@g-api.service[102075]: DEBUG glance.common.config [None req-53a68462-d9c1-42fb-9d9b-2e28d76c7b9c None None] max_request_id_length = 64 {{(pid=102075) log_opt_values /opt/stack/data/venv/lib/python3.12/site-packages/oslo_config/cfg.py:3242}}
Jun 16 14:43:35.006472 np0000002957 devstack@g-api.service[102075]: DEBUG glance.common.config [None req-53a68462-d9c1-42fb-9d9b-2e28d76c7b9c None None] metadata_encryption_key = **** {{(pid=102075) log_opt_values /opt/stack/data/venv/lib/python3.12/site-packages/oslo_config/cfg.py:3242}}
Jun 16 14:43:35.006580 np0000002957 devstack@g-api.service[102075]: DEBUG glance.common.config [None req-53a68462-d9c1-42fb-9d9b-2e28d76c7b9c None None] node_staging_uri = file:///tmp/staging/ {{(pid=102075) log_opt_values /opt/stack/data/venv/lib/python3.12/site-packages/oslo_config/cfg.py:3242}}
Jun 16 14:43:35.006682 np0000002957 devstack@g-api.service[102075]: DEBUG glance.common.config [None req-53a68462-d9c1-42fb-9d9b-2e28d76c7b9c None None] property_protection_file = None {{(pid=102075) log_opt_values /opt/stack/data/venv/lib/python3.12/site-packages/oslo_config/cfg.py:3242}}
Jun 16 14:43:35.006810 np0000002957 devstack@g-api.service[102075]: DEBUG glance.common.config [None req-53a68462-d9c1-42fb-9d9b-2e28d76c7b9c None None] property_protection_rule_format = roles {{(pid=102075) log_opt_values /opt/stack/data/venv/lib/python3.12/site-packages/oslo_config/cfg.py:3242}}
Jun 16 14:43:35.006919 np0000002957 devstack@g-api.service[102075]: DEBUG glance.common.config [None req-53a68462-d9c1-42fb-9d9b-2e28d76c7b9c None None] public_endpoint = https://10.4.3.59/image {{(pid=102075) log_opt_values /opt/stack/data/venv/lib/python3.12/site-packages/oslo_config/cfg.py:3242}}
Jun 16 14:43:35.007023 np0000002957 devstack@g-api.service[102075]: DEBUG glance.common.config [None req-53a68462-d9c1-42fb-9d9b-2e28d76c7b9c None None] publish_errors = False {{(pid=102075) log_opt_values /opt/stack/data/venv/lib/python3.12/site-packages/oslo_config/cfg.py:3242}}
Jun 16 14:43:35.007128 np0000002957 devstack@g-api.service[102075]: DEBUG glance.common.config [None req-53a68462-d9c1-42fb-9d9b-2e28d76c7b9c None None] pydev_worker_debug_host = None {{(pid=102075) log_opt_values /opt/stack/data/venv/lib/python3.12/site-packages/oslo_config/cfg.py:3242}}
Jun 16 14:43:35.007238 np0000002957 devstack@g-api.service[102074]: DEBUG glance.image_cache.drivers.centralized_db [None req-575168a3-b82d-49d2-b7e8-600a2caf4aa8 None None] Node reference is already recorded, ignoring it {{(pid=102074) configure /opt/stack/glance/glance/image_cache/drivers/centralized_db.py:71}}
Jun 16 14:43:35.007280 np0000002957 devstack@g-api.service[102075]: DEBUG glance.common.config [None req-53a68462-d9c1-42fb-9d9b-2e28d76c7b9c None None] pydev_worker_debug_port = 5678 {{(pid=102075) log_opt_values /opt/stack/data/venv/lib/python3.12/site-packages/oslo_config/cfg.py:3242}}
Jun 16 14:43:35.007339 np0000002957 devstack@g-api.service[102075]: DEBUG glance.common.config [None req-53a68462-d9c1-42fb-9d9b-2e28d76c7b9c None None] rate_limit_burst = 0 {{(pid=102075) log_opt_values /opt/stack/data/venv/lib/python3.12/site-packages/oslo_config/cfg.py:3242}}
Jun 16 14:43:35.007459 np0000002957 devstack@g-api.service[102075]: DEBUG glance.common.config [None req-53a68462-d9c1-42fb-9d9b-2e28d76c7b9c None None] rate_limit_except_level = CRITICAL {{(pid=102075) log_opt_values /opt/stack/data/venv/lib/python3.12/site-packages/oslo_config/cfg.py:3242}}
Jun 16 14:43:35.007563 np0000002957 devstack@g-api.service[102075]: DEBUG glance.common.config [None req-53a68462-d9c1-42fb-9d9b-2e28d76c7b9c None None] rate_limit_interval = 0 {{(pid=102075) log_opt_values /opt/stack/data/venv/lib/python3.12/site-packages/oslo_config/cfg.py:3242}}
Jun 16 14:43:35.007662 np0000002957 devstack@g-api.service[102075]: DEBUG glance.common.config [None req-53a68462-d9c1-42fb-9d9b-2e28d76c7b9c None None] scrub_pool_size = 1 {{(pid=102075) log_opt_values /opt/stack/data/venv/lib/python3.12/site-packages/oslo_config/cfg.py:3242}}
Jun 16 14:43:35.007782 np0000002957 devstack@g-api.service[102075]: DEBUG glance.common.config [None req-53a68462-d9c1-42fb-9d9b-2e28d76c7b9c None None] scrub_time = 0 {{(pid=102075) log_opt_values /opt/stack/data/venv/lib/python3.12/site-packages/oslo_config/cfg.py:3242}}
Jun 16 14:43:35.007885 np0000002957 devstack@g-api.service[102075]: DEBUG glance.common.config [None req-53a68462-d9c1-42fb-9d9b-2e28d76c7b9c None None] shell_completion = None {{(pid=102075) log_opt_values /opt/stack/data/venv/lib/python3.12/site-packages/oslo_config/cfg.py:3242}}
Jun 16 14:43:35.007997 np0000002957 devstack@g-api.service[102075]: DEBUG glance.common.config [None req-53a68462-d9c1-42fb-9d9b-2e28d76c7b9c None None] show_image_direct_url = False {{(pid=102075) log_opt_values /opt/stack/data/venv/lib/python3.12/site-packages/oslo_config/cfg.py:3242}}
Jun 16 14:43:35.008489 np0000002957 devstack@g-api.service[102075]: WARNING oslo_config.cfg [None req-53a68462-d9c1-42fb-9d9b-2e28d76c7b9c None None] Deprecated: Option "show_multiple_locations" from group "DEFAULT" is deprecated for removal (Use of this option, deprecated since Newton, is a security risk and will be removed once we figure out a way to satisfy those use cases that currently require it. An earlier announcement that the same functionality can be achieved with greater granularity by using policies is incorrect. You cannot work around this option via policy configuration at the present time, though that is the direction we believe the fix will take. Please keep an eye on the Glance release notes to stay up to date on progress in addressing this issue.). Its value may be silently ignored in the future.
Jun 16 14:43:35.008621 np0000002957 devstack@g-api.service[102075]: DEBUG glance.common.config [None req-53a68462-d9c1-42fb-9d9b-2e28d76c7b9c None None] show_multiple_locations = False {{(pid=102075) log_opt_values /opt/stack/data/venv/lib/python3.12/site-packages/oslo_config/cfg.py:3242}}
Jun 16 14:43:35.008748 np0000002957 devstack@g-api.service[102075]: DEBUG glance.common.config [None req-53a68462-d9c1-42fb-9d9b-2e28d76c7b9c None None] syslog_log_facility = LOG_USER {{(pid=102075) log_opt_values /opt/stack/data/venv/lib/python3.12/site-packages/oslo_config/cfg.py:3242}}
Jun 16 14:43:35.008860 np0000002957 devstack@g-api.service[102075]: DEBUG glance.common.config [None req-53a68462-d9c1-42fb-9d9b-2e28d76c7b9c None None] tcp_keepidle = 600 {{(pid=102075) log_opt_values /opt/stack/data/venv/lib/python3.12/site-packages/oslo_config/cfg.py:3242}}
Jun 16 14:43:35.008973 np0000002957 devstack@g-api.service[102075]: DEBUG glance.common.config [None req-53a68462-d9c1-42fb-9d9b-2e28d76c7b9c None None] transport_url = **** {{(pid=102075) log_opt_values /opt/stack/data/venv/lib/python3.12/site-packages/oslo_config/cfg.py:3242}}
Jun 16 14:43:35.009074 np0000002957 devstack@g-api.service[102075]: DEBUG glance.common.config [None req-53a68462-d9c1-42fb-9d9b-2e28d76c7b9c None None] use_journal = False {{(pid=102075) log_opt_values /opt/stack/data/venv/lib/python3.12/site-packages/oslo_config/cfg.py:3242}}
Jun 16 14:43:35.009178 np0000002957 devstack@g-api.service[102075]: DEBUG glance.common.config [None req-53a68462-d9c1-42fb-9d9b-2e28d76c7b9c None None] use_json = False {{(pid=102075) log_opt_values /opt/stack/data/venv/lib/python3.12/site-packages/oslo_config/cfg.py:3242}}
Jun 16 14:43:35.009288 np0000002957 devstack@g-api.service[102075]: DEBUG glance.common.config [None req-53a68462-d9c1-42fb-9d9b-2e28d76c7b9c None None] use_keystone_limits = True {{(pid=102075) log_opt_values /opt/stack/data/venv/lib/python3.12/site-packages/oslo_config/cfg.py:3242}}
Jun 16 14:43:35.009407 np0000002957 devstack@g-api.service[102075]: DEBUG glance.common.config [None req-53a68462-d9c1-42fb-9d9b-2e28d76c7b9c None None] use_stderr = False {{(pid=102075) log_opt_values /opt/stack/data/venv/lib/python3.12/site-packages/oslo_config/cfg.py:3242}}
Jun 16 14:43:35.009515 np0000002957 devstack@g-api.service[102075]: DEBUG glance.common.config [None req-53a68462-d9c1-42fb-9d9b-2e28d76c7b9c None None] use_syslog = False {{(pid=102075) log_opt_values /opt/stack/data/venv/lib/python3.12/site-packages/oslo_config/cfg.py:3242}}
Jun 16 14:43:35.009622 np0000002957 devstack@g-api.service[102075]: DEBUG glance.common.config [None req-53a68462-d9c1-42fb-9d9b-2e28d76c7b9c None None] user_storage_quota = 0 {{(pid=102075) log_opt_values /opt/stack/data/venv/lib/python3.12/site-packages/oslo_config/cfg.py:3242}}
Jun 16 14:43:35.009745 np0000002957 devstack@g-api.service[102075]: DEBUG glance.common.config [None req-53a68462-d9c1-42fb-9d9b-2e28d76c7b9c None None] worker_self_reference_url = http://127.0.0.1:60999 {{(pid=102075) log_opt_values /opt/stack/data/venv/lib/python3.12/site-packages/oslo_config/cfg.py:3242}}
Jun 16 14:43:35.009849 np0000002957 devstack@g-api.service[102075]: DEBUG glance.common.config [None req-53a68462-d9c1-42fb-9d9b-2e28d76c7b9c None None] workers = None {{(pid=102075) log_opt_values /opt/stack/data/venv/lib/python3.12/site-packages/oslo_config/cfg.py:3242}}
Jun 16 14:43:35.009979 np0000002957 devstack@g-api.service[102075]: DEBUG glance.common.config [None req-53a68462-d9c1-42fb-9d9b-2e28d76c7b9c None None] oslo_concurrency.disable_process_locking = False {{(pid=102075) log_opt_values /opt/stack/data/venv/lib/python3.12/site-packages/oslo_config/cfg.py:3253}}
Jun 16 14:43:35.010095 np0000002957 devstack@g-api.service[102075]: DEBUG glance.common.config [None req-53a68462-d9c1-42fb-9d9b-2e28d76c7b9c None None] oslo_concurrency.lock_path = /opt/stack/data/glance/locks {{(pid=102075) log_opt_values /opt/stack/data/venv/lib/python3.12/site-packages/oslo_config/cfg.py:3253}}
Jun 16 14:43:35.010210 np0000002957 devstack@g-api.service[102075]: DEBUG glance.common.config [None req-53a68462-d9c1-42fb-9d9b-2e28d76c7b9c None None] oslo_middleware.enable_proxy_headers_parsing = False {{(pid=102075) log_opt_values /opt/stack/data/venv/lib/python3.12/site-packages/oslo_config/cfg.py:3253}}
Jun 16 14:43:35.010322 np0000002957 devstack@g-api.service[102075]: DEBUG glance.common.config [None req-53a68462-d9c1-42fb-9d9b-2e28d76c7b9c None None] oslo_middleware.http_basic_auth_user_file = /etc/htpasswd {{(pid=102075) log_opt_values /opt/stack/data/venv/lib/python3.12/site-packages/oslo_config/cfg.py:3253}}
Jun 16 14:43:35.010441 np0000002957 devstack@g-api.service[102075]: DEBUG glance.common.config [None req-53a68462-d9c1-42fb-9d9b-2e28d76c7b9c None None] paste_deploy.config_file = None {{(pid=102075) log_opt_values /opt/stack/data/venv/lib/python3.12/site-packages/oslo_config/cfg.py:3253}}
Jun 16 14:43:35.010557 np0000002957 devstack@g-api.service[102075]: DEBUG glance.common.config [None req-53a68462-d9c1-42fb-9d9b-2e28d76c7b9c None None] paste_deploy.flavor = keystone+cachemanagement {{(pid=102075) log_opt_values /opt/stack/data/venv/lib/python3.12/site-packages/oslo_config/cfg.py:3253}}
Jun 16 14:43:35.010735 np0000002957 devstack@g-api.service[102075]: DEBUG glance.common.config [None req-53a68462-d9c1-42fb-9d9b-2e28d76c7b9c None None] image_format.container_formats = ['ami', 'ari', 'aki', 'bare', 'ovf', 'ova', 'docker', 'compressed'] {{(pid=102075) log_opt_values /opt/stack/data/venv/lib/python3.12/site-packages/oslo_config/cfg.py:3253}}
Jun 16 14:43:35.010889 np0000002957 devstack@g-api.service[102075]: DEBUG glance.common.config [None req-53a68462-d9c1-42fb-9d9b-2e28d76c7b9c None None] image_format.disk_formats = ['ami', 'ari', 'aki', 'vhd', 'vhdx', 'vmdk', 'raw', 'qcow2', 'vdi', 'iso', 'ploop'] {{(pid=102075) log_opt_values /opt/stack/data/venv/lib/python3.12/site-packages/oslo_config/cfg.py:3253}}
Jun 16 14:43:35.010999 np0000002957 devstack@g-api.service[102075]: DEBUG glance.common.config [None req-53a68462-d9c1-42fb-9d9b-2e28d76c7b9c None None] image_format.gpt_safety_checks_nonfatal = [] {{(pid=102075) log_opt_values /opt/stack/data/venv/lib/python3.12/site-packages/oslo_config/cfg.py:3253}}
Jun 16 14:43:35.011108 np0000002957 devstack@g-api.service[102075]: DEBUG glance.common.config [None req-53a68462-d9c1-42fb-9d9b-2e28d76c7b9c None None] image_format.require_image_format_match = True {{(pid=102075) log_opt_values /opt/stack/data/venv/lib/python3.12/site-packages/oslo_config/cfg.py:3253}}
Jun 16 14:43:35.011226 np0000002957 devstack@g-api.service[102075]: DEBUG glance.common.config [None req-53a68462-d9c1-42fb-9d9b-2e28d76c7b9c None None] image_format.vmdk_allowed_types = ['streamOptimized', 'monolithicSparse'] {{(pid=102075) log_opt_values /opt/stack/data/venv/lib/python3.12/site-packages/oslo_config/cfg.py:3253}}
Jun 16 14:43:35.011342 np0000002957 devstack@g-api.service[102075]: DEBUG glance.common.config [None req-53a68462-d9c1-42fb-9d9b-2e28d76c7b9c None None] task.task_executor = taskflow {{(pid=102075) log_opt_values /opt/stack/data/venv/lib/python3.12/site-packages/oslo_config/cfg.py:3253}}
Jun 16 14:43:35.011463 np0000002957 devstack@g-api.service[102075]: DEBUG glance.common.config [None req-53a68462-d9c1-42fb-9d9b-2e28d76c7b9c None None] task.task_time_to_live = 48 {{(pid=102075) log_opt_values /opt/stack/data/venv/lib/python3.12/site-packages/oslo_config/cfg.py:3253}}
Jun 16 14:43:35.011565 np0000002957 devstack@g-api.service[102075]: DEBUG glance.common.config [None req-53a68462-d9c1-42fb-9d9b-2e28d76c7b9c None None] task.work_dir = None {{(pid=102075) log_opt_values /opt/stack/data/venv/lib/python3.12/site-packages/oslo_config/cfg.py:3253}}
Jun 16 14:43:35.011684 np0000002957 devstack@g-api.service[102075]: DEBUG glance.common.config [None req-53a68462-d9c1-42fb-9d9b-2e28d76c7b9c None None] wsgi.python_interpreter = /opt/stack/data/venv/bin/python3 {{(pid=102075) log_opt_values /opt/stack/data/venv/lib/python3.12/site-packages/oslo_config/cfg.py:3253}}
Jun 16 14:43:35.011805 np0000002957 devstack@g-api.service[102075]: DEBUG glance.common.config [None req-53a68462-d9c1-42fb-9d9b-2e28d76c7b9c None None] wsgi.task_pool_threads = 16 {{(pid=102075) log_opt_values /opt/stack/data/venv/lib/python3.12/site-packages/oslo_config/cfg.py:3253}}
Jun 16 14:43:35.011930 np0000002957 devstack@g-api.service[102075]: DEBUG glance.common.config [None req-53a68462-d9c1-42fb-9d9b-2e28d76c7b9c None None] profiler.connection_string = messaging:// {{(pid=102075) log_opt_values /opt/stack/data/venv/lib/python3.12/site-packages/oslo_config/cfg.py:3253}}
Jun 16 14:43:35.012040 np0000002957 devstack@g-api.service[102075]: DEBUG glance.common.config [None req-53a68462-d9c1-42fb-9d9b-2e28d76c7b9c None None] profiler.enabled = False {{(pid=102075) log_opt_values /opt/stack/data/venv/lib/python3.12/site-packages/oslo_config/cfg.py:3253}}
Jun 16 14:43:35.012151 np0000002957 devstack@g-api.service[102075]: DEBUG glance.common.config [None req-53a68462-d9c1-42fb-9d9b-2e28d76c7b9c None None] profiler.es_doc_type = notification {{(pid=102075) log_opt_values /opt/stack/data/venv/lib/python3.12/site-packages/oslo_config/cfg.py:3253}}
