Jun 16 14:43:10.744633 np0000002957 nova-scheduler[95733]: DEBUG cotyledon.oslo_config_glue [-] oslo_limit.certfile = None {{(pid=95733) log_opt_values /opt/stack/data/venv/lib/python3.12/site-packages/oslo_config/cfg.py:3253}}
Jun 16 14:43:10.744633 np0000002957 nova-scheduler[95733]: DEBUG cotyledon.oslo_config_glue [-] oslo_limit.collect_timing = False {{(pid=95733) log_opt_values /opt/stack/data/venv/lib/python3.12/site-packages/oslo_config/cfg.py:3253}}
Jun 16 14:43:10.744633 np0000002957 nova-scheduler[95733]: DEBUG cotyledon.oslo_config_glue [-] oslo_limit.connect_retries = None {{(pid=95733) log_opt_values /opt/stack/data/venv/lib/python3.12/site-packages/oslo_config/cfg.py:3253}}
Jun 16 14:43:10.744633 np0000002957 nova-scheduler[95733]: DEBUG cotyledon.oslo_config_glue [-] oslo_limit.connect_retry_delay = None {{(pid=95733) log_opt_values /opt/stack/data/venv/lib/python3.12/site-packages/oslo_config/cfg.py:3253}}
Jun 16 14:43:10.744825 np0000002957 nova-scheduler[95733]: DEBUG cotyledon.oslo_config_glue [-] oslo_limit.endpoint_id = None {{(pid=95733) log_opt_values /opt/stack/data/venv/lib/python3.12/site-packages/oslo_config/cfg.py:3253}}
Jun 16 14:43:10.744825 np0000002957 nova-scheduler[95733]: DEBUG cotyledon.oslo_config_glue [-] oslo_limit.endpoint_interface = public {{(pid=95733) log_opt_values /opt/stack/data/venv/lib/python3.12/site-packages/oslo_config/cfg.py:3253}}
Jun 16 14:43:10.744825 np0000002957 nova-scheduler[95733]: DEBUG cotyledon.oslo_config_glue [-] oslo_limit.endpoint_override = None {{(pid=95733) log_opt_values /opt/stack/data/venv/lib/python3.12/site-packages/oslo_config/cfg.py:3253}}
Jun 16 14:43:10.744825 np0000002957 nova-scheduler[95733]: DEBUG cotyledon.oslo_config_glue [-] oslo_limit.endpoint_region_name = None {{(pid=95733) log_opt_values /opt/stack/data/venv/lib/python3.12/site-packages/oslo_config/cfg.py:3253}}
Jun 16 14:43:10.744825 np0000002957 nova-scheduler[95733]: DEBUG cotyledon.oslo_config_glue [-] oslo_limit.endpoint_service_name = None {{(pid=95733) log_opt_values /opt/stack/data/venv/lib/python3.12/site-packages/oslo_config/cfg.py:3253}}
Jun 16 14:43:10.744825 np0000002957 nova-scheduler[95733]: DEBUG cotyledon.oslo_config_glue [-] oslo_limit.endpoint_service_type = None {{(pid=95733) log_opt_values /opt/stack/data/venv/lib/python3.12/site-packages/oslo_config/cfg.py:3253}}
Jun 16 14:43:10.744825 np0000002957 nova-scheduler[95733]: DEBUG cotyledon.oslo_config_glue [-] oslo_limit.insecure = False {{(pid=95733) log_opt_values /opt/stack/data/venv/lib/python3.12/site-packages/oslo_config/cfg.py:3253}}
Jun 16 14:43:10.744825 np0000002957 nova-scheduler[95733]: DEBUG cotyledon.oslo_config_glue [-] oslo_limit.keyfile = None {{(pid=95733) log_opt_values /opt/stack/data/venv/lib/python3.12/site-packages/oslo_config/cfg.py:3253}}
Jun 16 14:43:10.744825 np0000002957 nova-scheduler[95733]: DEBUG cotyledon.oslo_config_glue [-] oslo_limit.max_version = None {{(pid=95733) log_opt_values /opt/stack/data/venv/lib/python3.12/site-packages/oslo_config/cfg.py:3253}}
Jun 16 14:43:10.744997 np0000002957 nova-scheduler[95733]: DEBUG cotyledon.oslo_config_glue [-] oslo_limit.min_version = None {{(pid=95733) log_opt_values /opt/stack/data/venv/lib/python3.12/site-packages/oslo_config/cfg.py:3253}}
Jun 16 14:43:10.744997 np0000002957 nova-scheduler[95733]: DEBUG cotyledon.oslo_config_glue [-] oslo_limit.region_name = None {{(pid=95733) log_opt_values /opt/stack/data/venv/lib/python3.12/site-packages/oslo_config/cfg.py:3253}}
Jun 16 14:43:10.744997 np0000002957 nova-scheduler[95733]: DEBUG cotyledon.oslo_config_glue [-] oslo_limit.retriable_status_codes = None {{(pid=95733) log_opt_values /opt/stack/data/venv/lib/python3.12/site-packages/oslo_config/cfg.py:3253}}
Jun 16 14:43:10.744997 np0000002957 nova-scheduler[95733]: DEBUG cotyledon.oslo_config_glue [-] oslo_limit.service_name = None {{(pid=95733) log_opt_values /opt/stack/data/venv/lib/python3.12/site-packages/oslo_config/cfg.py:3253}}
Jun 16 14:43:10.744997 np0000002957 nova-scheduler[95733]: DEBUG cotyledon.oslo_config_glue [-] oslo_limit.service_type = None {{(pid=95733) log_opt_values /opt/stack/data/venv/lib/python3.12/site-packages/oslo_config/cfg.py:3253}}
Jun 16 14:43:10.744997 np0000002957 nova-scheduler[95733]: DEBUG cotyledon.oslo_config_glue [-] oslo_limit.split_loggers = False {{(pid=95733) log_opt_values /opt/stack/data/venv/lib/python3.12/site-packages/oslo_config/cfg.py:3253}}
Jun 16 14:43:10.744997 np0000002957 nova-scheduler[95733]: DEBUG cotyledon.oslo_config_glue [-] oslo_limit.status_code_retries = None {{(pid=95733) log_opt_values /opt/stack/data/venv/lib/python3.12/site-packages/oslo_config/cfg.py:3253}}
Jun 16 14:43:10.744997 np0000002957 nova-scheduler[95733]: DEBUG cotyledon.oslo_config_glue [-] oslo_limit.status_code_retry_delay = None {{(pid=95733) log_opt_values /opt/stack/data/venv/lib/python3.12/site-packages/oslo_config/cfg.py:3253}}
Jun 16 14:43:10.744997 np0000002957 nova-scheduler[95733]: DEBUG cotyledon.oslo_config_glue [-] oslo_limit.timeout = None {{(pid=95733) log_opt_values /opt/stack/data/venv/lib/python3.12/site-packages/oslo_config/cfg.py:3253}}
Jun 16 14:43:10.745160 np0000002957 nova-scheduler[95733]: DEBUG cotyledon.oslo_config_glue [-] oslo_limit.valid_interfaces = None {{(pid=95733) log_opt_values /opt/stack/data/venv/lib/python3.12/site-packages/oslo_config/cfg.py:3253}}
Jun 16 14:43:10.745160 np0000002957 nova-scheduler[95733]: DEBUG cotyledon.oslo_config_glue [-] oslo_limit.version = None {{(pid=95733) log_opt_values /opt/stack/data/venv/lib/python3.12/site-packages/oslo_config/cfg.py:3253}}
Jun 16 14:43:10.745160 np0000002957 nova-scheduler[95733]: DEBUG cotyledon.oslo_config_glue [-] oslo_reports.file_event_handler = None {{(pid=95733) log_opt_values /opt/stack/data/venv/lib/python3.12/site-packages/oslo_config/cfg.py:3253}}
Jun 16 14:43:10.745160 np0000002957 nova-scheduler[95733]: DEBUG cotyledon.oslo_config_glue [-] oslo_reports.file_event_handler_interval = 1 {{(pid=95733) log_opt_values /opt/stack/data/venv/lib/python3.12/site-packages/oslo_config/cfg.py:3253}}
Jun 16 14:43:10.745160 np0000002957 nova-scheduler[95733]: DEBUG cotyledon.oslo_config_glue [-] oslo_reports.log_dir = None {{(pid=95733) log_opt_values /opt/stack/data/venv/lib/python3.12/site-packages/oslo_config/cfg.py:3253}}
Jun 16 14:43:10.745160 np0000002957 nova-scheduler[95733]: DEBUG cotyledon.oslo_config_glue [-] ******************************************************************************** {{(pid=95733) log_opt_values /opt/stack/data/venv/lib/python3.12/site-packages/oslo_config/cfg.py:3260}}
Jun 16 14:43:10.745160 np0000002957 nova-scheduler[95733]: DEBUG cotyledon._service_worker [-] Run service ServiceWrapper(2) [95733] {{(pid=95733) wait_forever /opt/stack/data/venv/lib/python3.12/site-packages/cotyledon/_service_worker.py:218}}
Jun 16 14:43:10.745160 np0000002957 nova-scheduler[95733]: INFO nova.service [-] Starting scheduler node (version 33.1.0)
Jun 16 14:43:10.745160 np0000002957 nova-scheduler[95733]: INFO dbcounter [None req-d9a3262d-bfee-4cf7-9d20-0c3ca883d623 None None] Registered counter for database nova_cell0
Jun 16 14:43:10.767118 np0000002957 nova-scheduler[95701]: DEBUG oslo_db.sqlalchemy.engines [None req-f45405ef-d2e5-469f-87e2-35138048ef2f None None] MySQL server mode set to STRICT_TRANS_TABLES,STRICT_ALL_TABLES,NO_ZERO_IN_DATE,NO_ZERO_DATE,ERROR_FOR_DIVISION_BY_ZERO,TRADITIONAL,NO_ENGINE_SUBSTITUTION {{(pid=95701) _check_effective_sql_mode /opt/stack/data/venv/lib/python3.12/site-packages/oslo_db/sqlalchemy/engines.py:325}}
Jun 16 14:43:10.776984 np0000002957 nova-scheduler[95701]: DEBUG dbcounter [-] [95701] Writer thread running {{(pid=95701) stat_writer /opt/stack/data/venv/lib/python3.12/site-packages/dbcounter.py:102}}
Jun 16 14:43:10.790424 np0000002957 nova-scheduler[95728]: DEBUG oslo_db.sqlalchemy.engines [None req-781a9981-54db-4dc4-978e-8959d782418c None None] MySQL server mode set to STRICT_TRANS_TABLES,STRICT_ALL_TABLES,NO_ZERO_IN_DATE,NO_ZERO_DATE,ERROR_FOR_DIVISION_BY_ZERO,TRADITIONAL,NO_ENGINE_SUBSTITUTION {{(pid=95728) _check_effective_sql_mode /opt/stack/data/venv/lib/python3.12/site-packages/oslo_db/sqlalchemy/engines.py:325}}
Jun 16 14:43:10.791963 np0000002957 nova-scheduler[95701]: DEBUG nova.service [None req-f45405ef-d2e5-469f-87e2-35138048ef2f None None] Creating RPC server for service: nova-scheduler on topic: scheduler {{(pid=95701) start /opt/stack/nova/nova/service.py:196}}
Jun 16 14:43:10.794462 np0000002957 nova-scheduler[95733]: DEBUG oslo_db.sqlalchemy.engines [None req-d9a3262d-bfee-4cf7-9d20-0c3ca883d623 None None] MySQL server mode set to STRICT_TRANS_TABLES,STRICT_ALL_TABLES,NO_ZERO_IN_DATE,NO_ZERO_DATE,ERROR_FOR_DIVISION_BY_ZERO,TRADITIONAL,NO_ENGINE_SUBSTITUTION {{(pid=95733) _check_effective_sql_mode /opt/stack/data/venv/lib/python3.12/site-packages/oslo_db/sqlalchemy/engines.py:325}}
Jun 16 14:43:10.802959 np0000002957 nova-scheduler[95728]: DEBUG dbcounter [-] [95728] Writer thread running {{(pid=95728) stat_writer /opt/stack/data/venv/lib/python3.12/site-packages/dbcounter.py:102}}
Jun 16 14:43:10.805136 np0000002957 nova-scheduler[95733]: DEBUG dbcounter [-] [95733] Writer thread running {{(pid=95733) stat_writer /opt/stack/data/venv/lib/python3.12/site-packages/dbcounter.py:102}}
Jun 16 14:43:10.806256 np0000002957 nova-scheduler[95728]: DEBUG nova.service [None req-781a9981-54db-4dc4-978e-8959d782418c None None] Creating RPC server for service: nova-scheduler on topic: scheduler {{(pid=95728) start /opt/stack/nova/nova/service.py:196}}
Jun 16 14:43:10.808602 np0000002957 nova-scheduler[95733]: DEBUG nova.service [None req-d9a3262d-bfee-4cf7-9d20-0c3ca883d623 None None] Creating RPC server for service: nova-scheduler on topic: scheduler {{(pid=95733) start /opt/stack/nova/nova/service.py:196}}
Jun 16 14:43:10.826492 np0000002957 nova-scheduler[95701]: DEBUG nova.service [None req-f45405ef-d2e5-469f-87e2-35138048ef2f None None] Join ServiceGroup membership for this service scheduler {{(pid=95701) start /opt/stack/nova/nova/service.py:222}}
Jun 16 14:43:10.827735 np0000002957 nova-scheduler[95701]: DEBUG nova.servicegroup.drivers.db [None req-f45405ef-d2e5-469f-87e2-35138048ef2f None None] DB_Driver: join new ServiceGroup member np0000002957 to the scheduler group, service = {{(pid=95701) join /opt/stack/nova/nova/servicegroup/drivers/db.py:44}}
Jun 16 14:43:10.838050 np0000002957 nova-scheduler[95728]: DEBUG nova.service [None req-781a9981-54db-4dc4-978e-8959d782418c None None] Join ServiceGroup membership for this service scheduler {{(pid=95728) start /opt/stack/nova/nova/service.py:222}}
Jun 16 14:43:10.838232 np0000002957 nova-scheduler[95728]: DEBUG nova.servicegroup.drivers.db [None req-781a9981-54db-4dc4-978e-8959d782418c None None] DB_Driver: join new ServiceGroup member np0000002957 to the scheduler group, service = {{(pid=95728) join /opt/stack/nova/nova/servicegroup/drivers/db.py:44}}
Jun 16 14:43:10.839739 np0000002957 nova-scheduler[95733]: DEBUG nova.service [None req-d9a3262d-bfee-4cf7-9d20-0c3ca883d623 None None] Join ServiceGroup membership for this service scheduler {{(pid=95733) start /opt/stack/nova/nova/service.py:222}}
Jun 16 14:43:10.840043 np0000002957 nova-scheduler[95733]: DEBUG nova.servicegroup.drivers.db [None req-d9a3262d-bfee-4cf7-9d20-0c3ca883d623 None None] DB_Driver: join new ServiceGroup member np0000002957 to the scheduler group, service = {{(pid=95733) join /opt/stack/nova/nova/servicegroup/drivers/db.py:44}}
Jun 16 14:43:15.839668 np0000002957 nova-scheduler[95701]: DEBUG oslo.service.backend._threading.loopingcall [-] Fixed interval looping call 'nova.servicegroup.drivers.db.DbDriver._report_state' sleeping for 119.99 seconds {{(pid=95701) _run_loop /opt/stack/data/venv/lib/python3.12/site-packages/oslo_service/backend/_threading/loopingcall.py:125}}
Jun 16 14:43:15.851478 np0000002957 nova-scheduler[95728]: DEBUG oslo.service.backend._threading.loopingcall [-] Fixed interval looping call 'nova.servicegroup.drivers.db.DbDriver._report_state' sleeping for 119.99 seconds {{(pid=95728) _run_loop /opt/stack/data/venv/lib/python3.12/site-packages/oslo_service/backend/_threading/loopingcall.py:125}}
Jun 16 14:43:15.852944 np0000002957 nova-scheduler[95733]: DEBUG oslo.service.backend._threading.loopingcall [-] Fixed interval looping call 'nova.servicegroup.drivers.db.DbDriver._report_state' sleeping for 119.99 seconds {{(pid=95733) _run_loop /opt/stack/data/venv/lib/python3.12/site-packages/oslo_service/backend/_threading/loopingcall.py:125}}
Jun 16 14:43:18.840286 np0000002957 nova-scheduler[95728]: DEBUG oslo.service.backend._threading.loopingcall [None req-7f6b0f76-28f1-4eb2-9e9e-9e9516cfbbcd None None] Dynamic interval looping call 'nova.service.Service.periodic_tasks' sleeping for 60.00 seconds {{(pid=95728) _run_loop /opt/stack/data/venv/lib/python3.12/site-packages/oslo_service/backend/_threading/loopingcall.py:125}}
Jun 16 14:43:19.330479 np0000002957 nova-scheduler[94494]: DEBUG dbcounter [-] [94494] Writing DB stats nova_api:SELECT=3 {{(pid=94494) stat_writer /opt/stack/data/venv/lib/python3.12/site-packages/dbcounter.py:115}}
Jun 16 14:43:19.497339 np0000002957 nova-scheduler[94494]: DEBUG dbcounter [-] [94494] Writing DB stats nova_cell1:SELECT=1 {{(pid=94494) stat_writer /opt/stack/data/venv/lib/python3.12/site-packages/dbcounter.py:115}}
Jun 16 14:43:19.502749 np0000002957 nova-scheduler[94494]: DEBUG dbcounter [-] [94494] Writing DB stats nova_cell0:SELECT=1 {{(pid=94494) stat_writer /opt/stack/data/venv/lib/python3.12/site-packages/dbcounter.py:115}}
Jun 16 14:43:25.835956 np0000002957 nova-scheduler[95701]: DEBUG dbcounter [-] [95701] Writing DB stats nova_cell0:SELECT=4,nova_cell0:INSERT=1,nova_cell0:UPDATE=1 {{(pid=95701) stat_writer /opt/stack/data/venv/lib/python3.12/site-packages/dbcounter.py:115}}
Jun 16 14:43:25.850982 np0000002957 nova-scheduler[95733]: DEBUG dbcounter [-] [95733] Writing DB stats nova_cell0:SELECT=3 {{(pid=95733) stat_writer /opt/stack/data/venv/lib/python3.12/site-packages/dbcounter.py:115}}
Jun 16 14:43:25.851325 np0000002957 nova-scheduler[95728]: DEBUG dbcounter [-] [95728] Writing DB stats nova_cell0:SELECT=3 {{(pid=95728) stat_writer /opt/stack/data/venv/lib/python3.12/site-packages/dbcounter.py:115}}
Jun 16 14:43:37.842925 np0000002957 nova-scheduler[95733]: DEBUG oslo.service.backend._threading.loopingcall [None req-87c455de-9ccf-4aa5-806f-52fdda957026 None None] Dynamic interval looping call 'nova.service.Service.periodic_tasks' sleeping for 60.00 seconds {{(pid=95733) _run_loop /opt/stack/data/venv/lib/python3.12/site-packages/oslo_service/backend/_threading/loopingcall.py:125}}
Jun 16 14:43:39.828603 np0000002957 nova-scheduler[95701]: DEBUG oslo.service.backend._threading.loopingcall [None req-f2b427f3-1893-4885-9277-a789369e7fe7 None None] Dynamic interval looping call 'nova.service.Service.periodic_tasks' sleeping for 60.00 seconds {{(pid=95701) _run_loop /opt/stack/data/venv/lib/python3.12/site-packages/oslo_service/backend/_threading/loopingcall.py:125}}
Jun 16 14:44:18.840869 np0000002957 nova-scheduler[95728]: DEBUG oslo.service.backend._threading.loopingcall [None req-7f6b0f76-28f1-4eb2-9e9e-9e9516cfbbcd None None] Dynamic interval looping call 'nova.service.Service.periodic_tasks' sleeping for 60.00 seconds {{(pid=95728) _run_loop /opt/stack/data/venv/lib/python3.12/site-packages/oslo_service/backend/_threading/loopingcall.py:125}}
Jun 16 14:44:37.843437 np0000002957 nova-scheduler[95733]: DEBUG oslo.service.backend._threading.loopingcall [None req-87c455de-9ccf-4aa5-806f-52fdda957026 None None] Dynamic interval looping call 'nova.service.Service.periodic_tasks' sleeping for 60.00 seconds {{(pid=95733) _run_loop /opt/stack/data/venv/lib/python3.12/site-packages/oslo_service/backend/_threading/loopingcall.py:125}}
Jun 16 14:44:39.829083 np0000002957 nova-scheduler[95701]: DEBUG oslo.service.backend._threading.loopingcall [None req-f2b427f3-1893-4885-9277-a789369e7fe7 None None] Dynamic interval looping call 'nova.service.Service.periodic_tasks' sleeping for 60.00 seconds {{(pid=95701) _run_loop /opt/stack/data/venv/lib/python3.12/site-packages/oslo_service/backend/_threading/loopingcall.py:125}}
Jun 16 14:45:15.836349 np0000002957 nova-scheduler[95701]: DEBUG oslo.service.backend._threading.loopingcall [-] Fixed interval looping call 'nova.servicegroup.drivers.db.DbDriver._report_state' sleeping for 119.99 seconds {{(pid=95701) _run_loop /opt/stack/data/venv/lib/python3.12/site-packages/oslo_service/backend/_threading/loopingcall.py:125}}
Jun 16 14:45:15.845642 np0000002957 nova-scheduler[95728]: DEBUG oslo.service.backend._threading.loopingcall [-] Fixed interval looping call 'nova.servicegroup.drivers.db.DbDriver._report_state' sleeping for 120.00 seconds {{(pid=95728) _run_loop /opt/stack/data/venv/lib/python3.12/site-packages/oslo_service/backend/_threading/loopingcall.py:125}}
Jun 16 14:45:15.846288 np0000002957 nova-scheduler[95733]: DEBUG oslo.service.backend._threading.loopingcall [-] Fixed interval looping call 'nova.servicegroup.drivers.db.DbDriver._report_state' sleeping for 120.00 seconds {{(pid=95733) _run_loop /opt/stack/data/venv/lib/python3.12/site-packages/oslo_service/backend/_threading/loopingcall.py:125}}
Jun 16 14:45:18.841544 np0000002957 nova-scheduler[95728]: DEBUG oslo.service.backend._threading.loopingcall [None req-7f6b0f76-28f1-4eb2-9e9e-9e9516cfbbcd None None] Dynamic interval looping call 'nova.service.Service.periodic_tasks' sleeping for 60.00 seconds {{(pid=95728) _run_loop /opt/stack/data/venv/lib/python3.12/site-packages/oslo_service/backend/_threading/loopingcall.py:125}}
Jun 16 14:45:25.832674 np0000002957 nova-scheduler[95701]: DEBUG dbcounter [-] [95701] Writing DB stats nova_cell0:SELECT=1,nova_cell0:UPDATE=1 {{(pid=95701) stat_writer /opt/stack/data/venv/lib/python3.12/site-packages/dbcounter.py:115}}
Jun 16 14:45:25.844022 np0000002957 nova-scheduler[95728]: DEBUG dbcounter [-] [95728] Writing DB stats nova_cell0:SELECT=1 {{(pid=95728) stat_writer /opt/stack/data/venv/lib/python3.12/site-packages/dbcounter.py:115}}
Jun 16 14:45:25.844851 np0000002957 nova-scheduler[95733]: DEBUG dbcounter [-] [95733] Writing DB stats nova_cell0:SELECT=1 {{(pid=95733) stat_writer /opt/stack/data/venv/lib/python3.12/site-packages/dbcounter.py:115}}
Jun 16 14:45:37.843957 np0000002957 nova-scheduler[95733]: DEBUG oslo.service.backend._threading.loopingcall [None req-87c455de-9ccf-4aa5-806f-52fdda957026 None None] Dynamic interval looping call 'nova.service.Service.periodic_tasks' sleeping for 60.00 seconds {{(pid=95733) _run_loop /opt/stack/data/venv/lib/python3.12/site-packages/oslo_service/backend/_threading/loopingcall.py:125}}
Jun 16 14:45:39.829845 np0000002957 nova-scheduler[95701]: DEBUG oslo.service.backend._threading.loopingcall [None req-f2b427f3-1893-4885-9277-a789369e7fe7 None None] Dynamic interval looping call 'nova.service.Service.periodic_tasks' sleeping for 60.00 seconds {{(pid=95701) _run_loop /opt/stack/data/venv/lib/python3.12/site-packages/oslo_service/backend/_threading/loopingcall.py:125}}
Jun 16 14:46:11.287167 np0000002957 nova-scheduler[95701]: DEBUG nova.scheduler.manager [None req-dabf448d-1528-4149-a33f-738c2190480b tempest-AttachVolumeNegativeTest-1224357312 tempest-AttachVolumeNegativeTest-1224357312-project-member] Starting to schedule for instances: ['797d0dcf-1c07-4590-9655-dc5839048cb9'] {{(pid=95701) select_destinations /opt/stack/nova/nova/scheduler/manager.py:210}}
Jun 16 14:46:11.288581 np0000002957 nova-scheduler[95701]: DEBUG nova.scheduler.request_filter [None req-dabf448d-1528-4149-a33f-738c2190480b tempest-AttachVolumeNegativeTest-1224357312 tempest-AttachVolumeNegativeTest-1224357312-project-member] compute_status_filter request filter added forbidden trait COMPUTE_STATUS_DISABLED {{(pid=95701) compute_status_filter /opt/stack/nova/nova/scheduler/request_filter.py:253}}
Jun 16 14:46:11.288895 np0000002957 nova-scheduler[95701]: DEBUG nova.scheduler.request_filter [None req-dabf448d-1528-4149-a33f-738c2190480b tempest-AttachVolumeNegativeTest-1224357312 tempest-AttachVolumeNegativeTest-1224357312-project-member] Request filter 'compute_status_filter' took 0.0 seconds {{(pid=95701) wrapper /opt/stack/nova/nova/scheduler/request_filter.py:46}}
Jun 16 14:46:11.289505 np0000002957 nova-scheduler[95701]: DEBUG nova.scheduler.request_filter [None req-dabf448d-1528-4149-a33f-738c2190480b tempest-AttachVolumeNegativeTest-1224357312 tempest-AttachVolumeNegativeTest-1224357312-project-member] Request filter 'accelerators_filter' took 0.0 seconds {{(pid=95701) wrapper /opt/stack/nova/nova/scheduler/request_filter.py:46}}
Jun 16 14:46:11.289904 np0000002957 nova-scheduler[95701]: DEBUG nova.scheduler.request_filter [None req-dabf448d-1528-4149-a33f-738c2190480b tempest-AttachVolumeNegativeTest-1224357312 tempest-AttachVolumeNegativeTest-1224357312-project-member] Request filter 'packed_virtqueue_filter' took 0.0 seconds {{(pid=95701) wrapper /opt/stack/nova/nova/scheduler/request_filter.py:46}}
Jun 16 14:46:11.290351 np0000002957 nova-scheduler[95701]: DEBUG nova.scheduler.request_filter [None req-dabf448d-1528-4149-a33f-738c2190480b tempest-AttachVolumeNegativeTest-1224357312 tempest-AttachVolumeNegativeTest-1224357312-project-member] Request filter 'remote_managed_ports_filter' took 0.0 seconds {{(pid=95701) wrapper /opt/stack/nova/nova/scheduler/request_filter.py:46}}
Jun 16 14:46:11.290612 np0000002957 nova-scheduler[95701]: DEBUG nova.scheduler.request_filter [None req-dabf448d-1528-4149-a33f-738c2190480b tempest-AttachVolumeNegativeTest-1224357312 tempest-AttachVolumeNegativeTest-1224357312-project-member] ephemeral_encryption_filter skipped {{(pid=95701) ephemeral_encryption_filter /opt/stack/nova/nova/scheduler/request_filter.py:426}}
Jun 16 14:46:11.290896 np0000002957 nova-scheduler[95701]: DEBUG nova.scheduler.request_filter [None req-dabf448d-1528-4149-a33f-738c2190480b tempest-AttachVolumeNegativeTest-1224357312 tempest-AttachVolumeNegativeTest-1224357312-project-member] virtio_sound_filter skipped {{(pid=95701) virtio_sound_filter /opt/stack/nova/nova/scheduler/request_filter.py:460}}
Jun 16 14:46:11.291145 np0000002957 nova-scheduler[95701]: DEBUG nova.scheduler.request_filter [None req-dabf448d-1528-4149-a33f-738c2190480b tempest-AttachVolumeNegativeTest-1224357312 tempest-AttachVolumeNegativeTest-1224357312-project-member] tpm_secret_security_filter skipped {{(pid=95701) tpm_secret_security_filter /opt/stack/nova/nova/scheduler/request_filter.py:477}}
Jun 16 14:46:11.939634 np0000002957 nova-scheduler[95701]: INFO nova.utils [None req-dabf448d-1528-4149-a33f-738c2190480b tempest-AttachVolumeNegativeTest-1224357312 tempest-AttachVolumeNegativeTest-1224357312-project-member] The cell worker thread pool ForkProcess-1.cell_worker is initialized
Jun 16 14:46:11.940040 np0000002957 nova-scheduler[95701]: DEBUG oslo_concurrency.lockutils [None req-dabf448d-1528-4149-a33f-738c2190480b tempest-AttachVolumeNegativeTest-1224357312 tempest-AttachVolumeNegativeTest-1224357312-project-member] Acquiring lock "a604a574-9460-4ac2-8398-fb3e4e9d797f" by "nova.context.set_target_cell..get_or_set_cached_cell_and_set_connections" {{(pid=95701) inner /opt/stack/data/venv/lib/python3.12/site-packages/oslo_concurrency/lockutils.py:511}}
Jun 16 14:46:11.940269 np0000002957 nova-scheduler[95701]: DEBUG oslo_concurrency.lockutils [None req-dabf448d-1528-4149-a33f-738c2190480b tempest-AttachVolumeNegativeTest-1224357312 tempest-AttachVolumeNegativeTest-1224357312-project-member] Lock "a604a574-9460-4ac2-8398-fb3e4e9d797f" acquired by "nova.context.set_target_cell..get_or_set_cached_cell_and_set_connections" :: waited 0.000s {{(pid=95701) inner /opt/stack/data/venv/lib/python3.12/site-packages/oslo_concurrency/lockutils.py:524}}
Jun 16 14:46:11.942432 np0000002957 nova-scheduler[95701]: DEBUG oslo_concurrency.lockutils [None req-dabf448d-1528-4149-a33f-738c2190480b tempest-AttachVolumeNegativeTest-1224357312 tempest-AttachVolumeNegativeTest-1224357312-project-member] Lock "a604a574-9460-4ac2-8398-fb3e4e9d797f" "released" by "nova.context.set_target_cell..get_or_set_cached_cell_and_set_connections" :: held 0.001s {{(pid=95701) inner /opt/stack/data/venv/lib/python3.12/site-packages/oslo_concurrency/lockutils.py:543}}
Jun 16 14:46:11.944525 np0000002957 nova-scheduler[95701]: INFO dbcounter [None req-dabf448d-1528-4149-a33f-738c2190480b tempest-AttachVolumeNegativeTest-1224357312 tempest-AttachVolumeNegativeTest-1224357312-project-member] Registered counter for database nova_cell1
Jun 16 14:46:11.996426 np0000002957 nova-scheduler[95701]: DEBUG oslo_db.sqlalchemy.engines [None req-dabf448d-1528-4149-a33f-738c2190480b tempest-AttachVolumeNegativeTest-1224357312 tempest-AttachVolumeNegativeTest-1224357312-project-member] MySQL server mode set to STRICT_TRANS_TABLES,STRICT_ALL_TABLES,NO_ZERO_IN_DATE,NO_ZERO_DATE,ERROR_FOR_DIVISION_BY_ZERO,TRADITIONAL,NO_ENGINE_SUBSTITUTION {{(pid=95701) _check_effective_sql_mode /opt/stack/data/venv/lib/python3.12/site-packages/oslo_db/sqlalchemy/engines.py:325}}
Jun 16 14:46:12.003562 np0000002957 nova-scheduler[95701]: DEBUG dbcounter [-] [95701] Writer thread running {{(pid=95701) stat_writer /opt/stack/data/venv/lib/python3.12/site-packages/dbcounter.py:102}}
Jun 16 14:46:12.026491 np0000002957 nova-scheduler[95701]: DEBUG oslo_db.sqlalchemy.engines [None req-dabf448d-1528-4149-a33f-738c2190480b tempest-AttachVolumeNegativeTest-1224357312 tempest-AttachVolumeNegativeTest-1224357312-project-member] Parent process 94494 forked (95701) with an open database connection, which is being discarded and recreated. {{(pid=95701) checkout /opt/stack/data/venv/lib/python3.12/site-packages/oslo_db/sqlalchemy/engines.py:402}}
Jun 16 14:46:12.070875 np0000002957 nova-scheduler[95701]: DEBUG dbcounter [-] [95701] Writer thread running {{(pid=95701) stat_writer /opt/stack/data/venv/lib/python3.12/site-packages/dbcounter.py:102}}
Jun 16 14:46:12.073891 np0000002957 nova-scheduler[95701]: DEBUG oslo_concurrency.lockutils [None req-dabf448d-1528-4149-a33f-738c2190480b tempest-AttachVolumeNegativeTest-1224357312 tempest-AttachVolumeNegativeTest-1224357312-project-member] Acquiring lock "a604a574-9460-4ac2-8398-fb3e4e9d797f" by "nova.context.set_target_cell..get_or_set_cached_cell_and_set_connections" {{(pid=95701) inner /opt/stack/data/venv/lib/python3.12/site-packages/oslo_concurrency/lockutils.py:511}}
Jun 16 14:46:12.074019 np0000002957 nova-scheduler[95701]: DEBUG oslo_concurrency.lockutils [None req-dabf448d-1528-4149-a33f-738c2190480b tempest-AttachVolumeNegativeTest-1224357312 tempest-AttachVolumeNegativeTest-1224357312-project-member] Lock "a604a574-9460-4ac2-8398-fb3e4e9d797f" acquired by "nova.context.set_target_cell..get_or_set_cached_cell_and_set_connections" :: waited 0.000s {{(pid=95701) inner /opt/stack/data/venv/lib/python3.12/site-packages/oslo_concurrency/lockutils.py:524}}
Jun 16 14:46:12.074136 np0000002957 nova-scheduler[95701]: DEBUG oslo_concurrency.lockutils [None req-dabf448d-1528-4149-a33f-738c2190480b tempest-AttachVolumeNegativeTest-1224357312 tempest-AttachVolumeNegativeTest-1224357312-project-member] Lock "a604a574-9460-4ac2-8398-fb3e4e9d797f" "released" by "nova.context.set_target_cell..get_or_set_cached_cell_and_set_connections" :: held 0.000s {{(pid=95701) inner /opt/stack/data/venv/lib/python3.12/site-packages/oslo_concurrency/lockutils.py:543}}
Jun 16 14:46:12.077219 np0000002957 nova-scheduler[95701]: DEBUG oslo_concurrency.lockutils [None req-dabf448d-1528-4149-a33f-738c2190480b tempest-AttachVolumeNegativeTest-1224357312 tempest-AttachVolumeNegativeTest-1224357312-project-member] Acquiring lock "('np0000002957', 'np0000002957')" by "nova.scheduler.host_manager.HostState.update.._locked_update" {{(pid=95701) inner /opt/stack/data/venv/lib/python3.12/site-packages/oslo_concurrency/lockutils.py:511}}
Jun 16 14:46:12.077353 np0000002957 nova-scheduler[95701]: DEBUG oslo_concurrency.lockutils [None req-dabf448d-1528-4149-a33f-738c2190480b tempest-AttachVolumeNegativeTest-1224357312 tempest-AttachVolumeNegativeTest-1224357312-project-member] Lock "('np0000002957', 'np0000002957')" acquired by "nova.scheduler.host_manager.HostState.update.._locked_update" :: waited 0.000s {{(pid=95701) inner /opt/stack/data/venv/lib/python3.12/site-packages/oslo_concurrency/lockutils.py:524}}
Jun 16 14:46:12.078252 np0000002957 nova-scheduler[95701]: DEBUG nova.scheduler.host_manager [None req-dabf448d-1528-4149-a33f-738c2190480b tempest-AttachVolumeNegativeTest-1224357312 tempest-AttachVolumeNegativeTest-1224357312-project-member] Update host state from compute node: ComputeNode(cpu_allocation_ratio=4.0,cpu_info='{"arch": "x86_64", "model": "EPYC-Milan", "vendor": "AMD", "topology": {"cells": 1, "sockets": 12, "cores": 1, "threads": 1}, "maxphysaddr": {"mode": "emulate", "bits": 40}, "features": ["avx2", "cx8", "fxsr_opt", "tsc-scale", "mds-no", "cr8legacy", "syscall", "3dnowprefetch", "sse4.2", "x2apic", "lahf_lm", "xsave", "gds-no", "nrip-save", "smep", "ibrs", "svme-addr-chk", "v-vmsave-vmload", "lbrv", "pclmuldq", "sep", "svm", "adx", "amd-psfd", "vmcb-clean", "fsrm", "tsc_adjust", "rdtscp", "xsavec", "rdctl-no", "cx16", "pdpe1gb", "vpclmulqdq", "pcid", "cmov", "clzero", "sha-ni", "pge", "vgif", "invpcid", "vme", "arat", "pae", "sse4.1", "mce", "skip-l1dfl-vmentry", "msr", "sse4a", "mtrr", "stibp", "nx", "lm", "arch-capabilities", "rdpid", "bmi2", "rdseed", "apic", "abm", "clflush", "mmxext", "pschange-mc-no", "pfthreshold", "umip", "pause-filter", "misalignsse", "fpu", "mmx", "pni", "pse", "f16c", "spec-ctrl", "ssbd", "xsaveopt", "cmp_legacy", "lfence-always-serializing", "pat", "ssse3", "clwb", "no-nested-data-bp", "osvw", "aes", "sse2", "amd-stibp", "bmi1", "null-sel-clr-base", "wbnoinvd", "vaes", "erms", "fma", "mca", "amd-ssbd", "de", "xsaveerptr", "avx", "sse", "virt-ssbd", "xgetbv1", "movbe", "fxsr", "stibp-always-on", "tsc-deadline", "topoext", "fsgsbase", "perfctr_core", "flushbyasid", "pku", "npt", "ibpb", "tsc", "smap", "popcnt", "xsaves", "rdrand", "pse36", "clflushopt", "hypervisor"]}',created_at=2026-06-16T14:43:35Z,current_workload=0,deleted=False,deleted_at=None,disk_allocation_ratio=1.0,disk_available_least=74,free_disk_gb=95,free_ram_mb=23518,host='np0000002957',host_ip=10.4.3.59,hypervisor_hostname='np0000002957',hypervisor_type='QEMU',hypervisor_version=8002002,id=1,local_gb=95,local_gb_used=0,mapped=1,memory_mb=24030,memory_mb_used=512,metrics='[]',numa_topology='{"nova_object.name": "NUMATopology", "nova_object.namespace": "nova", "nova_object.version": "1.2", "nova_object.data": {"cells": [{"nova_object.name": "NUMACell", "nova_object.namespace": "nova", "nova_object.version": "1.5", "nova_object.data": {"id": 0, "cpuset": [0, 1, 2, 3, 4, 5, 6, 7, 8, 9, 10, 11], "pcpuset": [0, 1, 2, 3, 4, 5, 6, 7, 8, 9, 10, 11], "memory": 24030, "cpu_usage": 0, "memory_usage": 0, "pinned_cpus": [], "siblings": [[6], [2], [5], [11], [8], [4], [1], [7], [10], [0], [3], [9]], "mempages": [{"nova_object.name": "NUMAPagesTopology", "nova_object.namespace": "nova", "nova_object.version": "1.1", "nova_object.data": {"size_kb": 4, "total": 6151798, "used": 0, "reserved": 0}, "nova_object.changes": ["used", "size_kb", "reserved", "total"]}, {"nova_object.name": "NUMAPagesTopology", "nova_object.namespace": "nova", "nova_object.version": "1.1", "nova_object.data": {"size_kb": 2048, "total": 0, "used": 0, "reserved": 0}, "nova_object.changes": ["used", "size_kb", "reserved", "total"]}, {"nova_object.name": "NUMAPagesTopology", "nova_object.namespace": "nova", "nova_object.version": "1.1", "nova_object.data": {"size_kb": 1048576, "total": 0, "used": 0, "reserved": 0}, "nova_object.changes": ["used", "size_kb", "reserved", "total"]}], "network_metadata": {"nova_object.name": "NetworkMetadata", "nova_object.namespace": "nova", "nova_object.version": "1.0", "nova_object.data": {"physnets": [], "tunneled": false}, "nova_object.changes": ["physnets", "tunneled"]}, "socket": null}, "nova_object.changes": ["id", "mempages", "pinned_cpus", "memory_usage", "pcpuset", "socket", "cpu_usage", "network_metadata", "siblings", "cpuset", "memory"]}]}, "nova_object.changes": ["cells"]}',pci_device_pools=PciDevicePoolList,ram_allocation_ratio=1.0,running_vms=0,service_id=3,stats={failed_builds='0',uptime=' 14:45:22 up 25 min, 2 users, load average: 1.13, 1.46, 0.90
Jun 16 14:46:12.078252 np0000002957 nova-scheduler[95701]: '},supported_hv_specs=[HVSpec,HVSpec,HVSpec,HVSpec,HVSpec,HVSpec,HVSpec,HVSpec,HVSpec,HVSpec,HVSpec,HVSpec,HVSpec,HVSpec,HVSpec,HVSpec,HVSpec,HVSpec,HVSpec,HVSpec,HVSpec,HVSpec,HVSpec,HVSpec,HVSpec],updated_at=2026-06-16T14:45:24Z,uuid=45d6ae05-dc2f-42dd-b014-03511b09c09f,vcpus=12,vcpus_used=0) {{(pid=95701) _locked_update /opt/stack/nova/nova/scheduler/host_manager.py:168}}
Jun 16 14:46:12.078951 np0000002957 nova-scheduler[95701]: DEBUG nova.scheduler.host_manager [None req-dabf448d-1528-4149-a33f-738c2190480b tempest-AttachVolumeNegativeTest-1224357312 tempest-AttachVolumeNegativeTest-1224357312-project-member] Update host state with aggregates: [] {{(pid=95701) _locked_update /opt/stack/nova/nova/scheduler/host_manager.py:171}}
Jun 16 14:46:12.079107 np0000002957 nova-scheduler[95701]: DEBUG nova.scheduler.host_manager [None req-dabf448d-1528-4149-a33f-738c2190480b tempest-AttachVolumeNegativeTest-1224357312 tempest-AttachVolumeNegativeTest-1224357312-project-member] Update host state with service dict: {'id': 3, 'uuid': '1c586bec-c019-46d6-aae8-e534649a4d2c', 'host': 'np0000002957', 'binary': 'nova-compute', 'topic': 'compute', 'report_count': 2, 'disabled': False, 'disabled_reason': None, 'last_seen_up': datetime.datetime(2026, 6, 16, 14, 45, 44, tzinfo=datetime.timezone.utc), 'forced_down': False, 'version': 72, 'created_at': datetime.datetime(2026, 6, 16, 14, 43, 34, tzinfo=datetime.timezone.utc), 'updated_at': datetime.datetime(2026, 6, 16, 14, 45, 44, tzinfo=datetime.timezone.utc), 'deleted_at': None, 'deleted': False} {{(pid=95701) _locked_update /opt/stack/nova/nova/scheduler/host_manager.py:174}}
Jun 16 14:46:12.079193 np0000002957 nova-scheduler[95701]: DEBUG nova.scheduler.host_manager [None req-dabf448d-1528-4149-a33f-738c2190480b tempest-AttachVolumeNegativeTest-1224357312 tempest-AttachVolumeNegativeTest-1224357312-project-member] Update host state with instances: [] {{(pid=95701) _locked_update /opt/stack/nova/nova/scheduler/host_manager.py:177}}
Jun 16 14:46:12.079274 np0000002957 nova-scheduler[95701]: DEBUG oslo_concurrency.lockutils [None req-dabf448d-1528-4149-a33f-738c2190480b tempest-AttachVolumeNegativeTest-1224357312 tempest-AttachVolumeNegativeTest-1224357312-project-member] Lock "('np0000002957', 'np0000002957')" "released" by "nova.scheduler.host_manager.HostState.update.._locked_update" :: held 0.002s {{(pid=95701) inner /opt/stack/data/venv/lib/python3.12/site-packages/oslo_concurrency/lockutils.py:543}}
Jun 16 14:46:12.079951 np0000002957 nova-scheduler[95701]: DEBUG nova.filters [None req-dabf448d-1528-4149-a33f-738c2190480b tempest-AttachVolumeNegativeTest-1224357312 tempest-AttachVolumeNegativeTest-1224357312-project-member] Starting with 1 host(s) {{(pid=95701) get_filtered_objects /opt/stack/nova/nova/filters.py:70}}
Jun 16 14:46:12.080157 np0000002957 nova-scheduler[95701]: DEBUG nova.filters [None req-dabf448d-1528-4149-a33f-738c2190480b tempest-AttachVolumeNegativeTest-1224357312 tempest-AttachVolumeNegativeTest-1224357312-project-member] Filter ComputeFilter returned 1 host(s) {{(pid=95701) get_filtered_objects /opt/stack/nova/nova/filters.py:102}}
Jun 16 14:46:12.080298 np0000002957 nova-scheduler[95701]: DEBUG nova.filters [None req-dabf448d-1528-4149-a33f-738c2190480b tempest-AttachVolumeNegativeTest-1224357312 tempest-AttachVolumeNegativeTest-1224357312-project-member] Filter ComputeCapabilitiesFilter returned 1 host(s) {{(pid=95701) get_filtered_objects /opt/stack/nova/nova/filters.py:102}}
Jun 16 14:46:12.080483 np0000002957 nova-scheduler[95701]: DEBUG nova.filters [None req-dabf448d-1528-4149-a33f-738c2190480b tempest-AttachVolumeNegativeTest-1224357312 tempest-AttachVolumeNegativeTest-1224357312-project-member] Filter ImagePropertiesFilter returned 1 host(s) {{(pid=95701) get_filtered_objects /opt/stack/nova/nova/filters.py:102}}
Jun 16 14:46:12.080583 np0000002957 nova-scheduler[95701]: DEBUG nova.filters [None req-dabf448d-1528-4149-a33f-738c2190480b tempest-AttachVolumeNegativeTest-1224357312 tempest-AttachVolumeNegativeTest-1224357312-project-member] Filter ServerGroupAntiAffinityFilter returned 1 host(s) {{(pid=95701) get_filtered_objects /opt/stack/nova/nova/filters.py:102}}
Jun 16 14:46:12.080754 np0000002957 nova-scheduler[95701]: DEBUG nova.filters [None req-dabf448d-1528-4149-a33f-738c2190480b tempest-AttachVolumeNegativeTest-1224357312 tempest-AttachVolumeNegativeTest-1224357312-project-member] Filter ServerGroupAffinityFilter returned 1 host(s) {{(pid=95701) get_filtered_objects /opt/stack/nova/nova/filters.py:102}}
Jun 16 14:46:12.080888 np0000002957 nova-scheduler[95701]: DEBUG nova.filters [None req-dabf448d-1528-4149-a33f-738c2190480b tempest-AttachVolumeNegativeTest-1224357312 tempest-AttachVolumeNegativeTest-1224357312-project-member] Filter SameHostFilter returned 1 host(s) {{(pid=95701) get_filtered_objects /opt/stack/nova/nova/filters.py:102}}
Jun 16 14:46:12.080992 np0000002957 nova-scheduler[95701]: DEBUG nova.filters [None req-dabf448d-1528-4149-a33f-738c2190480b tempest-AttachVolumeNegativeTest-1224357312 tempest-AttachVolumeNegativeTest-1224357312-project-member] Filter DifferentHostFilter returned 1 host(s) {{(pid=95701) get_filtered_objects /opt/stack/nova/nova/filters.py:102}}
Jun 16 14:46:12.081155 np0000002957 nova-scheduler[95701]: DEBUG nova.scheduler.manager [None req-dabf448d-1528-4149-a33f-738c2190480b tempest-AttachVolumeNegativeTest-1224357312 tempest-AttachVolumeNegativeTest-1224357312-project-member] Filtered [(np0000002957, np0000002957) ram: 23518MB disk: 75776MB io_ops: 0 instances: 0, allocation_candidates: 1] {{(pid=95701) _get_sorted_hosts /opt/stack/nova/nova/scheduler/manager.py:743}}
Jun 16 14:46:12.081335 np0000002957 nova-scheduler[95701]: DEBUG nova.scheduler.manager [None req-dabf448d-1528-4149-a33f-738c2190480b tempest-AttachVolumeNegativeTest-1224357312 tempest-AttachVolumeNegativeTest-1224357312-project-member] Weighed [WeighedHost [host: (np0000002957, np0000002957) ram: 23518MB disk: 75776MB io_ops: 0 instances: 0, allocation_candidates: 1, weight: 0.0]] {{(pid=95701) _get_sorted_hosts /opt/stack/nova/nova/scheduler/manager.py:765}}
Jun 16 14:46:12.081528 np0000002957 nova-scheduler[95701]: DEBUG nova.scheduler.utils [None req-dabf448d-1528-4149-a33f-738c2190480b tempest-AttachVolumeNegativeTest-1224357312 tempest-AttachVolumeNegativeTest-1224357312-project-member] Attempting to claim resources in the placement API for instance 797d0dcf-1c07-4590-9655-dc5839048cb9 {{(pid=95701) claim_resources /opt/stack/nova/nova/scheduler/utils.py:1345}}
Jun 16 14:46:12.258324 np0000002957 nova-scheduler[95701]: DEBUG nova.scheduler.manager [None req-dabf448d-1528-4149-a33f-738c2190480b tempest-AttachVolumeNegativeTest-1224357312 tempest-AttachVolumeNegativeTest-1224357312-project-member] [instance: 797d0dcf-1c07-4590-9655-dc5839048cb9] Selected host: (np0000002957, np0000002957) ram: 23518MB disk: 75776MB io_ops: 0 instances: 0, allocation_candidates: 1 {{(pid=95701) _consume_selected_host /opt/stack/nova/nova/scheduler/manager.py:625}}
Jun 16 14:46:12.258935 np0000002957 nova-scheduler[95701]: DEBUG oslo_concurrency.lockutils [None req-dabf448d-1528-4149-a33f-738c2190480b tempest-AttachVolumeNegativeTest-1224357312 tempest-AttachVolumeNegativeTest-1224357312-project-member] Acquiring lock "('np0000002957', 'np0000002957')" by "nova.scheduler.host_manager.HostState.consume_from_request.._locked" {{(pid=95701) inner /opt/stack/data/venv/lib/python3.12/site-packages/oslo_concurrency/lockutils.py:511}}
Jun 16 14:46:12.258935 np0000002957 nova-scheduler[95701]: DEBUG oslo_concurrency.lockutils [None req-dabf448d-1528-4149-a33f-738c2190480b tempest-AttachVolumeNegativeTest-1224357312 tempest-AttachVolumeNegativeTest-1224357312-project-member] Lock "('np0000002957', 'np0000002957')" acquired by "nova.scheduler.host_manager.HostState.consume_from_request.._locked" :: waited 0.000s {{(pid=95701) inner /opt/stack/data/venv/lib/python3.12/site-packages/oslo_concurrency/lockutils.py:524}}
Jun 16 14:46:12.259072 np0000002957 nova-scheduler[95701]: DEBUG oslo_concurrency.lockutils [None req-dabf448d-1528-4149-a33f-738c2190480b tempest-AttachVolumeNegativeTest-1224357312 tempest-AttachVolumeNegativeTest-1224357312-project-member] Lock "('np0000002957', 'np0000002957')" "released" by "nova.scheduler.host_manager.HostState.consume_from_request.._locked" :: held 0.000s {{(pid=95701) inner /opt/stack/data/venv/lib/python3.12/site-packages/oslo_concurrency/lockutils.py:543}}
Jun 16 14:46:12.979146 np0000002957 nova-scheduler[95728]: DEBUG nova.scheduler.manager [None req-92afce17-97c8-4b24-9043-8a19125900fe tempest-ServerActionsTestOtherA-1561273860 tempest-ServerActionsTestOtherA-1561273860-project-member] Starting to schedule for instances: ['f96611f6-1481-4500-a516-5df92b6c3f56'] {{(pid=95728) select_destinations /opt/stack/nova/nova/scheduler/manager.py:210}}
Jun 16 14:46:12.980301 np0000002957 nova-scheduler[95728]: DEBUG nova.scheduler.request_filter [None req-92afce17-97c8-4b24-9043-8a19125900fe tempest-ServerActionsTestOtherA-1561273860 tempest-ServerActionsTestOtherA-1561273860-project-member] compute_status_filter request filter added forbidden trait COMPUTE_STATUS_DISABLED {{(pid=95728) compute_status_filter /opt/stack/nova/nova/scheduler/request_filter.py:253}}
Jun 16 14:46:12.982214 np0000002957 nova-scheduler[95728]: DEBUG nova.scheduler.request_filter [None req-92afce17-97c8-4b24-9043-8a19125900fe tempest-ServerActionsTestOtherA-1561273860 tempest-ServerActionsTestOtherA-1561273860-project-member] Request filter 'compute_status_filter' took 0.0 seconds {{(pid=95728) wrapper /opt/stack/nova/nova/scheduler/request_filter.py:46}}
Jun 16 14:46:12.982557 np0000002957 nova-scheduler[95728]: DEBUG nova.scheduler.request_filter [None req-92afce17-97c8-4b24-9043-8a19125900fe tempest-ServerActionsTestOtherA-1561273860 tempest-ServerActionsTestOtherA-1561273860-project-member] Request filter 'accelerators_filter' took 0.0 seconds {{(pid=95728) wrapper /opt/stack/nova/nova/scheduler/request_filter.py:46}}
Jun 16 14:46:12.983676 np0000002957 nova-scheduler[95728]: DEBUG nova.scheduler.request_filter [None req-92afce17-97c8-4b24-9043-8a19125900fe tempest-ServerActionsTestOtherA-1561273860 tempest-ServerActionsTestOtherA-1561273860-project-member] Request filter 'packed_virtqueue_filter' took 0.0 seconds {{(pid=95728) wrapper /opt/stack/nova/nova/scheduler/request_filter.py:46}}
Jun 16 14:46:12.983676 np0000002957 nova-scheduler[95728]: DEBUG nova.scheduler.request_filter [None req-92afce17-97c8-4b24-9043-8a19125900fe tempest-ServerActionsTestOtherA-1561273860 tempest-ServerActionsTestOtherA-1561273860-project-member] Request filter 'remote_managed_ports_filter' took 0.0 seconds {{(pid=95728) wrapper /opt/stack/nova/nova/scheduler/request_filter.py:46}}
Jun 16 14:46:12.983676 np0000002957 nova-scheduler[95728]: DEBUG nova.scheduler.request_filter [None req-92afce17-97c8-4b24-9043-8a19125900fe tempest-ServerActionsTestOtherA-1561273860 tempest-ServerActionsTestOtherA-1561273860-project-member] ephemeral_encryption_filter skipped {{(pid=95728) ephemeral_encryption_filter /opt/stack/nova/nova/scheduler/request_filter.py:426}}
Jun 16 14:46:12.983676 np0000002957 nova-scheduler[95728]: DEBUG nova.scheduler.request_filter [None req-92afce17-97c8-4b24-9043-8a19125900fe tempest-ServerActionsTestOtherA-1561273860 tempest-ServerActionsTestOtherA-1561273860-project-member] virtio_sound_filter skipped {{(pid=95728) virtio_sound_filter /opt/stack/nova/nova/scheduler/request_filter.py:460}}
Jun 16 14:46:12.983676 np0000002957 nova-scheduler[95728]: DEBUG nova.scheduler.request_filter [None req-92afce17-97c8-4b24-9043-8a19125900fe tempest-ServerActionsTestOtherA-1561273860 tempest-ServerActionsTestOtherA-1561273860-project-member] tpm_secret_security_filter skipped {{(pid=95728) tpm_secret_security_filter /opt/stack/nova/nova/scheduler/request_filter.py:477}}
Jun 16 14:46:13.091371 np0000002957 nova-scheduler[95728]: INFO nova.utils [None req-92afce17-97c8-4b24-9043-8a19125900fe tempest-ServerActionsTestOtherA-1561273860 tempest-ServerActionsTestOtherA-1561273860-project-member] The cell worker thread pool ForkProcess-2.cell_worker is initialized
Jun 16 14:46:13.091854 np0000002957 nova-scheduler[95728]: DEBUG oslo_concurrency.lockutils [None req-92afce17-97c8-4b24-9043-8a19125900fe tempest-ServerActionsTestOtherA-1561273860 tempest-ServerActionsTestOtherA-1561273860-project-member] Acquiring lock "a604a574-9460-4ac2-8398-fb3e4e9d797f" by "nova.context.set_target_cell..get_or_set_cached_cell_and_set_connections" {{(pid=95728) inner /opt/stack/data/venv/lib/python3.12/site-packages/oslo_concurrency/lockutils.py:511}}
Jun 16 14:46:13.092128 np0000002957 nova-scheduler[95728]: DEBUG oslo_concurrency.lockutils [None req-92afce17-97c8-4b24-9043-8a19125900fe tempest-ServerActionsTestOtherA-1561273860 tempest-ServerActionsTestOtherA-1561273860-project-member] Lock "a604a574-9460-4ac2-8398-fb3e4e9d797f" acquired by "nova.context.set_target_cell..get_or_set_cached_cell_and_set_connections" :: waited 0.000s {{(pid=95728) inner /opt/stack/data/venv/lib/python3.12/site-packages/oslo_concurrency/lockutils.py:524}}
Jun 16 14:46:13.093575 np0000002957 nova-scheduler[95728]: DEBUG oslo_concurrency.lockutils [None req-92afce17-97c8-4b24-9043-8a19125900fe tempest-ServerActionsTestOtherA-1561273860 tempest-ServerActionsTestOtherA-1561273860-project-member] Lock "a604a574-9460-4ac2-8398-fb3e4e9d797f" "released" by "nova.context.set_target_cell..get_or_set_cached_cell_and_set_connections" :: held 0.001s {{(pid=95728) inner /opt/stack/data/venv/lib/python3.12/site-packages/oslo_concurrency/lockutils.py:543}}
Jun 16 14:46:13.102200 np0000002957 nova-scheduler[95728]: INFO dbcounter [None req-92afce17-97c8-4b24-9043-8a19125900fe tempest-ServerActionsTestOtherA-1561273860 tempest-ServerActionsTestOtherA-1561273860-project-member] Registered counter for database nova_cell1
Jun 16 14:46:13.155207 np0000002957 nova-scheduler[95728]: DEBUG oslo_db.sqlalchemy.engines [None req-92afce17-97c8-4b24-9043-8a19125900fe tempest-ServerActionsTestOtherA-1561273860 tempest-ServerActionsTestOtherA-1561273860-project-member] MySQL server mode set to STRICT_TRANS_TABLES,STRICT_ALL_TABLES,NO_ZERO_IN_DATE,NO_ZERO_DATE,ERROR_FOR_DIVISION_BY_ZERO,TRADITIONAL,NO_ENGINE_SUBSTITUTION {{(pid=95728) _check_effective_sql_mode /opt/stack/data/venv/lib/python3.12/site-packages/oslo_db/sqlalchemy/engines.py:325}}
Jun 16 14:46:13.162008 np0000002957 nova-scheduler[95728]: DEBUG dbcounter [-] [95728] Writer thread running {{(pid=95728) stat_writer /opt/stack/data/venv/lib/python3.12/site-packages/dbcounter.py:102}}
Jun 16 14:46:13.224821 np0000002957 nova-scheduler[95728]: DEBUG dbcounter [-] [95728] Writer thread running {{(pid=95728) stat_writer /opt/stack/data/venv/lib/python3.12/site-packages/dbcounter.py:102}}
Jun 16 14:46:13.228928 np0000002957 nova-scheduler[95728]: DEBUG oslo_concurrency.lockutils [None req-92afce17-97c8-4b24-9043-8a19125900fe tempest-ServerActionsTestOtherA-1561273860 tempest-ServerActionsTestOtherA-1561273860-project-member] Acquiring lock "a604a574-9460-4ac2-8398-fb3e4e9d797f" by "nova.context.set_target_cell..get_or_set_cached_cell_and_set_connections" {{(pid=95728) inner /opt/stack/data/venv/lib/python3.12/site-packages/oslo_concurrency/lockutils.py:511}}
Jun 16 14:46:13.229412 np0000002957 nova-scheduler[95728]: DEBUG oslo_concurrency.lockutils [None req-92afce17-97c8-4b24-9043-8a19125900fe tempest-ServerActionsTestOtherA-1561273860 tempest-ServerActionsTestOtherA-1561273860-project-member] Lock "a604a574-9460-4ac2-8398-fb3e4e9d797f" acquired by "nova.context.set_target_cell..get_or_set_cached_cell_and_set_connections" :: waited 0.000s {{(pid=95728) inner /opt/stack/data/venv/lib/python3.12/site-packages/oslo_concurrency/lockutils.py:524}}
Jun 16 14:46:13.230229 np0000002957 nova-scheduler[95728]: DEBUG oslo_concurrency.lockutils [None req-92afce17-97c8-4b24-9043-8a19125900fe tempest-ServerActionsTestOtherA-1561273860 tempest-ServerActionsTestOtherA-1561273860-project-member] Lock "a604a574-9460-4ac2-8398-fb3e4e9d797f" "released" by "nova.context.set_target_cell..get_or_set_cached_cell_and_set_connections" :: held 0.000s {{(pid=95728) inner /opt/stack/data/venv/lib/python3.12/site-packages/oslo_concurrency/lockutils.py:543}}
Jun 16 14:46:13.236291 np0000002957 nova-scheduler[95728]: DEBUG oslo_concurrency.lockutils [None req-92afce17-97c8-4b24-9043-8a19125900fe tempest-ServerActionsTestOtherA-1561273860 tempest-ServerActionsTestOtherA-1561273860-project-member] Acquiring lock "('np0000002957', 'np0000002957')" by "nova.scheduler.host_manager.HostState.update.._locked_update" {{(pid=95728) inner /opt/stack/data/venv/lib/python3.12/site-packages/oslo_concurrency/lockutils.py:511}}
Jun 16 14:46:13.236566 np0000002957 nova-scheduler[95728]: DEBUG oslo_concurrency.lockutils [None req-92afce17-97c8-4b24-9043-8a19125900fe tempest-ServerActionsTestOtherA-1561273860 tempest-ServerActionsTestOtherA-1561273860-project-member] Lock "('np0000002957', 'np0000002957')" acquired by "nova.scheduler.host_manager.HostState.update.._locked_update" :: waited 0.000s {{(pid=95728) inner /opt/stack/data/venv/lib/python3.12/site-packages/oslo_concurrency/lockutils.py:524}}
