May 19 03:39:23.127671 np0000001019 nova-scheduler[95318]: DEBUG cotyledon.oslo_config_glue [-] oslo_limit.certfile = None {{(pid=95318) log_opt_values /opt/stack/data/venv/lib/python3.12/site-packages/oslo_config/cfg.py:3006}}
May 19 03:39:23.127671 np0000001019 nova-scheduler[95318]: DEBUG cotyledon.oslo_config_glue [-] oslo_limit.collect_timing = False {{(pid=95318) log_opt_values /opt/stack/data/venv/lib/python3.12/site-packages/oslo_config/cfg.py:3006}}
May 19 03:39:23.127671 np0000001019 nova-scheduler[95318]: DEBUG cotyledon.oslo_config_glue [-] oslo_limit.connect_retries = None {{(pid=95318) log_opt_values /opt/stack/data/venv/lib/python3.12/site-packages/oslo_config/cfg.py:3006}}
May 19 03:39:23.127892 np0000001019 nova-scheduler[95318]: DEBUG cotyledon.oslo_config_glue [-] oslo_limit.connect_retry_delay = None {{(pid=95318) log_opt_values /opt/stack/data/venv/lib/python3.12/site-packages/oslo_config/cfg.py:3006}}
May 19 03:39:23.127892 np0000001019 nova-scheduler[95318]: DEBUG cotyledon.oslo_config_glue [-] oslo_limit.endpoint_id = None {{(pid=95318) log_opt_values /opt/stack/data/venv/lib/python3.12/site-packages/oslo_config/cfg.py:3006}}
May 19 03:39:23.127892 np0000001019 nova-scheduler[95318]: DEBUG cotyledon.oslo_config_glue [-] oslo_limit.endpoint_interface = public {{(pid=95318) log_opt_values /opt/stack/data/venv/lib/python3.12/site-packages/oslo_config/cfg.py:3006}}
May 19 03:39:23.127892 np0000001019 nova-scheduler[95318]: DEBUG cotyledon.oslo_config_glue [-] oslo_limit.endpoint_override = None {{(pid=95318) log_opt_values /opt/stack/data/venv/lib/python3.12/site-packages/oslo_config/cfg.py:3006}}
May 19 03:39:23.127892 np0000001019 nova-scheduler[95318]: DEBUG cotyledon.oslo_config_glue [-] oslo_limit.endpoint_region_name = None {{(pid=95318) log_opt_values /opt/stack/data/venv/lib/python3.12/site-packages/oslo_config/cfg.py:3006}}
May 19 03:39:23.127892 np0000001019 nova-scheduler[95318]: DEBUG cotyledon.oslo_config_glue [-] oslo_limit.endpoint_service_name = None {{(pid=95318) log_opt_values /opt/stack/data/venv/lib/python3.12/site-packages/oslo_config/cfg.py:3006}}
May 19 03:39:23.127892 np0000001019 nova-scheduler[95318]: DEBUG cotyledon.oslo_config_glue [-] oslo_limit.endpoint_service_type = None {{(pid=95318) log_opt_values /opt/stack/data/venv/lib/python3.12/site-packages/oslo_config/cfg.py:3006}}
May 19 03:39:23.127892 np0000001019 nova-scheduler[95318]: DEBUG cotyledon.oslo_config_glue [-] oslo_limit.insecure = False {{(pid=95318) log_opt_values /opt/stack/data/venv/lib/python3.12/site-packages/oslo_config/cfg.py:3006}}
May 19 03:39:23.127892 np0000001019 nova-scheduler[95318]: DEBUG cotyledon.oslo_config_glue [-] oslo_limit.keyfile = None {{(pid=95318) log_opt_values /opt/stack/data/venv/lib/python3.12/site-packages/oslo_config/cfg.py:3006}}
May 19 03:39:23.128112 np0000001019 nova-scheduler[95318]: DEBUG cotyledon.oslo_config_glue [-] oslo_limit.max_version = None {{(pid=95318) log_opt_values /opt/stack/data/venv/lib/python3.12/site-packages/oslo_config/cfg.py:3006}}
May 19 03:39:23.128112 np0000001019 nova-scheduler[95318]: DEBUG cotyledon.oslo_config_glue [-] oslo_limit.min_version = None {{(pid=95318) log_opt_values /opt/stack/data/venv/lib/python3.12/site-packages/oslo_config/cfg.py:3006}}
May 19 03:39:23.128112 np0000001019 nova-scheduler[95318]: DEBUG cotyledon.oslo_config_glue [-] oslo_limit.region_name = None {{(pid=95318) log_opt_values /opt/stack/data/venv/lib/python3.12/site-packages/oslo_config/cfg.py:3006}}
May 19 03:39:23.128112 np0000001019 nova-scheduler[95318]: DEBUG cotyledon.oslo_config_glue [-] oslo_limit.retriable_status_codes = None {{(pid=95318) log_opt_values /opt/stack/data/venv/lib/python3.12/site-packages/oslo_config/cfg.py:3006}}
May 19 03:39:23.128112 np0000001019 nova-scheduler[95318]: DEBUG cotyledon.oslo_config_glue [-] oslo_limit.service_name = None {{(pid=95318) log_opt_values /opt/stack/data/venv/lib/python3.12/site-packages/oslo_config/cfg.py:3006}}
May 19 03:39:23.128112 np0000001019 nova-scheduler[95318]: DEBUG cotyledon.oslo_config_glue [-] oslo_limit.service_type = None {{(pid=95318) log_opt_values /opt/stack/data/venv/lib/python3.12/site-packages/oslo_config/cfg.py:3006}}
May 19 03:39:23.128112 np0000001019 nova-scheduler[95318]: DEBUG cotyledon.oslo_config_glue [-] oslo_limit.split_loggers = False {{(pid=95318) log_opt_values /opt/stack/data/venv/lib/python3.12/site-packages/oslo_config/cfg.py:3006}}
May 19 03:39:23.128112 np0000001019 nova-scheduler[95318]: DEBUG cotyledon.oslo_config_glue [-] oslo_limit.status_code_retries = None {{(pid=95318) log_opt_values /opt/stack/data/venv/lib/python3.12/site-packages/oslo_config/cfg.py:3006}}
May 19 03:39:23.128112 np0000001019 nova-scheduler[95318]: DEBUG cotyledon.oslo_config_glue [-] oslo_limit.status_code_retry_delay = None {{(pid=95318) log_opt_values /opt/stack/data/venv/lib/python3.12/site-packages/oslo_config/cfg.py:3006}}
May 19 03:39:23.128296 np0000001019 nova-scheduler[95318]: DEBUG cotyledon.oslo_config_glue [-] oslo_limit.timeout = None {{(pid=95318) log_opt_values /opt/stack/data/venv/lib/python3.12/site-packages/oslo_config/cfg.py:3006}}
May 19 03:39:23.128296 np0000001019 nova-scheduler[95318]: DEBUG cotyledon.oslo_config_glue [-] oslo_limit.valid_interfaces = None {{(pid=95318) log_opt_values /opt/stack/data/venv/lib/python3.12/site-packages/oslo_config/cfg.py:3006}}
May 19 03:39:23.128296 np0000001019 nova-scheduler[95318]: DEBUG cotyledon.oslo_config_glue [-] oslo_limit.version = None {{(pid=95318) log_opt_values /opt/stack/data/venv/lib/python3.12/site-packages/oslo_config/cfg.py:3006}}
May 19 03:39:23.128296 np0000001019 nova-scheduler[95318]: DEBUG cotyledon.oslo_config_glue [-] oslo_reports.file_event_handler = None {{(pid=95318) log_opt_values /opt/stack/data/venv/lib/python3.12/site-packages/oslo_config/cfg.py:3006}}
May 19 03:39:23.128296 np0000001019 nova-scheduler[95318]: DEBUG cotyledon.oslo_config_glue [-] oslo_reports.file_event_handler_interval = 1 {{(pid=95318) log_opt_values /opt/stack/data/venv/lib/python3.12/site-packages/oslo_config/cfg.py:3006}}
May 19 03:39:23.128296 np0000001019 nova-scheduler[95318]: DEBUG cotyledon.oslo_config_glue [-] oslo_reports.log_dir = None {{(pid=95318) log_opt_values /opt/stack/data/venv/lib/python3.12/site-packages/oslo_config/cfg.py:3006}}
May 19 03:39:23.128296 np0000001019 nova-scheduler[95318]: DEBUG cotyledon.oslo_config_glue [-] ******************************************************************************** {{(pid=95318) log_opt_values /opt/stack/data/venv/lib/python3.12/site-packages/oslo_config/cfg.py:3013}}
May 19 03:39:23.128296 np0000001019 nova-scheduler[95318]: DEBUG cotyledon._service_worker [-] Run service ServiceWrapper(2) [95318] {{(pid=95318) wait_forever /opt/stack/data/venv/lib/python3.12/site-packages/cotyledon/_service_worker.py:218}}
May 19 03:39:23.128458 np0000001019 nova-scheduler[95313]: DEBUG oslo_db.sqlalchemy.engines [None req-c240f5f9-0134-4d5c-9ace-21961fbb4d9a None None] MySQL server mode set to STRICT_TRANS_TABLES,STRICT_ALL_TABLES,NO_ZERO_IN_DATE,NO_ZERO_DATE,ERROR_FOR_DIVISION_BY_ZERO,TRADITIONAL,NO_ENGINE_SUBSTITUTION {{(pid=95313) _check_effective_sql_mode /opt/stack/data/venv/lib/python3.12/site-packages/oslo_db/sqlalchemy/engines.py:325}}
May 19 03:39:23.128487 np0000001019 nova-scheduler[95318]: INFO nova.service [-] Starting scheduler node (version 33.1.0)
May 19 03:39:23.128508 np0000001019 nova-scheduler[95316]: DEBUG dbcounter [-] [95316] Writer thread running {{(pid=95316) stat_writer /opt/stack/data/venv/lib/python3.12/site-packages/dbcounter.py:102}}
May 19 03:39:23.128536 np0000001019 nova-scheduler[95318]: INFO dbcounter [None req-8dc3e405-346b-4b5f-ac9a-4b1d6f16923f None None] Registered counter for database nova_cell0
May 19 03:39:23.128559 np0000001019 nova-scheduler[95313]: DEBUG dbcounter [-] [95313] Writer thread running {{(pid=95313) stat_writer /opt/stack/data/venv/lib/python3.12/site-packages/dbcounter.py:102}}
May 19 03:39:23.130082 np0000001019 nova-scheduler[95318]: DEBUG oslo_db.sqlalchemy.engines [None req-8dc3e405-346b-4b5f-ac9a-4b1d6f16923f None None] MySQL server mode set to STRICT_TRANS_TABLES,STRICT_ALL_TABLES,NO_ZERO_IN_DATE,NO_ZERO_DATE,ERROR_FOR_DIVISION_BY_ZERO,TRADITIONAL,NO_ENGINE_SUBSTITUTION {{(pid=95318) _check_effective_sql_mode /opt/stack/data/venv/lib/python3.12/site-packages/oslo_db/sqlalchemy/engines.py:325}}
May 19 03:39:23.132586 np0000001019 nova-scheduler[95316]: DEBUG nova.service [None req-78df3e8c-4745-4721-801e-f9dd5542f28d None None] Creating RPC server for service: nova-scheduler on topic: scheduler {{(pid=95316) start /opt/stack/nova/nova/service.py:195}}
May 19 03:39:23.139896 np0000001019 nova-scheduler[95313]: DEBUG nova.service [None req-c240f5f9-0134-4d5c-9ace-21961fbb4d9a None None] Creating RPC server for service: nova-scheduler on topic: scheduler {{(pid=95313) start /opt/stack/nova/nova/service.py:195}}
May 19 03:39:23.141378 np0000001019 nova-scheduler[95318]: DEBUG dbcounter [-] [95318] Writer thread running {{(pid=95318) stat_writer /opt/stack/data/venv/lib/python3.12/site-packages/dbcounter.py:102}}
May 19 03:39:23.143936 np0000001019 nova-scheduler[95318]: DEBUG nova.service [None req-8dc3e405-346b-4b5f-ac9a-4b1d6f16923f None None] Creating RPC server for service: nova-scheduler on topic: scheduler {{(pid=95318) start /opt/stack/nova/nova/service.py:195}}
May 19 03:39:23.172105 np0000001019 nova-scheduler[95313]: DEBUG nova.service [None req-c240f5f9-0134-4d5c-9ace-21961fbb4d9a None None] Join ServiceGroup membership for this service scheduler {{(pid=95313) start /opt/stack/nova/nova/service.py:221}}
May 19 03:39:23.173142 np0000001019 nova-scheduler[95313]: DEBUG nova.servicegroup.drivers.db [None req-c240f5f9-0134-4d5c-9ace-21961fbb4d9a None None] DB_Driver: join new ServiceGroup member np0000001019 to the scheduler group, service = {{(pid=95313) join /opt/stack/nova/nova/servicegroup/drivers/db.py:44}}
May 19 03:39:23.176453 np0000001019 nova-scheduler[95316]: DEBUG nova.service [None req-78df3e8c-4745-4721-801e-f9dd5542f28d None None] Join ServiceGroup membership for this service scheduler {{(pid=95316) start /opt/stack/nova/nova/service.py:221}}
May 19 03:39:23.176722 np0000001019 nova-scheduler[95316]: DEBUG nova.servicegroup.drivers.db [None req-78df3e8c-4745-4721-801e-f9dd5542f28d None None] DB_Driver: join new ServiceGroup member np0000001019 to the scheduler group, service = {{(pid=95316) join /opt/stack/nova/nova/servicegroup/drivers/db.py:44}}
May 19 03:39:23.182549 np0000001019 nova-scheduler[95318]: DEBUG nova.service [None req-8dc3e405-346b-4b5f-ac9a-4b1d6f16923f None None] Join ServiceGroup membership for this service scheduler {{(pid=95318) start /opt/stack/nova/nova/service.py:221}}
May 19 03:39:23.182549 np0000001019 nova-scheduler[95318]: DEBUG nova.servicegroup.drivers.db [None req-8dc3e405-346b-4b5f-ac9a-4b1d6f16923f None None] DB_Driver: join new ServiceGroup member np0000001019 to the scheduler group, service = {{(pid=95318) join /opt/stack/nova/nova/servicegroup/drivers/db.py:44}}
May 19 03:39:24.175628 np0000001019 nova-scheduler[95313]: DEBUG oslo.service.backend._threading.loopingcall [None req-c09bfb9d-6810-459f-b0e6-567f2b8cedb1 None None] Dynamic interval looping call 'nova.service.Service.periodic_tasks' sleeping for 60.00 seconds {{(pid=95313) _run_loop /opt/stack/data/venv/lib/python3.12/site-packages/oslo_service/backend/_threading/loopingcall.py:125}}
May 19 03:39:28.187771 np0000001019 nova-scheduler[95313]: DEBUG oslo.service.backend._threading.loopingcall [-] Fixed interval looping call 'nova.servicegroup.drivers.db.DbDriver._report_state' sleeping for 119.99 seconds {{(pid=95313) _run_loop /opt/stack/data/venv/lib/python3.12/site-packages/oslo_service/backend/_threading/loopingcall.py:125}}
May 19 03:39:28.189360 np0000001019 nova-scheduler[95316]: DEBUG oslo.service.backend._threading.loopingcall [-] Fixed interval looping call 'nova.servicegroup.drivers.db.DbDriver._report_state' sleeping for 119.99 seconds {{(pid=95316) _run_loop /opt/stack/data/venv/lib/python3.12/site-packages/oslo_service/backend/_threading/loopingcall.py:125}}
May 19 03:39:28.193499 np0000001019 nova-scheduler[95318]: DEBUG oslo.service.backend._threading.loopingcall [-] Fixed interval looping call 'nova.servicegroup.drivers.db.DbDriver._report_state' sleeping for 119.99 seconds {{(pid=95318) _run_loop /opt/stack/data/venv/lib/python3.12/site-packages/oslo_service/backend/_threading/loopingcall.py:125}}
May 19 03:39:31.766065 np0000001019 nova-scheduler[94118]: DEBUG dbcounter [-] [94118] Writing DB stats nova_api:SELECT=3 {{(pid=94118) stat_writer /opt/stack/data/venv/lib/python3.12/site-packages/dbcounter.py:115}}
May 19 03:39:31.878609 np0000001019 nova-scheduler[94118]: DEBUG dbcounter [-] [94118] Writing DB stats nova_cell0:SELECT=1 {{(pid=94118) stat_writer /opt/stack/data/venv/lib/python3.12/site-packages/dbcounter.py:115}}
May 19 03:39:31.885170 np0000001019 nova-scheduler[94118]: DEBUG dbcounter [-] [94118] Writing DB stats nova_cell1:SELECT=1 {{(pid=94118) stat_writer /opt/stack/data/venv/lib/python3.12/site-packages/dbcounter.py:115}}
May 19 03:39:38.183013 np0000001019 nova-scheduler[95313]: DEBUG dbcounter [-] [95313] Writing DB stats nova_cell0:SELECT=5,nova_cell0:INSERT=1,nova_cell0:UPDATE=1 {{(pid=95313) stat_writer /opt/stack/data/venv/lib/python3.12/site-packages/dbcounter.py:115}}
May 19 03:39:38.188474 np0000001019 nova-scheduler[95316]: DEBUG dbcounter [-] [95316] Writing DB stats nova_cell0:SELECT=4,nova_cell0:INSERT=1,nova_cell0:UPDATE=1 {{(pid=95316) stat_writer /opt/stack/data/venv/lib/python3.12/site-packages/dbcounter.py:115}}
May 19 03:39:38.191427 np0000001019 nova-scheduler[95318]: DEBUG dbcounter [-] [95318] Writing DB stats nova_cell0:SELECT=3 {{(pid=95318) stat_writer /opt/stack/data/venv/lib/python3.12/site-packages/dbcounter.py:115}}
May 19 03:39:46.178909 np0000001019 nova-scheduler[95316]: DEBUG oslo.service.backend._threading.loopingcall [None req-3cc6f0ba-f576-4789-b58d-7e5f66087def None None] Dynamic interval looping call 'nova.service.Service.periodic_tasks' sleeping for 60.00 seconds {{(pid=95316) _run_loop /opt/stack/data/venv/lib/python3.12/site-packages/oslo_service/backend/_threading/loopingcall.py:125}}
May 19 03:40:00.184400 np0000001019 nova-scheduler[95318]: DEBUG oslo.service.backend._threading.loopingcall [None req-7bf4767c-fa20-45e4-a23c-8a5ac65401da None None] Dynamic interval looping call 'nova.service.Service.periodic_tasks' sleeping for 60.00 seconds {{(pid=95318) _run_loop /opt/stack/data/venv/lib/python3.12/site-packages/oslo_service/backend/_threading/loopingcall.py:125}}
May 19 03:40:24.176101 np0000001019 nova-scheduler[95313]: DEBUG oslo.service.backend._threading.loopingcall [None req-c09bfb9d-6810-459f-b0e6-567f2b8cedb1 None None] Dynamic interval looping call 'nova.service.Service.periodic_tasks' sleeping for 60.00 seconds {{(pid=95313) _run_loop /opt/stack/data/venv/lib/python3.12/site-packages/oslo_service/backend/_threading/loopingcall.py:125}}
May 19 03:40:46.179561 np0000001019 nova-scheduler[95316]: DEBUG oslo.service.backend._threading.loopingcall [None req-3cc6f0ba-f576-4789-b58d-7e5f66087def None None] Dynamic interval looping call 'nova.service.Service.periodic_tasks' sleeping for 60.00 seconds {{(pid=95316) _run_loop /opt/stack/data/venv/lib/python3.12/site-packages/oslo_service/backend/_threading/loopingcall.py:125}}
May 19 03:41:00.184920 np0000001019 nova-scheduler[95318]: DEBUG oslo.service.backend._threading.loopingcall [None req-7bf4767c-fa20-45e4-a23c-8a5ac65401da None None] Dynamic interval looping call 'nova.service.Service.periodic_tasks' sleeping for 60.00 seconds {{(pid=95318) _run_loop /opt/stack/data/venv/lib/python3.12/site-packages/oslo_service/backend/_threading/loopingcall.py:125}}
May 19 03:41:24.176579 np0000001019 nova-scheduler[95313]: DEBUG oslo.service.backend._threading.loopingcall [None req-c09bfb9d-6810-459f-b0e6-567f2b8cedb1 None None] Dynamic interval looping call 'nova.service.Service.periodic_tasks' sleeping for 60.00 seconds {{(pid=95313) _run_loop /opt/stack/data/venv/lib/python3.12/site-packages/oslo_service/backend/_threading/loopingcall.py:125}}
May 19 03:41:28.187676 np0000001019 nova-scheduler[95316]: DEBUG oslo.service.backend._threading.loopingcall [-] Fixed interval looping call 'nova.servicegroup.drivers.db.DbDriver._report_state' sleeping for 119.99 seconds {{(pid=95316) _run_loop /opt/stack/data/venv/lib/python3.12/site-packages/oslo_service/backend/_threading/loopingcall.py:125}}
May 19 03:41:28.189534 np0000001019 nova-scheduler[95313]: DEBUG oslo.service.backend._threading.loopingcall [-] Fixed interval looping call 'nova.servicegroup.drivers.db.DbDriver._report_state' sleeping for 119.99 seconds {{(pid=95313) _run_loop /opt/stack/data/venv/lib/python3.12/site-packages/oslo_service/backend/_threading/loopingcall.py:125}}
May 19 03:41:28.192354 np0000001019 nova-scheduler[95318]: DEBUG oslo.service.backend._threading.loopingcall [-] Fixed interval looping call 'nova.servicegroup.drivers.db.DbDriver._report_state' sleeping for 119.99 seconds {{(pid=95318) _run_loop /opt/stack/data/venv/lib/python3.12/site-packages/oslo_service/backend/_threading/loopingcall.py:125}}
May 19 03:41:38.182500 np0000001019 nova-scheduler[95313]: DEBUG dbcounter [-] [95313] Writing DB stats nova_cell0:SELECT=1,nova_cell0:UPDATE=1 {{(pid=95313) stat_writer /opt/stack/data/venv/lib/python3.12/site-packages/dbcounter.py:115}}
May 19 03:41:38.183537 np0000001019 nova-scheduler[95316]: DEBUG dbcounter [-] [95316] Writing DB stats nova_cell0:SELECT=1,nova_cell0:UPDATE=1 {{(pid=95316) stat_writer /opt/stack/data/venv/lib/python3.12/site-packages/dbcounter.py:115}}
May 19 03:41:38.191002 np0000001019 nova-scheduler[95318]: DEBUG dbcounter [-] [95318] Writing DB stats nova_cell0:SELECT=1,nova_cell0:UPDATE=1 {{(pid=95318) stat_writer /opt/stack/data/venv/lib/python3.12/site-packages/dbcounter.py:115}}
May 19 03:41:46.180013 np0000001019 nova-scheduler[95316]: DEBUG oslo.service.backend._threading.loopingcall [None req-3cc6f0ba-f576-4789-b58d-7e5f66087def None None] Dynamic interval looping call 'nova.service.Service.periodic_tasks' sleeping for 60.00 seconds {{(pid=95316) _run_loop /opt/stack/data/venv/lib/python3.12/site-packages/oslo_service/backend/_threading/loopingcall.py:125}}
May 19 03:42:00.185316 np0000001019 nova-scheduler[95318]: DEBUG oslo.service.backend._threading.loopingcall [None req-7bf4767c-fa20-45e4-a23c-8a5ac65401da None None] Dynamic interval looping call 'nova.service.Service.periodic_tasks' sleeping for 60.00 seconds {{(pid=95318) _run_loop /opt/stack/data/venv/lib/python3.12/site-packages/oslo_service/backend/_threading/loopingcall.py:125}}
May 19 03:42:05.733102 np0000001019 nova-scheduler[95313]: DEBUG nova.scheduler.manager [None req-2c295b49-01d0-41d2-abf3-9d639616e3fe tempest-ServerRescueNegativeTestJSON-1341709365 tempest-ServerRescueNegativeTestJSON-1341709365-project-member] Starting to schedule for instances: ['65d227c4-44e4-4757-ad5c-db3e8c96e3ba'] {{(pid=95313) select_destinations /opt/stack/nova/nova/scheduler/manager.py:210}}
May 19 03:42:05.733102 np0000001019 nova-scheduler[95313]: DEBUG nova.scheduler.request_filter [None req-2c295b49-01d0-41d2-abf3-9d639616e3fe tempest-ServerRescueNegativeTestJSON-1341709365 tempest-ServerRescueNegativeTestJSON-1341709365-project-member] compute_status_filter request filter added forbidden trait COMPUTE_STATUS_DISABLED {{(pid=95313) compute_status_filter /opt/stack/nova/nova/scheduler/request_filter.py:253}}
May 19 03:42:05.733102 np0000001019 nova-scheduler[95313]: DEBUG nova.scheduler.request_filter [None req-2c295b49-01d0-41d2-abf3-9d639616e3fe tempest-ServerRescueNegativeTestJSON-1341709365 tempest-ServerRescueNegativeTestJSON-1341709365-project-member] Request filter 'compute_status_filter' took 0.0 seconds {{(pid=95313) wrapper /opt/stack/nova/nova/scheduler/request_filter.py:46}}
May 19 03:42:05.733102 np0000001019 nova-scheduler[95313]: DEBUG nova.scheduler.request_filter [None req-2c295b49-01d0-41d2-abf3-9d639616e3fe tempest-ServerRescueNegativeTestJSON-1341709365 tempest-ServerRescueNegativeTestJSON-1341709365-project-member] Request filter 'accelerators_filter' took 0.0 seconds {{(pid=95313) wrapper /opt/stack/nova/nova/scheduler/request_filter.py:46}}
May 19 03:42:05.733102 np0000001019 nova-scheduler[95313]: DEBUG nova.scheduler.request_filter [None req-2c295b49-01d0-41d2-abf3-9d639616e3fe tempest-ServerRescueNegativeTestJSON-1341709365 tempest-ServerRescueNegativeTestJSON-1341709365-project-member] Request filter 'packed_virtqueue_filter' took 0.0 seconds {{(pid=95313) wrapper /opt/stack/nova/nova/scheduler/request_filter.py:46}}
May 19 03:42:05.733535 np0000001019 nova-scheduler[95313]: DEBUG nova.scheduler.request_filter [None req-2c295b49-01d0-41d2-abf3-9d639616e3fe tempest-ServerRescueNegativeTestJSON-1341709365 tempest-ServerRescueNegativeTestJSON-1341709365-project-member] Request filter 'remote_managed_ports_filter' took 0.0 seconds {{(pid=95313) wrapper /opt/stack/nova/nova/scheduler/request_filter.py:46}}
May 19 03:42:05.734319 np0000001019 nova-scheduler[95313]: DEBUG nova.scheduler.request_filter [None req-2c295b49-01d0-41d2-abf3-9d639616e3fe tempest-ServerRescueNegativeTestJSON-1341709365 tempest-ServerRescueNegativeTestJSON-1341709365-project-member] ephemeral_encryption_filter skipped {{(pid=95313) ephemeral_encryption_filter /opt/stack/nova/nova/scheduler/request_filter.py:426}}
May 19 03:42:05.734772 np0000001019 nova-scheduler[95313]: DEBUG nova.scheduler.request_filter [None req-2c295b49-01d0-41d2-abf3-9d639616e3fe tempest-ServerRescueNegativeTestJSON-1341709365 tempest-ServerRescueNegativeTestJSON-1341709365-project-member] virtio_sound_filter skipped {{(pid=95313) virtio_sound_filter /opt/stack/nova/nova/scheduler/request_filter.py:460}}
May 19 03:42:05.734995 np0000001019 nova-scheduler[95313]: DEBUG nova.scheduler.request_filter [None req-2c295b49-01d0-41d2-abf3-9d639616e3fe tempest-ServerRescueNegativeTestJSON-1341709365 tempest-ServerRescueNegativeTestJSON-1341709365-project-member] tpm_secret_security_filter skipped {{(pid=95313) tpm_secret_security_filter /opt/stack/nova/nova/scheduler/request_filter.py:477}}
May 19 03:42:06.690173 np0000001019 nova-scheduler[95313]: INFO nova.utils [None req-2c295b49-01d0-41d2-abf3-9d639616e3fe tempest-ServerRescueNegativeTestJSON-1341709365 tempest-ServerRescueNegativeTestJSON-1341709365-project-member] The cell worker thread pool ForkProcess-1.cell_worker is initialized
May 19 03:42:06.690603 np0000001019 nova-scheduler[95313]: DEBUG oslo_concurrency.lockutils [None req-2c295b49-01d0-41d2-abf3-9d639616e3fe tempest-ServerRescueNegativeTestJSON-1341709365 tempest-ServerRescueNegativeTestJSON-1341709365-project-member] Acquiring lock "aeac2d0d-268c-405e-b6fc-1a656258b4a8" by "nova.context.set_target_cell..get_or_set_cached_cell_and_set_connections" {{(pid=95313) inner /opt/stack/data/venv/lib/python3.12/site-packages/oslo_concurrency/lockutils.py:506}}
May 19 03:42:06.690875 np0000001019 nova-scheduler[95313]: DEBUG oslo_concurrency.lockutils [None req-2c295b49-01d0-41d2-abf3-9d639616e3fe tempest-ServerRescueNegativeTestJSON-1341709365 tempest-ServerRescueNegativeTestJSON-1341709365-project-member] Lock "aeac2d0d-268c-405e-b6fc-1a656258b4a8" acquired by "nova.context.set_target_cell..get_or_set_cached_cell_and_set_connections" :: waited 0.000s {{(pid=95313) inner /opt/stack/data/venv/lib/python3.12/site-packages/oslo_concurrency/lockutils.py:519}}
May 19 03:42:06.692700 np0000001019 nova-scheduler[95313]: DEBUG oslo_concurrency.lockutils [None req-2c295b49-01d0-41d2-abf3-9d639616e3fe tempest-ServerRescueNegativeTestJSON-1341709365 tempest-ServerRescueNegativeTestJSON-1341709365-project-member] Lock "aeac2d0d-268c-405e-b6fc-1a656258b4a8" "released" by "nova.context.set_target_cell..get_or_set_cached_cell_and_set_connections" :: held 0.002s {{(pid=95313) inner /opt/stack/data/venv/lib/python3.12/site-packages/oslo_concurrency/lockutils.py:538}}
May 19 03:42:06.695581 np0000001019 nova-scheduler[95313]: INFO dbcounter [None req-2c295b49-01d0-41d2-abf3-9d639616e3fe tempest-ServerRescueNegativeTestJSON-1341709365 tempest-ServerRescueNegativeTestJSON-1341709365-project-member] Registered counter for database nova_cell1
May 19 03:42:06.699725 np0000001019 nova-scheduler[95313]: DEBUG oslo_db.sqlalchemy.engines [None req-2c295b49-01d0-41d2-abf3-9d639616e3fe tempest-ServerRescueNegativeTestJSON-1341709365 tempest-ServerRescueNegativeTestJSON-1341709365-project-member] MySQL server mode set to STRICT_TRANS_TABLES,STRICT_ALL_TABLES,NO_ZERO_IN_DATE,NO_ZERO_DATE,ERROR_FOR_DIVISION_BY_ZERO,TRADITIONAL,NO_ENGINE_SUBSTITUTION {{(pid=95313) _check_effective_sql_mode /opt/stack/data/venv/lib/python3.12/site-packages/oslo_db/sqlalchemy/engines.py:325}}
May 19 03:42:06.709057 np0000001019 nova-scheduler[95313]: DEBUG dbcounter [-] [95313] Writer thread running {{(pid=95313) stat_writer /opt/stack/data/venv/lib/python3.12/site-packages/dbcounter.py:102}}
May 19 03:42:06.725494 np0000001019 nova-scheduler[95313]: DEBUG oslo_db.sqlalchemy.engines [None req-2c295b49-01d0-41d2-abf3-9d639616e3fe tempest-ServerRescueNegativeTestJSON-1341709365 tempest-ServerRescueNegativeTestJSON-1341709365-project-member] Parent process 94118 forked (95313) with an open database connection, which is being discarded and recreated. {{(pid=95313) checkout /opt/stack/data/venv/lib/python3.12/site-packages/oslo_db/sqlalchemy/engines.py:402}}
May 19 03:42:06.735645 np0000001019 nova-scheduler[95313]: DEBUG dbcounter [-] [95313] Writer thread running {{(pid=95313) stat_writer /opt/stack/data/venv/lib/python3.12/site-packages/dbcounter.py:102}}
May 19 03:42:06.741745 np0000001019 nova-scheduler[95313]: DEBUG oslo_concurrency.lockutils [None req-2c295b49-01d0-41d2-abf3-9d639616e3fe tempest-ServerRescueNegativeTestJSON-1341709365 tempest-ServerRescueNegativeTestJSON-1341709365-project-member] Acquiring lock "aeac2d0d-268c-405e-b6fc-1a656258b4a8" by "nova.context.set_target_cell..get_or_set_cached_cell_and_set_connections" {{(pid=95313) inner /opt/stack/data/venv/lib/python3.12/site-packages/oslo_concurrency/lockutils.py:506}}
May 19 03:42:06.742021 np0000001019 nova-scheduler[95313]: DEBUG oslo_concurrency.lockutils [None req-2c295b49-01d0-41d2-abf3-9d639616e3fe tempest-ServerRescueNegativeTestJSON-1341709365 tempest-ServerRescueNegativeTestJSON-1341709365-project-member] Lock "aeac2d0d-268c-405e-b6fc-1a656258b4a8" acquired by "nova.context.set_target_cell..get_or_set_cached_cell_and_set_connections" :: waited 0.000s {{(pid=95313) inner /opt/stack/data/venv/lib/python3.12/site-packages/oslo_concurrency/lockutils.py:519}}
May 19 03:42:06.742181 np0000001019 nova-scheduler[95313]: DEBUG oslo_concurrency.lockutils [None req-2c295b49-01d0-41d2-abf3-9d639616e3fe tempest-ServerRescueNegativeTestJSON-1341709365 tempest-ServerRescueNegativeTestJSON-1341709365-project-member] Lock "aeac2d0d-268c-405e-b6fc-1a656258b4a8" "released" by "nova.context.set_target_cell..get_or_set_cached_cell_and_set_connections" :: held 0.000s {{(pid=95313) inner /opt/stack/data/venv/lib/python3.12/site-packages/oslo_concurrency/lockutils.py:538}}
May 19 03:42:06.749449 np0000001019 nova-scheduler[95313]: DEBUG oslo_concurrency.lockutils [None req-2c295b49-01d0-41d2-abf3-9d639616e3fe tempest-ServerRescueNegativeTestJSON-1341709365 tempest-ServerRescueNegativeTestJSON-1341709365-project-member] Acquiring lock "('np0000001019', 'np0000001019')" by "nova.scheduler.host_manager.HostState.update.._locked_update" {{(pid=95313) inner /opt/stack/data/venv/lib/python3.12/site-packages/oslo_concurrency/lockutils.py:506}}
May 19 03:42:06.749691 np0000001019 nova-scheduler[95313]: DEBUG oslo_concurrency.lockutils [None req-2c295b49-01d0-41d2-abf3-9d639616e3fe tempest-ServerRescueNegativeTestJSON-1341709365 tempest-ServerRescueNegativeTestJSON-1341709365-project-member] Lock "('np0000001019', 'np0000001019')" acquired by "nova.scheduler.host_manager.HostState.update.._locked_update" :: waited 0.001s {{(pid=95313) inner /opt/stack/data/venv/lib/python3.12/site-packages/oslo_concurrency/lockutils.py:519}}
May 19 03:42:06.751081 np0000001019 nova-scheduler[95313]: DEBUG nova.scheduler.host_manager [None req-2c295b49-01d0-41d2-abf3-9d639616e3fe tempest-ServerRescueNegativeTestJSON-1341709365 tempest-ServerRescueNegativeTestJSON-1341709365-project-member] Update host state from compute node: ComputeNode(cpu_allocation_ratio=4.0,cpu_info='{"arch": "x86_64", "model": "EPYC-Milan", "vendor": "AMD", "topology": {"cells": 1, "sockets": 12, "cores": 1, "threads": 1}, "maxphysaddr": {"mode": "emulate", "bits": 40}, "features": ["ssse3", "cmov", "v-vmsave-vmload", "gds-no", "mmxext", "amd-stibp", "clwb", "pse", "fsgsbase", "pdpe1gb", "clzero", "clflushopt", "pat", "pcid", "hypervisor", "perfctr_core", "pschange-mc-no", "cx16", "fsrm", "sep", "vpclmulqdq", "nrip-save", "tsc", "pku", "fma", "vaes", "misalignsse", "rdtscp", "vme", "lahf_lm", "bmi2", "msr", "ibpb", "f16c", "pae", "arch-capabilities", "avx2", "arat", "lfence-always-serializing", "apic", "rdctl-no", "de", "syscall", "ibrs", "cx8", "sse2", "3dnowprefetch", "skip-l1dfl-vmentry", "amd-psfd", "clflush", "xsaveerptr", "adx", "mca", "tsc-scale", "fpu", "rdpid", "abm", "sse4.1", "x2apic", "nx", "xgetbv1", "xsaves", "tsc-deadline", "mce", "mmx", "cr8legacy", "pge", "aes", "movbe", "fxsr_opt", "pni", "stibp-always-on", "invpcid", "mtrr", "lm", "flushbyasid", "ssbd", "bmi1", "virt-ssbd", "sse4a", "sse", "osvw", "fxsr", "pause-filter", "mds-no", "wbnoinvd", "vmcb-clean", "rdrand", "erms", "tsc_adjust", "svm", "cmp_legacy", "no-nested-data-bp", "npt", "sse4.2", "pse36", "smap", "spec-ctrl", "sha-ni", "stibp", "xsavec", "xsaveopt", "smep", "vgif", "xsave", "pclmuldq", "null-sel-clr-base", "amd-ssbd", "umip", "lbrv", "rdseed", "avx", "popcnt", "pfthreshold", "topoext", "svme-addr-chk"]}',created_at=2026-05-19T03:39:49Z,current_workload=0,deleted=False,deleted_at=None,disk_allocation_ratio=1.0,disk_available_least=74,free_disk_gb=95,free_ram_mb=23518,host='np0000001019',host_ip=10.4.3.126,hypervisor_hostname='np0000001019',hypervisor_type='QEMU',hypervisor_version=8002002,id=1,local_gb=95,local_gb_used=0,mapped=1,memory_mb=24030,memory_mb_used=512,metrics='[]',numa_topology='{"nova_object.name": "NUMATopology", "nova_object.namespace": "nova", "nova_object.version": "1.2", "nova_object.data": {"cells": [{"nova_object.name": "NUMACell", "nova_object.namespace": "nova", "nova_object.version": "1.5", "nova_object.data": {"id": 0, "cpuset": [0, 1, 2, 3, 4, 5, 6, 7, 8, 9, 10, 11], "pcpuset": [0, 1, 2, 3, 4, 5, 6, 7, 8, 9, 10, 11], "memory": 24030, "cpu_usage": 0, "memory_usage": 0, "pinned_cpus": [], "siblings": [[6], [2], [5], [11], [8], [4], [1], [7], [10], [0], [3], [9]], "mempages": [{"nova_object.name": "NUMAPagesTopology", "nova_object.namespace": "nova", "nova_object.version": "1.1", "nova_object.data": {"size_kb": 4, "total": 6151796, "used": 0, "reserved": 0}, "nova_object.changes": ["reserved", "total", "used", "size_kb"]}, {"nova_object.name": "NUMAPagesTopology", "nova_object.namespace": "nova", "nova_object.version": "1.1", "nova_object.data": {"size_kb": 2048, "total": 0, "used": 0, "reserved": 0}, "nova_object.changes": ["reserved", "total", "used", "size_kb"]}, {"nova_object.name": "NUMAPagesTopology", "nova_object.namespace": "nova", "nova_object.version": "1.1", "nova_object.data": {"size_kb": 1048576, "total": 0, "used": 0, "reserved": 0}, "nova_object.changes": ["reserved", "total", "used", "size_kb"]}], "network_metadata": {"nova_object.name": "NetworkMetadata", "nova_object.namespace": "nova", "nova_object.version": "1.0", "nova_object.data": {"physnets": [], "tunneled": false}, "nova_object.changes": ["tunneled", "physnets"]}, "socket": null}, "nova_object.changes": ["memory_usage", "mempages", "cpu_usage", "pinned_cpus", "memory", "cpuset", "siblings", "id", "pcpuset", "network_metadata", "socket"]}]}, "nova_object.changes": ["cells"]}',pci_device_pools=PciDevicePoolList,ram_allocation_ratio=1.0,running_vms=0,service_id=2,stats={failed_builds='0',uptime=' 03:41:34 up 24 min, 2 users, load average: 1.40, 1.31, 0.77
May 19 03:42:06.751081 np0000001019 nova-scheduler[95313]: '},supported_hv_specs=[HVSpec,HVSpec,HVSpec,HVSpec,HVSpec,HVSpec,HVSpec,HVSpec,HVSpec,HVSpec,HVSpec,HVSpec,HVSpec,HVSpec,HVSpec,HVSpec,HVSpec,HVSpec,HVSpec,HVSpec,HVSpec,HVSpec,HVSpec,HVSpec,HVSpec],updated_at=2026-05-19T03:41:36Z,uuid=72642243-7d14-48d4-a71b-78f3d8f70866,vcpus=12,vcpus_used=0) {{(pid=95313) _locked_update /opt/stack/nova/nova/scheduler/host_manager.py:168}}
May 19 03:42:06.752881 np0000001019 nova-scheduler[95313]: DEBUG nova.scheduler.host_manager [None req-2c295b49-01d0-41d2-abf3-9d639616e3fe tempest-ServerRescueNegativeTestJSON-1341709365 tempest-ServerRescueNegativeTestJSON-1341709365-project-member] Update host state with aggregates: [] {{(pid=95313) _locked_update /opt/stack/nova/nova/scheduler/host_manager.py:171}}
May 19 03:42:06.752881 np0000001019 nova-scheduler[95313]: DEBUG nova.scheduler.host_manager [None req-2c295b49-01d0-41d2-abf3-9d639616e3fe tempest-ServerRescueNegativeTestJSON-1341709365 tempest-ServerRescueNegativeTestJSON-1341709365-project-member] Update host state with service dict: {'id': 2, 'uuid': 'a1fd8efa-ed73-4201-a871-365b1e36a04c', 'host': 'np0000001019', 'binary': 'nova-compute', 'topic': 'compute', 'report_count': 2, 'disabled': False, 'disabled_reason': None, 'last_seen_up': datetime.datetime(2026, 5, 19, 3, 41, 58, tzinfo=datetime.timezone.utc), 'forced_down': False, 'version': 72, 'created_at': datetime.datetime(2026, 5, 19, 3, 39, 48, tzinfo=datetime.timezone.utc), 'updated_at': datetime.datetime(2026, 5, 19, 3, 41, 58, tzinfo=datetime.timezone.utc), 'deleted_at': None, 'deleted': False} {{(pid=95313) _locked_update /opt/stack/nova/nova/scheduler/host_manager.py:174}}
May 19 03:42:06.752881 np0000001019 nova-scheduler[95313]: DEBUG nova.scheduler.host_manager [None req-2c295b49-01d0-41d2-abf3-9d639616e3fe tempest-ServerRescueNegativeTestJSON-1341709365 tempest-ServerRescueNegativeTestJSON-1341709365-project-member] Update host state with instances: [] {{(pid=95313) _locked_update /opt/stack/nova/nova/scheduler/host_manager.py:177}}
May 19 03:42:06.753111 np0000001019 nova-scheduler[95313]: DEBUG oslo_concurrency.lockutils [None req-2c295b49-01d0-41d2-abf3-9d639616e3fe tempest-ServerRescueNegativeTestJSON-1341709365 tempest-ServerRescueNegativeTestJSON-1341709365-project-member] Lock "('np0000001019', 'np0000001019')" "released" by "nova.scheduler.host_manager.HostState.update.._locked_update" :: held 0.003s {{(pid=95313) inner /opt/stack/data/venv/lib/python3.12/site-packages/oslo_concurrency/lockutils.py:538}}
May 19 03:42:06.753877 np0000001019 nova-scheduler[95313]: DEBUG nova.filters [None req-2c295b49-01d0-41d2-abf3-9d639616e3fe tempest-ServerRescueNegativeTestJSON-1341709365 tempest-ServerRescueNegativeTestJSON-1341709365-project-member] Starting with 1 host(s) {{(pid=95313) get_filtered_objects /opt/stack/nova/nova/filters.py:70}}
May 19 03:42:06.754239 np0000001019 nova-scheduler[95313]: DEBUG nova.filters [None req-2c295b49-01d0-41d2-abf3-9d639616e3fe tempest-ServerRescueNegativeTestJSON-1341709365 tempest-ServerRescueNegativeTestJSON-1341709365-project-member] Filter ComputeFilter returned 1 host(s) {{(pid=95313) get_filtered_objects /opt/stack/nova/nova/filters.py:102}}
May 19 03:42:06.754977 np0000001019 nova-scheduler[95313]: DEBUG nova.filters [None req-2c295b49-01d0-41d2-abf3-9d639616e3fe tempest-ServerRescueNegativeTestJSON-1341709365 tempest-ServerRescueNegativeTestJSON-1341709365-project-member] Filter ComputeCapabilitiesFilter returned 1 host(s) {{(pid=95313) get_filtered_objects /opt/stack/nova/nova/filters.py:102}}
May 19 03:42:06.757698 np0000001019 nova-scheduler[95313]: DEBUG nova.filters [None req-2c295b49-01d0-41d2-abf3-9d639616e3fe tempest-ServerRescueNegativeTestJSON-1341709365 tempest-ServerRescueNegativeTestJSON-1341709365-project-member] Filter ImagePropertiesFilter returned 1 host(s) {{(pid=95313) get_filtered_objects /opt/stack/nova/nova/filters.py:102}}
May 19 03:42:06.758009 np0000001019 nova-scheduler[95313]: DEBUG nova.filters [None req-2c295b49-01d0-41d2-abf3-9d639616e3fe tempest-ServerRescueNegativeTestJSON-1341709365 tempest-ServerRescueNegativeTestJSON-1341709365-project-member] Filter ServerGroupAntiAffinityFilter returned 1 host(s) {{(pid=95313) get_filtered_objects /opt/stack/nova/nova/filters.py:102}}
May 19 03:42:06.758262 np0000001019 nova-scheduler[95313]: DEBUG nova.filters [None req-2c295b49-01d0-41d2-abf3-9d639616e3fe tempest-ServerRescueNegativeTestJSON-1341709365 tempest-ServerRescueNegativeTestJSON-1341709365-project-member] Filter ServerGroupAffinityFilter returned 1 host(s) {{(pid=95313) get_filtered_objects /opt/stack/nova/nova/filters.py:102}}
May 19 03:42:06.758472 np0000001019 nova-scheduler[95313]: DEBUG nova.filters [None req-2c295b49-01d0-41d2-abf3-9d639616e3fe tempest-ServerRescueNegativeTestJSON-1341709365 tempest-ServerRescueNegativeTestJSON-1341709365-project-member] Filter SameHostFilter returned 1 host(s) {{(pid=95313) get_filtered_objects /opt/stack/nova/nova/filters.py:102}}
May 19 03:42:06.758665 np0000001019 nova-scheduler[95313]: DEBUG nova.filters [None req-2c295b49-01d0-41d2-abf3-9d639616e3fe tempest-ServerRescueNegativeTestJSON-1341709365 tempest-ServerRescueNegativeTestJSON-1341709365-project-member] Filter DifferentHostFilter returned 1 host(s) {{(pid=95313) get_filtered_objects /opt/stack/nova/nova/filters.py:102}}
May 19 03:42:06.760284 np0000001019 nova-scheduler[95313]: DEBUG nova.scheduler.manager [None req-2c295b49-01d0-41d2-abf3-9d639616e3fe tempest-ServerRescueNegativeTestJSON-1341709365 tempest-ServerRescueNegativeTestJSON-1341709365-project-member] Filtered [(np0000001019, np0000001019) ram: 23518MB disk: 75776MB io_ops: 0 instances: 0, allocation_candidates: 1] {{(pid=95313) _get_sorted_hosts /opt/stack/nova/nova/scheduler/manager.py:743}}
May 19 03:42:06.760650 np0000001019 nova-scheduler[95313]: DEBUG nova.scheduler.manager [None req-2c295b49-01d0-41d2-abf3-9d639616e3fe tempest-ServerRescueNegativeTestJSON-1341709365 tempest-ServerRescueNegativeTestJSON-1341709365-project-member] Weighed [WeighedHost [host: (np0000001019, np0000001019) ram: 23518MB disk: 75776MB io_ops: 0 instances: 0, allocation_candidates: 1, weight: 0.0]] {{(pid=95313) _get_sorted_hosts /opt/stack/nova/nova/scheduler/manager.py:765}}
May 19 03:42:06.760978 np0000001019 nova-scheduler[95313]: DEBUG nova.scheduler.utils [None req-2c295b49-01d0-41d2-abf3-9d639616e3fe tempest-ServerRescueNegativeTestJSON-1341709365 tempest-ServerRescueNegativeTestJSON-1341709365-project-member] Attempting to claim resources in the placement API for instance 65d227c4-44e4-4757-ad5c-db3e8c96e3ba {{(pid=95313) claim_resources /opt/stack/nova/nova/scheduler/utils.py:1304}}
May 19 03:42:06.948229 np0000001019 nova-scheduler[95313]: DEBUG nova.scheduler.manager [None req-2c295b49-01d0-41d2-abf3-9d639616e3fe tempest-ServerRescueNegativeTestJSON-1341709365 tempest-ServerRescueNegativeTestJSON-1341709365-project-member] [instance: 65d227c4-44e4-4757-ad5c-db3e8c96e3ba] Selected host: (np0000001019, np0000001019) ram: 23518MB disk: 75776MB io_ops: 0 instances: 0, allocation_candidates: 1 {{(pid=95313) _consume_selected_host /opt/stack/nova/nova/scheduler/manager.py:625}}
May 19 03:42:06.948741 np0000001019 nova-scheduler[95313]: DEBUG oslo_concurrency.lockutils [None req-2c295b49-01d0-41d2-abf3-9d639616e3fe tempest-ServerRescueNegativeTestJSON-1341709365 tempest-ServerRescueNegativeTestJSON-1341709365-project-member] Acquiring lock "('np0000001019', 'np0000001019')" by "nova.scheduler.host_manager.HostState.consume_from_request.._locked" {{(pid=95313) inner /opt/stack/data/venv/lib/python3.12/site-packages/oslo_concurrency/lockutils.py:506}}
May 19 03:42:06.949381 np0000001019 nova-scheduler[95313]: DEBUG oslo_concurrency.lockutils [None req-2c295b49-01d0-41d2-abf3-9d639616e3fe tempest-ServerRescueNegativeTestJSON-1341709365 tempest-ServerRescueNegativeTestJSON-1341709365-project-member] Lock "('np0000001019', 'np0000001019')" acquired by "nova.scheduler.host_manager.HostState.consume_from_request.._locked" :: waited 0.000s {{(pid=95313) inner /opt/stack/data/venv/lib/python3.12/site-packages/oslo_concurrency/lockutils.py:519}}
May 19 03:42:06.949381 np0000001019 nova-scheduler[95313]: DEBUG oslo_concurrency.lockutils [None req-2c295b49-01d0-41d2-abf3-9d639616e3fe tempest-ServerRescueNegativeTestJSON-1341709365 tempest-ServerRescueNegativeTestJSON-1341709365-project-member] Lock "('np0000001019', 'np0000001019')" "released" by "nova.scheduler.host_manager.HostState.consume_from_request.._locked" :: held 0.000s {{(pid=95313) inner /opt/stack/data/venv/lib/python3.12/site-packages/oslo_concurrency/lockutils.py:538}}
May 19 03:42:09.549505 np0000001019 nova-scheduler[95316]: DEBUG nova.scheduler.manager [None req-541231c3-bdf4-4799-8e77-898d9cf0588e tempest-ServerRescueNegativeTestJSON-1341709365 tempest-ServerRescueNegativeTestJSON-1341709365-project-member] Starting to schedule for instances: ['de57b3bd-23bf-4447-a371-193f9e0ae000'] {{(pid=95316) select_destinations /opt/stack/nova/nova/scheduler/manager.py:210}}
May 19 03:42:09.550256 np0000001019 nova-scheduler[95316]: DEBUG nova.scheduler.request_filter [None req-541231c3-bdf4-4799-8e77-898d9cf0588e tempest-ServerRescueNegativeTestJSON-1341709365 tempest-ServerRescueNegativeTestJSON-1341709365-project-member] compute_status_filter request filter added forbidden trait COMPUTE_STATUS_DISABLED {{(pid=95316) compute_status_filter /opt/stack/nova/nova/scheduler/request_filter.py:253}}
May 19 03:42:09.550532 np0000001019 nova-scheduler[95316]: DEBUG nova.scheduler.request_filter [None req-541231c3-bdf4-4799-8e77-898d9cf0588e tempest-ServerRescueNegativeTestJSON-1341709365 tempest-ServerRescueNegativeTestJSON-1341709365-project-member] Request filter 'compute_status_filter' took 0.0 seconds {{(pid=95316) wrapper /opt/stack/nova/nova/scheduler/request_filter.py:46}}
May 19 03:42:09.550631 np0000001019 nova-scheduler[95316]: DEBUG nova.scheduler.request_filter [None req-541231c3-bdf4-4799-8e77-898d9cf0588e tempest-ServerRescueNegativeTestJSON-1341709365 tempest-ServerRescueNegativeTestJSON-1341709365-project-member] Request filter 'accelerators_filter' took 0.0 seconds {{(pid=95316) wrapper /opt/stack/nova/nova/scheduler/request_filter.py:46}}
May 19 03:42:09.550904 np0000001019 nova-scheduler[95316]: DEBUG nova.scheduler.request_filter [None req-541231c3-bdf4-4799-8e77-898d9cf0588e tempest-ServerRescueNegativeTestJSON-1341709365 tempest-ServerRescueNegativeTestJSON-1341709365-project-member] Request filter 'packed_virtqueue_filter' took 0.0 seconds {{(pid=95316) wrapper /opt/stack/nova/nova/scheduler/request_filter.py:46}}
May 19 03:42:09.551576 np0000001019 nova-scheduler[95316]: DEBUG nova.scheduler.request_filter [None req-541231c3-bdf4-4799-8e77-898d9cf0588e tempest-ServerRescueNegativeTestJSON-1341709365 tempest-ServerRescueNegativeTestJSON-1341709365-project-member] Request filter 'remote_managed_ports_filter' took 0.0 seconds {{(pid=95316) wrapper /opt/stack/nova/nova/scheduler/request_filter.py:46}}
May 19 03:42:09.551576 np0000001019 nova-scheduler[95316]: DEBUG nova.scheduler.request_filter [None req-541231c3-bdf4-4799-8e77-898d9cf0588e tempest-ServerRescueNegativeTestJSON-1341709365 tempest-ServerRescueNegativeTestJSON-1341709365-project-member] ephemeral_encryption_filter skipped {{(pid=95316) ephemeral_encryption_filter /opt/stack/nova/nova/scheduler/request_filter.py:426}}
May 19 03:42:09.551778 np0000001019 nova-scheduler[95316]: DEBUG nova.scheduler.request_filter [None req-541231c3-bdf4-4799-8e77-898d9cf0588e tempest-ServerRescueNegativeTestJSON-1341709365 tempest-ServerRescueNegativeTestJSON-1341709365-project-member] virtio_sound_filter skipped {{(pid=95316) virtio_sound_filter /opt/stack/nova/nova/scheduler/request_filter.py:460}}
May 19 03:42:09.552047 np0000001019 nova-scheduler[95316]: DEBUG nova.scheduler.request_filter [None req-541231c3-bdf4-4799-8e77-898d9cf0588e tempest-ServerRescueNegativeTestJSON-1341709365 tempest-ServerRescueNegativeTestJSON-1341709365-project-member] tpm_secret_security_filter skipped {{(pid=95316) tpm_secret_security_filter /opt/stack/nova/nova/scheduler/request_filter.py:477}}
May 19 03:42:09.697731 np0000001019 nova-scheduler[95316]: INFO nova.utils [None req-541231c3-bdf4-4799-8e77-898d9cf0588e tempest-ServerRescueNegativeTestJSON-1341709365 tempest-ServerRescueNegativeTestJSON-1341709365-project-member] The cell worker thread pool ForkProcess-2.cell_worker is initialized
May 19 03:42:09.697921 np0000001019 nova-scheduler[95316]: DEBUG oslo_concurrency.lockutils [None req-541231c3-bdf4-4799-8e77-898d9cf0588e tempest-ServerRescueNegativeTestJSON-1341709365 tempest-ServerRescueNegativeTestJSON-1341709365-project-member] Acquiring lock "aeac2d0d-268c-405e-b6fc-1a656258b4a8" by "nova.context.set_target_cell..get_or_set_cached_cell_and_set_connections" {{(pid=95316) inner /opt/stack/data/venv/lib/python3.12/site-packages/oslo_concurrency/lockutils.py:506}}
May 19 03:42:09.698053 np0000001019 nova-scheduler[95316]: DEBUG oslo_concurrency.lockutils [None req-541231c3-bdf4-4799-8e77-898d9cf0588e tempest-ServerRescueNegativeTestJSON-1341709365 tempest-ServerRescueNegativeTestJSON-1341709365-project-member] Lock "aeac2d0d-268c-405e-b6fc-1a656258b4a8" acquired by "nova.context.set_target_cell..get_or_set_cached_cell_and_set_connections" :: waited 0.000s {{(pid=95316) inner /opt/stack/data/venv/lib/python3.12/site-packages/oslo_concurrency/lockutils.py:519}}
May 19 03:42:09.700138 np0000001019 nova-scheduler[95316]: DEBUG oslo_concurrency.lockutils [None req-541231c3-bdf4-4799-8e77-898d9cf0588e tempest-ServerRescueNegativeTestJSON-1341709365 tempest-ServerRescueNegativeTestJSON-1341709365-project-member] Lock "aeac2d0d-268c-405e-b6fc-1a656258b4a8" "released" by "nova.context.set_target_cell..get_or_set_cached_cell_and_set_connections" :: held 0.002s {{(pid=95316) inner /opt/stack/data/venv/lib/python3.12/site-packages/oslo_concurrency/lockutils.py:538}}
May 19 03:42:09.702483 np0000001019 nova-scheduler[95316]: INFO dbcounter [None req-541231c3-bdf4-4799-8e77-898d9cf0588e tempest-ServerRescueNegativeTestJSON-1341709365 tempest-ServerRescueNegativeTestJSON-1341709365-project-member] Registered counter for database nova_cell1
May 19 03:42:09.712503 np0000001019 nova-scheduler[95316]: DEBUG oslo_db.sqlalchemy.engines [None req-541231c3-bdf4-4799-8e77-898d9cf0588e tempest-ServerRescueNegativeTestJSON-1341709365 tempest-ServerRescueNegativeTestJSON-1341709365-project-member] MySQL server mode set to STRICT_TRANS_TABLES,STRICT_ALL_TABLES,NO_ZERO_IN_DATE,NO_ZERO_DATE,ERROR_FOR_DIVISION_BY_ZERO,TRADITIONAL,NO_ENGINE_SUBSTITUTION {{(pid=95316) _check_effective_sql_mode /opt/stack/data/venv/lib/python3.12/site-packages/oslo_db/sqlalchemy/engines.py:325}}
May 19 03:42:09.718976 np0000001019 nova-scheduler[95316]: DEBUG dbcounter [-] [95316] Writer thread running {{(pid=95316) stat_writer /opt/stack/data/venv/lib/python3.12/site-packages/dbcounter.py:102}}
May 19 03:42:09.758123 np0000001019 nova-scheduler[95316]: DEBUG dbcounter [-] [95316] Writer thread running {{(pid=95316) stat_writer /opt/stack/data/venv/lib/python3.12/site-packages/dbcounter.py:102}}
May 19 03:42:09.763595 np0000001019 nova-scheduler[95316]: DEBUG oslo_concurrency.lockutils [None req-541231c3-bdf4-4799-8e77-898d9cf0588e tempest-ServerRescueNegativeTestJSON-1341709365 tempest-ServerRescueNegativeTestJSON-1341709365-project-member] Acquiring lock "aeac2d0d-268c-405e-b6fc-1a656258b4a8" by "nova.context.set_target_cell..get_or_set_cached_cell_and_set_connections" {{(pid=95316) inner /opt/stack/data/venv/lib/python3.12/site-packages/oslo_concurrency/lockutils.py:506}}
May 19 03:42:09.764041 np0000001019 nova-scheduler[95316]: DEBUG oslo_concurrency.lockutils [None req-541231c3-bdf4-4799-8e77-898d9cf0588e tempest-ServerRescueNegativeTestJSON-1341709365 tempest-ServerRescueNegativeTestJSON-1341709365-project-member] Lock "aeac2d0d-268c-405e-b6fc-1a656258b4a8" acquired by "nova.context.set_target_cell..get_or_set_cached_cell_and_set_connections" :: waited 0.000s {{(pid=95316) inner /opt/stack/data/venv/lib/python3.12/site-packages/oslo_concurrency/lockutils.py:519}}
May 19 03:42:09.764041 np0000001019 nova-scheduler[95316]: DEBUG oslo_concurrency.lockutils [None req-541231c3-bdf4-4799-8e77-898d9cf0588e tempest-ServerRescueNegativeTestJSON-1341709365 tempest-ServerRescueNegativeTestJSON-1341709365-project-member] Lock "aeac2d0d-268c-405e-b6fc-1a656258b4a8" "released" by "nova.context.set_target_cell..get_or_set_cached_cell_and_set_connections" :: held 0.000s {{(pid=95316) inner /opt/stack/data/venv/lib/python3.12/site-packages/oslo_concurrency/lockutils.py:538}}
May 19 03:42:09.768040 np0000001019 nova-scheduler[95316]: DEBUG oslo_concurrency.lockutils [None req-541231c3-bdf4-4799-8e77-898d9cf0588e tempest-ServerRescueNegativeTestJSON-1341709365 tempest-ServerRescueNegativeTestJSON-1341709365-project-member] Acquiring lock "('np0000001019', 'np0000001019')" by "nova.scheduler.host_manager.HostState.update.._locked_update" {{(pid=95316) inner /opt/stack/data/venv/lib/python3.12/site-packages/oslo_concurrency/lockutils.py:506}}
