May 19 03:38:56.661043 np0000001019 neutron-periodic-workers[91478]: DEBUG cotyledon.oslo_config_glue [-] ovn.dns_servers = [] {{(pid=91478) log_opt_values /opt/stack/data/venv/lib/python3.12/site-packages/oslo_config/cfg.py:3006}}
May 19 03:38:56.661112 np0000001019 neutron-periodic-workers[91478]: DEBUG cotyledon.oslo_config_glue [-] ovn.enable_distributed_floating_ip = False {{(pid=91478) log_opt_values /opt/stack/data/venv/lib/python3.12/site-packages/oslo_config/cfg.py:3006}}
May 19 03:38:56.661112 np0000001019 neutron-periodic-workers[91478]: DEBUG cotyledon.oslo_config_glue [-] ovn.fdb_age_threshold = 300 {{(pid=91478) log_opt_values /opt/stack/data/venv/lib/python3.12/site-packages/oslo_config/cfg.py:3006}}
May 19 03:38:56.661190 np0000001019 neutron-periodic-workers[91478]: DEBUG cotyledon.oslo_config_glue [-] ovn.ha_failover_strategy = normal {{(pid=91478) log_opt_values /opt/stack/data/venv/lib/python3.12/site-packages/oslo_config/cfg.py:3006}}
May 19 03:38:56.661256 np0000001019 neutron-periodic-workers[91478]: DEBUG cotyledon.oslo_config_glue [-] ovn.live_migration_activation_strategy = rarp {{(pid=91478) log_opt_values /opt/stack/data/venv/lib/python3.12/site-packages/oslo_config/cfg.py:3006}}
May 19 03:38:56.661256 np0000001019 neutron-periodic-workers[91478]: DEBUG cotyledon.oslo_config_glue [-] ovn.localnet_learn_fdb = False {{(pid=91478) log_opt_values /opt/stack/data/venv/lib/python3.12/site-packages/oslo_config/cfg.py:3006}}
May 19 03:38:56.661353 np0000001019 neutron-periodic-workers[91478]: DEBUG cotyledon.oslo_config_glue [-] ovn.mac_binding_age_threshold = 300 {{(pid=91478) log_opt_values /opt/stack/data/venv/lib/python3.12/site-packages/oslo_config/cfg.py:3006}}
May 19 03:38:56.661353 np0000001019 neutron-periodic-workers[91478]: DEBUG cotyledon.oslo_config_glue [-] ovn.neutron_sync_mode = log {{(pid=91478) log_opt_values /opt/stack/data/venv/lib/python3.12/site-packages/oslo_config/cfg.py:3006}}
May 19 03:38:56.661436 np0000001019 neutron-periodic-workers[91478]: DEBUG cotyledon.oslo_config_glue [-] ovn.ovn_dhcp4_global_options = {} {{(pid=91478) log_opt_values /opt/stack/data/venv/lib/python3.12/site-packages/oslo_config/cfg.py:3006}}
May 19 03:38:56.661498 np0000001019 neutron-periodic-workers[91478]: DEBUG cotyledon.oslo_config_glue [-] ovn.ovn_dhcp6_global_options = {} {{(pid=91478) log_opt_values /opt/stack/data/venv/lib/python3.12/site-packages/oslo_config/cfg.py:3006}}
May 19 03:38:56.661498 np0000001019 neutron-periodic-workers[91478]: DEBUG cotyledon.oslo_config_glue [-] ovn.ovn_l3_scheduler = leastloaded {{(pid=91478) log_opt_values /opt/stack/data/venv/lib/python3.12/site-packages/oslo_config/cfg.py:3006}}
May 19 03:38:56.661574 np0000001019 neutron-periodic-workers[91478]: DEBUG cotyledon.oslo_config_glue [-] ovn.ovn_metadata_enabled = True {{(pid=91478) log_opt_values /opt/stack/data/venv/lib/python3.12/site-packages/oslo_config/cfg.py:3006}}
May 19 03:38:56.661631 np0000001019 neutron-periodic-workers[91478]: DEBUG cotyledon.oslo_config_glue [-] ovn.ovn_nb_ca_cert = /opt/stack/data/CA/int-ca/ca-chain.pem {{(pid=91478) log_opt_values /opt/stack/data/venv/lib/python3.12/site-packages/oslo_config/cfg.py:3006}}
May 19 03:38:56.661684 np0000001019 neutron-periodic-workers[91478]: DEBUG cotyledon.oslo_config_glue [-] ovn.ovn_nb_certificate = /opt/stack/data/CA/int-ca/devstack-cert.crt {{(pid=91478) log_opt_values /opt/stack/data/venv/lib/python3.12/site-packages/oslo_config/cfg.py:3006}}
May 19 03:38:56.661735 np0000001019 neutron-periodic-workers[91478]: DEBUG cotyledon.oslo_config_glue [-] ovn.ovn_nb_connection = ['ssl:10.4.3.126:6641'] {{(pid=91478) log_opt_values /opt/stack/data/venv/lib/python3.12/site-packages/oslo_config/cfg.py:3006}}
May 19 03:38:56.661786 np0000001019 neutron-periodic-workers[91478]: DEBUG cotyledon.oslo_config_glue [-] ovn.ovn_nb_private_key = /opt/stack/data/CA/int-ca/private/devstack-cert.key {{(pid=91478) log_opt_values /opt/stack/data/venv/lib/python3.12/site-packages/oslo_config/cfg.py:3006}}
May 19 03:38:56.661839 np0000001019 neutron-periodic-workers[91478]: DEBUG cotyledon.oslo_config_glue [-] ovn.ovn_router_indirect_snat = False {{(pid=91478) log_opt_values /opt/stack/data/venv/lib/python3.12/site-packages/oslo_config/cfg.py:3006}}
May 19 03:38:56.661839 np0000001019 neutron-periodic-workers[91478]: DEBUG cotyledon.oslo_config_glue [-] ovn.ovn_sb_ca_cert = /opt/stack/data/CA/int-ca/ca-chain.pem {{(pid=91478) log_opt_values /opt/stack/data/venv/lib/python3.12/site-packages/oslo_config/cfg.py:3006}}
May 19 03:38:56.661913 np0000001019 neutron-periodic-workers[91478]: DEBUG cotyledon.oslo_config_glue [-] ovn.ovn_sb_certificate = /opt/stack/data/CA/int-ca/devstack-cert.crt {{(pid=91478) log_opt_values /opt/stack/data/venv/lib/python3.12/site-packages/oslo_config/cfg.py:3006}}
May 19 03:38:56.661990 np0000001019 neutron-periodic-workers[91478]: DEBUG cotyledon.oslo_config_glue [-] ovn.ovn_sb_connection = ['ssl:10.4.3.126:6642'] {{(pid=91478) log_opt_values /opt/stack/data/venv/lib/python3.12/site-packages/oslo_config/cfg.py:3006}}
May 19 03:38:56.662057 np0000001019 neutron-periodic-workers[91478]: DEBUG cotyledon.oslo_config_glue [-] ovn.ovn_sb_private_key = /opt/stack/data/CA/int-ca/private/devstack-cert.key {{(pid=91478) log_opt_values /opt/stack/data/venv/lib/python3.12/site-packages/oslo_config/cfg.py:3006}}
May 19 03:38:56.662057 np0000001019 neutron-periodic-workers[91478]: DEBUG cotyledon.oslo_config_glue [-] ovn.ovs_create_tap = False {{(pid=91478) log_opt_values /opt/stack/data/venv/lib/python3.12/site-packages/oslo_config/cfg.py:3006}}
May 19 03:38:56.662131 np0000001019 neutron-periodic-workers[91478]: DEBUG cotyledon.oslo_config_glue [-] ovn.ovsdb_connection_timeout = 180 {{(pid=91478) log_opt_values /opt/stack/data/venv/lib/python3.12/site-packages/oslo_config/cfg.py:3006}}
May 19 03:38:56.662181 np0000001019 neutron-periodic-workers[91478]: DEBUG cotyledon.oslo_config_glue [-] ovn.ovsdb_log_level = INFO {{(pid=91478) log_opt_values /opt/stack/data/venv/lib/python3.12/site-packages/oslo_config/cfg.py:3006}}
May 19 03:38:56.662247 np0000001019 neutron-periodic-workers[91478]: DEBUG cotyledon.oslo_config_glue [-] ovn.ovsdb_probe_interval = 60000 {{(pid=91478) log_opt_values /opt/stack/data/venv/lib/python3.12/site-packages/oslo_config/cfg.py:3006}}
May 19 03:38:56.662247 np0000001019 neutron-periodic-workers[91478]: DEBUG cotyledon.oslo_config_glue [-] ovn.ovsdb_retry_max_interval = 180 {{(pid=91478) log_opt_values /opt/stack/data/venv/lib/python3.12/site-packages/oslo_config/cfg.py:3006}}
May 19 03:38:56.662335 np0000001019 neutron-periodic-workers[91478]: DEBUG cotyledon.oslo_config_glue [-] ovn.stateless_nat_enabled = False {{(pid=91478) log_opt_values /opt/stack/data/venv/lib/python3.12/site-packages/oslo_config/cfg.py:3006}}
May 19 03:38:56.662407 np0000001019 neutron-periodic-workers[91478]: DEBUG cotyledon.oslo_config_glue [-] ovn.vhost_sock_dir = /var/run/openvswitch {{(pid=91478) log_opt_values /opt/stack/data/venv/lib/python3.12/site-packages/oslo_config/cfg.py:3006}}
May 19 03:38:56.662461 np0000001019 neutron-periodic-workers[91478]: DEBUG cotyledon.oslo_config_glue [-] OVS.bridge_mac_table_size = 50000 {{(pid=91478) log_opt_values /opt/stack/data/venv/lib/python3.12/site-packages/oslo_config/cfg.py:3006}}
May 19 03:38:56.662461 np0000001019 neutron-periodic-workers[91478]: DEBUG cotyledon.oslo_config_glue [-] OVS.igmp_flood = False {{(pid=91478) log_opt_values /opt/stack/data/venv/lib/python3.12/site-packages/oslo_config/cfg.py:3006}}
May 19 03:38:56.662461 np0000001019 neutron-periodic-workers[91478]: DEBUG cotyledon.oslo_config_glue [-] OVS.igmp_flood_reports = True {{(pid=91478) log_opt_values /opt/stack/data/venv/lib/python3.12/site-packages/oslo_config/cfg.py:3006}}
May 19 03:38:56.662611 np0000001019 neutron-periodic-workers[91478]: DEBUG cotyledon.oslo_config_glue [-] OVS.igmp_flood_unregistered = False {{(pid=91478) log_opt_values /opt/stack/data/venv/lib/python3.12/site-packages/oslo_config/cfg.py:3006}}
May 19 03:38:56.662611 np0000001019 neutron-periodic-workers[91478]: DEBUG cotyledon.oslo_config_glue [-] OVS.igmp_snooping_enable = False {{(pid=91478) log_opt_values /opt/stack/data/venv/lib/python3.12/site-packages/oslo_config/cfg.py:3006}}
May 19 03:38:56.662688 np0000001019 neutron-periodic-workers[91478]: DEBUG cotyledon.oslo_config_glue [-] OVS.ovsdb_timeout = 10 {{(pid=91478) log_opt_values /opt/stack/data/venv/lib/python3.12/site-packages/oslo_config/cfg.py:3006}}
May 19 03:38:56.662742 np0000001019 neutron-periodic-workers[91478]: DEBUG cotyledon.oslo_config_glue [-] ovn_nb_global.fdb_removal_limit = 0 {{(pid=91478) log_opt_values /opt/stack/data/venv/lib/python3.12/site-packages/oslo_config/cfg.py:3006}}
May 19 03:38:56.662742 np0000001019 neutron-periodic-workers[91478]: DEBUG cotyledon.oslo_config_glue [-] ovn_nb_global.ignore_lsp_down = False {{(pid=91478) log_opt_values /opt/stack/data/venv/lib/python3.12/site-packages/oslo_config/cfg.py:3006}}
May 19 03:38:56.662845 np0000001019 neutron-periodic-workers[91478]: DEBUG cotyledon.oslo_config_glue [-] ovn_nb_global.mac_binding_removal_limit = 0 {{(pid=91478) log_opt_values /opt/stack/data/venv/lib/python3.12/site-packages/oslo_config/cfg.py:3006}}
May 19 03:38:56.662845 np0000001019 neutron-periodic-workers[91478]: DEBUG cotyledon.oslo_config_glue [-] ******************************************************************************** {{(pid=91478) log_opt_values /opt/stack/data/venv/lib/python3.12/site-packages/oslo_config/cfg.py:3013}}
May 19 03:38:56.663114 np0000001019 neutron-periodic-workers[91478]: DEBUG cotyledon._service_worker [-] Run service ServiceWrapper(0) [91478] {{(pid=91478) wait_forever /opt/stack/data/venv/lib/python3.12/site-packages/cotyledon/_service_worker.py:218}}
May 19 03:39:06.232231 np0000001019 neutron-periodic-workers[90599]: DEBUG dbcounter [-] [90599] Writing DB stats neutron:SELECT=4 {{(pid=90599) stat_writer /opt/stack/data/venv/lib/python3.12/site-packages/dbcounter.py:115}}
May 19 03:39:39.636995 np0000001019 neutron-periodic-workers[91468]: DEBUG oslo_db.sqlalchemy.engines [None req-99ed1638-66e3-4f5f-9655-f88b1afefb47 None None] Parent process 90599 forked (91468) with an open database connection, which is being discarded and recreated. {{(pid=91468) checkout /opt/stack/data/venv/lib/python3.12/site-packages/oslo_db/sqlalchemy/engines.py:402}}
May 19 03:39:39.644368 np0000001019 neutron-periodic-workers[91468]: DEBUG dbcounter [-] [91468] Writer thread running {{(pid=91468) stat_writer /opt/stack/data/venv/lib/python3.12/site-packages/dbcounter.py:102}}
May 19 03:39:39.648672 np0000001019 neutron-periodic-workers[91468]: DEBUG neutron.db.agents_db [None req-99ed1638-66e3-4f5f-9655-f88b1afefb47 None None] Agent healthcheck: found 0 active agents {{(pid=91468) agent_health_check /opt/stack/neutron/neutron/db/agents_db.py:322}}
May 19 03:39:39.649895 np0000001019 neutron-periodic-workers[91468]: DEBUG oslo.service.backend._threading.loopingcall [None req-99ed1638-66e3-4f5f-9655-f88b1afefb47 None None] Fixed interval looping call 'neutron.plugins.ml2.plugin.AgentDbMixin.agent_health_check' sleeping for 36.98 seconds {{(pid=91468) _run_loop /opt/stack/data/venv/lib/python3.12/site-packages/oslo_service/backend/_threading/loopingcall.py:125}}
May 19 03:39:42.631711 np0000001019 neutron-periodic-workers[91454]: DEBUG dbcounter [-] [91454] Writer thread running {{(pid=91454) stat_writer /opt/stack/data/venv/lib/python3.12/site-packages/dbcounter.py:102}}
May 19 03:39:42.643324 np0000001019 neutron-periodic-workers[91454]: DEBUG oslo.service.backend._threading.loopingcall [None req-e254dc07-b12b-4738-a1db-5be5942c74e0 None None] Fixed interval looping call 'neutron.plugins.ml2.plugin.DhcpAgentSchedulerDbMixin.remove_networks_from_down_agents' sleeping for 36.98 seconds {{(pid=91454) _run_loop /opt/stack/data/venv/lib/python3.12/site-packages/oslo_service/backend/_threading/loopingcall.py:125}}
May 19 03:39:49.644941 np0000001019 neutron-periodic-workers[91468]: DEBUG dbcounter [-] [91468] Writing DB stats neutron:SELECT=1 {{(pid=91468) stat_writer /opt/stack/data/venv/lib/python3.12/site-packages/dbcounter.py:115}}
May 19 03:39:52.641250 np0000001019 neutron-periodic-workers[91454]: DEBUG dbcounter [-] [91454] Writing DB stats neutron:SELECT=3 {{(pid=91454) stat_writer /opt/stack/data/venv/lib/python3.12/site-packages/dbcounter.py:115}}
May 19 03:40:10.631974 np0000001019 neutron-periodic-workers[91447]: DEBUG dbcounter [-] [91447] Writer thread running {{(pid=91447) stat_writer /opt/stack/data/venv/lib/python3.12/site-packages/dbcounter.py:102}}
May 19 03:40:10.642748 np0000001019 neutron-periodic-workers[91447]: DEBUG oslo.service.backend._threading.loopingcall [None req-8040f75e-4456-484a-a86a-2bf86f0e9b4f None None] Fixed interval looping call 'neutron.services.ovn_l3.plugin.L3_NAT_dbonly_mixin._clean_garbage' sleeping for 299.95 seconds {{(pid=91447) _run_loop /opt/stack/data/venv/lib/python3.12/site-packages/oslo_service/backend/_threading/loopingcall.py:125}}
May 19 03:40:16.632384 np0000001019 neutron-periodic-workers[91468]: DEBUG neutron.db.agents_db [None req-99ed1638-66e3-4f5f-9655-f88b1afefb47 None None] Agent healthcheck: found 0 active agents {{(pid=91468) agent_health_check /opt/stack/neutron/neutron/db/agents_db.py:322}}
May 19 03:40:16.632837 np0000001019 neutron-periodic-workers[91468]: DEBUG oslo.service.backend._threading.loopingcall [None req-99ed1638-66e3-4f5f-9655-f88b1afefb47 None None] Fixed interval looping call 'neutron.plugins.ml2.plugin.AgentDbMixin.agent_health_check' sleeping for 37.00 seconds {{(pid=91468) _run_loop /opt/stack/data/venv/lib/python3.12/site-packages/oslo_service/backend/_threading/loopingcall.py:125}}
May 19 03:40:19.629408 np0000001019 neutron-periodic-workers[91454]: DEBUG oslo.service.backend._threading.loopingcall [None req-e254dc07-b12b-4738-a1db-5be5942c74e0 None None] Fixed interval looping call 'neutron.plugins.ml2.plugin.DhcpAgentSchedulerDbMixin.remove_networks_from_down_agents' sleeping for 36.99 seconds {{(pid=91454) _run_loop /opt/stack/data/venv/lib/python3.12/site-packages/oslo_service/backend/_threading/loopingcall.py:125}}
May 19 03:40:20.633357 np0000001019 neutron-periodic-workers[91447]: DEBUG dbcounter [-] [91447] Writing DB stats neutron:SELECT=1 {{(pid=91447) stat_writer /opt/stack/data/venv/lib/python3.12/site-packages/dbcounter.py:115}}
May 19 03:40:26.631280 np0000001019 neutron-periodic-workers[91468]: DEBUG dbcounter [-] [91468] Writing DB stats neutron:SELECT=1 {{(pid=91468) stat_writer /opt/stack/data/venv/lib/python3.12/site-packages/dbcounter.py:115}}
May 19 03:40:29.628586 np0000001019 neutron-periodic-workers[91454]: DEBUG dbcounter [-] [91454] Writing DB stats neutron:SELECT=3 {{(pid=91454) stat_writer /opt/stack/data/venv/lib/python3.12/site-packages/dbcounter.py:115}}
May 19 03:40:53.636077 np0000001019 neutron-periodic-workers[91468]: DEBUG neutron.db.agents_db [None req-99ed1638-66e3-4f5f-9655-f88b1afefb47 None None] Agent healthcheck: found 0 active agents {{(pid=91468) agent_health_check /opt/stack/neutron/neutron/db/agents_db.py:322}}
May 19 03:40:53.636562 np0000001019 neutron-periodic-workers[91468]: DEBUG oslo.service.backend._threading.loopingcall [None req-99ed1638-66e3-4f5f-9655-f88b1afefb47 None None] Fixed interval looping call 'neutron.plugins.ml2.plugin.AgentDbMixin.agent_health_check' sleeping for 37.00 seconds {{(pid=91468) _run_loop /opt/stack/data/venv/lib/python3.12/site-packages/oslo_service/backend/_threading/loopingcall.py:125}}
May 19 03:40:56.626373 np0000001019 neutron-periodic-workers[91454]: DEBUG oslo.service.backend._threading.loopingcall [None req-e254dc07-b12b-4738-a1db-5be5942c74e0 None None] Fixed interval looping call 'neutron.plugins.ml2.plugin.DhcpAgentSchedulerDbMixin.remove_networks_from_down_agents' sleeping for 36.99 seconds {{(pid=91454) _run_loop /opt/stack/data/venv/lib/python3.12/site-packages/oslo_service/backend/_threading/loopingcall.py:125}}
May 19 03:40:56.677251 np0000001019 neutron-periodic-workers[91478]: DEBUG dbcounter [-] [91478] Writer thread running {{(pid=91478) stat_writer /opt/stack/data/venv/lib/python3.12/site-packages/dbcounter.py:102}}
May 19 03:40:56.679434 np0000001019 neutron-periodic-workers[91478]: DEBUG oslo.service.backend._threading.loopingcall [None req-7c4cae17-3234-446d-83ef-596d5085f239 None None] Fixed interval looping call 'neutron.db.quota.driver_nolock.DbQuotaNoLockDriver._remove_expired_reservations' sleeping for 119.99 seconds {{(pid=91478) _run_loop /opt/stack/data/venv/lib/python3.12/site-packages/oslo_service/backend/_threading/loopingcall.py:125}}
May 19 03:41:03.634890 np0000001019 neutron-periodic-workers[91468]: DEBUG dbcounter [-] [91468] Writing DB stats neutron:SELECT=1 {{(pid=91468) stat_writer /opt/stack/data/venv/lib/python3.12/site-packages/dbcounter.py:115}}
May 19 03:41:06.625074 np0000001019 neutron-periodic-workers[91454]: DEBUG dbcounter [-] [91454] Writing DB stats neutron:SELECT=3 {{(pid=91454) stat_writer /opt/stack/data/venv/lib/python3.12/site-packages/dbcounter.py:115}}
May 19 03:41:06.677830 np0000001019 neutron-periodic-workers[91478]: DEBUG dbcounter [-] [91478] Writing DB stats neutron:DELETE=1 {{(pid=91478) stat_writer /opt/stack/data/venv/lib/python3.12/site-packages/dbcounter.py:115}}
May 19 03:41:30.639655 np0000001019 neutron-periodic-workers[91468]: DEBUG neutron.db.agents_db [None req-99ed1638-66e3-4f5f-9655-f88b1afefb47 None None] Agent healthcheck: found 0 active agents {{(pid=91468) agent_health_check /opt/stack/neutron/neutron/db/agents_db.py:322}}
May 19 03:41:30.640114 np0000001019 neutron-periodic-workers[91468]: DEBUG oslo.service.backend._threading.loopingcall [None req-99ed1638-66e3-4f5f-9655-f88b1afefb47 None None] Fixed interval looping call 'neutron.plugins.ml2.plugin.AgentDbMixin.agent_health_check' sleeping for 37.00 seconds {{(pid=91468) _run_loop /opt/stack/data/venv/lib/python3.12/site-packages/oslo_service/backend/_threading/loopingcall.py:125}}
May 19 03:41:33.622410 np0000001019 neutron-periodic-workers[91454]: DEBUG oslo.service.backend._threading.loopingcall [None req-e254dc07-b12b-4738-a1db-5be5942c74e0 None None] Fixed interval looping call 'neutron.plugins.ml2.plugin.DhcpAgentSchedulerDbMixin.remove_networks_from_down_agents' sleeping for 36.99 seconds {{(pid=91454) _run_loop /opt/stack/data/venv/lib/python3.12/site-packages/oslo_service/backend/_threading/loopingcall.py:125}}
May 19 03:41:40.638455 np0000001019 neutron-periodic-workers[91468]: DEBUG dbcounter [-] [91468] Writing DB stats neutron:SELECT=1 {{(pid=91468) stat_writer /opt/stack/data/venv/lib/python3.12/site-packages/dbcounter.py:115}}
May 19 03:41:43.621573 np0000001019 neutron-periodic-workers[91454]: DEBUG dbcounter [-] [91454] Writing DB stats neutron:SELECT=3 {{(pid=91454) stat_writer /opt/stack/data/venv/lib/python3.12/site-packages/dbcounter.py:115}}
May 19 03:42:07.643822 np0000001019 neutron-periodic-workers[91468]: DEBUG neutron.db.agents_db [None req-99ed1638-66e3-4f5f-9655-f88b1afefb47 None None] Agent healthcheck: found 0 active agents {{(pid=91468) agent_health_check /opt/stack/neutron/neutron/db/agents_db.py:322}}
May 19 03:42:07.644229 np0000001019 neutron-periodic-workers[91468]: DEBUG oslo.service.backend._threading.loopingcall [None req-99ed1638-66e3-4f5f-9655-f88b1afefb47 None None] Fixed interval looping call 'neutron.plugins.ml2.plugin.AgentDbMixin.agent_health_check' sleeping for 37.00 seconds {{(pid=91468) _run_loop /opt/stack/data/venv/lib/python3.12/site-packages/oslo_service/backend/_threading/loopingcall.py:125}}
May 19 03:42:10.620595 np0000001019 neutron-periodic-workers[91454]: DEBUG oslo.service.backend._threading.loopingcall [None req-e254dc07-b12b-4738-a1db-5be5942c74e0 None None] Fixed interval looping call 'neutron.plugins.ml2.plugin.DhcpAgentSchedulerDbMixin.remove_networks_from_down_agents' sleeping for 36.99 seconds {{(pid=91454) _run_loop /opt/stack/data/venv/lib/python3.12/site-packages/oslo_service/backend/_threading/loopingcall.py:125}}
May 19 03:42:17.643020 np0000001019 neutron-periodic-workers[91468]: DEBUG dbcounter [-] [91468] Writing DB stats neutron:SELECT=1 {{(pid=91468) stat_writer /opt/stack/data/venv/lib/python3.12/site-packages/dbcounter.py:115}}
May 19 03:42:20.619253 np0000001019 neutron-periodic-workers[91454]: DEBUG dbcounter [-] [91454] Writing DB stats neutron:SELECT=3 {{(pid=91454) stat_writer /opt/stack/data/venv/lib/python3.12/site-packages/dbcounter.py:115}}
May 19 03:42:44.651587 np0000001019 neutron-periodic-workers[91468]: DEBUG neutron.db.agents_db [None req-99ed1638-66e3-4f5f-9655-f88b1afefb47 None None] Agent healthcheck: found 0 active agents {{(pid=91468) agent_health_check /opt/stack/neutron/neutron/db/agents_db.py:322}}
May 19 03:42:44.652095 np0000001019 neutron-periodic-workers[91468]: DEBUG oslo.service.backend._threading.loopingcall [None req-99ed1638-66e3-4f5f-9655-f88b1afefb47 None None] Fixed interval looping call 'neutron.plugins.ml2.plugin.AgentDbMixin.agent_health_check' sleeping for 36.99 seconds {{(pid=91468) _run_loop /opt/stack/data/venv/lib/python3.12/site-packages/oslo_service/backend/_threading/loopingcall.py:125}}
May 19 03:42:47.625382 np0000001019 neutron-periodic-workers[91454]: DEBUG oslo.service.backend._threading.loopingcall [None req-e254dc07-b12b-4738-a1db-5be5942c74e0 None None] Fixed interval looping call 'neutron.plugins.ml2.plugin.DhcpAgentSchedulerDbMixin.remove_networks_from_down_agents' sleeping for 36.99 seconds {{(pid=91454) _run_loop /opt/stack/data/venv/lib/python3.12/site-packages/oslo_service/backend/_threading/loopingcall.py:125}}
May 19 03:42:54.650883 np0000001019 neutron-periodic-workers[91468]: DEBUG dbcounter [-] [91468] Writing DB stats neutron:SELECT=1 {{(pid=91468) stat_writer /opt/stack/data/venv/lib/python3.12/site-packages/dbcounter.py:115}}
May 19 03:42:56.675474 np0000001019 neutron-periodic-workers[91478]: DEBUG oslo.service.backend._threading.loopingcall [None req-7c4cae17-3234-446d-83ef-596d5085f239 None None] Fixed interval looping call 'neutron.db.quota.driver_nolock.DbQuotaNoLockDriver._remove_expired_reservations' sleeping for 119.99 seconds {{(pid=91478) _run_loop /opt/stack/data/venv/lib/python3.12/site-packages/oslo_service/backend/_threading/loopingcall.py:125}}
May 19 03:42:57.624156 np0000001019 neutron-periodic-workers[91454]: DEBUG dbcounter [-] [91454] Writing DB stats neutron:SELECT=3 {{(pid=91454) stat_writer /opt/stack/data/venv/lib/python3.12/site-packages/dbcounter.py:115}}
May 19 03:43:06.675742 np0000001019 neutron-periodic-workers[91478]: DEBUG dbcounter [-] [91478] Writing DB stats neutron:DELETE=1 {{(pid=91478) stat_writer /opt/stack/data/venv/lib/python3.12/site-packages/dbcounter.py:115}}
May 19 03:43:21.646136 np0000001019 neutron-periodic-workers[91468]: DEBUG neutron.db.agents_db [None req-99ed1638-66e3-4f5f-9655-f88b1afefb47 None None] Agent healthcheck: found 0 active agents {{(pid=91468) agent_health_check /opt/stack/neutron/neutron/db/agents_db.py:322}}
May 19 03:43:21.646136 np0000001019 neutron-periodic-workers[91468]: DEBUG oslo.service.backend._threading.loopingcall [None req-99ed1638-66e3-4f5f-9655-f88b1afefb47 None None] Fixed interval looping call 'neutron.plugins.ml2.plugin.AgentDbMixin.agent_health_check' sleeping for 37.00 seconds {{(pid=91468) _run_loop /opt/stack/data/venv/lib/python3.12/site-packages/oslo_service/backend/_threading/loopingcall.py:125}}
May 19 03:43:24.623375 np0000001019 neutron-periodic-workers[91454]: DEBUG oslo.service.backend._threading.loopingcall [None req-e254dc07-b12b-4738-a1db-5be5942c74e0 None None] Fixed interval looping call 'neutron.plugins.ml2.plugin.DhcpAgentSchedulerDbMixin.remove_networks_from_down_agents' sleeping for 36.99 seconds {{(pid=91454) _run_loop /opt/stack/data/venv/lib/python3.12/site-packages/oslo_service/backend/_threading/loopingcall.py:125}}
May 19 03:43:31.644754 np0000001019 neutron-periodic-workers[91468]: DEBUG dbcounter [-] [91468] Writing DB stats neutron:SELECT=1 {{(pid=91468) stat_writer /opt/stack/data/venv/lib/python3.12/site-packages/dbcounter.py:115}}
May 19 03:43:34.622376 np0000001019 neutron-periodic-workers[91454]: DEBUG dbcounter [-] [91454] Writing DB stats neutron:SELECT=3 {{(pid=91454) stat_writer /opt/stack/data/venv/lib/python3.12/site-packages/dbcounter.py:115}}
May 19 03:43:58.650753 np0000001019 neutron-periodic-workers[91468]: DEBUG neutron.db.agents_db [None req-99ed1638-66e3-4f5f-9655-f88b1afefb47 None None] Agent healthcheck: found 0 active agents {{(pid=91468) agent_health_check /opt/stack/neutron/neutron/db/agents_db.py:322}}
May 19 03:43:58.651183 np0000001019 neutron-periodic-workers[91468]: DEBUG oslo.service.backend._threading.loopingcall [None req-99ed1638-66e3-4f5f-9655-f88b1afefb47 None None] Fixed interval looping call 'neutron.plugins.ml2.plugin.AgentDbMixin.agent_health_check' sleeping for 37.00 seconds {{(pid=91468) _run_loop /opt/stack/data/venv/lib/python3.12/site-packages/oslo_service/backend/_threading/loopingcall.py:125}}
May 19 03:44:01.629372 np0000001019 neutron-periodic-workers[91454]: DEBUG oslo.service.backend._threading.loopingcall [None req-e254dc07-b12b-4738-a1db-5be5942c74e0 None None] Fixed interval looping call 'neutron.plugins.ml2.plugin.DhcpAgentSchedulerDbMixin.remove_networks_from_down_agents' sleeping for 36.99 seconds {{(pid=91454) _run_loop /opt/stack/data/venv/lib/python3.12/site-packages/oslo_service/backend/_threading/loopingcall.py:125}}
May 19 03:44:08.649158 np0000001019 neutron-periodic-workers[91468]: DEBUG dbcounter [-] [91468] Writing DB stats neutron:SELECT=1 {{(pid=91468) stat_writer /opt/stack/data/venv/lib/python3.12/site-packages/dbcounter.py:115}}
May 19 03:44:11.628164 np0000001019 neutron-periodic-workers[91454]: DEBUG dbcounter [-] [91454] Writing DB stats neutron:SELECT=3 {{(pid=91454) stat_writer /opt/stack/data/venv/lib/python3.12/site-packages/dbcounter.py:115}}
May 19 03:44:35.655317 np0000001019 neutron-periodic-workers[91468]: DEBUG neutron.db.agents_db [None req-99ed1638-66e3-4f5f-9655-f88b1afefb47 None None] Agent healthcheck: found 0 active agents {{(pid=91468) agent_health_check /opt/stack/neutron/neutron/db/agents_db.py:322}}
May 19 03:44:35.655858 np0000001019 neutron-periodic-workers[91468]: DEBUG oslo.service.backend._threading.loopingcall [None req-99ed1638-66e3-4f5f-9655-f88b1afefb47 None None] Fixed interval looping call 'neutron.plugins.ml2.plugin.AgentDbMixin.agent_health_check' sleeping for 37.00 seconds {{(pid=91468) _run_loop /opt/stack/data/venv/lib/python3.12/site-packages/oslo_service/backend/_threading/loopingcall.py:125}}
May 19 03:44:38.630787 np0000001019 neutron-periodic-workers[91454]: DEBUG oslo.service.backend._threading.loopingcall [None req-e254dc07-b12b-4738-a1db-5be5942c74e0 None None] Fixed interval looping call 'neutron.plugins.ml2.plugin.DhcpAgentSchedulerDbMixin.remove_networks_from_down_agents' sleeping for 36.99 seconds {{(pid=91454) _run_loop /opt/stack/data/venv/lib/python3.12/site-packages/oslo_service/backend/_threading/loopingcall.py:125}}
May 19 03:44:45.657766 np0000001019 neutron-periodic-workers[91468]: DEBUG dbcounter [-] [91468] Writing DB stats neutron:SELECT=1 {{(pid=91468) stat_writer /opt/stack/data/venv/lib/python3.12/site-packages/dbcounter.py:115}}
May 19 03:44:48.631306 np0000001019 neutron-periodic-workers[91454]: DEBUG dbcounter [-] [91454] Writing DB stats neutron:SELECT=3 {{(pid=91454) stat_writer /opt/stack/data/venv/lib/python3.12/site-packages/dbcounter.py:115}}
May 19 03:44:56.670230 np0000001019 neutron-periodic-workers[91478]: DEBUG oslo.service.backend._threading.loopingcall [None req-7c4cae17-3234-446d-83ef-596d5085f239 None None] Fixed interval looping call 'neutron.db.quota.driver_nolock.DbQuotaNoLockDriver._remove_expired_reservations' sleeping for 120.00 seconds {{(pid=91478) _run_loop /opt/stack/data/venv/lib/python3.12/site-packages/oslo_service/backend/_threading/loopingcall.py:125}}
May 19 03:45:06.668221 np0000001019 neutron-periodic-workers[91478]: DEBUG dbcounter [-] [91478] Writing DB stats neutron:DELETE=1 {{(pid=91478) stat_writer /opt/stack/data/venv/lib/python3.12/site-packages/dbcounter.py:115}}
May 19 03:45:10.610001 np0000001019 neutron-periodic-workers[91447]: DEBUG oslo.service.backend._threading.loopingcall [None req-8040f75e-4456-484a-a86a-2bf86f0e9b4f None None] Fixed interval looping call 'neutron.services.ovn_l3.plugin.L3_NAT_dbonly_mixin._clean_garbage' sleeping for 299.98 seconds {{(pid=91447) _run_loop /opt/stack/data/venv/lib/python3.12/site-packages/oslo_service/backend/_threading/loopingcall.py:125}}
May 19 03:45:12.664487 np0000001019 neutron-periodic-workers[91468]: DEBUG neutron.db.agents_db [None req-99ed1638-66e3-4f5f-9655-f88b1afefb47 None None] Agent healthcheck: found 0 active agents {{(pid=91468) agent_health_check /opt/stack/neutron/neutron/db/agents_db.py:322}}
May 19 03:45:12.664806 np0000001019 neutron-periodic-workers[91468]: DEBUG oslo.service.backend._threading.loopingcall [None req-99ed1638-66e3-4f5f-9655-f88b1afefb47 None None] Fixed interval looping call 'neutron.plugins.ml2.plugin.AgentDbMixin.agent_health_check' sleeping for 36.99 seconds {{(pid=91468) _run_loop /opt/stack/data/venv/lib/python3.12/site-packages/oslo_service/backend/_threading/loopingcall.py:125}}
May 19 03:45:15.627702 np0000001019 neutron-periodic-workers[91454]: DEBUG oslo.service.backend._threading.loopingcall [None req-e254dc07-b12b-4738-a1db-5be5942c74e0 None None] Fixed interval looping call 'neutron.plugins.ml2.plugin.DhcpAgentSchedulerDbMixin.remove_networks_from_down_agents' sleeping for 36.99 seconds {{(pid=91454) _run_loop /opt/stack/data/venv/lib/python3.12/site-packages/oslo_service/backend/_threading/loopingcall.py:125}}
May 19 03:45:20.596149 np0000001019 neutron-periodic-workers[91447]: DEBUG dbcounter [-] [91447] Writing DB stats neutron:SELECT=1 {{(pid=91447) stat_writer /opt/stack/data/venv/lib/python3.12/site-packages/dbcounter.py:115}}
May 19 03:45:22.660163 np0000001019 neutron-periodic-workers[91468]: DEBUG dbcounter [-] [91468] Writing DB stats neutron:SELECT=1 {{(pid=91468) stat_writer /opt/stack/data/venv/lib/python3.12/site-packages/dbcounter.py:115}}
May 19 03:45:25.626674 np0000001019 neutron-periodic-workers[91454]: DEBUG dbcounter [-] [91454] Writing DB stats neutron:SELECT=3 {{(pid=91454) stat_writer /opt/stack/data/venv/lib/python3.12/site-packages/dbcounter.py:115}}
May 19 03:45:49.660153 np0000001019 neutron-periodic-workers[91468]: DEBUG neutron.db.agents_db [None req-99ed1638-66e3-4f5f-9655-f88b1afefb47 None None] Agent healthcheck: found 0 active agents {{(pid=91468) agent_health_check /opt/stack/neutron/neutron/db/agents_db.py:322}}
May 19 03:45:49.661022 np0000001019 neutron-periodic-workers[91468]: DEBUG oslo.service.backend._threading.loopingcall [None req-99ed1638-66e3-4f5f-9655-f88b1afefb47 None None] Fixed interval looping call 'neutron.plugins.ml2.plugin.AgentDbMixin.agent_health_check' sleeping for 36.99 seconds {{(pid=91468) _run_loop /opt/stack/data/venv/lib/python3.12/site-packages/oslo_service/backend/_threading/loopingcall.py:125}}
May 19 03:45:52.624481 np0000001019 neutron-periodic-workers[91454]: DEBUG oslo.service.backend._threading.loopingcall [None req-e254dc07-b12b-4738-a1db-5be5942c74e0 None None] Fixed interval looping call 'neutron.plugins.ml2.plugin.DhcpAgentSchedulerDbMixin.remove_networks_from_down_agents' sleeping for 36.99 seconds {{(pid=91454) _run_loop /opt/stack/data/venv/lib/python3.12/site-packages/oslo_service/backend/_threading/loopingcall.py:125}}
May 19 03:45:59.657669 np0000001019 neutron-periodic-workers[91468]: DEBUG dbcounter [-] [91468] Writing DB stats neutron:SELECT=1 {{(pid=91468) stat_writer /opt/stack/data/venv/lib/python3.12/site-packages/dbcounter.py:115}}
May 19 03:46:02.623539 np0000001019 neutron-periodic-workers[91454]: DEBUG dbcounter [-] [91454] Writing DB stats neutron:SELECT=3 {{(pid=91454) stat_writer /opt/stack/data/venv/lib/python3.12/site-packages/dbcounter.py:115}}
May 19 03:46:26.654347 np0000001019 neutron-periodic-workers[91468]: DEBUG neutron.db.agents_db [None req-99ed1638-66e3-4f5f-9655-f88b1afefb47 None None] Agent healthcheck: found 0 active agents {{(pid=91468) agent_health_check /opt/stack/neutron/neutron/db/agents_db.py:322}}
May 19 03:46:26.654347 np0000001019 neutron-periodic-workers[91468]: DEBUG oslo.service.backend._threading.loopingcall [None req-99ed1638-66e3-4f5f-9655-f88b1afefb47 None None] Fixed interval looping call 'neutron.plugins.ml2.plugin.AgentDbMixin.agent_health_check' sleeping for 37.00 seconds {{(pid=91468) _run_loop /opt/stack/data/venv/lib/python3.12/site-packages/oslo_service/backend/_threading/loopingcall.py:125}}
May 19 03:46:29.620529 np0000001019 neutron-periodic-workers[91454]: DEBUG oslo.service.backend._threading.loopingcall [None req-e254dc07-b12b-4738-a1db-5be5942c74e0 None None] Fixed interval looping call 'neutron.plugins.ml2.plugin.DhcpAgentSchedulerDbMixin.remove_networks_from_down_agents' sleeping for 36.99 seconds {{(pid=91454) _run_loop /opt/stack/data/venv/lib/python3.12/site-packages/oslo_service/backend/_threading/loopingcall.py:125}}
May 19 03:46:36.655314 np0000001019 neutron-periodic-workers[91468]: DEBUG dbcounter [-] [91468] Writing DB stats neutron:SELECT=1 {{(pid=91468) stat_writer /opt/stack/data/venv/lib/python3.12/site-packages/dbcounter.py:115}}
May 19 03:46:39.620458 np0000001019 neutron-periodic-workers[91454]: DEBUG dbcounter [-] [91454] Writing DB stats neutron:SELECT=3 {{(pid=91454) stat_writer /opt/stack/data/venv/lib/python3.12/site-packages/dbcounter.py:115}}
May 19 03:46:56.677064 np0000001019 neutron-periodic-workers[91478]: DEBUG oslo.service.backend._threading.loopingcall [None req-7c4cae17-3234-446d-83ef-596d5085f239 None None] Fixed interval looping call 'neutron.db.quota.driver_nolock.DbQuotaNoLockDriver._remove_expired_reservations' sleeping for 119.99 seconds {{(pid=91478) _run_loop /opt/stack/data/venv/lib/python3.12/site-packages/oslo_service/backend/_threading/loopingcall.py:125}}
May 19 03:47:03.657775 np0000001019 neutron-periodic-workers[91468]: DEBUG neutron.db.agents_db [None req-99ed1638-66e3-4f5f-9655-f88b1afefb47 None None] Agent healthcheck: found 0 active agents {{(pid=91468) agent_health_check /opt/stack/neutron/neutron/db/agents_db.py:322}}
May 19 03:47:03.658258 np0000001019 neutron-periodic-workers[91468]: DEBUG oslo.service.backend._threading.loopingcall [None req-99ed1638-66e3-4f5f-9655-f88b1afefb47 None None] Fixed interval looping call 'neutron.plugins.ml2.plugin.AgentDbMixin.agent_health_check' sleeping for 37.00 seconds {{(pid=91468) _run_loop /opt/stack/data/venv/lib/python3.12/site-packages/oslo_service/backend/_threading/loopingcall.py:125}}
May 19 03:47:06.617342 np0000001019 neutron-periodic-workers[91454]: DEBUG oslo.service.backend._threading.loopingcall [None req-e254dc07-b12b-4738-a1db-5be5942c74e0 None None] Fixed interval looping call 'neutron.plugins.ml2.plugin.DhcpAgentSchedulerDbMixin.remove_networks_from_down_agents' sleeping for 36.99 seconds {{(pid=91454) _run_loop /opt/stack/data/venv/lib/python3.12/site-packages/oslo_service/backend/_threading/loopingcall.py:125}}
May 19 03:47:06.675446 np0000001019 neutron-periodic-workers[91478]: DEBUG dbcounter [-] [91478] Writing DB stats neutron:DELETE=1 {{(pid=91478) stat_writer /opt/stack/data/venv/lib/python3.12/site-packages/dbcounter.py:115}}
May 19 03:47:13.660361 np0000001019 neutron-periodic-workers[91468]: DEBUG dbcounter [-] [91468] Writing DB stats neutron:SELECT=1 {{(pid=91468) stat_writer /opt/stack/data/venv/lib/python3.12/site-packages/dbcounter.py:115}}
May 19 03:47:16.617122 np0000001019 neutron-periodic-workers[91454]: DEBUG dbcounter [-] [91454] Writing DB stats neutron:SELECT=3 {{(pid=91454) stat_writer /opt/stack/data/venv/lib/python3.12/site-packages/dbcounter.py:115}}
May 19 03:47:40.664629 np0000001019 neutron-periodic-workers[91468]: DEBUG neutron.db.agents_db [None req-99ed1638-66e3-4f5f-9655-f88b1afefb47 None None] Agent healthcheck: found 0 active agents {{(pid=91468) agent_health_check /opt/stack/neutron/neutron/db/agents_db.py:322}}
May 19 03:47:40.664981 np0000001019 neutron-periodic-workers[91468]: DEBUG oslo.service.backend._threading.loopingcall [None req-99ed1638-66e3-4f5f-9655-f88b1afefb47 None None] Fixed interval looping call 'neutron.plugins.ml2.plugin.AgentDbMixin.agent_health_check' sleeping for 36.99 seconds {{(pid=91468) _run_loop /opt/stack/data/venv/lib/python3.12/site-packages/oslo_service/backend/_threading/loopingcall.py:125}}
May 19 03:47:43.613941 np0000001019 neutron-periodic-workers[91454]: DEBUG oslo.service.backend._threading.loopingcall [None req-e254dc07-b12b-4738-a1db-5be5942c74e0 None None] Fixed interval looping call 'neutron.plugins.ml2.plugin.DhcpAgentSchedulerDbMixin.remove_networks_from_down_agents' sleeping for 36.99 seconds {{(pid=91454) _run_loop /opt/stack/data/venv/lib/python3.12/site-packages/oslo_service/backend/_threading/loopingcall.py:125}}
May 19 03:47:50.664299 np0000001019 neutron-periodic-workers[91468]: DEBUG dbcounter [-] [91468] Writing DB stats neutron:SELECT=1 {{(pid=91468) stat_writer /opt/stack/data/venv/lib/python3.12/site-packages/dbcounter.py:115}}
May 19 03:47:53.612884 np0000001019 neutron-periodic-workers[91454]: DEBUG dbcounter [-] [91454] Writing DB stats neutron:SELECT=3 {{(pid=91454) stat_writer /opt/stack/data/venv/lib/python3.12/site-packages/dbcounter.py:115}}
May 19 03:48:17.661031 np0000001019 neutron-periodic-workers[91468]: DEBUG neutron.db.agents_db [None req-99ed1638-66e3-4f5f-9655-f88b1afefb47 None None] Agent healthcheck: found 0 active agents {{(pid=91468) agent_health_check /opt/stack/neutron/neutron/db/agents_db.py:322}}
May 19 03:48:17.661031 np0000001019 neutron-periodic-workers[91468]: DEBUG oslo.service.backend._threading.loopingcall [None req-99ed1638-66e3-4f5f-9655-f88b1afefb47 None None] Fixed interval looping call 'neutron.plugins.ml2.plugin.AgentDbMixin.agent_health_check' sleeping for 36.99 seconds {{(pid=91468) _run_loop /opt/stack/data/venv/lib/python3.12/site-packages/oslo_service/backend/_threading/loopingcall.py:125}}
May 19 03:48:20.616080 np0000001019 neutron-periodic-workers[91454]: DEBUG oslo.service.backend._threading.loopingcall [None req-e254dc07-b12b-4738-a1db-5be5942c74e0 None None] Fixed interval looping call 'neutron.plugins.ml2.plugin.DhcpAgentSchedulerDbMixin.remove_networks_from_down_agents' sleeping for 36.99 seconds {{(pid=91454) _run_loop /opt/stack/data/venv/lib/python3.12/site-packages/oslo_service/backend/_threading/loopingcall.py:125}}
May 19 03:48:27.658866 np0000001019 neutron-periodic-workers[91468]: DEBUG dbcounter [-] [91468] Writing DB stats neutron:SELECT=1 {{(pid=91468) stat_writer /opt/stack/data/venv/lib/python3.12/site-packages/dbcounter.py:115}}
May 19 03:48:30.613205 np0000001019 neutron-periodic-workers[91454]: DEBUG dbcounter [-] [91454] Writing DB stats neutron:SELECT=3 {{(pid=91454) stat_writer /opt/stack/data/venv/lib/python3.12/site-packages/dbcounter.py:115}}
May 19 03:48:54.656183 np0000001019 neutron-periodic-workers[91468]: DEBUG neutron.db.agents_db [None req-99ed1638-66e3-4f5f-9655-f88b1afefb47 None None] Agent healthcheck: found 0 active agents {{(pid=91468) agent_health_check /opt/stack/neutron/neutron/db/agents_db.py:322}}
May 19 03:48:54.656613 np0000001019 neutron-periodic-workers[91468]: DEBUG oslo.service.backend._threading.loopingcall [None req-99ed1638-66e3-4f5f-9655-f88b1afefb47 None None] Fixed interval looping call 'neutron.plugins.ml2.plugin.AgentDbMixin.agent_health_check' sleeping for 36.99 seconds {{(pid=91468) _run_loop /opt/stack/data/venv/lib/python3.12/site-packages/oslo_service/backend/_threading/loopingcall.py:125}}
May 19 03:48:56.670415 np0000001019 neutron-periodic-workers[91478]: DEBUG oslo.service.backend._threading.loopingcall [None req-7c4cae17-3234-446d-83ef-596d5085f239 None None] Fixed interval looping call 'neutron.db.quota.driver_nolock.DbQuotaNoLockDriver._remove_expired_reservations' sleeping for 120.00 seconds {{(pid=91478) _run_loop /opt/stack/data/venv/lib/python3.12/site-packages/oslo_service/backend/_threading/loopingcall.py:125}}
May 19 03:48:57.621167 np0000001019 neutron-periodic-workers[91454]: DEBUG oslo.service.backend._threading.loopingcall [None req-e254dc07-b12b-4738-a1db-5be5942c74e0 None None] Fixed interval looping call 'neutron.plugins.ml2.plugin.DhcpAgentSchedulerDbMixin.remove_networks_from_down_agents' sleeping for 36.99 seconds {{(pid=91454) _run_loop /opt/stack/data/venv/lib/python3.12/site-packages/oslo_service/backend/_threading/loopingcall.py:125}}
May 19 03:49:04.654266 np0000001019 neutron-periodic-workers[91468]: DEBUG dbcounter [-] [91468] Writing DB stats neutron:SELECT=1 {{(pid=91468) stat_writer /opt/stack/data/venv/lib/python3.12/site-packages/dbcounter.py:115}}
May 19 03:49:06.669308 np0000001019 neutron-periodic-workers[91478]: DEBUG dbcounter [-] [91478] Writing DB stats neutron:DELETE=1 {{(pid=91478) stat_writer /opt/stack/data/venv/lib/python3.12/site-packages/dbcounter.py:115}}
May 19 03:49:07.619544 np0000001019 neutron-periodic-workers[91454]: DEBUG dbcounter [-] [91454] Writing DB stats neutron:SELECT=3 {{(pid=91454) stat_writer /opt/stack/data/venv/lib/python3.12/site-packages/dbcounter.py:115}}
May 19 03:49:31.650500 np0000001019 neutron-periodic-workers[91468]: DEBUG neutron.db.agents_db [None req-99ed1638-66e3-4f5f-9655-f88b1afefb47 None None] Agent healthcheck: found 0 active agents {{(pid=91468) agent_health_check /opt/stack/neutron/neutron/db/agents_db.py:322}}
May 19 03:49:31.651072 np0000001019 neutron-periodic-workers[91468]: DEBUG oslo.service.backend._threading.loopingcall [None req-99ed1638-66e3-4f5f-9655-f88b1afefb47 None None] Fixed interval looping call 'neutron.plugins.ml2.plugin.AgentDbMixin.agent_health_check' sleeping for 37.00 seconds {{(pid=91468) _run_loop /opt/stack/data/venv/lib/python3.12/site-packages/oslo_service/backend/_threading/loopingcall.py:125}}
May 19 03:49:34.618861 np0000001019 neutron-periodic-workers[91454]: DEBUG oslo.service.backend._threading.loopingcall [None req-e254dc07-b12b-4738-a1db-5be5942c74e0 None None] Fixed interval looping call 'neutron.plugins.ml2.plugin.DhcpAgentSchedulerDbMixin.remove_networks_from_down_agents' sleeping for 36.99 seconds {{(pid=91454) _run_loop /opt/stack/data/venv/lib/python3.12/site-packages/oslo_service/backend/_threading/loopingcall.py:125}}
May 19 03:49:41.649373 np0000001019 neutron-periodic-workers[91468]: DEBUG dbcounter [-] [91468] Writing DB stats neutron:SELECT=1 {{(pid=91468) stat_writer /opt/stack/data/venv/lib/python3.12/site-packages/dbcounter.py:115}}
May 19 03:49:44.619979 np0000001019 neutron-periodic-workers[91454]: DEBUG dbcounter [-] [91454] Writing DB stats neutron:SELECT=3 {{(pid=91454) stat_writer /opt/stack/data/venv/lib/python3.12/site-packages/dbcounter.py:115}}
May 19 03:50:08.656810 np0000001019 neutron-periodic-workers[91468]: DEBUG neutron.db.agents_db [None req-99ed1638-66e3-4f5f-9655-f88b1afefb47 None None] Agent healthcheck: found 0 active agents {{(pid=91468) agent_health_check /opt/stack/neutron/neutron/db/agents_db.py:322}}
May 19 03:50:08.657217 np0000001019 neutron-periodic-workers[91468]: DEBUG oslo.service.backend._threading.loopingcall [None req-99ed1638-66e3-4f5f-9655-f88b1afefb47 None None] Fixed interval looping call 'neutron.plugins.ml2.plugin.AgentDbMixin.agent_health_check' sleeping for 36.99 seconds {{(pid=91468) _run_loop /opt/stack/data/venv/lib/python3.12/site-packages/oslo_service/backend/_threading/loopingcall.py:125}}
May 19 03:50:10.601802 np0000001019 neutron-periodic-workers[91447]: DEBUG oslo.service.backend._threading.loopingcall [None req-8040f75e-4456-484a-a86a-2bf86f0e9b4f None None] Fixed interval looping call 'neutron.services.ovn_l3.plugin.L3_NAT_dbonly_mixin._clean_garbage' sleeping for 299.99 seconds {{(pid=91447) _run_loop /opt/stack/data/venv/lib/python3.12/site-packages/oslo_service/backend/_threading/loopingcall.py:125}}
May 19 03:50:11.615502 np0000001019 neutron-periodic-workers[91454]: DEBUG oslo.service.backend._threading.loopingcall [None req-e254dc07-b12b-4738-a1db-5be5942c74e0 None None] Fixed interval looping call 'neutron.plugins.ml2.plugin.DhcpAgentSchedulerDbMixin.remove_networks_from_down_agents' sleeping for 36.99 seconds {{(pid=91454) _run_loop /opt/stack/data/venv/lib/python3.12/site-packages/oslo_service/backend/_threading/loopingcall.py:125}}
May 19 03:50:18.655150 np0000001019 neutron-periodic-workers[91468]: DEBUG dbcounter [-] [91468] Writing DB stats neutron:SELECT=1 {{(pid=91468) stat_writer /opt/stack/data/venv/lib/python3.12/site-packages/dbcounter.py:115}}
May 19 03:50:20.592735 np0000001019 neutron-periodic-workers[91447]: DEBUG dbcounter [-] [91447] Writing DB stats neutron:SELECT=1 {{(pid=91447) stat_writer /opt/stack/data/venv/lib/python3.12/site-packages/dbcounter.py:115}}
May 19 03:50:21.614449 np0000001019 neutron-periodic-workers[91454]: DEBUG dbcounter [-] [91454] Writing DB stats neutron:SELECT=3 {{(pid=91454) stat_writer /opt/stack/data/venv/lib/python3.12/site-packages/dbcounter.py:115}}
May 19 03:50:45.654506 np0000001019 neutron-periodic-workers[91468]: DEBUG neutron.db.agents_db [None req-99ed1638-66e3-4f5f-9655-f88b1afefb47 None None] Agent healthcheck: found 0 active agents {{(pid=91468) agent_health_check /opt/stack/neutron/neutron/db/agents_db.py:322}}
May 19 03:50:45.654950 np0000001019 neutron-periodic-workers[91468]: DEBUG oslo.service.backend._threading.loopingcall [None req-99ed1638-66e3-4f5f-9655-f88b1afefb47 None None] Fixed interval looping call 'neutron.plugins.ml2.plugin.AgentDbMixin.agent_health_check' sleeping for 36.99 seconds {{(pid=91468) _run_loop /opt/stack/data/venv/lib/python3.12/site-packages/oslo_service/backend/_threading/loopingcall.py:125}}
May 19 03:50:48.620526 np0000001019 neutron-periodic-workers[91454]: DEBUG oslo.service.backend._threading.loopingcall [None req-e254dc07-b12b-4738-a1db-5be5942c74e0 None None] Fixed interval looping call 'neutron.plugins.ml2.plugin.DhcpAgentSchedulerDbMixin.remove_networks_from_down_agents' sleeping for 36.99 seconds {{(pid=91454) _run_loop /opt/stack/data/venv/lib/python3.12/site-packages/oslo_service/backend/_threading/loopingcall.py:125}}
May 19 03:50:55.657048 np0000001019 neutron-periodic-workers[91468]: DEBUG dbcounter [-] [91468] Writing DB stats neutron:SELECT=1 {{(pid=91468) stat_writer /opt/stack/data/venv/lib/python3.12/site-packages/dbcounter.py:115}}
May 19 03:50:56.675735 np0000001019 neutron-periodic-workers[91478]: DEBUG oslo.service.backend._threading.loopingcall [None req-7c4cae17-3234-446d-83ef-596d5085f239 None None] Fixed interval looping call 'neutron.db.quota.driver_nolock.DbQuotaNoLockDriver._remove_expired_reservations' sleeping for 119.99 seconds {{(pid=91478) _run_loop /opt/stack/data/venv/lib/python3.12/site-packages/oslo_service/backend/_threading/loopingcall.py:125}}
May 19 03:50:58.618073 np0000001019 neutron-periodic-workers[91454]: DEBUG dbcounter [-] [91454] Writing DB stats neutron:SELECT=3 {{(pid=91454) stat_writer /opt/stack/data/venv/lib/python3.12/site-packages/dbcounter.py:115}}
May 19 03:51:06.674323 np0000001019 neutron-periodic-workers[91478]: DEBUG dbcounter [-] [91478] Writing DB stats neutron:DELETE=1 {{(pid=91478) stat_writer /opt/stack/data/venv/lib/python3.12/site-packages/dbcounter.py:115}}
May 19 03:51:22.649863 np0000001019 neutron-periodic-workers[91468]: DEBUG neutron.db.agents_db [None req-99ed1638-66e3-4f5f-9655-f88b1afefb47 None None] Agent healthcheck: found 0 active agents {{(pid=91468) agent_health_check /opt/stack/neutron/neutron/db/agents_db.py:322}}
May 19 03:51:22.650533 np0000001019 neutron-periodic-workers[91468]: DEBUG oslo.service.backend._threading.loopingcall [None req-99ed1638-66e3-4f5f-9655-f88b1afefb47 None None] Fixed interval looping call 'neutron.plugins.ml2.plugin.AgentDbMixin.agent_health_check' sleeping for 36.99 seconds {{(pid=91468) _run_loop /opt/stack/data/venv/lib/python3.12/site-packages/oslo_service/backend/_threading/loopingcall.py:125}}
May 19 03:51:25.625368 np0000001019 neutron-periodic-workers[91454]: DEBUG oslo.service.backend._threading.loopingcall [None req-e254dc07-b12b-4738-a1db-5be5942c74e0 None None] Fixed interval looping call 'neutron.plugins.ml2.plugin.DhcpAgentSchedulerDbMixin.remove_networks_from_down_agents' sleeping for 36.99 seconds {{(pid=91454) _run_loop /opt/stack/data/venv/lib/python3.12/site-packages/oslo_service/backend/_threading/loopingcall.py:125}}
May 19 03:51:32.648781 np0000001019 neutron-periodic-workers[91468]: DEBUG dbcounter [-] [91468] Writing DB stats neutron:SELECT=1 {{(pid=91468) stat_writer /opt/stack/data/venv/lib/python3.12/site-packages/dbcounter.py:115}}
May 19 03:51:35.623817 np0000001019 neutron-periodic-workers[91454]: DEBUG dbcounter [-] [91454] Writing DB stats neutron:SELECT=3 {{(pid=91454) stat_writer /opt/stack/data/venv/lib/python3.12/site-packages/dbcounter.py:115}}
May 19 03:51:59.643846 np0000001019 neutron-periodic-workers[91468]: DEBUG neutron.db.agents_db [None req-99ed1638-66e3-4f5f-9655-f88b1afefb47 None None] Agent healthcheck: found 0 active agents {{(pid=91468) agent_health_check /opt/stack/neutron/neutron/db/agents_db.py:322}}
May 19 03:51:59.644321 np0000001019 neutron-periodic-workers[91468]: DEBUG oslo.service.backend._threading.loopingcall [None req-99ed1638-66e3-4f5f-9655-f88b1afefb47 None None] Fixed interval looping call 'neutron.plugins.ml2.plugin.AgentDbMixin.agent_health_check' sleeping for 37.00 seconds {{(pid=91468) _run_loop /opt/stack/data/venv/lib/python3.12/site-packages/oslo_service/backend/_threading/loopingcall.py:125}}
