Aug 06 13:19:04.161110 np0000006650 devstack@c-api.service[97285]: DEBUG cinder.api.openstack.wsgi [None req-89fd0048-7a8f-4290-956e-57e71d6d7cfa tempest-TaggedBootDevicesTest_v242-1146098240 tempest-TaggedBootDevicesTest_v242-1146098240-project-member] Calling method 'show' {{(pid=97285) _process_stack /opt/stack/cinder/cinder/api/openstack/wsgi.py:878}}
Aug 06 13:19:04.172508 np0000006650 devstack@c-api.service[97285]: /opt/stack/data/venv/lib/python3.12/site-packages/oslo_context/context.py:102: DeprecationWarning: Policy enforcement is depending on the value of is_admin. This key is deprecated. Please update your policy file to use the standard policy values.
Aug 06 13:19:04.172508 np0000006650 devstack@c-api.service[97285]: warnings.warn(
Aug 06 13:19:04.178565 np0000006650 devstack@c-api.service[97285]: INFO cinder.volume.api [None req-89fd0048-7a8f-4290-956e-57e71d6d7cfa tempest-TaggedBootDevicesTest_v242-1146098240 tempest-TaggedBootDevicesTest_v242-1146098240-project-member] Volume info retrieved successfully.
Aug 06 13:19:04.183262 np0000006650 devstack@c-api.service[97285]: INFO cinder.api.openstack.wsgi [None req-89fd0048-7a8f-4290-956e-57e71d6d7cfa tempest-TaggedBootDevicesTest_v242-1146098240 tempest-TaggedBootDevicesTest_v242-1146098240-project-member] https://10.4.3.148/volume/v3/volumes/77248d63-ca9e-4cf5-bdb5-f3cde43d4f7a returned with HTTP 200
Aug 06 13:19:04.183427 np0000006650 devstack@c-api.service[97285]: [pid: 97285|app: 0|req: 84/249] 10.4.3.148 () {66 vars in 1348 bytes} [Thu Aug 6 13:19:04 2026] GET /volume/v3/volumes/77248d63-ca9e-4cf5-bdb5-f3cde43d4f7a => generated 825 bytes in 26 msecs (HTTP/1.1 200) 7 headers in 285 bytes (1 switches on core 0)
Aug 06 13:19:04.478475 np0000006650 devstack@c-api.service[97284]: DEBUG cinder.api.middleware.request_id [req-ecaeff3b-08a3-4e9f-9676-a64580b6b793 req-6bee0ead-a807-4900-85fe-91dd6e56aada None None] RequestId filter calling following filter/app {{(pid=97284) _context_setter /opt/stack/cinder/cinder/api/middleware/request_id.py:62}}
Aug 06 13:19:04.480940 np0000006650 devstack@c-api.service[97284]: INFO cinder.api.openstack.wsgi [req-ecaeff3b-08a3-4e9f-9676-a64580b6b793 req-6bee0ead-a807-4900-85fe-91dd6e56aada tempest-AttachVolumeTestJSON-385336265 tempest-AttachVolumeTestJSON-385336265-project-member] GET https://10.4.3.148/volume/v3/volumes/f43ff5ef-b454-422b-84dc-dea521536e6a
Aug 06 13:19:04.481347 np0000006650 devstack@c-api.service[97284]: DEBUG cinder.api.openstack.wsgi [req-ecaeff3b-08a3-4e9f-9676-a64580b6b793 req-6bee0ead-a807-4900-85fe-91dd6e56aada tempest-AttachVolumeTestJSON-385336265 tempest-AttachVolumeTestJSON-385336265-project-member] Empty body provided in request {{(pid=97284) get_body /opt/stack/cinder/cinder/api/openstack/wsgi.py:725}}
Aug 06 13:19:04.481734 np0000006650 devstack@c-api.service[97284]: DEBUG cinder.api.openstack.wsgi [req-ecaeff3b-08a3-4e9f-9676-a64580b6b793 req-6bee0ead-a807-4900-85fe-91dd6e56aada tempest-AttachVolumeTestJSON-385336265 tempest-AttachVolumeTestJSON-385336265-project-member] Calling method 'show' {{(pid=97284) _process_stack /opt/stack/cinder/cinder/api/openstack/wsgi.py:878}}
Aug 06 13:19:04.491748 np0000006650 devstack@c-api.service[97284]: /opt/stack/data/venv/lib/python3.12/site-packages/oslo_context/context.py:102: DeprecationWarning: Policy enforcement is depending on the value of is_admin. This key is deprecated. Please update your policy file to use the standard policy values.
Aug 06 13:19:04.491748 np0000006650 devstack@c-api.service[97284]: warnings.warn(
Aug 06 13:19:04.497604 np0000006650 devstack@c-api.service[97284]: INFO cinder.volume.api [req-ecaeff3b-08a3-4e9f-9676-a64580b6b793 req-6bee0ead-a807-4900-85fe-91dd6e56aada tempest-AttachVolumeTestJSON-385336265 tempest-AttachVolumeTestJSON-385336265-project-member] Volume info retrieved successfully.
Aug 06 13:19:04.503996 np0000006650 devstack@c-api.service[97284]: INFO cinder.api.openstack.wsgi [req-ecaeff3b-08a3-4e9f-9676-a64580b6b793 req-6bee0ead-a807-4900-85fe-91dd6e56aada tempest-AttachVolumeTestJSON-385336265 tempest-AttachVolumeTestJSON-385336265-project-member] https://10.4.3.148/volume/v3/volumes/f43ff5ef-b454-422b-84dc-dea521536e6a returned with HTTP 200
Aug 06 13:19:04.504770 np0000006650 devstack@c-api.service[97284]: [pid: 97284|app: 0|req: 82/250] 10.4.3.148 () {68 vars in 1598 bytes} [Thu Aug 6 13:19:04 2026] GET /volume/v3/volumes/f43ff5ef-b454-422b-84dc-dea521536e6a => generated 843 bytes in 27 msecs (HTTP/1.1 200) 7 headers in 285 bytes (1 switches on core 0)
Aug 06 13:19:04.616901 np0000006650 devstack@c-api.service[97283]: DEBUG cinder.api.middleware.request_id [None req-4d1a9a59-4b62-4c45-ae0e-3c1d86a4742e None None] RequestId filter calling following filter/app {{(pid=97283) _context_setter /opt/stack/cinder/cinder/api/middleware/request_id.py:62}}
Aug 06 13:19:04.617431 np0000006650 devstack@c-api.service[97283]: INFO cinder.api.openstack.wsgi [None req-4d1a9a59-4b62-4c45-ae0e-3c1d86a4742e None None] GET https://10.4.3.148/volume//
Aug 06 13:19:04.617631 np0000006650 devstack@c-api.service[97283]: DEBUG cinder.api.openstack.wsgi [None req-4d1a9a59-4b62-4c45-ae0e-3c1d86a4742e None None] Empty body provided in request {{(pid=97283) get_body /opt/stack/cinder/cinder/api/openstack/wsgi.py:725}}
Aug 06 13:19:04.617878 np0000006650 devstack@c-api.service[97283]: DEBUG cinder.api.openstack.wsgi [None req-4d1a9a59-4b62-4c45-ae0e-3c1d86a4742e None None] Calling method 'all' {{(pid=97283) _process_stack /opt/stack/cinder/cinder/api/openstack/wsgi.py:878}}
Aug 06 13:19:04.618272 np0000006650 devstack@c-api.service[97283]: INFO cinder.api.openstack.wsgi [None req-4d1a9a59-4b62-4c45-ae0e-3c1d86a4742e None None] https://10.4.3.148/volume// returned with HTTP 300
Aug 06 13:19:04.618621 np0000006650 devstack@c-api.service[97283]: [pid: 97283|app: 0|req: 85/251] 10.4.3.148 () {66 vars in 1428 bytes} [Thu Aug 6 13:19:04 2026] GET /volume/ => generated 386 bytes in 2 msecs (HTTP/1.1 300) 7 headers in 299 bytes (1 switches on core 0)
Aug 06 13:19:04.626970 np0000006650 devstack@c-api.service[97285]: DEBUG cinder.api.middleware.request_id [req-ecaeff3b-08a3-4e9f-9676-a64580b6b793 req-4537bbdb-721c-4d55-b6ed-97399f8b8d8b None None] RequestId filter calling following filter/app {{(pid=97285) _context_setter /opt/stack/cinder/cinder/api/middleware/request_id.py:62}}
Aug 06 13:19:04.631767 np0000006650 devstack@c-api.service[97285]: INFO cinder.api.openstack.wsgi [req-ecaeff3b-08a3-4e9f-9676-a64580b6b793 req-4537bbdb-721c-4d55-b6ed-97399f8b8d8b tempest-AttachVolumeTestJSON-385336265 tempest-AttachVolumeTestJSON-385336265-project-member] POST https://10.4.3.148/volume/v3/attachments
Aug 06 13:19:04.632367 np0000006650 devstack@c-api.service[97285]: DEBUG cinder.api.openstack.wsgi [req-ecaeff3b-08a3-4e9f-9676-a64580b6b793 req-4537bbdb-721c-4d55-b6ed-97399f8b8d8b tempest-AttachVolumeTestJSON-385336265 tempest-AttachVolumeTestJSON-385336265-project-member] Action: 'create', calling method: version_select, body: {"attachment": {"volume_uuid": "f43ff5ef-b454-422b-84dc-dea521536e6a", "connector": null, "instance_uuid": "85856988-d850-4dc9-96e5-9a25e268127e"}} {{(pid=97285) _process_stack /opt/stack/cinder/cinder/api/openstack/wsgi.py:876}}
Aug 06 13:19:04.642660 np0000006650 devstack@c-api.service[97285]: /opt/stack/data/venv/lib/python3.12/site-packages/oslo_context/context.py:102: DeprecationWarning: Policy enforcement is depending on the value of is_admin. This key is deprecated. Please update your policy file to use the standard policy values.
Aug 06 13:19:04.642660 np0000006650 devstack@c-api.service[97285]: warnings.warn(
Aug 06 13:19:04.652748 np0000006650 devstack@c-api.service[97284]: DEBUG cinder.api.middleware.request_id [None req-791ed85a-75cf-4bcb-a36e-ddd60e15f459 None None] RequestId filter calling following filter/app {{(pid=97284) _context_setter /opt/stack/cinder/cinder/api/middleware/request_id.py:62}}
Aug 06 13:19:04.655423 np0000006650 devstack@c-api.service[97284]: INFO cinder.api.openstack.wsgi [None req-791ed85a-75cf-4bcb-a36e-ddd60e15f459 tempest-VolumesDeleteCascade-1514506995 tempest-VolumesDeleteCascade-1514506995-project-member] GET https://10.4.3.148/volume/v3/snapshots/682b755d-4a1b-4b58-acaa-a74e7a505496
Aug 06 13:19:04.657682 np0000006650 devstack@c-api.service[97284]: DEBUG cinder.api.openstack.wsgi [None req-791ed85a-75cf-4bcb-a36e-ddd60e15f459 tempest-VolumesDeleteCascade-1514506995 tempest-VolumesDeleteCascade-1514506995-project-member] Empty body provided in request {{(pid=97284) get_body /opt/stack/cinder/cinder/api/openstack/wsgi.py:725}}
Aug 06 13:19:04.657682 np0000006650 devstack@c-api.service[97284]: DEBUG cinder.api.openstack.wsgi [None req-791ed85a-75cf-4bcb-a36e-ddd60e15f459 tempest-VolumesDeleteCascade-1514506995 tempest-VolumesDeleteCascade-1514506995-project-member] Calling method 'show' {{(pid=97284) _process_stack /opt/stack/cinder/cinder/api/openstack/wsgi.py:878}}
Aug 06 13:19:04.663473 np0000006650 devstack@c-api.service[97284]: /opt/stack/data/venv/lib/python3.12/site-packages/oslo_context/context.py:102: DeprecationWarning: Policy enforcement is depending on the value of is_admin. This key is deprecated. Please update your policy file to use the standard policy values.
Aug 06 13:19:04.663473 np0000006650 devstack@c-api.service[97284]: warnings.warn(
Aug 06 13:19:04.664282 np0000006650 devstack@c-api.service[97284]: INFO cinder.volume.api [None req-791ed85a-75cf-4bcb-a36e-ddd60e15f459 tempest-VolumesDeleteCascade-1514506995 tempest-VolumesDeleteCascade-1514506995-project-member] Snapshot retrieved successfully.
Aug 06 13:19:04.665534 np0000006650 devstack@c-api.service[97284]: INFO cinder.api.openstack.wsgi [None req-791ed85a-75cf-4bcb-a36e-ddd60e15f459 tempest-VolumesDeleteCascade-1514506995 tempest-VolumesDeleteCascade-1514506995-project-member] https://10.4.3.148/volume/v3/snapshots/682b755d-4a1b-4b58-acaa-a74e7a505496 returned with HTTP 200
Aug 06 13:19:04.666189 np0000006650 devstack@c-api.service[97284]: [pid: 97284|app: 0|req: 83/252] 10.4.3.148 () {66 vars in 1354 bytes} [Thu Aug 6 13:19:04 2026] GET /volume/v3/snapshots/682b755d-4a1b-4b58-acaa-a74e7a505496 => generated 465 bytes in 14 msecs (HTTP/1.1 200) 7 headers in 285 bytes (1 switches on core 0)
Aug 06 13:19:04.673286 np0000006650 devstack@c-api.service[97285]: INFO cinder.api.openstack.wsgi [req-ecaeff3b-08a3-4e9f-9676-a64580b6b793 req-4537bbdb-721c-4d55-b6ed-97399f8b8d8b tempest-AttachVolumeTestJSON-385336265 tempest-AttachVolumeTestJSON-385336265-project-member] https://10.4.3.148/volume/v3/attachments returned with HTTP 200
Aug 06 13:19:04.673859 np0000006650 devstack@c-api.service[97285]: [pid: 97285|app: 0|req: 85/253] 10.4.3.148 () {74 vars in 1594 bytes} [Thu Aug 6 13:19:04 2026] POST /volume/v3/attachments => generated 273 bytes in 47 msecs (HTTP/1.1 200) 7 headers in 286 bytes (1 switches on core 0)
Aug 06 13:19:04.676748 np0000006650 devstack@c-api.service[97283]: DEBUG cinder.api.middleware.request_id [None req-cb3fd31b-81a7-4526-a162-9f4c604bac35 None None] RequestId filter calling following filter/app {{(pid=97283) _context_setter /opt/stack/cinder/cinder/api/middleware/request_id.py:62}}
Aug 06 13:19:04.678525 np0000006650 devstack@c-api.service[97283]: INFO cinder.api.openstack.wsgi [None req-cb3fd31b-81a7-4526-a162-9f4c604bac35 tempest-VolumesDeleteCascade-1514506995 tempest-VolumesDeleteCascade-1514506995-project-member] POST https://10.4.3.148/volume/v3/snapshots
Aug 06 13:19:04.678873 np0000006650 devstack@c-api.service[97283]: DEBUG cinder.api.openstack.wsgi [None req-cb3fd31b-81a7-4526-a162-9f4c604bac35 tempest-VolumesDeleteCascade-1514506995 tempest-VolumesDeleteCascade-1514506995-project-member] Action: 'create', calling method: create, body: {"snapshot": {"volume_id": "51218a2e-d4dd-4aba-b408-0bb2a8e4590f", "name": "tempest-VolumesDeleteCascade-Snapshot-1392546010"}} {{(pid=97283) _process_stack /opt/stack/cinder/cinder/api/openstack/wsgi.py:876}}
Aug 06 13:19:04.688653 np0000006650 devstack@c-api.service[97283]: /opt/stack/data/venv/lib/python3.12/site-packages/oslo_context/context.py:102: DeprecationWarning: Policy enforcement is depending on the value of is_admin. This key is deprecated. Please update your policy file to use the standard policy values.
Aug 06 13:19:04.688653 np0000006650 devstack@c-api.service[97283]: warnings.warn(
Aug 06 13:19:04.689255 np0000006650 devstack@c-api.service[97283]: INFO cinder.volume.api [None req-cb3fd31b-81a7-4526-a162-9f4c604bac35 tempest-VolumesDeleteCascade-1514506995 tempest-VolumesDeleteCascade-1514506995-project-member] Volume info retrieved successfully.
Aug 06 13:19:04.689411 np0000006650 devstack@c-api.service[97283]: INFO cinder.api.v3.snapshots [None req-cb3fd31b-81a7-4526-a162-9f4c604bac35 tempest-VolumesDeleteCascade-1514506995 tempest-VolumesDeleteCascade-1514506995-project-member] Create snapshot from volume 51218a2e-d4dd-4aba-b408-0bb2a8e4590f
Aug 06 13:19:04.718653 np0000006650 devstack@c-api.service[97284]: DEBUG cinder.api.middleware.request_id [None req-80b1075c-778c-4dc2-84d1-ebe2193b01f9 None None] RequestId filter calling following filter/app {{(pid=97284) _context_setter /opt/stack/cinder/cinder/api/middleware/request_id.py:62}}
Aug 06 13:19:04.720937 np0000006650 devstack@c-api.service[97284]: INFO cinder.api.openstack.wsgi [None req-80b1075c-778c-4dc2-84d1-ebe2193b01f9 tempest-AttachVolumeTestJSON-385336265 tempest-AttachVolumeTestJSON-385336265-project-member] GET https://10.4.3.148/volume/v3/volumes/f43ff5ef-b454-422b-84dc-dea521536e6a
Aug 06 13:19:04.721381 np0000006650 devstack@c-api.service[97284]: DEBUG cinder.api.openstack.wsgi [None req-80b1075c-778c-4dc2-84d1-ebe2193b01f9 tempest-AttachVolumeTestJSON-385336265 tempest-AttachVolumeTestJSON-385336265-project-member] Empty body provided in request {{(pid=97284) get_body /opt/stack/cinder/cinder/api/openstack/wsgi.py:725}}
Aug 06 13:19:04.722293 np0000006650 devstack@c-api.service[97284]: DEBUG cinder.api.openstack.wsgi [None req-80b1075c-778c-4dc2-84d1-ebe2193b01f9 tempest-AttachVolumeTestJSON-385336265 tempest-AttachVolumeTestJSON-385336265-project-member] Calling method 'show' {{(pid=97284) _process_stack /opt/stack/cinder/cinder/api/openstack/wsgi.py:878}}
Aug 06 13:19:04.722372 np0000006650 devstack@c-api.service[97283]: DEBUG cinder.quota [None req-cb3fd31b-81a7-4526-a162-9f4c604bac35 tempest-VolumesDeleteCascade-1514506995 tempest-VolumesDeleteCascade-1514506995-project-member] Created reservations ['70b1d276-1d9e-4d1b-a140-f2a85d1c5e8a', '66fad39c-61e5-449c-b2e2-23b69bebbf2b', '407a2ce8-2b1e-46f2-9a00-8a9d382d6fc1', 'e7199126-4f32-4d8b-99ed-85a909c4393a'] {{(pid=97283) reserve /opt/stack/cinder/cinder/quota.py:752}}
Aug 06 13:19:04.734942 np0000006650 devstack@c-api.service[97284]: /opt/stack/data/venv/lib/python3.12/site-packages/oslo_context/context.py:102: DeprecationWarning: Policy enforcement is depending on the value of is_admin. This key is deprecated. Please update your policy file to use the standard policy values.
Aug 06 13:19:04.734942 np0000006650 devstack@c-api.service[97284]: warnings.warn(
Aug 06 13:19:04.739086 np0000006650 devstack@c-api.service[97284]: INFO cinder.volume.api [None req-80b1075c-778c-4dc2-84d1-ebe2193b01f9 tempest-AttachVolumeTestJSON-385336265 tempest-AttachVolumeTestJSON-385336265-project-member] Volume info retrieved successfully.
Aug 06 13:19:04.740063 np0000006650 devstack@c-api.service[97285]: DEBUG cinder.api.middleware.request_id [None req-2b9e90e6-b0ba-4c8e-8540-72088c466b78 None None] RequestId filter calling following filter/app {{(pid=97285) _context_setter /opt/stack/cinder/cinder/api/middleware/request_id.py:62}}
Aug 06 13:19:04.740449 np0000006650 devstack@c-api.service[97285]: INFO cinder.api.openstack.wsgi [None req-2b9e90e6-b0ba-4c8e-8540-72088c466b78 None None] GET https://10.4.3.148/volume//
Aug 06 13:19:04.740639 np0000006650 devstack@c-api.service[97285]: DEBUG cinder.api.openstack.wsgi [None req-2b9e90e6-b0ba-4c8e-8540-72088c466b78 None None] Empty body provided in request {{(pid=97285) get_body /opt/stack/cinder/cinder/api/openstack/wsgi.py:725}}
Aug 06 13:19:04.740830 np0000006650 devstack@c-api.service[97285]: DEBUG cinder.api.openstack.wsgi [None req-2b9e90e6-b0ba-4c8e-8540-72088c466b78 None None] Calling method 'all' {{(pid=97285) _process_stack /opt/stack/cinder/cinder/api/openstack/wsgi.py:878}}
Aug 06 13:19:04.741171 np0000006650 devstack@c-api.service[97285]: INFO cinder.api.openstack.wsgi [None req-2b9e90e6-b0ba-4c8e-8540-72088c466b78 None None] https://10.4.3.148/volume// returned with HTTP 300
Aug 06 13:19:04.741510 np0000006650 devstack@c-api.service[97285]: [pid: 97285|app: 0|req: 86/254] 10.4.3.148 () {66 vars in 1426 bytes} [Thu Aug 6 13:19:04 2026] GET /volume/ => generated 386 bytes in 2 msecs (HTTP/1.1 300) 7 headers in 299 bytes (1 switches on core 0)
Aug 06 13:19:04.747395 np0000006650 devstack@c-api.service[97284]: INFO cinder.api.openstack.wsgi [None req-80b1075c-778c-4dc2-84d1-ebe2193b01f9 tempest-AttachVolumeTestJSON-385336265 tempest-AttachVolumeTestJSON-385336265-project-member] https://10.4.3.148/volume/v3/volumes/f43ff5ef-b454-422b-84dc-dea521536e6a returned with HTTP 200
Aug 06 13:19:04.747395 np0000006650 devstack@c-api.service[97284]: [pid: 97284|app: 0|req: 84/255] 10.4.3.148 () {66 vars in 1348 bytes} [Thu Aug 6 13:19:04 2026] GET /volume/v3/volumes/f43ff5ef-b454-422b-84dc-dea521536e6a => generated 842 bytes in 29 msecs (HTTP/1.1 200) 7 headers in 285 bytes (1 switches on core 0)
Aug 06 13:19:04.748316 np0000006650 devstack@c-api.service[97285]: DEBUG cinder.api.middleware.request_id [req-ecaeff3b-08a3-4e9f-9676-a64580b6b793 req-f8f66070-bff9-4d14-a698-d1282fa7c917 None None] RequestId filter calling following filter/app {{(pid=97285) _context_setter /opt/stack/cinder/cinder/api/middleware/request_id.py:62}}
Aug 06 13:19:04.750339 np0000006650 devstack@c-api.service[97285]: INFO cinder.api.openstack.wsgi [req-ecaeff3b-08a3-4e9f-9676-a64580b6b793 req-f8f66070-bff9-4d14-a698-d1282fa7c917 tempest-AttachVolumeTestJSON-385336265 tempest-AttachVolumeTestJSON-385336265-project-member] GET https://10.4.3.148/volume/v3/volumes/f43ff5ef-b454-422b-84dc-dea521536e6a
Aug 06 13:19:04.750590 np0000006650 devstack@c-api.service[97285]: DEBUG cinder.api.openstack.wsgi [req-ecaeff3b-08a3-4e9f-9676-a64580b6b793 req-f8f66070-bff9-4d14-a698-d1282fa7c917 tempest-AttachVolumeTestJSON-385336265 tempest-AttachVolumeTestJSON-385336265-project-member] Empty body provided in request {{(pid=97285) get_body /opt/stack/cinder/cinder/api/openstack/wsgi.py:725}}
Aug 06 13:19:04.750769 np0000006650 devstack@c-api.service[97285]: DEBUG cinder.api.openstack.wsgi [req-ecaeff3b-08a3-4e9f-9676-a64580b6b793 req-f8f66070-bff9-4d14-a698-d1282fa7c917 tempest-AttachVolumeTestJSON-385336265 tempest-AttachVolumeTestJSON-385336265-project-member] Calling method 'show' {{(pid=97285) _process_stack /opt/stack/cinder/cinder/api/openstack/wsgi.py:878}}
Aug 06 13:19:04.751343 np0000006650 devstack@c-api.service[97283]: INFO cinder.volume.api [None req-cb3fd31b-81a7-4526-a162-9f4c604bac35 tempest-VolumesDeleteCascade-1514506995 tempest-VolumesDeleteCascade-1514506995-project-member] Snapshot create request issued successfully.
Aug 06 13:19:04.751711 np0000006650 devstack@c-api.service[97283]: INFO cinder.api.openstack.wsgi [None req-cb3fd31b-81a7-4526-a162-9f4c604bac35 tempest-VolumesDeleteCascade-1514506995 tempest-VolumesDeleteCascade-1514506995-project-member] https://10.4.3.148/volume/v3/snapshots returned with HTTP 202
Aug 06 13:19:04.752312 np0000006650 devstack@c-api.service[97283]: [pid: 97283|app: 0|req: 86/256] 10.4.3.148 () {68 vars in 1265 bytes} [Thu Aug 6 13:19:04 2026] POST /volume/v3/snapshots => generated 307 bytes in 76 msecs (HTTP/1.1 202) 7 headers in 291 bytes (1 switches on core 0)
Aug 06 13:19:04.761686 np0000006650 devstack@c-api.service[97284]: DEBUG cinder.api.middleware.request_id [None req-31a01b8b-0227-4e9c-9ca0-333a6694660b None None] RequestId filter calling following filter/app {{(pid=97284) _context_setter /opt/stack/cinder/cinder/api/middleware/request_id.py:62}}
Aug 06 13:19:04.761862 np0000006650 devstack@c-api.service[97285]: /opt/stack/data/venv/lib/python3.12/site-packages/oslo_context/context.py:102: DeprecationWarning: Policy enforcement is depending on the value of is_admin. This key is deprecated. Please update your policy file to use the standard policy values.
Aug 06 13:19:04.761862 np0000006650 devstack@c-api.service[97285]: warnings.warn(
Aug 06 13:19:04.763655 np0000006650 devstack@c-api.service[97284]: INFO cinder.api.openstack.wsgi [None req-31a01b8b-0227-4e9c-9ca0-333a6694660b tempest-VolumesDeleteCascade-1514506995 tempest-VolumesDeleteCascade-1514506995-project-member] GET https://10.4.3.148/volume/v3/snapshots/aa4459ce-d715-4541-a41b-30b1594eafc4
Aug 06 13:19:04.764025 np0000006650 devstack@c-api.service[97284]: DEBUG cinder.api.openstack.wsgi [None req-31a01b8b-0227-4e9c-9ca0-333a6694660b tempest-VolumesDeleteCascade-1514506995 tempest-VolumesDeleteCascade-1514506995-project-member] Empty body provided in request {{(pid=97284) get_body /opt/stack/cinder/cinder/api/openstack/wsgi.py:725}}
Aug 06 13:19:04.764338 np0000006650 devstack@c-api.service[97284]: DEBUG cinder.api.openstack.wsgi [None req-31a01b8b-0227-4e9c-9ca0-333a6694660b tempest-VolumesDeleteCascade-1514506995 tempest-VolumesDeleteCascade-1514506995-project-member] Calling method 'show' {{(pid=97284) _process_stack /opt/stack/cinder/cinder/api/openstack/wsgi.py:878}}
Aug 06 13:19:04.764800 np0000006650 devstack@c-api.service[97285]: INFO cinder.volume.api [req-ecaeff3b-08a3-4e9f-9676-a64580b6b793 req-f8f66070-bff9-4d14-a698-d1282fa7c917 tempest-AttachVolumeTestJSON-385336265 tempest-AttachVolumeTestJSON-385336265-project-member] Volume info retrieved successfully.
Aug 06 13:19:04.769305 np0000006650 devstack@c-api.service[97285]: INFO cinder.api.openstack.wsgi [req-ecaeff3b-08a3-4e9f-9676-a64580b6b793 req-f8f66070-bff9-4d14-a698-d1282fa7c917 tempest-AttachVolumeTestJSON-385336265 tempest-AttachVolumeTestJSON-385336265-project-member] https://10.4.3.148/volume/v3/volumes/f43ff5ef-b454-422b-84dc-dea521536e6a returned with HTTP 200
Aug 06 13:19:04.769694 np0000006650 devstack@c-api.service[97285]: [pid: 97285|app: 0|req: 87/257] 10.4.3.148 () {70 vars in 1639 bytes} [Thu Aug 6 13:19:04 2026] GET /volume/v3/volumes/f43ff5ef-b454-422b-84dc-dea521536e6a => generated 1023 bytes in 22 msecs (HTTP/1.1 200) 7 headers in 287 bytes (1 switches on core 0)
Aug 06 13:19:04.771353 np0000006650 devstack@c-api.service[97284]: /opt/stack/data/venv/lib/python3.12/site-packages/oslo_context/context.py:102: DeprecationWarning: Policy enforcement is depending on the value of is_admin. This key is deprecated. Please update your policy file to use the standard policy values.
Aug 06 13:19:04.771353 np0000006650 devstack@c-api.service[97284]: warnings.warn(
Aug 06 13:19:04.772076 np0000006650 devstack@c-api.service[97284]: INFO cinder.volume.api [None req-31a01b8b-0227-4e9c-9ca0-333a6694660b tempest-VolumesDeleteCascade-1514506995 tempest-VolumesDeleteCascade-1514506995-project-member] Snapshot retrieved successfully.
Aug 06 13:19:04.772938 np0000006650 devstack@c-api.service[97284]: INFO cinder.api.openstack.wsgi [None req-31a01b8b-0227-4e9c-9ca0-333a6694660b tempest-VolumesDeleteCascade-1514506995 tempest-VolumesDeleteCascade-1514506995-project-member] https://10.4.3.148/volume/v3/snapshots/aa4459ce-d715-4541-a41b-30b1594eafc4 returned with HTTP 200
Aug 06 13:19:04.773421 np0000006650 devstack@c-api.service[97284]: [pid: 97284|app: 0|req: 85/258] 10.4.3.148 () {66 vars in 1354 bytes} [Thu Aug 6 13:19:04 2026] GET /volume/v3/snapshots/aa4459ce-d715-4541-a41b-30b1594eafc4 => generated 439 bytes in 13 msecs (HTTP/1.1 200) 7 headers in 285 bytes (1 switches on core 0)
Aug 06 13:19:04.863942 np0000006650 devstack@c-api.service[97283]: DEBUG cinder.api.middleware.request_id [req-ecaeff3b-08a3-4e9f-9676-a64580b6b793 req-6602ce90-a549-4d4a-8d04-2f0c36586837 None None] RequestId filter calling following filter/app {{(pid=97283) _context_setter /opt/stack/cinder/cinder/api/middleware/request_id.py:62}}
Aug 06 13:19:04.868450 np0000006650 devstack@c-api.service[97283]: INFO cinder.api.openstack.wsgi [req-ecaeff3b-08a3-4e9f-9676-a64580b6b793 req-6602ce90-a549-4d4a-8d04-2f0c36586837 tempest-AttachVolumeTestJSON-385336265 tempest-AttachVolumeTestJSON-385336265-project-member] PUT https://10.4.3.148/volume/v3/attachments/971f89f1-7487-483b-8ba1-3455406a5219
Aug 06 13:19:04.868892 np0000006650 devstack@c-api.service[97283]: DEBUG cinder.api.openstack.wsgi [req-ecaeff3b-08a3-4e9f-9676-a64580b6b793 req-6602ce90-a549-4d4a-8d04-2f0c36586837 tempest-AttachVolumeTestJSON-385336265 tempest-AttachVolumeTestJSON-385336265-project-member] Action: 'update', calling method: version_select, body: {"attachment": {"connector": {"platform": "x86_64", "os_type": "linux", "ip": "10.4.3.148", "host": "np0000006650", "multipath": false, "enforce_multipath": true, "initiator": "iqn.2016-04.com.open-iscsi:21d484218a49", "do_local_attach": false, "nvme_hostid": "9bc52dfa-2ba9-4017-926d-0686e5e3599b", "uuid": "8515de1c-ba7e-467b-adde-6d9f8a8dbc1f", "system uuid": "767ed3a6-a80f-4896-8803-3c162cb3bde5", "nqn": "nqn.2014-08.org.nvmexpress:uuid:767ed3a6-a80f-4896-8803-3c162cb3bde5", "nvme_native_multipath": true, "found_dsc": "", "host_ips": ["10.4.3.148", "fe80::f816:3eff:fe8b:f81c", "192.168.10.6", "fe80::f816:3eff:fe1e:fbc2", "192.168.20.6", "fe80::f816:3eff:fea0:f048", "192.168.30.6", "fe80::f816:3eff:feb6:6056", "192.168.122.1", "172.24.5.1", "2001:db8::2", "fe80::b8a9:faff:fe03:2b4c", "fe80::f816:3eff:fea9:49cc", "fe80::40dc:d5ff:fe1a:53ed", "fe80::f816:3eff:fee0:721e", "fe80::405:4eff:fe46:d034", "fe80::482:d3ff:fe68:decf"], "mountpoint": "/dev/vdb"}}} {{(pid=97283) _process_stack /opt/stack/cinder/cinder/api/openstack/wsgi.py:876}}
Aug 06 13:19:04.877021 np0000006650 devstack@c-api.service[97283]: DEBUG cinder.coordination [req-ecaeff3b-08a3-4e9f-9676-a64580b6b793 req-6602ce90-a549-4d4a-8d04-2f0c36586837 tempest-AttachVolumeTestJSON-385336265 tempest-AttachVolumeTestJSON-385336265-project-member] Acquiring lock "cinder-attachment_update-f43ff5ef-b454-422b-84dc-dea521536e6a-np0000006650" by "attachment_update" {{(pid=97283) __acquire /opt/stack/cinder/cinder/coordination.py:138}}
Aug 06 13:19:04.881488 np0000006650 devstack@c-api.service[97283]: DEBUG cinder.coordination [req-ecaeff3b-08a3-4e9f-9676-a64580b6b793 req-6602ce90-a549-4d4a-8d04-2f0c36586837 tempest-AttachVolumeTestJSON-385336265 tempest-AttachVolumeTestJSON-385336265-project-member] Lock "cinder-attachment_update-f43ff5ef-b454-422b-84dc-dea521536e6a-np0000006650" acquired by "attachment_update" :: waited 0.004s {{(pid=97283) __acquire /opt/stack/cinder/cinder/coordination.py:141}}
Aug 06 13:19:04.882480 np0000006650 devstack@c-api.service[97283]: /opt/stack/data/venv/lib/python3.12/site-packages/oslo_context/context.py:102: DeprecationWarning: Policy enforcement is depending on the value of is_admin. This key is deprecated. Please update your policy file to use the standard policy values.
Aug 06 13:19:04.882480 np0000006650 devstack@c-api.service[97283]: warnings.warn(
Aug 06 13:19:04.977117 np0000006650 devstack@c-api.service[97283]: DEBUG cinder.coordination [req-ecaeff3b-08a3-4e9f-9676-a64580b6b793 req-6602ce90-a549-4d4a-8d04-2f0c36586837 tempest-AttachVolumeTestJSON-385336265 tempest-AttachVolumeTestJSON-385336265-project-member] Lock "cinder-attachment_update-f43ff5ef-b454-422b-84dc-dea521536e6a-np0000006650" released by "attachment_update" :: held 0.096s {{(pid=97283) __release /opt/stack/cinder/cinder/coordination.py:152}}
Aug 06 13:19:04.977390 np0000006650 devstack@c-api.service[97283]: INFO cinder.api.openstack.wsgi [req-ecaeff3b-08a3-4e9f-9676-a64580b6b793 req-6602ce90-a549-4d4a-8d04-2f0c36586837 tempest-AttachVolumeTestJSON-385336265 tempest-AttachVolumeTestJSON-385336265-project-member] https://10.4.3.148/volume/v3/attachments/971f89f1-7487-483b-8ba1-3455406a5219 returned with HTTP 200
Aug 06 13:19:04.977802 np0000006650 devstack@c-api.service[97283]: [pid: 97283|app: 0|req: 87/259] 10.4.3.148 () {74 vars in 1704 bytes} [Thu Aug 6 13:19:04 2026] PUT /volume/v3/attachments/971f89f1-7487-483b-8ba1-3455406a5219 => generated 535 bytes in 115 msecs (HTTP/1.1 200) 7 headers in 286 bytes (1 switches on core 0)
Aug 06 13:19:05.198446 np0000006650 devstack@c-api.service[97285]: DEBUG cinder.api.middleware.request_id [None req-9efb912f-cd4d-4162-a340-a1f359e8d8c4 None None] RequestId filter calling following filter/app {{(pid=97285) _context_setter /opt/stack/cinder/cinder/api/middleware/request_id.py:62}}
Aug 06 13:19:05.201623 np0000006650 devstack@c-api.service[97285]: INFO cinder.api.openstack.wsgi [None req-9efb912f-cd4d-4162-a340-a1f359e8d8c4 tempest-TaggedBootDevicesTest_v242-1146098240 tempest-TaggedBootDevicesTest_v242-1146098240-project-member] GET https://10.4.3.148/volume/v3/volumes/77248d63-ca9e-4cf5-bdb5-f3cde43d4f7a
Aug 06 13:19:05.201623 np0000006650 devstack@c-api.service[97285]: DEBUG cinder.api.openstack.wsgi [None req-9efb912f-cd4d-4162-a340-a1f359e8d8c4 tempest-TaggedBootDevicesTest_v242-1146098240 tempest-TaggedBootDevicesTest_v242-1146098240-project-member] Empty body provided in request {{(pid=97285) get_body /opt/stack/cinder/cinder/api/openstack/wsgi.py:725}}
Aug 06 13:19:05.201623 np0000006650 devstack@c-api.service[97285]: DEBUG cinder.api.openstack.wsgi [None req-9efb912f-cd4d-4162-a340-a1f359e8d8c4 tempest-TaggedBootDevicesTest_v242-1146098240 tempest-TaggedBootDevicesTest_v242-1146098240-project-member] Calling method 'show' {{(pid=97285) _process_stack /opt/stack/cinder/cinder/api/openstack/wsgi.py:878}}
Aug 06 13:19:05.220224 np0000006650 devstack@c-api.service[97285]: /opt/stack/data/venv/lib/python3.12/site-packages/oslo_context/context.py:102: DeprecationWarning: Policy enforcement is depending on the value of is_admin. This key is deprecated. Please update your policy file to use the standard policy values.
Aug 06 13:19:05.220224 np0000006650 devstack@c-api.service[97285]: warnings.warn(
Aug 06 13:19:05.228703 np0000006650 devstack@c-api.service[97285]: INFO cinder.volume.api [None req-9efb912f-cd4d-4162-a340-a1f359e8d8c4 tempest-TaggedBootDevicesTest_v242-1146098240 tempest-TaggedBootDevicesTest_v242-1146098240-project-member] Volume info retrieved successfully.
Aug 06 13:19:05.243135 np0000006650 devstack@c-api.service[97285]: INFO cinder.api.openstack.wsgi [None req-9efb912f-cd4d-4162-a340-a1f359e8d8c4 tempest-TaggedBootDevicesTest_v242-1146098240 tempest-TaggedBootDevicesTest_v242-1146098240-project-member] https://10.4.3.148/volume/v3/volumes/77248d63-ca9e-4cf5-bdb5-f3cde43d4f7a returned with HTTP 200
Aug 06 13:19:05.243135 np0000006650 devstack@c-api.service[97285]: [pid: 97285|app: 0|req: 88/260] 10.4.3.148 () {66 vars in 1348 bytes} [Thu Aug 6 13:19:05 2026] GET /volume/v3/volumes/77248d63-ca9e-4cf5-bdb5-f3cde43d4f7a => generated 850 bytes in 45 msecs (HTTP/1.1 200) 7 headers in 285 bytes (1 switches on core 0)
Aug 06 13:19:05.255034 np0000006650 devstack@c-api.service[97284]: DEBUG cinder.api.middleware.request_id [None req-6a68d999-365f-491a-ba4d-01d1297386a1 None None] RequestId filter calling following filter/app {{(pid=97284) _context_setter /opt/stack/cinder/cinder/api/middleware/request_id.py:62}}
Aug 06 13:19:05.257300 np0000006650 devstack@c-api.service[97284]: INFO cinder.api.openstack.wsgi [None req-6a68d999-365f-491a-ba4d-01d1297386a1 tempest-TaggedBootDevicesTest_v242-1146098240 tempest-TaggedBootDevicesTest_v242-1146098240-project-member] POST https://10.4.3.148/volume/v3/volumes
Aug 06 13:19:05.257664 np0000006650 devstack@c-api.service[97284]: DEBUG cinder.api.openstack.wsgi [None req-6a68d999-365f-491a-ba4d-01d1297386a1 tempest-TaggedBootDevicesTest_v242-1146098240 tempest-TaggedBootDevicesTest_v242-1146098240-project-member] Action: 'create', calling method: create, body: {"volume": {"size": 1, "display_name": "tempest-TaggedBootDevicesTest_v242-volume-2011894294"}} {{(pid=97284) _process_stack /opt/stack/cinder/cinder/api/openstack/wsgi.py:876}}
Aug 06 13:19:05.259277 np0000006650 devstack@c-api.service[97284]: DEBUG cinder.api.v3.volumes [None req-6a68d999-365f-491a-ba4d-01d1297386a1 tempest-TaggedBootDevicesTest_v242-1146098240 tempest-TaggedBootDevicesTest_v242-1146098240-project-member] Create volume request body: {'volume': {'size': 1, 'display_name': 'tempest-TaggedBootDevicesTest_v242-volume-2011894294'}} {{(pid=97284) create /opt/stack/cinder/cinder/api/v3/volumes.py:368}}
Aug 06 13:19:05.259388 np0000006650 devstack@c-api.service[97284]: INFO cinder.api.v3.volumes [None req-6a68d999-365f-491a-ba4d-01d1297386a1 tempest-TaggedBootDevicesTest_v242-1146098240 tempest-TaggedBootDevicesTest_v242-1146098240-project-member] Create volume of 1 GB
Aug 06 13:19:05.265058 np0000006650 devstack@c-api.service[97284]: INFO cinder.volume.api [None req-6a68d999-365f-491a-ba4d-01d1297386a1 tempest-TaggedBootDevicesTest_v242-1146098240 tempest-TaggedBootDevicesTest_v242-1146098240-project-member] Availability Zones retrieved successfully.
Aug 06 13:19:05.272611 np0000006650 devstack@c-api.service[97284]: DEBUG cinder.volume.api [None req-6a68d999-365f-491a-ba4d-01d1297386a1 tempest-TaggedBootDevicesTest_v242-1146098240 tempest-TaggedBootDevicesTest_v242-1146098240-project-member] Flow 'volume_create_api' (9e3d2375-cfc3-444e-a76c-1822b7625287) transitioned into state 'RUNNING' from state 'PENDING' {{(pid=97284) _flow_receiver /opt/stack/data/venv/lib/python3.12/site-packages/taskflow/listeners/logging.py:160}}
Aug 06 13:19:05.273883 np0000006650 devstack@c-api.service[97284]: DEBUG cinder.volume.api [None req-6a68d999-365f-491a-ba4d-01d1297386a1 tempest-TaggedBootDevicesTest_v242-1146098240 tempest-TaggedBootDevicesTest_v242-1146098240-project-member] Task 'cinder.volume.flows.api.create_volume.ExtractVolumeRequestTask;volume:create' (d1e50d20-0dc8-466a-aba2-c2a7bb154444) transitioned into state 'RUNNING' from state 'PENDING' {{(pid=97284) _task_receiver /opt/stack/data/venv/lib/python3.12/site-packages/taskflow/listeners/logging.py:242}}
Aug 06 13:19:05.275085 np0000006650 devstack@c-api.service[97284]: DEBUG cinder.volume.flows.api.create_volume [None req-6a68d999-365f-491a-ba4d-01d1297386a1 tempest-TaggedBootDevicesTest_v242-1146098240 tempest-TaggedBootDevicesTest_v242-1146098240-project-member] Validating volume size '1' using validate_int {{(pid=97284) _extract_size /opt/stack/cinder/cinder/volume/flows/api/create_volume.py:226}}
Aug 06 13:19:05.280994 np0000006650 devstack@c-api.service[97283]: DEBUG cinder.api.middleware.request_id [req-ecaeff3b-08a3-4e9f-9676-a64580b6b793 req-57ffb9dc-1075-41d1-804f-feb2d03bcc49 None None] RequestId filter calling following filter/app {{(pid=97283) _context_setter /opt/stack/cinder/cinder/api/middleware/request_id.py:62}}
Aug 06 13:19:05.283319 np0000006650 devstack@c-api.service[97283]: INFO cinder.api.openstack.wsgi [req-ecaeff3b-08a3-4e9f-9676-a64580b6b793 req-57ffb9dc-1075-41d1-804f-feb2d03bcc49 tempest-AttachVolumeTestJSON-385336265 tempest-AttachVolumeTestJSON-385336265-project-member] POST https://10.4.3.148/volume/v3/attachments/971f89f1-7487-483b-8ba1-3455406a5219/action
Aug 06 13:19:05.283805 np0000006650 devstack@c-api.service[97283]: DEBUG cinder.api.openstack.wsgi [req-ecaeff3b-08a3-4e9f-9676-a64580b6b793 req-57ffb9dc-1075-41d1-804f-feb2d03bcc49 tempest-AttachVolumeTestJSON-385336265 tempest-AttachVolumeTestJSON-385336265-project-member] Action body: b'{"os-complete": null}' {{(pid=97283) get_method /opt/stack/cinder/cinder/api/openstack/wsgi.py:993}}
Aug 06 13:19:05.284000 np0000006650 devstack@c-api.service[97283]: DEBUG cinder.api.openstack.wsgi [req-ecaeff3b-08a3-4e9f-9676-a64580b6b793 req-57ffb9dc-1075-41d1-804f-feb2d03bcc49 tempest-AttachVolumeTestJSON-385336265 tempest-AttachVolumeTestJSON-385336265-project-member] Action: 'action', calling method: complete, body: {"os-complete": null} {{(pid=97283) _process_stack /opt/stack/cinder/cinder/api/openstack/wsgi.py:876}}
Aug 06 13:19:05.301090 np0000006650 devstack@c-api.service[97284]: DEBUG cinder.volume.api [None req-6a68d999-365f-491a-ba4d-01d1297386a1 tempest-TaggedBootDevicesTest_v242-1146098240 tempest-TaggedBootDevicesTest_v242-1146098240-project-member] Task 'cinder.volume.flows.api.create_volume.ExtractVolumeRequestTask;volume:create' (d1e50d20-0dc8-466a-aba2-c2a7bb154444) transitioned into state 'SUCCESS' from state 'RUNNING' with result '{'size': 1, 'snapshot_id': None, 'source_volid': None, 'volume_type': VolumeType(created_at=2026-08-06T13:15:07Z,deleted=False,deleted_at=None,description=None,extra_specs={volume_backend_name='storpool'},id=447e0956-3ebe-45b3-b3cb-e2d92421587b,is_public=True,name='storpool',projects=[],qos_specs=,qos_specs_id=None,updated_at=None), 'volume_type_id': '447e0956-3ebe-45b3-b3cb-e2d92421587b', 'encryption_key_id': None, 'qos_specs': None, 'consistencygroup_id': None, 'cgsnapshot_id': None, 'group_id': None, 'replication_status': 'disabled', 'refresh_az': False, 'backup_id': None, 'multiattach': False, 'availability_zones': ['nova']}' {{(pid=97284) _task_receiver /opt/stack/data/venv/lib/python3.12/site-packages/taskflow/listeners/logging.py:218}}
Aug 06 13:19:05.302006 np0000006650 devstack@c-api.service[97284]: DEBUG cinder.volume.api [None req-6a68d999-365f-491a-ba4d-01d1297386a1 tempest-TaggedBootDevicesTest_v242-1146098240 tempest-TaggedBootDevicesTest_v242-1146098240-project-member] Task 'cinder.volume.flows.api.create_volume.QuotaReserveTask;volume:create' (b3623122-e6c4-4147-8f89-e23c7b844545) transitioned into state 'RUNNING' from state 'PENDING' {{(pid=97284) _task_receiver /opt/stack/data/venv/lib/python3.12/site-packages/taskflow/listeners/logging.py:242}}
Aug 06 13:19:05.303952 np0000006650 devstack@c-api.service[97283]: /opt/stack/data/venv/lib/python3.12/site-packages/oslo_context/context.py:102: DeprecationWarning: Policy enforcement is depending on the value of is_admin. This key is deprecated. Please update your policy file to use the standard policy values.
Aug 06 13:19:05.303952 np0000006650 devstack@c-api.service[97283]: warnings.warn(
Aug 06 13:19:05.313820 np0000006650 devstack@c-api.service[97283]: INFO cinder.api.openstack.wsgi [req-ecaeff3b-08a3-4e9f-9676-a64580b6b793 req-57ffb9dc-1075-41d1-804f-feb2d03bcc49 tempest-AttachVolumeTestJSON-385336265 tempest-AttachVolumeTestJSON-385336265-project-member] https://10.4.3.148/volume/v3/attachments/971f89f1-7487-483b-8ba1-3455406a5219/action returned with HTTP 204
Aug 06 13:19:05.314331 np0000006650 devstack@c-api.service[97283]: [pid: 97283|app: 0|req: 88/261] 10.4.3.148 () {74 vars in 1725 bytes} [Thu Aug 6 13:19:05 2026] POST /volume/v3/attachments/971f89f1-7487-483b-8ba1-3455406a5219/action => generated 0 bytes in 34 msecs (HTTP/1.1 204) 7 headers in 292 bytes (1 switches on core 0)
Aug 06 13:19:05.354287 np0000006650 devstack@c-api.service[97284]: DEBUG cinder.quota [None req-6a68d999-365f-491a-ba4d-01d1297386a1 tempest-TaggedBootDevicesTest_v242-1146098240 tempest-TaggedBootDevicesTest_v242-1146098240-project-member] Created reservations ['4f061fa0-3a3a-42cf-b5c9-ad9a008acb81', '7d042644-11cd-4568-9af6-04ceb4d03c8f', 'ab5d77cb-7878-4ea3-ba23-a5592f5341a3', 'edc5074c-fad4-4817-85fd-2075b42c8ebd'] {{(pid=97284) reserve /opt/stack/cinder/cinder/quota.py:752}}
Aug 06 13:19:05.355346 np0000006650 devstack@c-api.service[97284]: DEBUG cinder.volume.api [None req-6a68d999-365f-491a-ba4d-01d1297386a1 tempest-TaggedBootDevicesTest_v242-1146098240 tempest-TaggedBootDevicesTest_v242-1146098240-project-member] Task 'cinder.volume.flows.api.create_volume.QuotaReserveTask;volume:create' (b3623122-e6c4-4147-8f89-e23c7b844545) transitioned into state 'SUCCESS' from state 'RUNNING' with result '{'reservations': ['4f061fa0-3a3a-42cf-b5c9-ad9a008acb81', '7d042644-11cd-4568-9af6-04ceb4d03c8f', 'ab5d77cb-7878-4ea3-ba23-a5592f5341a3', 'edc5074c-fad4-4817-85fd-2075b42c8ebd']}' {{(pid=97284) _task_receiver /opt/stack/data/venv/lib/python3.12/site-packages/taskflow/listeners/logging.py:218}}
Aug 06 13:19:05.356466 np0000006650 devstack@c-api.service[97284]: DEBUG cinder.volume.api [None req-6a68d999-365f-491a-ba4d-01d1297386a1 tempest-TaggedBootDevicesTest_v242-1146098240 tempest-TaggedBootDevicesTest_v242-1146098240-project-member] Task 'cinder.volume.flows.api.create_volume.EntryCreateTask;volume:create' (f2ccb457-68e3-4d2b-aa84-0e51d5b454c4) transitioned into state 'RUNNING' from state 'PENDING' {{(pid=97284) _task_receiver /opt/stack/data/venv/lib/python3.12/site-packages/taskflow/listeners/logging.py:242}}
Aug 06 13:19:05.381647 np0000006650 devstack@c-api.service[97284]: DEBUG cinder.volume.api [None req-6a68d999-365f-491a-ba4d-01d1297386a1 tempest-TaggedBootDevicesTest_v242-1146098240 tempest-TaggedBootDevicesTest_v242-1146098240-project-member] Task 'cinder.volume.flows.api.create_volume.EntryCreateTask;volume:create' (f2ccb457-68e3-4d2b-aa84-0e51d5b454c4) transitioned into state 'SUCCESS' from state 'RUNNING' with result '{'volume_id': '4d149651-8679-4d54-a093-ea113bf12814', 'volume_properties': VolumeProperties(attach_status='detached',availability_zone='nova',cgsnapshot_id=None,consistencygroup_id=None,display_description=None,display_name='tempest-TaggedBootDevicesTest_v242-volume-2011894294',encryption_key_id=None,group_id=None,group_type_id=,metadata={},multiattach=False,project_id='dfa484e68fc142788b79913b141390b9',qos_specs=None,replication_status=,reservations=['4f061fa0-3a3a-42cf-b5c9-ad9a008acb81','7d042644-11cd-4568-9af6-04ceb4d03c8f','ab5d77cb-7878-4ea3-ba23-a5592f5341a3','edc5074c-fad4-4817-85fd-2075b42c8ebd'],size=1,snapshot_id=None,source_replicaid=,source_volid=None,status='creating',user_id='97d079a4729b4b2aac01b1ecde234220',volume_type_id=447e0956-3ebe-45b3-b3cb-e2d92421587b), 'volume': Volume(_name_id=None,admin_metadata=,attach_status='detached',availability_zone='nova',bootable=False,cluster=,cluster_name=None,consistencygroup=,consistencygroup_id=None,created_at=2026-08-06T13:19:05Z,deleted=False,deleted_at=None,display_description=None,display_name='tempest-TaggedBootDevicesTest_v242-volume-2011894294',ec2_id=None,encryption_key_id=None,glance_metadata=,group=,group_id=None,host=None,id=4d149651-8679-4d54-a093-ea113bf12814,launched_at=None,metadata={},migration_status=None,multiattach=False,previous_status=None,project_id='dfa484e68fc142788b79913b141390b9',provider_auth=None,provider_geometry=None,provider_id=None,provider_location=None,replication_driver_data=None,replication_extended_status=None,replication_status=None,scheduled_at=None,service_uuid=None,shared_targets=True,size=1,snapshot_id=None,snapshots=,source_volid=None,status='creating',terminated_at=None,updated_at=None,use_quota=True,user_id='97d079a4729b4b2aac01b1ecde234220',volume_attachment=VolumeAttachmentList,volume_type=VolumeType(447e0956-3ebe-45b3-b3cb-e2d92421587b),volume_type_id=447e0956-3ebe-45b3-b3cb-e2d92421587b)}' {{(pid=97284) _task_receiver /opt/stack/data/venv/lib/python3.12/site-packages/taskflow/listeners/logging.py:218}}
Aug 06 13:19:05.382703 np0000006650 devstack@c-api.service[97284]: DEBUG cinder.volume.api [None req-6a68d999-365f-491a-ba4d-01d1297386a1 tempest-TaggedBootDevicesTest_v242-1146098240 tempest-TaggedBootDevicesTest_v242-1146098240-project-member] Task 'cinder.volume.flows.api.create_volume.QuotaCommitTask;volume:create' (98bfc4c3-4a8b-4bb2-bd7d-14f3bc81f978) transitioned into state 'RUNNING' from state 'PENDING' {{(pid=97284) _task_receiver /opt/stack/data/venv/lib/python3.12/site-packages/taskflow/listeners/logging.py:242}}
Aug 06 13:19:05.405001 np0000006650 devstack@c-api.service[97284]: DEBUG cinder.volume.api [None req-6a68d999-365f-491a-ba4d-01d1297386a1 tempest-TaggedBootDevicesTest_v242-1146098240 tempest-TaggedBootDevicesTest_v242-1146098240-project-member] Task 'cinder.volume.flows.api.create_volume.QuotaCommitTask;volume:create' (98bfc4c3-4a8b-4bb2-bd7d-14f3bc81f978) transitioned into state 'SUCCESS' from state 'RUNNING' with result '{'volume_properties': VolumeProperties(attach_status='detached',availability_zone='nova',cgsnapshot_id=None,consistencygroup_id=None,display_description=None,display_name='tempest-TaggedBootDevicesTest_v242-volume-2011894294',encryption_key_id=None,group_id=None,group_type_id=,metadata={},multiattach=False,project_id='dfa484e68fc142788b79913b141390b9',qos_specs=None,replication_status=,reservations=['4f061fa0-3a3a-42cf-b5c9-ad9a008acb81','7d042644-11cd-4568-9af6-04ceb4d03c8f','ab5d77cb-7878-4ea3-ba23-a5592f5341a3','edc5074c-fad4-4817-85fd-2075b42c8ebd'],size=1,snapshot_id=None,source_replicaid=,source_volid=None,status='creating',user_id='97d079a4729b4b2aac01b1ecde234220',volume_type_id=447e0956-3ebe-45b3-b3cb-e2d92421587b)}' {{(pid=97284) _task_receiver /opt/stack/data/venv/lib/python3.12/site-packages/taskflow/listeners/logging.py:218}}
Aug 06 13:19:05.405528 np0000006650 devstack@c-api.service[97284]: DEBUG cinder.volume.api [None req-6a68d999-365f-491a-ba4d-01d1297386a1 tempest-TaggedBootDevicesTest_v242-1146098240 tempest-TaggedBootDevicesTest_v242-1146098240-project-member] Task 'cinder.volume.flows.api.create_volume.VolumeCastTask;volume:create' (60dba0e5-db3b-4957-a8e4-665ae527daea) transitioned into state 'RUNNING' from state 'PENDING' {{(pid=97284) _task_receiver /opt/stack/data/venv/lib/python3.12/site-packages/taskflow/listeners/logging.py:242}}
Aug 06 13:19:05.416008 np0000006650 devstack@c-api.service[97284]: DEBUG cinder.volume.api [None req-6a68d999-365f-491a-ba4d-01d1297386a1 tempest-TaggedBootDevicesTest_v242-1146098240 tempest-TaggedBootDevicesTest_v242-1146098240-project-member] Task 'cinder.volume.flows.api.create_volume.VolumeCastTask;volume:create' (60dba0e5-db3b-4957-a8e4-665ae527daea) transitioned into state 'SUCCESS' from state 'RUNNING' with result 'None' {{(pid=97284) _task_receiver /opt/stack/data/venv/lib/python3.12/site-packages/taskflow/listeners/logging.py:218}}
Aug 06 13:19:05.416979 np0000006650 devstack@c-api.service[97284]: DEBUG cinder.volume.api [None req-6a68d999-365f-491a-ba4d-01d1297386a1 tempest-TaggedBootDevicesTest_v242-1146098240 tempest-TaggedBootDevicesTest_v242-1146098240-project-member] Flow 'volume_create_api' (9e3d2375-cfc3-444e-a76c-1822b7625287) transitioned into state 'SUCCESS' from state 'RUNNING' {{(pid=97284) _flow_receiver /opt/stack/data/venv/lib/python3.12/site-packages/taskflow/listeners/logging.py:160}}
Aug 06 13:19:05.417329 np0000006650 devstack@c-api.service[97284]: INFO cinder.volume.api [None req-6a68d999-365f-491a-ba4d-01d1297386a1 tempest-TaggedBootDevicesTest_v242-1146098240 tempest-TaggedBootDevicesTest_v242-1146098240-project-member] Create volume request issued successfully.
Aug 06 13:19:05.417979 np0000006650 devstack@c-api.service[97284]: INFO cinder.api.openstack.wsgi [None req-6a68d999-365f-491a-ba4d-01d1297386a1 tempest-TaggedBootDevicesTest_v242-1146098240 tempest-TaggedBootDevicesTest_v242-1146098240-project-member] https://10.4.3.148/volume/v3/volumes returned with HTTP 202
Aug 06 13:19:05.418447 np0000006650 devstack@c-api.service[97284]: [pid: 97284|app: 0|req: 86/262] 10.4.3.148 () {68 vars in 1258 bytes} [Thu Aug 6 13:19:05 2026] POST /volume/v3/volumes => generated 757 bytes in 164 msecs (HTTP/1.1 202) 7 headers in 291 bytes (1 switches on core 0)
Aug 06 13:19:05.431124 np0000006650 devstack@c-api.service[97285]: DEBUG cinder.api.middleware.request_id [None req-26c76757-dd00-4157-804f-e756e880b3cf None None] RequestId filter calling following filter/app {{(pid=97285) _context_setter /opt/stack/cinder/cinder/api/middleware/request_id.py:62}}
Aug 06 13:19:05.433567 np0000006650 devstack@c-api.service[97285]: INFO cinder.api.openstack.wsgi [None req-26c76757-dd00-4157-804f-e756e880b3cf tempest-TaggedBootDevicesTest_v242-1146098240 tempest-TaggedBootDevicesTest_v242-1146098240-project-member] GET https://10.4.3.148/volume/v3/volumes/4d149651-8679-4d54-a093-ea113bf12814
Aug 06 13:19:05.433844 np0000006650 devstack@c-api.service[97285]: DEBUG cinder.api.openstack.wsgi [None req-26c76757-dd00-4157-804f-e756e880b3cf tempest-TaggedBootDevicesTest_v242-1146098240 tempest-TaggedBootDevicesTest_v242-1146098240-project-member] Empty body provided in request {{(pid=97285) get_body /opt/stack/cinder/cinder/api/openstack/wsgi.py:725}}
Aug 06 13:19:05.434251 np0000006650 devstack@c-api.service[97285]: DEBUG cinder.api.openstack.wsgi [None req-26c76757-dd00-4157-804f-e756e880b3cf tempest-TaggedBootDevicesTest_v242-1146098240 tempest-TaggedBootDevicesTest_v242-1146098240-project-member] Calling method 'show' {{(pid=97285) _process_stack /opt/stack/cinder/cinder/api/openstack/wsgi.py:878}}
Aug 06 13:19:05.447760 np0000006650 devstack@c-api.service[97285]: /opt/stack/data/venv/lib/python3.12/site-packages/oslo_context/context.py:102: DeprecationWarning: Policy enforcement is depending on the value of is_admin. This key is deprecated. Please update your policy file to use the standard policy values.
Aug 06 13:19:05.447760 np0000006650 devstack@c-api.service[97285]: warnings.warn(
Aug 06 13:19:05.456607 np0000006650 devstack@c-api.service[97285]: INFO cinder.volume.api [None req-26c76757-dd00-4157-804f-e756e880b3cf tempest-TaggedBootDevicesTest_v242-1146098240 tempest-TaggedBootDevicesTest_v242-1146098240-project-member] Volume info retrieved successfully.
Aug 06 13:19:05.464855 np0000006650 devstack@c-api.service[97285]: INFO cinder.api.openstack.wsgi [None req-26c76757-dd00-4157-804f-e756e880b3cf tempest-TaggedBootDevicesTest_v242-1146098240 tempest-TaggedBootDevicesTest_v242-1146098240-project-member] https://10.4.3.148/volume/v3/volumes/4d149651-8679-4d54-a093-ea113bf12814 returned with HTTP 200
