Aug 06 13:15:10.486562 np0000006650 devstack@g-api.service[100010]: DEBUG glance_store.driver [-] Late loading location class glance_store._drivers.filesystem.StoreLocation {{(pid=100010) get_store_location_class /opt/stack/data/venv/lib/python3.12/site-packages/glance_store/driver.py:134}}
Aug 06 13:15:10.486596 np0000006650 devstack@g-api.service[100009]: DEBUG glance_store.location [-] Registering scheme swift+https with {'store': , 'location_class': , 'store_entry': 'swift'} {{(pid=100009) register_scheme_map /opt/stack/data/venv/lib/python3.12/site-packages/glance_store/location.py:146}}
Aug 06 13:15:10.486623 np0000006650 devstack@g-api.service[100010]: DEBUG glance_store.location [-] Registering scheme file with {'store': , 'location_class': , 'store_entry': 'file'} {{(pid=100010) register_scheme_map /opt/stack/data/venv/lib/python3.12/site-packages/glance_store/location.py:146}}
Aug 06 13:15:10.486673 np0000006650 devstack@g-api.service[100009]: DEBUG glance_store.location [-] Registering scheme swift with {'store': , 'location_class': , 'store_entry': 'swift'} {{(pid=100009) register_scheme_map /opt/stack/data/venv/lib/python3.12/site-packages/glance_store/location.py:146}}
Aug 06 13:15:10.486703 np0000006650 devstack@g-api.service[100010]: DEBUG glance_store.location [-] Registering scheme filesystem with {'store': , 'location_class': , 'store_entry': 'file'} {{(pid=100010) register_scheme_map /opt/stack/data/venv/lib/python3.12/site-packages/glance_store/location.py:146}}
Aug 06 13:15:10.486755 np0000006650 devstack@g-api.service[100009]: DEBUG glance_store.location [-] Registering scheme swift+https with {'store': , 'location_class': , 'store_entry': 'swift'} {{(pid=100009) register_scheme_map /opt/stack/data/venv/lib/python3.12/site-packages/glance_store/location.py:146}}
Aug 06 13:15:10.486786 np0000006650 devstack@g-api.service[100010]: DEBUG glance_store.backend [-] Attempting to import store swift {{(pid=100010) _load_store /opt/stack/data/venv/lib/python3.12/site-packages/glance_store/backend.py:215}}
Aug 06 13:15:10.486831 np0000006650 devstack@g-api.service[100009]: DEBUG glance_store.location [-] Registering scheme swift with {'store': , 'location_class': , 'store_entry': 'swift'} {{(pid=100009) register_scheme_map /opt/stack/data/venv/lib/python3.12/site-packages/glance_store/location.py:146}}
Aug 06 13:15:10.486907 np0000006650 devstack@g-api.service[100009]: DEBUG glance_store.location [-] Registering scheme swift+http with {'store': , 'location_class': , 'store_entry': 'swift'} {{(pid=100009) register_scheme_map /opt/stack/data/venv/lib/python3.12/site-packages/glance_store/location.py:146}}
Aug 06 13:15:10.487003 np0000006650 devstack@g-api.service[100009]: DEBUG glance_store.location [-] Registering scheme swift+https with {'store': , 'location_class': , 'store_entry': 'swift'} {{(pid=100009) register_scheme_map /opt/stack/data/venv/lib/python3.12/site-packages/glance_store/location.py:146}}
Aug 06 13:15:10.487081 np0000006650 devstack@g-api.service[100009]: DEBUG glance_store.location [-] Registering scheme swift with {'store': , 'location_class': , 'store_entry': 'swift'} {{(pid=100009) register_scheme_map /opt/stack/data/venv/lib/python3.12/site-packages/glance_store/location.py:146}}
Aug 06 13:15:10.487163 np0000006650 devstack@g-api.service[100009]: DEBUG glance_store.location [-] Registering scheme swift+http with {'store': , 'location_class': , 'store_entry': 'swift'} {{(pid=100009) register_scheme_map /opt/stack/data/venv/lib/python3.12/site-packages/glance_store/location.py:146}}
Aug 06 13:15:10.487242 np0000006650 devstack@g-api.service[100009]: DEBUG glance_store.location [-] Registering scheme swift+config with {'store': , 'location_class': , 'store_entry': 'swift'} {{(pid=100009) register_scheme_map /opt/stack/data/venv/lib/python3.12/site-packages/glance_store/location.py:146}}
Aug 06 13:15:10.487550 np0000006650 devstack@g-api.service[100009]: DEBUG glance.sqlite_migration [-] SQLite caching database not located, skipping migration {{(pid=100009) get_db_path /opt/stack/glance/glance/sqlite_migration.py:68}}
Aug 06 13:15:10.487893 np0000006650 devstack@g-api.service[100009]: WARNING glance.common.wsgi_app [-] Import methods are enabled but staging directory /tmp/staging/ does not exist; Imports will fail!
Aug 06 13:15:10.488160 np0000006650 devstack@g-api.service[100010]: DEBUG glance_store.capabilities [-] Store glance_store._drivers.swift.store.SingleTenantStore doesn't support updating dynamic storage capabilities. Please overwrite 'update_capabilities' method of the store to implement updating logics if needed. {{(pid=100010) update_capabilities /opt/stack/data/venv/lib/python3.12/site-packages/glance_store/capabilities.py:91}}
Aug 06 13:15:10.488228 np0000006650 devstack@g-api.service[100010]: DEBUG glance_store.driver [-] Late loading location class glance_store._drivers.swift.store.StoreLocation {{(pid=100010) get_store_location_class /opt/stack/data/venv/lib/python3.12/site-packages/glance_store/driver.py:134}}
Aug 06 13:15:10.488307 np0000006650 devstack@g-api.service[100010]: DEBUG glance_store.location [-] Registering scheme swift+https with {'store': , 'location_class': , 'store_entry': 'swift'} {{(pid=100010) register_scheme_map /opt/stack/data/venv/lib/python3.12/site-packages/glance_store/location.py:146}}
Aug 06 13:15:10.488400 np0000006650 devstack@g-api.service[100010]: DEBUG glance_store.location [-] Registering scheme swift+https with {'store': , 'location_class': , 'store_entry': 'swift'} {{(pid=100010) register_scheme_map /opt/stack/data/venv/lib/python3.12/site-packages/glance_store/location.py:146}}
Aug 06 13:15:10.488479 np0000006650 devstack@g-api.service[100010]: DEBUG glance_store.location [-] Registering scheme swift with {'store': , 'location_class': , 'store_entry': 'swift'} {{(pid=100010) register_scheme_map /opt/stack/data/venv/lib/python3.12/site-packages/glance_store/location.py:146}}
Aug 06 13:15:10.488542 np0000006650 devstack@g-api.service[100010]: DEBUG glance_store.location [-] Registering scheme swift+https with {'store': , 'location_class': , 'store_entry': 'swift'} {{(pid=100010) register_scheme_map /opt/stack/data/venv/lib/python3.12/site-packages/glance_store/location.py:146}}
Aug 06 13:15:10.488581 np0000006650 devstack@g-api.service[100010]: DEBUG glance_store.location [-] Registering scheme swift with {'store': , 'location_class': , 'store_entry': 'swift'} {{(pid=100010) register_scheme_map /opt/stack/data/venv/lib/python3.12/site-packages/glance_store/location.py:146}}
Aug 06 13:15:10.488654 np0000006650 devstack@g-api.service[100010]: DEBUG glance_store.location [-] Registering scheme swift+http with {'store': , 'location_class': , 'store_entry': 'swift'} {{(pid=100010) register_scheme_map /opt/stack/data/venv/lib/python3.12/site-packages/glance_store/location.py:146}}
Aug 06 13:15:10.488717 np0000006650 devstack@g-api.service[100010]: DEBUG glance_store.location [-] Registering scheme swift+https with {'store': , 'location_class': , 'store_entry': 'swift'} {{(pid=100010) register_scheme_map /opt/stack/data/venv/lib/python3.12/site-packages/glance_store/location.py:146}}
Aug 06 13:15:10.488765 np0000006650 devstack@g-api.service[100010]: DEBUG glance_store.location [-] Registering scheme swift with {'store': , 'location_class': , 'store_entry': 'swift'} {{(pid=100010) register_scheme_map /opt/stack/data/venv/lib/python3.12/site-packages/glance_store/location.py:146}}
Aug 06 13:15:10.488816 np0000006650 devstack@g-api.service[100010]: DEBUG glance_store.location [-] Registering scheme swift+http with {'store': , 'location_class': , 'store_entry': 'swift'} {{(pid=100010) register_scheme_map /opt/stack/data/venv/lib/python3.12/site-packages/glance_store/location.py:146}}
Aug 06 13:15:10.488864 np0000006650 devstack@g-api.service[100010]: DEBUG glance_store.location [-] Registering scheme swift+config with {'store': , 'location_class': , 'store_entry': 'swift'} {{(pid=100010) register_scheme_map /opt/stack/data/venv/lib/python3.12/site-packages/glance_store/location.py:146}}
Aug 06 13:15:10.489193 np0000006650 devstack@g-api.service[100010]: DEBUG glance.sqlite_migration [-] SQLite caching database not located, skipping migration {{(pid=100010) get_db_path /opt/stack/glance/glance/sqlite_migration.py:68}}
Aug 06 13:15:10.489402 np0000006650 devstack@g-api.service[100010]: WARNING glance.common.wsgi_app [-] Import methods are enabled but staging directory /tmp/staging/ does not exist; Imports will fail!
Aug 06 13:15:10.624921 np0000006650 devstack@g-api.service[100010]: DEBUG glance.common.config [None req-3d53dbb9-d053-4955-acef-cc4b00da48a0 None None] Loading glance-api-keystone+cachemanagement from /etc/glance/glance-api-paste.ini {{(pid=100010) load_paste_app /opt/stack/glance/glance/common/config.py:765}}
Aug 06 13:15:10.625428 np0000006650 devstack@g-api.service[100011]: DEBUG glance.common.config [None req-98c2698c-303a-4e37-a717-9440f8649ab6 None None] Loading glance-api-keystone+cachemanagement from /etc/glance/glance-api-paste.ini {{(pid=100011) load_paste_app /opt/stack/glance/glance/common/config.py:765}}
Aug 06 13:15:10.637982 np0000006650 devstack@g-api.service[100009]: DEBUG glance.common.config [None req-2d39dbfd-b46e-4d75-a59d-63f01fd6fd7e None None] Loading glance-api-keystone+cachemanagement from /etc/glance/glance-api-paste.ini {{(pid=100009) load_paste_app /opt/stack/glance/glance/common/config.py:765}}
Aug 06 13:15:11.285411 np0000006650 devstack@g-api.service[100011]: INFO glance.image_cache [None req-98c2698c-303a-4e37-a717-9440f8649ab6 None None] Image cache loaded driver 'centralized_db'.
Aug 06 13:15:11.286073 np0000006650 devstack@g-api.service[100009]: INFO glance.image_cache [None req-2d39dbfd-b46e-4d75-a59d-63f01fd6fd7e None None] Image cache loaded driver 'centralized_db'.
Aug 06 13:15:11.286582 np0000006650 devstack@g-api.service[100010]: INFO glance.image_cache [None req-3d53dbb9-d053-4955-acef-cc4b00da48a0 None None] Image cache loaded driver 'centralized_db'.
Aug 06 13:15:11.333631 np0000006650 devstack@g-api.service[100011]: INFO dbcounter [None req-98c2698c-303a-4e37-a717-9440f8649ab6 None None] Registered counter for database glance
Aug 06 13:15:11.333748 np0000006650 devstack@g-api.service[100009]: INFO dbcounter [None req-2d39dbfd-b46e-4d75-a59d-63f01fd6fd7e None None] Registered counter for database glance
Aug 06 13:15:11.337979 np0000006650 devstack@g-api.service[100010]: INFO dbcounter [None req-3d53dbb9-d053-4955-acef-cc4b00da48a0 None None] Registered counter for database glance
Aug 06 13:15:11.373733 np0000006650 devstack@g-api.service[100011]: DEBUG oslo_db.sqlalchemy.engines [None req-98c2698c-303a-4e37-a717-9440f8649ab6 None None] MySQL server mode set to STRICT_TRANS_TABLES,STRICT_ALL_TABLES,NO_ZERO_IN_DATE,NO_ZERO_DATE,ERROR_FOR_DIVISION_BY_ZERO,TRADITIONAL,NO_ENGINE_SUBSTITUTION {{(pid=100011) _check_effective_sql_mode /opt/stack/data/venv/lib/python3.12/site-packages/oslo_db/sqlalchemy/engines.py:325}}
Aug 06 13:15:11.376490 np0000006650 devstack@g-api.service[100009]: DEBUG oslo_db.sqlalchemy.engines [None req-2d39dbfd-b46e-4d75-a59d-63f01fd6fd7e None None] MySQL server mode set to STRICT_TRANS_TABLES,STRICT_ALL_TABLES,NO_ZERO_IN_DATE,NO_ZERO_DATE,ERROR_FOR_DIVISION_BY_ZERO,TRADITIONAL,NO_ENGINE_SUBSTITUTION {{(pid=100009) _check_effective_sql_mode /opt/stack/data/venv/lib/python3.12/site-packages/oslo_db/sqlalchemy/engines.py:325}}
Aug 06 13:15:11.379945 np0000006650 devstack@g-api.service[100010]: DEBUG oslo_db.sqlalchemy.engines [None req-3d53dbb9-d053-4955-acef-cc4b00da48a0 None None] MySQL server mode set to STRICT_TRANS_TABLES,STRICT_ALL_TABLES,NO_ZERO_IN_DATE,NO_ZERO_DATE,ERROR_FOR_DIVISION_BY_ZERO,TRADITIONAL,NO_ENGINE_SUBSTITUTION {{(pid=100010) _check_effective_sql_mode /opt/stack/data/venv/lib/python3.12/site-packages/oslo_db/sqlalchemy/engines.py:325}}
Aug 06 13:15:11.489255 np0000006650 devstack@g-api.service[100009]: DEBUG dbcounter [-] [100009] Writer thread running {{(pid=100009) stat_writer /opt/stack/data/venv/lib/python3.12/site-packages/dbcounter.py:102}}
Aug 06 13:15:11.493729 np0000006650 devstack@g-api.service[100011]: DEBUG dbcounter [-] [100011] Writer thread running {{(pid=100011) stat_writer /opt/stack/data/venv/lib/python3.12/site-packages/dbcounter.py:102}}
Aug 06 13:15:11.494705 np0000006650 devstack@g-api.service[100010]: DEBUG dbcounter [-] [100010] Writer thread running {{(pid=100010) stat_writer /opt/stack/data/venv/lib/python3.12/site-packages/dbcounter.py:102}}
Aug 06 13:15:11.497162 np0000006650 devstack@g-api.service[100011]: DEBUG glance.image_cache.drivers.centralized_db [None req-98c2698c-303a-4e37-a717-9440f8649ab6 None None] Node reference is already recorded, ignoring it {{(pid=100011) configure /opt/stack/glance/glance/image_cache/drivers/centralized_db.py:71}}
Aug 06 13:15:11.497390 np0000006650 devstack@g-api.service[100010]: DEBUG glance.image_cache.drivers.centralized_db [None req-3d53dbb9-d053-4955-acef-cc4b00da48a0 None None] Node reference is already recorded, ignoring it {{(pid=100010) configure /opt/stack/glance/glance/image_cache/drivers/centralized_db.py:71}}
Aug 06 13:15:11.500946 np0000006650 devstack@g-api.service[100009]: INFO glance.image_cache [None req-2d39dbfd-b46e-4d75-a59d-63f01fd6fd7e None None] Image cache loaded driver 'centralized_db'.
Aug 06 13:15:11.502643 np0000006650 devstack@g-api.service[100010]: INFO glance.image_cache [None req-3d53dbb9-d053-4955-acef-cc4b00da48a0 None None] Image cache loaded driver 'centralized_db'.
Aug 06 13:15:11.503727 np0000006650 devstack@g-api.service[100011]: INFO glance.image_cache [None req-98c2698c-303a-4e37-a717-9440f8649ab6 None None] Image cache loaded driver 'centralized_db'.
Aug 06 13:15:11.507577 np0000006650 devstack@g-api.service[100009]: DEBUG glance.image_cache.drivers.centralized_db [None req-2d39dbfd-b46e-4d75-a59d-63f01fd6fd7e None None] Node reference is already recorded, ignoring it {{(pid=100009) configure /opt/stack/glance/glance/image_cache/drivers/centralized_db.py:71}}
Aug 06 13:15:11.509207 np0000006650 devstack@g-api.service[100010]: DEBUG glance.image_cache.drivers.centralized_db [None req-3d53dbb9-d053-4955-acef-cc4b00da48a0 None None] Node reference is already recorded, ignoring it {{(pid=100010) configure /opt/stack/glance/glance/image_cache/drivers/centralized_db.py:71}}
Aug 06 13:15:11.512186 np0000006650 devstack@g-api.service[100009]: DEBUG glance.api.v2.cached_images [None req-2d39dbfd-b46e-4d75-a59d-63f01fd6fd7e None None] Started cache worker thread {{(pid=100009) __init__ /opt/stack/glance/glance/api/v2/cached_images.py:71}}
Aug 06 13:15:11.512341 np0000006650 devstack@g-api.service[100011]: DEBUG glance.image_cache.drivers.centralized_db [None req-98c2698c-303a-4e37-a717-9440f8649ab6 None None] Node reference is already recorded, ignoring it {{(pid=100011) configure /opt/stack/glance/glance/image_cache/drivers/centralized_db.py:71}}
Aug 06 13:15:11.512895 np0000006650 devstack@g-api.service[100009]: INFO glance.image_cache [None req-2d39dbfd-b46e-4d75-a59d-63f01fd6fd7e None None] Image cache loaded driver 'centralized_db'.
Aug 06 13:15:11.516032 np0000006650 devstack@g-api.service[100010]: DEBUG glance.api.v2.cached_images [None req-3d53dbb9-d053-4955-acef-cc4b00da48a0 None None] Started cache worker thread {{(pid=100010) __init__ /opt/stack/glance/glance/api/v2/cached_images.py:71}}
Aug 06 13:15:11.516868 np0000006650 devstack@g-api.service[100010]: INFO glance.image_cache [None req-3d53dbb9-d053-4955-acef-cc4b00da48a0 None None] Image cache loaded driver 'centralized_db'.
Aug 06 13:15:11.519158 np0000006650 devstack@g-api.service[100011]: DEBUG glance.api.v2.cached_images [None req-98c2698c-303a-4e37-a717-9440f8649ab6 None None] Started cache worker thread {{(pid=100011) __init__ /opt/stack/glance/glance/api/v2/cached_images.py:71}}
Aug 06 13:15:11.519214 np0000006650 devstack@g-api.service[100009]: DEBUG glance.image_cache.drivers.centralized_db [None req-2d39dbfd-b46e-4d75-a59d-63f01fd6fd7e None None] Node reference is already recorded, ignoring it {{(pid=100009) configure /opt/stack/glance/glance/image_cache/drivers/centralized_db.py:71}}
Aug 06 13:15:11.519973 np0000006650 devstack@g-api.service[100011]: INFO glance.image_cache [None req-98c2698c-303a-4e37-a717-9440f8649ab6 None None] Image cache loaded driver 'centralized_db'.
Aug 06 13:15:11.524415 np0000006650 devstack@g-api.service[100009]: INFO glance.api.middleware.cache_manage [None req-2d39dbfd-b46e-4d75-a59d-63f01fd6fd7e None None] Initialized image cache management middleware
Aug 06 13:15:11.524576 np0000006650 devstack@g-api.service[100009]: INFO glance.image_cache [None req-2d39dbfd-b46e-4d75-a59d-63f01fd6fd7e None None] Image cache loaded driver 'centralized_db'.
Aug 06 13:15:11.525528 np0000006650 devstack@g-api.service[100010]: DEBUG glance.image_cache.drivers.centralized_db [None req-3d53dbb9-d053-4955-acef-cc4b00da48a0 None None] Node reference is already recorded, ignoring it {{(pid=100010) configure /opt/stack/glance/glance/image_cache/drivers/centralized_db.py:71}}
Aug 06 13:15:11.528526 np0000006650 devstack@g-api.service[100011]: DEBUG glance.image_cache.drivers.centralized_db [None req-98c2698c-303a-4e37-a717-9440f8649ab6 None None] Node reference is already recorded, ignoring it {{(pid=100011) configure /opt/stack/glance/glance/image_cache/drivers/centralized_db.py:71}}
Aug 06 13:15:11.530767 np0000006650 devstack@g-api.service[100009]: DEBUG glance.image_cache.drivers.centralized_db [None req-2d39dbfd-b46e-4d75-a59d-63f01fd6fd7e None None] Node reference is already recorded, ignoring it {{(pid=100009) configure /opt/stack/glance/glance/image_cache/drivers/centralized_db.py:71}}
Aug 06 13:15:11.533317 np0000006650 devstack@g-api.service[100010]: INFO glance.api.middleware.cache_manage [None req-3d53dbb9-d053-4955-acef-cc4b00da48a0 None None] Initialized image cache management middleware
Aug 06 13:15:11.533500 np0000006650 devstack@g-api.service[100010]: INFO glance.image_cache [None req-3d53dbb9-d053-4955-acef-cc4b00da48a0 None None] Image cache loaded driver 'centralized_db'.
Aug 06 13:15:11.534188 np0000006650 devstack@g-api.service[100009]: INFO glance.api.middleware.cache [None req-2d39dbfd-b46e-4d75-a59d-63f01fd6fd7e None None] Initialized image cache middleware
Aug 06 13:15:11.536951 np0000006650 devstack@g-api.service[100011]: INFO glance.api.middleware.cache_manage [None req-98c2698c-303a-4e37-a717-9440f8649ab6 None None] Initialized image cache management middleware
Aug 06 13:15:11.537106 np0000006650 devstack@g-api.service[100011]: INFO glance.image_cache [None req-98c2698c-303a-4e37-a717-9440f8649ab6 None None] Image cache loaded driver 'centralized_db'.
Aug 06 13:15:11.542143 np0000006650 devstack@g-api.service[100010]: DEBUG glance.image_cache.drivers.centralized_db [None req-3d53dbb9-d053-4955-acef-cc4b00da48a0 None None] Node reference is already recorded, ignoring it {{(pid=100010) configure /opt/stack/glance/glance/image_cache/drivers/centralized_db.py:71}}
Aug 06 13:15:11.545161 np0000006650 devstack@g-api.service[100011]: DEBUG glance.image_cache.drivers.centralized_db [None req-98c2698c-303a-4e37-a717-9440f8649ab6 None None] Node reference is already recorded, ignoring it {{(pid=100011) configure /opt/stack/glance/glance/image_cache/drivers/centralized_db.py:71}}
Aug 06 13:15:11.545346 np0000006650 devstack@g-api.service[100009]: DEBUG glance.common.config [None req-2d39dbfd-b46e-4d75-a59d-63f01fd6fd7e None None] ******************************************************************************** {{(pid=100009) log_opt_values /opt/stack/data/venv/lib/python3.12/site-packages/oslo_config/cfg.py:3518}}
Aug 06 13:15:11.545430 np0000006650 devstack@g-api.service[100009]: DEBUG glance.common.config [None req-2d39dbfd-b46e-4d75-a59d-63f01fd6fd7e None None] Configuration options gathered from: {{(pid=100009) log_opt_values /opt/stack/data/venv/lib/python3.12/site-packages/oslo_config/cfg.py:3519}}
Aug 06 13:15:11.545755 np0000006650 devstack@g-api.service[100009]: DEBUG glance.common.config [None req-2d39dbfd-b46e-4d75-a59d-63f01fd6fd7e None None] command line args: [] {{(pid=100009) log_opt_values /opt/stack/data/venv/lib/python3.12/site-packages/oslo_config/cfg.py:3520}}
Aug 06 13:15:11.545875 np0000006650 devstack@g-api.service[100009]: DEBUG glance.common.config [None req-2d39dbfd-b46e-4d75-a59d-63f01fd6fd7e None None] config files: ['/etc/glance/glance-image-import.conf', '/etc/glance/glance-api.conf'] {{(pid=100009) log_opt_values /opt/stack/data/venv/lib/python3.12/site-packages/oslo_config/cfg.py:3521}}
Aug 06 13:15:11.545941 np0000006650 devstack@g-api.service[100009]: DEBUG glance.common.config [None req-2d39dbfd-b46e-4d75-a59d-63f01fd6fd7e None None] ================================================================================ {{(pid=100009) log_opt_values /opt/stack/data/venv/lib/python3.12/site-packages/oslo_config/cfg.py:3526}}
Aug 06 13:15:11.546092 np0000006650 devstack@g-api.service[100009]: DEBUG glance.common.config [None req-2d39dbfd-b46e-4d75-a59d-63f01fd6fd7e None None] allow_anonymous_access = False {{(pid=100009) log_opt_values /opt/stack/data/venv/lib/python3.12/site-packages/oslo_config/cfg.py:3534}}
Aug 06 13:15:11.546209 np0000006650 devstack@g-api.service[100009]: DEBUG glance.common.config [None req-2d39dbfd-b46e-4d75-a59d-63f01fd6fd7e None None] api_limit_max = 1000 {{(pid=100009) log_opt_values /opt/stack/data/venv/lib/python3.12/site-packages/oslo_config/cfg.py:3534}}
Aug 06 13:15:11.546297 np0000006650 devstack@g-api.service[100009]: DEBUG glance.common.config [None req-2d39dbfd-b46e-4d75-a59d-63f01fd6fd7e None None] config_dir = [] {{(pid=100009) log_opt_values /opt/stack/data/venv/lib/python3.12/site-packages/oslo_config/cfg.py:3534}}
Aug 06 13:15:11.546378 np0000006650 devstack@g-api.service[100009]: DEBUG glance.common.config [None req-2d39dbfd-b46e-4d75-a59d-63f01fd6fd7e None None] config_file = ['/etc/glance/glance-image-import.conf', '/etc/glance/glance-api.conf'] {{(pid=100009) log_opt_values /opt/stack/data/venv/lib/python3.12/site-packages/oslo_config/cfg.py:3534}}
Aug 06 13:15:11.546494 np0000006650 devstack@g-api.service[100009]: DEBUG glance.common.config [None req-2d39dbfd-b46e-4d75-a59d-63f01fd6fd7e None None] config_source = [] {{(pid=100009) log_opt_values /opt/stack/data/venv/lib/python3.12/site-packages/oslo_config/cfg.py:3534}}
Aug 06 13:15:11.546585 np0000006650 devstack@g-api.service[100009]: DEBUG glance.common.config [None req-2d39dbfd-b46e-4d75-a59d-63f01fd6fd7e None None] control_exchange = glance {{(pid=100009) log_opt_values /opt/stack/data/venv/lib/python3.12/site-packages/oslo_config/cfg.py:3534}}
Aug 06 13:15:11.546648 np0000006650 devstack@g-api.service[100009]: DEBUG glance.common.config [None req-2d39dbfd-b46e-4d75-a59d-63f01fd6fd7e None None] debug = True {{(pid=100009) log_opt_values /opt/stack/data/venv/lib/python3.12/site-packages/oslo_config/cfg.py:3534}}
Aug 06 13:15:11.546830 np0000006650 devstack@g-api.service[100009]: DEBUG glance.common.config [None req-2d39dbfd-b46e-4d75-a59d-63f01fd6fd7e None None] default_log_levels = ['amqp=WARN', 'boto=WARN', 'sqlalchemy=WARN', 'suds=INFO', 'oslo.messaging=INFO', 'oslo_messaging=INFO', 'iso8601=WARN', 'requests.packages.urllib3.connectionpool=WARN', 'urllib3.connectionpool=WARN', 'websocket=WARN', 'requests.packages.urllib3.util.retry=WARN', 'urllib3.util.retry=WARN', 'keystonemiddleware=WARN', 'routes.middleware=WARN', 'stevedore=WARN', 'taskflow=WARN', 'keystoneauth=WARN', 'oslo.cache=INFO', 'oslo_policy=INFO', 'dogpile.core.dogpile=INFO'] {{(pid=100009) log_opt_values /opt/stack/data/venv/lib/python3.12/site-packages/oslo_config/cfg.py:3534}}
Aug 06 13:15:11.546981 np0000006650 devstack@g-api.service[100009]: DEBUG glance.common.config [None req-2d39dbfd-b46e-4d75-a59d-63f01fd6fd7e None None] default_publisher_id = image.localhost {{(pid=100009) log_opt_values /opt/stack/data/venv/lib/python3.12/site-packages/oslo_config/cfg.py:3534}}
Aug 06 13:15:11.547116 np0000006650 devstack@g-api.service[100009]: DEBUG glance.common.config [None req-2d39dbfd-b46e-4d75-a59d-63f01fd6fd7e None None] delayed_delete = False {{(pid=100009) log_opt_values /opt/stack/data/venv/lib/python3.12/site-packages/oslo_config/cfg.py:3534}}
Aug 06 13:15:11.547216 np0000006650 devstack@g-api.service[100009]: DEBUG glance.common.config [None req-2d39dbfd-b46e-4d75-a59d-63f01fd6fd7e None None] digest_algorithm = sha256 {{(pid=100009) log_opt_values /opt/stack/data/venv/lib/python3.12/site-packages/oslo_config/cfg.py:3534}}
Aug 06 13:15:11.547307 np0000006650 devstack@g-api.service[100009]: DEBUG glance.common.config [None req-2d39dbfd-b46e-4d75-a59d-63f01fd6fd7e None None] disabled_notifications = [] {{(pid=100009) log_opt_values /opt/stack/data/venv/lib/python3.12/site-packages/oslo_config/cfg.py:3534}}
Aug 06 13:15:11.547415 np0000006650 devstack@g-api.service[100009]: DEBUG glance.common.config [None req-2d39dbfd-b46e-4d75-a59d-63f01fd6fd7e None None] do_secure_hash = True {{(pid=100009) log_opt_values /opt/stack/data/venv/lib/python3.12/site-packages/oslo_config/cfg.py:3534}}
Aug 06 13:15:11.547460 np0000006650 devstack@g-api.service[100010]: INFO glance.api.middleware.cache [None req-3d53dbb9-d053-4955-acef-cc4b00da48a0 None None] Initialized image cache middleware
Aug 06 13:15:11.547550 np0000006650 devstack@g-api.service[100009]: DEBUG glance.common.config [None req-2d39dbfd-b46e-4d75-a59d-63f01fd6fd7e None None] enabled_backends = None {{(pid=100009) log_opt_values /opt/stack/data/venv/lib/python3.12/site-packages/oslo_config/cfg.py:3534}}
Aug 06 13:15:11.547660 np0000006650 devstack@g-api.service[100009]: DEBUG glance.common.config [None req-2d39dbfd-b46e-4d75-a59d-63f01fd6fd7e None None] enabled_import_methods = ['glance-direct', 'web-download', 'copy-image'] {{(pid=100009) log_opt_values /opt/stack/data/venv/lib/python3.12/site-packages/oslo_config/cfg.py:3534}}
Aug 06 13:15:11.547769 np0000006650 devstack@g-api.service[100009]: DEBUG glance.common.config [None req-2d39dbfd-b46e-4d75-a59d-63f01fd6fd7e None None] fatal_deprecations = False {{(pid=100009) log_opt_values /opt/stack/data/venv/lib/python3.12/site-packages/oslo_config/cfg.py:3534}}
Aug 06 13:15:11.547869 np0000006650 devstack@g-api.service[100009]: DEBUG glance.common.config [None req-2d39dbfd-b46e-4d75-a59d-63f01fd6fd7e None None] hashing_algorithm = sha512 {{(pid=100009) log_opt_values /opt/stack/data/venv/lib/python3.12/site-packages/oslo_config/cfg.py:3534}}
Aug 06 13:15:11.547967 np0000006650 devstack@g-api.service[100009]: DEBUG glance.common.config [None req-2d39dbfd-b46e-4d75-a59d-63f01fd6fd7e None None] http_retries = 3 {{(pid=100009) log_opt_values /opt/stack/data/venv/lib/python3.12/site-packages/oslo_config/cfg.py:3534}}
Aug 06 13:15:11.548068 np0000006650 devstack@g-api.service[100009]: DEBUG glance.common.config [None req-2d39dbfd-b46e-4d75-a59d-63f01fd6fd7e None None] image_cache_dir = /opt/stack/data/glance/cache/ {{(pid=100009) log_opt_values /opt/stack/data/venv/lib/python3.12/site-packages/oslo_config/cfg.py:3534}}
Aug 06 13:15:11.548158 np0000006650 devstack@g-api.service[100009]: DEBUG glance.common.config [None req-2d39dbfd-b46e-4d75-a59d-63f01fd6fd7e None None] image_cache_driver = centralized_db {{(pid=100009) log_opt_values /opt/stack/data/venv/lib/python3.12/site-packages/oslo_config/cfg.py:3534}}
Aug 06 13:15:11.548242 np0000006650 devstack@g-api.service[100009]: DEBUG glance.common.config [None req-2d39dbfd-b46e-4d75-a59d-63f01fd6fd7e None None] image_cache_max_size = 10737418240 {{(pid=100009) log_opt_values /opt/stack/data/venv/lib/python3.12/site-packages/oslo_config/cfg.py:3534}}
Aug 06 13:15:11.548332 np0000006650 devstack@g-api.service[100009]: DEBUG glance.common.config [None req-2d39dbfd-b46e-4d75-a59d-63f01fd6fd7e None None] image_cache_sqlite_db = cache.db {{(pid=100009) log_opt_values /opt/stack/data/venv/lib/python3.12/site-packages/oslo_config/cfg.py:3534}}
Aug 06 13:15:11.548459 np0000006650 devstack@g-api.service[100009]: DEBUG glance.common.config [None req-2d39dbfd-b46e-4d75-a59d-63f01fd6fd7e None None] image_cache_stall_time = 86400 {{(pid=100009) log_opt_values /opt/stack/data/venv/lib/python3.12/site-packages/oslo_config/cfg.py:3534}}
Aug 06 13:15:11.548572 np0000006650 devstack@g-api.service[100009]: DEBUG glance.common.config [None req-2d39dbfd-b46e-4d75-a59d-63f01fd6fd7e None None] image_location_quota = 10 {{(pid=100009) log_opt_values /opt/stack/data/venv/lib/python3.12/site-packages/oslo_config/cfg.py:3534}}
Aug 06 13:15:11.548685 np0000006650 devstack@g-api.service[100009]: DEBUG glance.common.config [None req-2d39dbfd-b46e-4d75-a59d-63f01fd6fd7e None None] image_member_quota = 128 {{(pid=100009) log_opt_values /opt/stack/data/venv/lib/python3.12/site-packages/oslo_config/cfg.py:3534}}
Aug 06 13:15:11.548787 np0000006650 devstack@g-api.service[100009]: DEBUG glance.common.config [None req-2d39dbfd-b46e-4d75-a59d-63f01fd6fd7e None None] image_property_quota = 128 {{(pid=100009) log_opt_values /opt/stack/data/venv/lib/python3.12/site-packages/oslo_config/cfg.py:3534}}
Aug 06 13:15:11.548873 np0000006650 devstack@g-api.service[100009]: DEBUG glance.common.config [None req-2d39dbfd-b46e-4d75-a59d-63f01fd6fd7e None None] image_size_cap = 1099511627776 {{(pid=100009) log_opt_values /opt/stack/data/venv/lib/python3.12/site-packages/oslo_config/cfg.py:3534}}
Aug 06 13:15:11.548976 np0000006650 devstack@g-api.service[100009]: DEBUG glance.common.config [None req-2d39dbfd-b46e-4d75-a59d-63f01fd6fd7e None None] image_tag_quota = 128 {{(pid=100009) log_opt_values /opt/stack/data/venv/lib/python3.12/site-packages/oslo_config/cfg.py:3534}}
Aug 06 13:15:11.549067 np0000006650 devstack@g-api.service[100009]: DEBUG glance.common.config [None req-2d39dbfd-b46e-4d75-a59d-63f01fd6fd7e None None] instance_format = [instance: %(uuid)s] {{(pid=100009) log_opt_values /opt/stack/data/venv/lib/python3.12/site-packages/oslo_config/cfg.py:3534}}
Aug 06 13:15:11.549159 np0000006650 devstack@g-api.service[100009]: DEBUG glance.common.config [None req-2d39dbfd-b46e-4d75-a59d-63f01fd6fd7e None None] instance_uuid_format = [instance: %(uuid)s] {{(pid=100009) log_opt_values /opt/stack/data/venv/lib/python3.12/site-packages/oslo_config/cfg.py:3534}}
Aug 06 13:15:11.549245 np0000006650 devstack@g-api.service[100009]: DEBUG glance.common.config [None req-2d39dbfd-b46e-4d75-a59d-63f01fd6fd7e None None] limit_param_default = 25 {{(pid=100009) log_opt_values /opt/stack/data/venv/lib/python3.12/site-packages/oslo_config/cfg.py:3534}}
Aug 06 13:15:11.549336 np0000006650 devstack@g-api.service[100009]: DEBUG glance.common.config [None req-2d39dbfd-b46e-4d75-a59d-63f01fd6fd7e None None] log_color = False {{(pid=100009) log_opt_values /opt/stack/data/venv/lib/python3.12/site-packages/oslo_config/cfg.py:3534}}
Aug 06 13:15:11.549457 np0000006650 devstack@g-api.service[100009]: DEBUG glance.common.config [None req-2d39dbfd-b46e-4d75-a59d-63f01fd6fd7e None None] log_config_append = None {{(pid=100009) log_opt_values /opt/stack/data/venv/lib/python3.12/site-packages/oslo_config/cfg.py:3534}}
Aug 06 13:15:11.549560 np0000006650 devstack@g-api.service[100009]: DEBUG glance.common.config [None req-2d39dbfd-b46e-4d75-a59d-63f01fd6fd7e None None] log_date_format = %Y-%m-%d %H:%M:%S {{(pid=100009) log_opt_values /opt/stack/data/venv/lib/python3.12/site-packages/oslo_config/cfg.py:3534}}
Aug 06 13:15:11.549649 np0000006650 devstack@g-api.service[100009]: DEBUG glance.common.config [None req-2d39dbfd-b46e-4d75-a59d-63f01fd6fd7e None None] log_dir = None {{(pid=100009) log_opt_values /opt/stack/data/venv/lib/python3.12/site-packages/oslo_config/cfg.py:3534}}
Aug 06 13:15:11.549749 np0000006650 devstack@g-api.service[100009]: DEBUG glance.common.config [None req-2d39dbfd-b46e-4d75-a59d-63f01fd6fd7e None None] log_file = None {{(pid=100009) log_opt_values /opt/stack/data/venv/lib/python3.12/site-packages/oslo_config/cfg.py:3534}}
Aug 06 13:15:11.549849 np0000006650 devstack@g-api.service[100009]: DEBUG glance.common.config [None req-2d39dbfd-b46e-4d75-a59d-63f01fd6fd7e None None] log_rotate_interval = 1 {{(pid=100009) log_opt_values /opt/stack/data/venv/lib/python3.12/site-packages/oslo_config/cfg.py:3534}}
Aug 06 13:15:11.549942 np0000006650 devstack@g-api.service[100009]: DEBUG glance.common.config [None req-2d39dbfd-b46e-4d75-a59d-63f01fd6fd7e None None] log_rotate_interval_type = days {{(pid=100009) log_opt_values /opt/stack/data/venv/lib/python3.12/site-packages/oslo_config/cfg.py:3534}}
Aug 06 13:15:11.550054 np0000006650 devstack@g-api.service[100009]: DEBUG glance.common.config [None req-2d39dbfd-b46e-4d75-a59d-63f01fd6fd7e None None] log_rotation_type = none {{(pid=100009) log_opt_values /opt/stack/data/venv/lib/python3.12/site-packages/oslo_config/cfg.py:3534}}
Aug 06 13:15:11.550121 np0000006650 devstack@g-api.service[100009]: DEBUG glance.common.config [None req-2d39dbfd-b46e-4d75-a59d-63f01fd6fd7e None None] logging_context_format_string = %(color)s%(levelname)s %(name)s [%(global_request_id)s %(request_id)s %(project_name)s %(user_name)s%(color)s] %(instance)s%(color)s%(message)s {{(pid=100009) log_opt_values /opt/stack/data/venv/lib/python3.12/site-packages/oslo_config/cfg.py:3534}}
Aug 06 13:15:11.550183 np0000006650 devstack@g-api.service[100009]: DEBUG glance.common.config [None req-2d39dbfd-b46e-4d75-a59d-63f01fd6fd7e None None] logging_debug_format_suffix = {{(pid=%(process)d) %(funcName)s %(pathname)s:%(lineno)d}} {{(pid=100009) log_opt_values /opt/stack/data/venv/lib/python3.12/site-packages/oslo_config/cfg.py:3534}}
Aug 06 13:15:11.550280 np0000006650 devstack@g-api.service[100009]: DEBUG glance.common.config [None req-2d39dbfd-b46e-4d75-a59d-63f01fd6fd7e None None] logging_default_format_string = %(color)s%(levelname)s %(name)s [-%(color)s] %(instance)s%(color)s%(message)s {{(pid=100009) log_opt_values /opt/stack/data/venv/lib/python3.12/site-packages/oslo_config/cfg.py:3534}}
Aug 06 13:15:11.550379 np0000006650 devstack@g-api.service[100009]: DEBUG glance.common.config [None req-2d39dbfd-b46e-4d75-a59d-63f01fd6fd7e None None] logging_exception_prefix = ERROR %(name)s %(instance)s {{(pid=100009) log_opt_values /opt/stack/data/venv/lib/python3.12/site-packages/oslo_config/cfg.py:3534}}
Aug 06 13:15:11.550464 np0000006650 devstack@g-api.service[100009]: DEBUG glance.common.config [None req-2d39dbfd-b46e-4d75-a59d-63f01fd6fd7e None None] logging_user_identity_format = %(user)s %(project)s %(domain)s %(system_scope)s %(user_domain)s %(project_domain)s {{(pid=100009) log_opt_values /opt/stack/data/venv/lib/python3.12/site-packages/oslo_config/cfg.py:3534}}
Aug 06 13:15:11.550568 np0000006650 devstack@g-api.service[100009]: DEBUG glance.common.config [None req-2d39dbfd-b46e-4d75-a59d-63f01fd6fd7e None None] max_logfile_count = 30 {{(pid=100009) log_opt_values /opt/stack/data/venv/lib/python3.12/site-packages/oslo_config/cfg.py:3534}}
Aug 06 13:15:11.550604 np0000006650 devstack@g-api.service[100011]: INFO glance.api.middleware.cache [None req-98c2698c-303a-4e37-a717-9440f8649ab6 None None] Initialized image cache middleware
Aug 06 13:15:11.550657 np0000006650 devstack@g-api.service[100009]: DEBUG glance.common.config [None req-2d39dbfd-b46e-4d75-a59d-63f01fd6fd7e None None] max_logfile_size_mb = 200 {{(pid=100009) log_opt_values /opt/stack/data/venv/lib/python3.12/site-packages/oslo_config/cfg.py:3534}}
Aug 06 13:15:11.550741 np0000006650 devstack@g-api.service[100009]: DEBUG glance.common.config [None req-2d39dbfd-b46e-4d75-a59d-63f01fd6fd7e None None] max_request_id_length = 64 {{(pid=100009) log_opt_values /opt/stack/data/venv/lib/python3.12/site-packages/oslo_config/cfg.py:3534}}
Aug 06 13:15:11.550826 np0000006650 devstack@g-api.service[100009]: DEBUG glance.common.config [None req-2d39dbfd-b46e-4d75-a59d-63f01fd6fd7e None None] metadata_encryption_key = **** {{(pid=100009) log_opt_values /opt/stack/data/venv/lib/python3.12/site-packages/oslo_config/cfg.py:3534}}
Aug 06 13:15:11.550917 np0000006650 devstack@g-api.service[100009]: DEBUG glance.common.config [None req-2d39dbfd-b46e-4d75-a59d-63f01fd6fd7e None None] node_staging_uri = file:///tmp/staging/ {{(pid=100009) log_opt_values /opt/stack/data/venv/lib/python3.12/site-packages/oslo_config/cfg.py:3534}}
Aug 06 13:15:11.551019 np0000006650 devstack@g-api.service[100009]: DEBUG glance.common.config [None req-2d39dbfd-b46e-4d75-a59d-63f01fd6fd7e None None] property_protection_file = None {{(pid=100009) log_opt_values /opt/stack/data/venv/lib/python3.12/site-packages/oslo_config/cfg.py:3534}}
Aug 06 13:15:11.551108 np0000006650 devstack@g-api.service[100009]: DEBUG glance.common.config [None req-2d39dbfd-b46e-4d75-a59d-63f01fd6fd7e None None] property_protection_rule_format = roles {{(pid=100009) log_opt_values /opt/stack/data/venv/lib/python3.12/site-packages/oslo_config/cfg.py:3534}}
Aug 06 13:15:11.551197 np0000006650 devstack@g-api.service[100009]: DEBUG glance.common.config [None req-2d39dbfd-b46e-4d75-a59d-63f01fd6fd7e None None] public_endpoint = https://10.4.3.148/image {{(pid=100009) log_opt_values /opt/stack/data/venv/lib/python3.12/site-packages/oslo_config/cfg.py:3534}}
Aug 06 13:15:11.551304 np0000006650 devstack@g-api.service[100009]: DEBUG glance.common.config [None req-2d39dbfd-b46e-4d75-a59d-63f01fd6fd7e None None] publish_errors = False {{(pid=100009) log_opt_values /opt/stack/data/venv/lib/python3.12/site-packages/oslo_config/cfg.py:3534}}
Aug 06 13:15:11.551416 np0000006650 devstack@g-api.service[100009]: DEBUG glance.common.config [None req-2d39dbfd-b46e-4d75-a59d-63f01fd6fd7e None None] pydev_worker_debug_host = None {{(pid=100009) log_opt_values /opt/stack/data/venv/lib/python3.12/site-packages/oslo_config/cfg.py:3534}}
Aug 06 13:15:11.551534 np0000006650 devstack@g-api.service[100009]: DEBUG glance.common.config [None req-2d39dbfd-b46e-4d75-a59d-63f01fd6fd7e None None] pydev_worker_debug_port = 5678 {{(pid=100009) log_opt_values /opt/stack/data/venv/lib/python3.12/site-packages/oslo_config/cfg.py:3534}}
Aug 06 13:15:11.551621 np0000006650 devstack@g-api.service[100009]: DEBUG glance.common.config [None req-2d39dbfd-b46e-4d75-a59d-63f01fd6fd7e None None] rate_limit_burst = 0 {{(pid=100009) log_opt_values /opt/stack/data/venv/lib/python3.12/site-packages/oslo_config/cfg.py:3534}}
Aug 06 13:15:11.551712 np0000006650 devstack@g-api.service[100009]: DEBUG glance.common.config [None req-2d39dbfd-b46e-4d75-a59d-63f01fd6fd7e None None] rate_limit_except_level = CRITICAL {{(pid=100009) log_opt_values /opt/stack/data/venv/lib/python3.12/site-packages/oslo_config/cfg.py:3534}}
Aug 06 13:15:11.551821 np0000006650 devstack@g-api.service[100009]: DEBUG glance.common.config [None req-2d39dbfd-b46e-4d75-a59d-63f01fd6fd7e None None] rate_limit_interval = 0 {{(pid=100009) log_opt_values /opt/stack/data/venv/lib/python3.12/site-packages/oslo_config/cfg.py:3534}}
Aug 06 13:15:11.551907 np0000006650 devstack@g-api.service[100009]: DEBUG glance.common.config [None req-2d39dbfd-b46e-4d75-a59d-63f01fd6fd7e None None] scrub_pool_size = 1 {{(pid=100009) log_opt_values /opt/stack/data/venv/lib/python3.12/site-packages/oslo_config/cfg.py:3534}}
Aug 06 13:15:11.552011 np0000006650 devstack@g-api.service[100009]: DEBUG glance.common.config [None req-2d39dbfd-b46e-4d75-a59d-63f01fd6fd7e None None] scrub_time = 0 {{(pid=100009) log_opt_values /opt/stack/data/venv/lib/python3.12/site-packages/oslo_config/cfg.py:3534}}
Aug 06 13:15:11.552092 np0000006650 devstack@g-api.service[100009]: DEBUG glance.common.config [None req-2d39dbfd-b46e-4d75-a59d-63f01fd6fd7e None None] shell_completion = None {{(pid=100009) log_opt_values /opt/stack/data/venv/lib/python3.12/site-packages/oslo_config/cfg.py:3534}}
Aug 06 13:15:11.552182 np0000006650 devstack@g-api.service[100009]: DEBUG glance.common.config [None req-2d39dbfd-b46e-4d75-a59d-63f01fd6fd7e None None] show_image_direct_url = False {{(pid=100009) log_opt_values /opt/stack/data/venv/lib/python3.12/site-packages/oslo_config/cfg.py:3534}}
Aug 06 13:15:11.552377 np0000006650 devstack@g-api.service[100009]: WARNING oslo_config.cfg [None req-2d39dbfd-b46e-4d75-a59d-63f01fd6fd7e None None] Deprecated: Option "show_multiple_locations" from group "DEFAULT" is deprecated for removal (Use of this option, deprecated since Newton, is a security risk and will be removed once we figure out a way to satisfy those use cases that currently require it. An earlier announcement that the same functionality can be achieved with greater granularity by using policies is incorrect. You cannot work around this option via policy configuration at the present time, though that is the direction we believe the fix will take. Please keep an eye on the Glance release notes to stay up to date on progress in addressing this issue.). Its value may be silently ignored in the future.
Aug 06 13:15:11.552500 np0000006650 devstack@g-api.service[100009]: DEBUG glance.common.config [None req-2d39dbfd-b46e-4d75-a59d-63f01fd6fd7e None None] show_multiple_locations = False {{(pid=100009) log_opt_values /opt/stack/data/venv/lib/python3.12/site-packages/oslo_config/cfg.py:3534}}
Aug 06 13:15:11.552622 np0000006650 devstack@g-api.service[100009]: DEBUG glance.common.config [None req-2d39dbfd-b46e-4d75-a59d-63f01fd6fd7e None None] syslog_log_facility = LOG_USER {{(pid=100009) log_opt_values /opt/stack/data/venv/lib/python3.12/site-packages/oslo_config/cfg.py:3534}}
Aug 06 13:15:11.552712 np0000006650 devstack@g-api.service[100009]: DEBUG glance.common.config [None req-2d39dbfd-b46e-4d75-a59d-63f01fd6fd7e None None] transport_url = **** {{(pid=100009) log_opt_values /opt/stack/data/venv/lib/python3.12/site-packages/oslo_config/cfg.py:3534}}
Aug 06 13:15:11.552797 np0000006650 devstack@g-api.service[100009]: DEBUG glance.common.config [None req-2d39dbfd-b46e-4d75-a59d-63f01fd6fd7e None None] use_journal = False {{(pid=100009) log_opt_values /opt/stack/data/venv/lib/python3.12/site-packages/oslo_config/cfg.py:3534}}
Aug 06 13:15:11.552882 np0000006650 devstack@g-api.service[100009]: DEBUG glance.common.config [None req-2d39dbfd-b46e-4d75-a59d-63f01fd6fd7e None None] use_json = False {{(pid=100009) log_opt_values /opt/stack/data/venv/lib/python3.12/site-packages/oslo_config/cfg.py:3534}}
Aug 06 13:15:11.552987 np0000006650 devstack@g-api.service[100009]: DEBUG glance.common.config [None req-2d39dbfd-b46e-4d75-a59d-63f01fd6fd7e None None] use_keystone_limits = True {{(pid=100009) log_opt_values /opt/stack/data/venv/lib/python3.12/site-packages/oslo_config/cfg.py:3534}}
Aug 06 13:15:11.553073 np0000006650 devstack@g-api.service[100009]: DEBUG glance.common.config [None req-2d39dbfd-b46e-4d75-a59d-63f01fd6fd7e None None] use_stderr = False {{(pid=100009) log_opt_values /opt/stack/data/venv/lib/python3.12/site-packages/oslo_config/cfg.py:3534}}
Aug 06 13:15:11.553160 np0000006650 devstack@g-api.service[100009]: DEBUG glance.common.config [None req-2d39dbfd-b46e-4d75-a59d-63f01fd6fd7e None None] use_syslog = False {{(pid=100009) log_opt_values /opt/stack/data/venv/lib/python3.12/site-packages/oslo_config/cfg.py:3534}}
Aug 06 13:15:11.553249 np0000006650 devstack@g-api.service[100009]: DEBUG glance.common.config [None req-2d39dbfd-b46e-4d75-a59d-63f01fd6fd7e None None] user_storage_quota = 0 {{(pid=100009) log_opt_values /opt/stack/data/venv/lib/python3.12/site-packages/oslo_config/cfg.py:3534}}
Aug 06 13:15:11.553336 np0000006650 devstack@g-api.service[100009]: DEBUG glance.common.config [None req-2d39dbfd-b46e-4d75-a59d-63f01fd6fd7e None None] worker_self_reference_url = http://127.0.0.1:60999 {{(pid=100009) log_opt_values /opt/stack/data/venv/lib/python3.12/site-packages/oslo_config/cfg.py:3534}}
Aug 06 13:15:11.553446 np0000006650 devstack@g-api.service[100009]: DEBUG glance.common.config [None req-2d39dbfd-b46e-4d75-a59d-63f01fd6fd7e None None] oslo_concurrency.disable_process_locking = False {{(pid=100009) log_opt_values /opt/stack/data/venv/lib/python3.12/site-packages/oslo_config/cfg.py:3545}}
Aug 06 13:15:11.553566 np0000006650 devstack@g-api.service[100009]: DEBUG glance.common.config [None req-2d39dbfd-b46e-4d75-a59d-63f01fd6fd7e None None] oslo_concurrency.lock_path = /opt/stack/data/glance/locks {{(pid=100009) log_opt_values /opt/stack/data/venv/lib/python3.12/site-packages/oslo_config/cfg.py:3545}}
Aug 06 13:15:11.553662 np0000006650 devstack@g-api.service[100009]: DEBUG glance.common.config [None req-2d39dbfd-b46e-4d75-a59d-63f01fd6fd7e None None] oslo_middleware.enable_proxy_headers_parsing = False {{(pid=100009) log_opt_values /opt/stack/data/venv/lib/python3.12/site-packages/oslo_config/cfg.py:3545}}
Aug 06 13:15:11.553779 np0000006650 devstack@g-api.service[100009]: DEBUG glance.common.config [None req-2d39dbfd-b46e-4d75-a59d-63f01fd6fd7e None None] oslo_middleware.http_basic_auth_user_file = /etc/htpasswd {{(pid=100009) log_opt_values /opt/stack/data/venv/lib/python3.12/site-packages/oslo_config/cfg.py:3545}}
Aug 06 13:15:11.553872 np0000006650 devstack@g-api.service[100009]: DEBUG glance.common.config [None req-2d39dbfd-b46e-4d75-a59d-63f01fd6fd7e None None] paste_deploy.config_file = None {{(pid=100009) log_opt_values /opt/stack/data/venv/lib/python3.12/site-packages/oslo_config/cfg.py:3545}}
Aug 06 13:15:11.553979 np0000006650 devstack@g-api.service[100009]: DEBUG glance.common.config [None req-2d39dbfd-b46e-4d75-a59d-63f01fd6fd7e None None] paste_deploy.flavor = keystone+cachemanagement {{(pid=100009) log_opt_values /opt/stack/data/venv/lib/python3.12/site-packages/oslo_config/cfg.py:3545}}
Aug 06 13:15:11.554103 np0000006650 devstack@g-api.service[100009]: DEBUG glance.common.config [None req-2d39dbfd-b46e-4d75-a59d-63f01fd6fd7e None None] image_format.container_formats = ['ami', 'ari', 'aki', 'bare', 'ovf', 'ova', 'docker', 'compressed'] {{(pid=100009) log_opt_values /opt/stack/data/venv/lib/python3.12/site-packages/oslo_config/cfg.py:3545}}
Aug 06 13:15:11.554225 np0000006650 devstack@g-api.service[100009]: DEBUG glance.common.config [None req-2d39dbfd-b46e-4d75-a59d-63f01fd6fd7e None None] image_format.disk_formats = ['ami', 'ari', 'aki', 'vhd', 'vhdx', 'vmdk', 'raw', 'qcow2', 'vdi', 'iso', 'ploop'] {{(pid=100009) log_opt_values /opt/stack/data/venv/lib/python3.12/site-packages/oslo_config/cfg.py:3545}}
Aug 06 13:15:11.554314 np0000006650 devstack@g-api.service[100009]: DEBUG glance.common.config [None req-2d39dbfd-b46e-4d75-a59d-63f01fd6fd7e None None] image_format.gpt_safety_checks_nonfatal = [] {{(pid=100009) log_opt_values /opt/stack/data/venv/lib/python3.12/site-packages/oslo_config/cfg.py:3545}}
Aug 06 13:15:11.554421 np0000006650 devstack@g-api.service[100009]: DEBUG glance.common.config [None req-2d39dbfd-b46e-4d75-a59d-63f01fd6fd7e None None] image_format.require_image_format_match = True {{(pid=100009) log_opt_values /opt/stack/data/venv/lib/python3.12/site-packages/oslo_config/cfg.py:3545}}
Aug 06 13:15:11.554544 np0000006650 devstack@g-api.service[100009]: DEBUG glance.common.config [None req-2d39dbfd-b46e-4d75-a59d-63f01fd6fd7e None None] image_format.vmdk_allowed_types = ['streamOptimized', 'monolithicSparse'] {{(pid=100009) log_opt_values /opt/stack/data/venv/lib/python3.12/site-packages/oslo_config/cfg.py:3545}}
Aug 06 13:15:11.554652 np0000006650 devstack@g-api.service[100009]: DEBUG glance.common.config [None req-2d39dbfd-b46e-4d75-a59d-63f01fd6fd7e None None] task.task_executor = taskflow {{(pid=100009) log_opt_values /opt/stack/data/venv/lib/python3.12/site-packages/oslo_config/cfg.py:3545}}
Aug 06 13:15:11.554765 np0000006650 devstack@g-api.service[100009]: DEBUG glance.common.config [None req-2d39dbfd-b46e-4d75-a59d-63f01fd6fd7e None None] task.task_time_to_live = 48 {{(pid=100009) log_opt_values /opt/stack/data/venv/lib/python3.12/site-packages/oslo_config/cfg.py:3545}}
Aug 06 13:15:11.554852 np0000006650 devstack@g-api.service[100009]: DEBUG glance.common.config [None req-2d39dbfd-b46e-4d75-a59d-63f01fd6fd7e None None] task.work_dir = None {{(pid=100009) log_opt_values /opt/stack/data/venv/lib/python3.12/site-packages/oslo_config/cfg.py:3545}}
Aug 06 13:15:11.554946 np0000006650 devstack@g-api.service[100009]: DEBUG glance.common.config [None req-2d39dbfd-b46e-4d75-a59d-63f01fd6fd7e None None] wsgi.python_interpreter = /opt/stack/data/venv/bin/python3 {{(pid=100009) log_opt_values /opt/stack/data/venv/lib/python3.12/site-packages/oslo_config/cfg.py:3545}}
Aug 06 13:15:11.555055 np0000006650 devstack@g-api.service[100009]: DEBUG glance.common.config [None req-2d39dbfd-b46e-4d75-a59d-63f01fd6fd7e None None] wsgi.task_pool_threads = 16 {{(pid=100009) log_opt_values /opt/stack/data/venv/lib/python3.12/site-packages/oslo_config/cfg.py:3545}}
Aug 06 13:15:11.555146 np0000006650 devstack@g-api.service[100009]: DEBUG glance.common.config [None req-2d39dbfd-b46e-4d75-a59d-63f01fd6fd7e None None] import_filtering_opts.allowed_hosts = [] {{(pid=100009) log_opt_values /opt/stack/data/venv/lib/python3.12/site-packages/oslo_config/cfg.py:3545}}
Aug 06 13:15:11.555235 np0000006650 devstack@g-api.service[100009]: DEBUG glance.common.config [None req-2d39dbfd-b46e-4d75-a59d-63f01fd6fd7e None None] import_filtering_opts.allowed_ports = [80, 443] {{(pid=100009) log_opt_values /opt/stack/data/venv/lib/python3.12/site-packages/oslo_config/cfg.py:3545}}
Aug 06 13:15:11.555332 np0000006650 devstack@g-api.service[100009]: DEBUG glance.common.config [None req-2d39dbfd-b46e-4d75-a59d-63f01fd6fd7e None None] import_filtering_opts.allowed_schemes = ['http', 'https'] {{(pid=100009) log_opt_values /opt/stack/data/venv/lib/python3.12/site-packages/oslo_config/cfg.py:3545}}
