Aug 06 13:13:55.728363 np0000006650 systemd[1]: Starting devstack@n-api.service - Devstack devstack@n-api.service...
Aug 06 13:13:55.735092 np0000006650 devstack@n-api.service[84561]: [uWSGI] getting INI configuration from /etc/nova/nova-api-uwsgi.ini
Aug 06 13:13:55.738076 np0000006650 devstack@n-api.service[84561]: *** Starting uWSGI 2.0.24-debian (64bit) on [Thu Aug 6 13:13:55 2026] ***
Aug 06 13:13:55.738076 np0000006650 devstack@n-api.service[84561]: compiled with version: 13.2.0 on 17 April 2024 16:23:48
Aug 06 13:13:55.738076 np0000006650 devstack@n-api.service[84561]: os: Linux-6.8.0-137-generic #137-Ubuntu SMP PREEMPT_DYNAMIC Fri Jul 17 20:28:23 UTC 2026
Aug 06 13:13:55.738076 np0000006650 devstack@n-api.service[84561]: nodename: np0000006650
Aug 06 13:13:55.738076 np0000006650 devstack@n-api.service[84561]: machine: x86_64
Aug 06 13:13:55.738076 np0000006650 devstack@n-api.service[84561]: clock source: unix
Aug 06 13:13:55.738076 np0000006650 devstack@n-api.service[84561]: pcre jit disabled
Aug 06 13:13:55.738076 np0000006650 devstack@n-api.service[84561]: detected number of CPU cores: 16
Aug 06 13:13:55.738076 np0000006650 devstack@n-api.service[84561]: current working directory: /
Aug 06 13:13:55.738415 np0000006650 devstack@n-api.service[84561]: detected binary path: /usr/bin/uwsgi-core
Aug 06 13:13:55.738415 np0000006650 devstack@n-api.service[84561]: your processes number limit is 252954
Aug 06 13:13:55.738415 np0000006650 devstack@n-api.service[84561]: your memory page size is 4096 bytes
Aug 06 13:13:55.738415 np0000006650 devstack@n-api.service[84561]: detected max file descriptor number: 2048
Aug 06 13:13:55.738415 np0000006650 devstack@n-api.service[84561]: lock engine: pthread robust mutexes
Aug 06 13:13:55.738415 np0000006650 devstack@n-api.service[84561]: thunder lock: enabled
Aug 06 13:13:55.738605 np0000006650 devstack@n-api.service[84561]: uwsgi socket 0 bound to UNIX address /var/run/uwsgi/nova-api.socket fd 4
Aug 06 13:13:55.738605 np0000006650 devstack@n-api.service[84561]: Python version: 3.12.3 (main, Jun 19 2026, 12:46:00) [GCC 13.3.0]
Aug 06 13:13:55.738605 np0000006650 devstack@n-api.service[84561]: PEP 405 virtualenv detected: /opt/stack/data/venv
Aug 06 13:13:55.738605 np0000006650 devstack@n-api.service[84561]: Set PythonHome to /opt/stack/data/venv
Aug 06 13:13:55.778098 np0000006650 devstack@n-api.service[84561]: Python main interpreter initialized at 0x706ca1ea4668
Aug 06 13:13:55.778098 np0000006650 devstack@n-api.service[84561]: python threads support enabled
Aug 06 13:13:55.778098 np0000006650 devstack@n-api.service[84561]: your server socket listen backlog is limited to 100 connections
Aug 06 13:13:55.778098 np0000006650 devstack@n-api.service[84561]: your mercy for graceful operations on workers is 80 seconds
Aug 06 13:13:55.778500 np0000006650 devstack@n-api.service[84561]: mapped 537436 bytes (524 KB) for 3 cores
Aug 06 13:13:55.778606 np0000006650 devstack@n-api.service[84561]: *** Operational MODE: preforking ***
Aug 06 13:13:55.778774 np0000006650 devstack@n-api.service[84561]: *** uWSGI is running in multiple interpreter mode ***
Aug 06 13:13:55.778774 np0000006650 devstack@n-api.service[84561]: spawned uWSGI master process (pid: 84561)
Aug 06 13:13:55.778990 np0000006650 systemd[1]: Started devstack@n-api.service - Devstack devstack@n-api.service.
Aug 06 13:13:55.779329 np0000006650 devstack@n-api.service[84561]: spawned uWSGI worker 1 (pid: 84562, cores: 1)
Aug 06 13:13:55.779934 np0000006650 devstack@n-api.service[84561]: spawned uWSGI worker 2 (pid: 84563, cores: 1)
Aug 06 13:13:55.780374 np0000006650 devstack@n-api.service[84561]: spawned uWSGI worker 3 (pid: 84564, cores: 1)
Aug 06 13:13:55.780440 np0000006650 devstack@n-api.service[84561]: running "unix_signal:15 gracefully_kill_them_all" (master-start)...
Aug 06 13:13:57.439237 np0000006650 devstack@n-api.service[84564]: INFO dbcounter [None req-d4f73b14-edab-4328-b4b2-ce72b2d62c17 None None] Registered counter for database nova_api
Aug 06 13:13:57.458939 np0000006650 devstack@n-api.service[84563]: INFO dbcounter [None req-b8d2bce9-6416-498d-8131-72acf5b6393e None None] Registered counter for database nova_api
Aug 06 13:13:57.475557 np0000006650 devstack@n-api.service[84564]: DEBUG oslo_db.sqlalchemy.engines [None req-d4f73b14-edab-4328-b4b2-ce72b2d62c17 None None] MySQL server mode set to STRICT_TRANS_TABLES,STRICT_ALL_TABLES,NO_ZERO_IN_DATE,NO_ZERO_DATE,ERROR_FOR_DIVISION_BY_ZERO,TRADITIONAL,NO_ENGINE_SUBSTITUTION {{(pid=84564) _check_effective_sql_mode /opt/stack/data/venv/lib/python3.12/site-packages/oslo_db/sqlalchemy/engines.py:325}}
Aug 06 13:13:57.492261 np0000006650 devstack@n-api.service[84563]: DEBUG oslo_db.sqlalchemy.engines [None req-b8d2bce9-6416-498d-8131-72acf5b6393e None None] MySQL server mode set to STRICT_TRANS_TABLES,STRICT_ALL_TABLES,NO_ZERO_IN_DATE,NO_ZERO_DATE,ERROR_FOR_DIVISION_BY_ZERO,TRADITIONAL,NO_ENGINE_SUBSTITUTION {{(pid=84563) _check_effective_sql_mode /opt/stack/data/venv/lib/python3.12/site-packages/oslo_db/sqlalchemy/engines.py:325}}
Aug 06 13:13:57.496632 np0000006650 devstack@n-api.service[84562]: INFO dbcounter [None req-b26ddb5d-1dd9-41b3-b737-ee53c4c250fd None None] Registered counter for database nova_api
Aug 06 13:13:57.503512 np0000006650 devstack@n-api.service[84564]: DEBUG dbcounter [-] [84564] Writer thread running {{(pid=84564) stat_writer /opt/stack/data/venv/lib/python3.12/site-packages/dbcounter.py:102}}
Aug 06 13:13:57.505793 np0000006650 devstack@n-api.service[84564]: DEBUG nova.context [None req-d4f73b14-edab-4328-b4b2-ce72b2d62c17 None None] Found 2 cells: 00000000-0000-0000-0000-000000000000(cell0),dd297609-5b30-4fda-9f29-f182ad4792b7(cell1) {{(pid=84564) load_cells /opt/stack/nova/nova/context.py:509}}
Aug 06 13:13:57.506058 np0000006650 devstack@n-api.service[84564]: INFO nova.utils [None req-d4f73b14-edab-4328-b4b2-ce72b2d62c17 None None] The cell worker thread pool MainProcess.cell_worker is initialized
Aug 06 13:13:57.507780 np0000006650 devstack@n-api.service[84564]: DEBUG oslo_concurrency.lockutils [None req-d4f73b14-edab-4328-b4b2-ce72b2d62c17 None None] Acquiring lock "00000000-0000-0000-0000-000000000000" by "nova.context.set_target_cell..get_or_set_cached_cell_and_set_connections" {{(pid=84564) inner /opt/stack/data/venv/lib/python3.12/site-packages/oslo_concurrency/lockutils.py:512}}
Aug 06 13:13:57.508025 np0000006650 devstack@n-api.service[84564]: DEBUG oslo_concurrency.lockutils [None req-d4f73b14-edab-4328-b4b2-ce72b2d62c17 None None] Lock "00000000-0000-0000-0000-000000000000" acquired by "nova.context.set_target_cell..get_or_set_cached_cell_and_set_connections" :: waited 0.000s {{(pid=84564) inner /opt/stack/data/venv/lib/python3.12/site-packages/oslo_concurrency/lockutils.py:525}}
Aug 06 13:13:57.508491 np0000006650 devstack@n-api.service[84564]: DEBUG oslo_concurrency.lockutils [None req-d4f73b14-edab-4328-b4b2-ce72b2d62c17 None None] Lock "00000000-0000-0000-0000-000000000000" "released" by "nova.context.set_target_cell..get_or_set_cached_cell_and_set_connections" :: held 0.000s {{(pid=84564) inner /opt/stack/data/venv/lib/python3.12/site-packages/oslo_concurrency/lockutils.py:544}}
Aug 06 13:13:57.509108 np0000006650 devstack@n-api.service[84564]: DEBUG oslo_concurrency.lockutils [None req-d4f73b14-edab-4328-b4b2-ce72b2d62c17 None None] Acquiring lock "dd297609-5b30-4fda-9f29-f182ad4792b7" by "nova.context.set_target_cell..get_or_set_cached_cell_and_set_connections" {{(pid=84564) inner /opt/stack/data/venv/lib/python3.12/site-packages/oslo_concurrency/lockutils.py:512}}
Aug 06 13:13:57.509264 np0000006650 devstack@n-api.service[84564]: DEBUG oslo_concurrency.lockutils [None req-d4f73b14-edab-4328-b4b2-ce72b2d62c17 None None] Lock "dd297609-5b30-4fda-9f29-f182ad4792b7" acquired by "nova.context.set_target_cell..get_or_set_cached_cell_and_set_connections" :: waited 0.000s {{(pid=84564) inner /opt/stack/data/venv/lib/python3.12/site-packages/oslo_concurrency/lockutils.py:525}}
Aug 06 13:13:57.510066 np0000006650 devstack@n-api.service[84564]: DEBUG oslo_concurrency.lockutils [None req-d4f73b14-edab-4328-b4b2-ce72b2d62c17 None None] Lock "dd297609-5b30-4fda-9f29-f182ad4792b7" "released" by "nova.context.set_target_cell..get_or_set_cached_cell_and_set_connections" :: held 0.001s {{(pid=84564) inner /opt/stack/data/venv/lib/python3.12/site-packages/oslo_concurrency/lockutils.py:544}}
Aug 06 13:13:57.511377 np0000006650 devstack@n-api.service[84564]: INFO dbcounter [None req-d4f73b14-edab-4328-b4b2-ce72b2d62c17 None None] Registered counter for database nova_cell0
Aug 06 13:13:57.514651 np0000006650 devstack@n-api.service[84564]: INFO dbcounter [None req-d4f73b14-edab-4328-b4b2-ce72b2d62c17 None None] Registered counter for database nova_cell1
Aug 06 13:13:57.519090 np0000006650 devstack@n-api.service[84563]: DEBUG dbcounter [-] [84563] Writer thread running {{(pid=84563) stat_writer /opt/stack/data/venv/lib/python3.12/site-packages/dbcounter.py:102}}
Aug 06 13:13:57.521197 np0000006650 devstack@n-api.service[84563]: DEBUG nova.context [None req-b8d2bce9-6416-498d-8131-72acf5b6393e None None] Found 2 cells: 00000000-0000-0000-0000-000000000000(cell0),dd297609-5b30-4fda-9f29-f182ad4792b7(cell1) {{(pid=84563) load_cells /opt/stack/nova/nova/context.py:509}}
Aug 06 13:13:57.521427 np0000006650 devstack@n-api.service[84563]: INFO nova.utils [None req-b8d2bce9-6416-498d-8131-72acf5b6393e None None] The cell worker thread pool MainProcess.cell_worker is initialized
Aug 06 13:13:57.523012 np0000006650 devstack@n-api.service[84563]: DEBUG oslo_concurrency.lockutils [None req-b8d2bce9-6416-498d-8131-72acf5b6393e None None] Acquiring lock "00000000-0000-0000-0000-000000000000" by "nova.context.set_target_cell..get_or_set_cached_cell_and_set_connections" {{(pid=84563) inner /opt/stack/data/venv/lib/python3.12/site-packages/oslo_concurrency/lockutils.py:512}}
Aug 06 13:13:57.523172 np0000006650 devstack@n-api.service[84563]: DEBUG oslo_concurrency.lockutils [None req-b8d2bce9-6416-498d-8131-72acf5b6393e None None] Lock "00000000-0000-0000-0000-000000000000" acquired by "nova.context.set_target_cell..get_or_set_cached_cell_and_set_connections" :: waited 0.000s {{(pid=84563) inner /opt/stack/data/venv/lib/python3.12/site-packages/oslo_concurrency/lockutils.py:525}}
Aug 06 13:13:57.523529 np0000006650 devstack@n-api.service[84563]: DEBUG oslo_concurrency.lockutils [None req-b8d2bce9-6416-498d-8131-72acf5b6393e None None] Lock "00000000-0000-0000-0000-000000000000" "released" by "nova.context.set_target_cell..get_or_set_cached_cell_and_set_connections" :: held 0.000s {{(pid=84563) inner /opt/stack/data/venv/lib/python3.12/site-packages/oslo_concurrency/lockutils.py:544}}
Aug 06 13:13:57.524150 np0000006650 devstack@n-api.service[84563]: DEBUG oslo_concurrency.lockutils [None req-b8d2bce9-6416-498d-8131-72acf5b6393e None None] Acquiring lock "dd297609-5b30-4fda-9f29-f182ad4792b7" by "nova.context.set_target_cell..get_or_set_cached_cell_and_set_connections" {{(pid=84563) inner /opt/stack/data/venv/lib/python3.12/site-packages/oslo_concurrency/lockutils.py:512}}
Aug 06 13:13:57.524286 np0000006650 devstack@n-api.service[84563]: DEBUG oslo_concurrency.lockutils [None req-b8d2bce9-6416-498d-8131-72acf5b6393e None None] Lock "dd297609-5b30-4fda-9f29-f182ad4792b7" acquired by "nova.context.set_target_cell..get_or_set_cached_cell_and_set_connections" :: waited 0.000s {{(pid=84563) inner /opt/stack/data/venv/lib/python3.12/site-packages/oslo_concurrency/lockutils.py:525}}
Aug 06 13:13:57.525076 np0000006650 devstack@n-api.service[84563]: DEBUG oslo_concurrency.lockutils [None req-b8d2bce9-6416-498d-8131-72acf5b6393e None None] Lock "dd297609-5b30-4fda-9f29-f182ad4792b7" "released" by "nova.context.set_target_cell..get_or_set_cached_cell_and_set_connections" :: held 0.001s {{(pid=84563) inner /opt/stack/data/venv/lib/python3.12/site-packages/oslo_concurrency/lockutils.py:544}}
Aug 06 13:13:57.526866 np0000006650 devstack@n-api.service[84563]: INFO dbcounter [None req-b8d2bce9-6416-498d-8131-72acf5b6393e None None] Registered counter for database nova_cell0
Aug 06 13:13:57.529935 np0000006650 devstack@n-api.service[84563]: INFO dbcounter [None req-b8d2bce9-6416-498d-8131-72acf5b6393e None None] Registered counter for database nova_cell1
Aug 06 13:13:57.534865 np0000006650 devstack@n-api.service[84562]: DEBUG oslo_db.sqlalchemy.engines [None req-b26ddb5d-1dd9-41b3-b737-ee53c4c250fd None None] MySQL server mode set to STRICT_TRANS_TABLES,STRICT_ALL_TABLES,NO_ZERO_IN_DATE,NO_ZERO_DATE,ERROR_FOR_DIVISION_BY_ZERO,TRADITIONAL,NO_ENGINE_SUBSTITUTION {{(pid=84562) _check_effective_sql_mode /opt/stack/data/venv/lib/python3.12/site-packages/oslo_db/sqlalchemy/engines.py:325}}
Aug 06 13:13:57.559118 np0000006650 devstack@n-api.service[84564]: DEBUG oslo_db.sqlalchemy.engines [None req-d4f73b14-edab-4328-b4b2-ce72b2d62c17 None None] MySQL server mode set to STRICT_TRANS_TABLES,STRICT_ALL_TABLES,NO_ZERO_IN_DATE,NO_ZERO_DATE,ERROR_FOR_DIVISION_BY_ZERO,TRADITIONAL,NO_ENGINE_SUBSTITUTION {{(pid=84564) _check_effective_sql_mode /opt/stack/data/venv/lib/python3.12/site-packages/oslo_db/sqlalchemy/engines.py:325}}
Aug 06 13:13:57.562991 np0000006650 devstack@n-api.service[84562]: DEBUG dbcounter [-] [84562] Writer thread running {{(pid=84562) stat_writer /opt/stack/data/venv/lib/python3.12/site-packages/dbcounter.py:102}}
Aug 06 13:13:57.566042 np0000006650 devstack@n-api.service[84562]: DEBUG nova.context [None req-b26ddb5d-1dd9-41b3-b737-ee53c4c250fd None None] Found 2 cells: 00000000-0000-0000-0000-000000000000(cell0),dd297609-5b30-4fda-9f29-f182ad4792b7(cell1) {{(pid=84562) load_cells /opt/stack/nova/nova/context.py:509}}
Aug 06 13:13:57.566042 np0000006650 devstack@n-api.service[84562]: INFO nova.utils [None req-b26ddb5d-1dd9-41b3-b737-ee53c4c250fd None None] The cell worker thread pool MainProcess.cell_worker is initialized
Aug 06 13:13:57.567208 np0000006650 devstack@n-api.service[84562]: DEBUG oslo_concurrency.lockutils [None req-b26ddb5d-1dd9-41b3-b737-ee53c4c250fd None None] Acquiring lock "00000000-0000-0000-0000-000000000000" by "nova.context.set_target_cell..get_or_set_cached_cell_and_set_connections" {{(pid=84562) inner /opt/stack/data/venv/lib/python3.12/site-packages/oslo_concurrency/lockutils.py:512}}
Aug 06 13:13:57.567385 np0000006650 devstack@n-api.service[84562]: DEBUG oslo_concurrency.lockutils [None req-b26ddb5d-1dd9-41b3-b737-ee53c4c250fd None None] Lock "00000000-0000-0000-0000-000000000000" acquired by "nova.context.set_target_cell..get_or_set_cached_cell_and_set_connections" :: waited 0.000s {{(pid=84562) inner /opt/stack/data/venv/lib/python3.12/site-packages/oslo_concurrency/lockutils.py:525}}
Aug 06 13:13:57.567744 np0000006650 devstack@n-api.service[84562]: DEBUG oslo_concurrency.lockutils [None req-b26ddb5d-1dd9-41b3-b737-ee53c4c250fd None None] Lock "00000000-0000-0000-0000-000000000000" "released" by "nova.context.set_target_cell..get_or_set_cached_cell_and_set_connections" :: held 0.000s {{(pid=84562) inner /opt/stack/data/venv/lib/python3.12/site-packages/oslo_concurrency/lockutils.py:544}}
Aug 06 13:13:57.568440 np0000006650 devstack@n-api.service[84562]: DEBUG oslo_concurrency.lockutils [None req-b26ddb5d-1dd9-41b3-b737-ee53c4c250fd None None] Acquiring lock "dd297609-5b30-4fda-9f29-f182ad4792b7" by "nova.context.set_target_cell..get_or_set_cached_cell_and_set_connections" {{(pid=84562) inner /opt/stack/data/venv/lib/python3.12/site-packages/oslo_concurrency/lockutils.py:512}}
Aug 06 13:13:57.568572 np0000006650 devstack@n-api.service[84562]: DEBUG oslo_concurrency.lockutils [None req-b26ddb5d-1dd9-41b3-b737-ee53c4c250fd None None] Lock "dd297609-5b30-4fda-9f29-f182ad4792b7" acquired by "nova.context.set_target_cell..get_or_set_cached_cell_and_set_connections" :: waited 0.000s {{(pid=84562) inner /opt/stack/data/venv/lib/python3.12/site-packages/oslo_concurrency/lockutils.py:525}}
Aug 06 13:13:57.569377 np0000006650 devstack@n-api.service[84562]: DEBUG oslo_concurrency.lockutils [None req-b26ddb5d-1dd9-41b3-b737-ee53c4c250fd None None] Lock "dd297609-5b30-4fda-9f29-f182ad4792b7" "released" by "nova.context.set_target_cell..get_or_set_cached_cell_and_set_connections" :: held 0.001s {{(pid=84562) inner /opt/stack/data/venv/lib/python3.12/site-packages/oslo_concurrency/lockutils.py:544}}
Aug 06 13:13:57.570873 np0000006650 devstack@n-api.service[84564]: DEBUG oslo_db.sqlalchemy.engines [None req-d4f73b14-edab-4328-b4b2-ce72b2d62c17 None None] MySQL server mode set to STRICT_TRANS_TABLES,STRICT_ALL_TABLES,NO_ZERO_IN_DATE,NO_ZERO_DATE,ERROR_FOR_DIVISION_BY_ZERO,TRADITIONAL,NO_ENGINE_SUBSTITUTION {{(pid=84564) _check_effective_sql_mode /opt/stack/data/venv/lib/python3.12/site-packages/oslo_db/sqlalchemy/engines.py:325}}
Aug 06 13:13:57.571336 np0000006650 devstack@n-api.service[84562]: INFO dbcounter [None req-b26ddb5d-1dd9-41b3-b737-ee53c4c250fd None None] Registered counter for database nova_cell0
Aug 06 13:13:57.571885 np0000006650 devstack@n-api.service[84563]: DEBUG oslo_db.sqlalchemy.engines [None req-b8d2bce9-6416-498d-8131-72acf5b6393e None None] MySQL server mode set to STRICT_TRANS_TABLES,STRICT_ALL_TABLES,NO_ZERO_IN_DATE,NO_ZERO_DATE,ERROR_FOR_DIVISION_BY_ZERO,TRADITIONAL,NO_ENGINE_SUBSTITUTION {{(pid=84563) _check_effective_sql_mode /opt/stack/data/venv/lib/python3.12/site-packages/oslo_db/sqlalchemy/engines.py:325}}
Aug 06 13:13:57.574652 np0000006650 devstack@n-api.service[84562]: INFO dbcounter [None req-b26ddb5d-1dd9-41b3-b737-ee53c4c250fd None None] Registered counter for database nova_cell1
Aug 06 13:13:57.609945 np0000006650 devstack@n-api.service[84562]: DEBUG oslo_db.sqlalchemy.engines [None req-b26ddb5d-1dd9-41b3-b737-ee53c4c250fd None None] MySQL server mode set to STRICT_TRANS_TABLES,STRICT_ALL_TABLES,NO_ZERO_IN_DATE,NO_ZERO_DATE,ERROR_FOR_DIVISION_BY_ZERO,TRADITIONAL,NO_ENGINE_SUBSTITUTION {{(pid=84562) _check_effective_sql_mode /opt/stack/data/venv/lib/python3.12/site-packages/oslo_db/sqlalchemy/engines.py:325}}
Aug 06 13:13:57.645315 np0000006650 devstack@n-api.service[84564]: DEBUG dbcounter [-] [84564] Writer thread running {{(pid=84564) stat_writer /opt/stack/data/venv/lib/python3.12/site-packages/dbcounter.py:102}}
Aug 06 13:13:57.645584 np0000006650 devstack@n-api.service[84563]: DEBUG oslo_db.sqlalchemy.engines [None req-b8d2bce9-6416-498d-8131-72acf5b6393e None None] MySQL server mode set to STRICT_TRANS_TABLES,STRICT_ALL_TABLES,NO_ZERO_IN_DATE,NO_ZERO_DATE,ERROR_FOR_DIVISION_BY_ZERO,TRADITIONAL,NO_ENGINE_SUBSTITUTION {{(pid=84563) _check_effective_sql_mode /opt/stack/data/venv/lib/python3.12/site-packages/oslo_db/sqlalchemy/engines.py:325}}
Aug 06 13:13:57.649901 np0000006650 devstack@n-api.service[84563]: DEBUG dbcounter [-] [84563] Writer thread running {{(pid=84563) stat_writer /opt/stack/data/venv/lib/python3.12/site-packages/dbcounter.py:102}}
Aug 06 13:13:57.650155 np0000006650 devstack@n-api.service[84564]: DEBUG dbcounter [-] [84564] Writer thread running {{(pid=84564) stat_writer /opt/stack/data/venv/lib/python3.12/site-packages/dbcounter.py:102}}
Aug 06 13:13:57.654302 np0000006650 devstack@n-api.service[84564]: INFO dbcounter [None req-d4f73b14-edab-4328-b4b2-ce72b2d62c17 None None] Registered counter for database nova_cell0
Aug 06 13:13:57.659489 np0000006650 devstack@n-api.service[84563]: DEBUG dbcounter [-] [84563] Writer thread running {{(pid=84563) stat_writer /opt/stack/data/venv/lib/python3.12/site-packages/dbcounter.py:102}}
Aug 06 13:13:57.662690 np0000006650 devstack@n-api.service[84563]: INFO dbcounter [None req-b8d2bce9-6416-498d-8131-72acf5b6393e None None] Registered counter for database nova_cell0
Aug 06 13:13:57.683564 np0000006650 devstack@n-api.service[84562]: DEBUG oslo_db.sqlalchemy.engines [None req-b26ddb5d-1dd9-41b3-b737-ee53c4c250fd None None] MySQL server mode set to STRICT_TRANS_TABLES,STRICT_ALL_TABLES,NO_ZERO_IN_DATE,NO_ZERO_DATE,ERROR_FOR_DIVISION_BY_ZERO,TRADITIONAL,NO_ENGINE_SUBSTITUTION {{(pid=84562) _check_effective_sql_mode /opt/stack/data/venv/lib/python3.12/site-packages/oslo_db/sqlalchemy/engines.py:325}}
Aug 06 13:13:57.696426 np0000006650 devstack@n-api.service[84564]: DEBUG oslo_db.sqlalchemy.engines [None req-d4f73b14-edab-4328-b4b2-ce72b2d62c17 None None] MySQL server mode set to STRICT_TRANS_TABLES,STRICT_ALL_TABLES,NO_ZERO_IN_DATE,NO_ZERO_DATE,ERROR_FOR_DIVISION_BY_ZERO,TRADITIONAL,NO_ENGINE_SUBSTITUTION {{(pid=84564) _check_effective_sql_mode /opt/stack/data/venv/lib/python3.12/site-packages/oslo_db/sqlalchemy/engines.py:325}}
Aug 06 13:13:57.701880 np0000006650 devstack@n-api.service[84564]: DEBUG dbcounter [-] [84564] Writer thread running {{(pid=84564) stat_writer /opt/stack/data/venv/lib/python3.12/site-packages/dbcounter.py:102}}
Aug 06 13:13:57.702374 np0000006650 devstack@n-api.service[84562]: DEBUG dbcounter [-] [84562] Writer thread running {{(pid=84562) stat_writer /opt/stack/data/venv/lib/python3.12/site-packages/dbcounter.py:102}}
Aug 06 13:13:57.705294 np0000006650 devstack@n-api.service[84563]: DEBUG oslo_db.sqlalchemy.engines [None req-b8d2bce9-6416-498d-8131-72acf5b6393e None None] MySQL server mode set to STRICT_TRANS_TABLES,STRICT_ALL_TABLES,NO_ZERO_IN_DATE,NO_ZERO_DATE,ERROR_FOR_DIVISION_BY_ZERO,TRADITIONAL,NO_ENGINE_SUBSTITUTION {{(pid=84563) _check_effective_sql_mode /opt/stack/data/venv/lib/python3.12/site-packages/oslo_db/sqlalchemy/engines.py:325}}
Aug 06 13:13:57.707394 np0000006650 devstack@n-api.service[84562]: DEBUG dbcounter [-] [84562] Writer thread running {{(pid=84562) stat_writer /opt/stack/data/venv/lib/python3.12/site-packages/dbcounter.py:102}}
Aug 06 13:13:57.711214 np0000006650 devstack@n-api.service[84563]: DEBUG dbcounter [-] [84563] Writer thread running {{(pid=84563) stat_writer /opt/stack/data/venv/lib/python3.12/site-packages/dbcounter.py:102}}
Aug 06 13:13:57.759751 np0000006650 devstack@n-api.service[84562]: INFO dbcounter [None req-b26ddb5d-1dd9-41b3-b737-ee53c4c250fd None None] Registered counter for database nova_cell0
Aug 06 13:13:57.796155 np0000006650 devstack@n-api.service[84562]: DEBUG oslo_db.sqlalchemy.engines [None req-b26ddb5d-1dd9-41b3-b737-ee53c4c250fd None None] MySQL server mode set to STRICT_TRANS_TABLES,STRICT_ALL_TABLES,NO_ZERO_IN_DATE,NO_ZERO_DATE,ERROR_FOR_DIVISION_BY_ZERO,TRADITIONAL,NO_ENGINE_SUBSTITUTION {{(pid=84562) _check_effective_sql_mode /opt/stack/data/venv/lib/python3.12/site-packages/oslo_db/sqlalchemy/engines.py:325}}
Aug 06 13:13:57.802510 np0000006650 devstack@n-api.service[84562]: DEBUG dbcounter [-] [84562] Writer thread running {{(pid=84562) stat_writer /opt/stack/data/venv/lib/python3.12/site-packages/dbcounter.py:102}}
Aug 06 13:13:58.011439 np0000006650 devstack@n-api.service[84564]: DEBUG oslo_concurrency.processutils [None req-d4f73b14-edab-4328-b4b2-ce72b2d62c17 None None] Running cmd (subprocess): grep -F node.session.scan /sbin/iscsiadm {{(pid=84564) execute /opt/stack/data/venv/lib/python3.12/site-packages/oslo_concurrency/processutils.py:440}}
Aug 06 13:13:58.024211 np0000006650 devstack@n-api.service[84564]: DEBUG oslo_concurrency.processutils [None req-d4f73b14-edab-4328-b4b2-ce72b2d62c17 None None] CMD "grep -F node.session.scan /sbin/iscsiadm" returned: 0 in 0.013s {{(pid=84564) execute /opt/stack/data/venv/lib/python3.12/site-packages/oslo_concurrency/processutils.py:468}}
Aug 06 13:13:58.068145 np0000006650 devstack@n-api.service[84563]: DEBUG oslo_concurrency.processutils [None req-b8d2bce9-6416-498d-8131-72acf5b6393e None None] Running cmd (subprocess): grep -F node.session.scan /sbin/iscsiadm {{(pid=84563) execute /opt/stack/data/venv/lib/python3.12/site-packages/oslo_concurrency/processutils.py:440}}
Aug 06 13:13:58.083267 np0000006650 devstack@n-api.service[84563]: DEBUG oslo_concurrency.processutils [None req-b8d2bce9-6416-498d-8131-72acf5b6393e None None] CMD "grep -F node.session.scan /sbin/iscsiadm" returned: 0 in 0.015s {{(pid=84563) execute /opt/stack/data/venv/lib/python3.12/site-packages/oslo_concurrency/processutils.py:468}}
Aug 06 13:13:58.112754 np0000006650 devstack@n-api.service[84562]: DEBUG oslo_concurrency.processutils [None req-b26ddb5d-1dd9-41b3-b737-ee53c4c250fd None None] Running cmd (subprocess): grep -F node.session.scan /sbin/iscsiadm {{(pid=84562) execute /opt/stack/data/venv/lib/python3.12/site-packages/oslo_concurrency/processutils.py:440}}
Aug 06 13:13:58.126929 np0000006650 devstack@n-api.service[84562]: DEBUG oslo_concurrency.processutils [None req-b26ddb5d-1dd9-41b3-b737-ee53c4c250fd None None] CMD "grep -F node.session.scan /sbin/iscsiadm" returned: 0 in 0.014s {{(pid=84562) execute /opt/stack/data/venv/lib/python3.12/site-packages/oslo_concurrency/processutils.py:468}}
Aug 06 13:13:58.672461 np0000006650 devstack@n-api.service[84564]: DEBUG nova.api.openstack.wsgi_app [None req-d4f73b14-edab-4328-b4b2-ce72b2d62c17 None None] ******************************************************************************** {{(pid=84564) log_opt_values /opt/stack/data/venv/lib/python3.12/site-packages/oslo_config/cfg.py:3518}}
Aug 06 13:13:58.672461 np0000006650 devstack@n-api.service[84564]: DEBUG nova.api.openstack.wsgi_app [None req-d4f73b14-edab-4328-b4b2-ce72b2d62c17 None None] Configuration options gathered from: {{(pid=84564) log_opt_values /opt/stack/data/venv/lib/python3.12/site-packages/oslo_config/cfg.py:3519}}
Aug 06 13:13:58.672461 np0000006650 devstack@n-api.service[84564]: DEBUG nova.api.openstack.wsgi_app [None req-d4f73b14-edab-4328-b4b2-ce72b2d62c17 None None] command line args: [] {{(pid=84564) log_opt_values /opt/stack/data/venv/lib/python3.12/site-packages/oslo_config/cfg.py:3520}}
Aug 06 13:13:58.672461 np0000006650 devstack@n-api.service[84564]: DEBUG nova.api.openstack.wsgi_app [None req-d4f73b14-edab-4328-b4b2-ce72b2d62c17 None None] config files: ['/etc/nova/api-paste.ini', '/etc/nova/nova.conf'] {{(pid=84564) log_opt_values /opt/stack/data/venv/lib/python3.12/site-packages/oslo_config/cfg.py:3521}}
Aug 06 13:13:58.672461 np0000006650 devstack@n-api.service[84564]: DEBUG nova.api.openstack.wsgi_app [None req-d4f73b14-edab-4328-b4b2-ce72b2d62c17 None None] ================================================================================ {{(pid=84564) log_opt_values /opt/stack/data/venv/lib/python3.12/site-packages/oslo_config/cfg.py:3526}}
Aug 06 13:13:58.672461 np0000006650 devstack@n-api.service[84564]: DEBUG nova.api.openstack.wsgi_app [None req-d4f73b14-edab-4328-b4b2-ce72b2d62c17 None None] allow_resize_to_same_host = True {{(pid=84564) log_opt_values /opt/stack/data/venv/lib/python3.12/site-packages/oslo_config/cfg.py:3534}}
Aug 06 13:13:58.673055 np0000006650 devstack@n-api.service[84564]: DEBUG nova.api.openstack.wsgi_app [None req-d4f73b14-edab-4328-b4b2-ce72b2d62c17 None None] arq_binding_timeout = 300 {{(pid=84564) log_opt_values /opt/stack/data/venv/lib/python3.12/site-packages/oslo_config/cfg.py:3534}}
Aug 06 13:13:58.673055 np0000006650 devstack@n-api.service[84564]: DEBUG nova.api.openstack.wsgi_app [None req-d4f73b14-edab-4328-b4b2-ce72b2d62c17 None None] block_device_allocate_retries = 60 {{(pid=84564) log_opt_values /opt/stack/data/venv/lib/python3.12/site-packages/oslo_config/cfg.py:3534}}
Aug 06 13:13:58.673055 np0000006650 devstack@n-api.service[84564]: DEBUG nova.api.openstack.wsgi_app [None req-d4f73b14-edab-4328-b4b2-ce72b2d62c17 None None] block_device_allocate_retries_interval = 3 {{(pid=84564) log_opt_values /opt/stack/data/venv/lib/python3.12/site-packages/oslo_config/cfg.py:3534}}
Aug 06 13:13:58.673055 np0000006650 devstack@n-api.service[84564]: DEBUG nova.api.openstack.wsgi_app [None req-d4f73b14-edab-4328-b4b2-ce72b2d62c17 None None] cell_worker_thread_pool_size = 5 {{(pid=84564) log_opt_values /opt/stack/data/venv/lib/python3.12/site-packages/oslo_config/cfg.py:3534}}
Aug 06 13:13:58.673162 np0000006650 devstack@n-api.service[84564]: DEBUG nova.api.openstack.wsgi_app [None req-d4f73b14-edab-4328-b4b2-ce72b2d62c17 None None] cert = self.pem {{(pid=84564) log_opt_values /opt/stack/data/venv/lib/python3.12/site-packages/oslo_config/cfg.py:3534}}
Aug 06 13:13:58.673426 np0000006650 devstack@n-api.service[84564]: DEBUG nova.api.openstack.wsgi_app [None req-d4f73b14-edab-4328-b4b2-ce72b2d62c17 None None] compute_driver = libvirt.LibvirtDriver {{(pid=84564) log_opt_values /opt/stack/data/venv/lib/python3.12/site-packages/oslo_config/cfg.py:3534}}
Aug 06 13:13:58.673426 np0000006650 devstack@n-api.service[84564]: DEBUG nova.api.openstack.wsgi_app [None req-d4f73b14-edab-4328-b4b2-ce72b2d62c17 None None] compute_monitors = [] {{(pid=84564) log_opt_values /opt/stack/data/venv/lib/python3.12/site-packages/oslo_config/cfg.py:3534}}
Aug 06 13:13:58.673593 np0000006650 devstack@n-api.service[84564]: DEBUG nova.api.openstack.wsgi_app [None req-d4f73b14-edab-4328-b4b2-ce72b2d62c17 None None] concurrency_backend = auto {{(pid=84564) log_opt_values /opt/stack/data/venv/lib/python3.12/site-packages/oslo_config/cfg.py:3534}}
Aug 06 13:13:58.673664 np0000006650 devstack@n-api.service[84564]: DEBUG nova.api.openstack.wsgi_app [None req-d4f73b14-edab-4328-b4b2-ce72b2d62c17 None None] config_dir = [] {{(pid=84564) log_opt_values /opt/stack/data/venv/lib/python3.12/site-packages/oslo_config/cfg.py:3534}}
Aug 06 13:13:58.673761 np0000006650 devstack@n-api.service[84564]: DEBUG nova.api.openstack.wsgi_app [None req-d4f73b14-edab-4328-b4b2-ce72b2d62c17 None None] config_drive_format = iso9660 {{(pid=84564) log_opt_values /opt/stack/data/venv/lib/python3.12/site-packages/oslo_config/cfg.py:3534}}
Aug 06 13:13:58.673900 np0000006650 devstack@n-api.service[84564]: DEBUG nova.api.openstack.wsgi_app [None req-d4f73b14-edab-4328-b4b2-ce72b2d62c17 None None] config_file = ['/etc/nova/api-paste.ini', '/etc/nova/nova.conf'] {{(pid=84564) log_opt_values /opt/stack/data/venv/lib/python3.12/site-packages/oslo_config/cfg.py:3534}}
Aug 06 13:13:58.674054 np0000006650 devstack@n-api.service[84564]: DEBUG nova.api.openstack.wsgi_app [None req-d4f73b14-edab-4328-b4b2-ce72b2d62c17 None None] config_source = [] {{(pid=84564) log_opt_values /opt/stack/data/venv/lib/python3.12/site-packages/oslo_config/cfg.py:3534}}
Aug 06 13:13:58.674187 np0000006650 devstack@n-api.service[84564]: DEBUG nova.api.openstack.wsgi_app [None req-d4f73b14-edab-4328-b4b2-ce72b2d62c17 None None] console_host = np0000006650 {{(pid=84564) log_opt_values /opt/stack/data/venv/lib/python3.12/site-packages/oslo_config/cfg.py:3534}}
Aug 06 13:13:58.674306 np0000006650 devstack@n-api.service[84564]: DEBUG nova.api.openstack.wsgi_app [None req-d4f73b14-edab-4328-b4b2-ce72b2d62c17 None None] control_exchange = nova {{(pid=84564) log_opt_values /opt/stack/data/venv/lib/python3.12/site-packages/oslo_config/cfg.py:3534}}
Aug 06 13:13:58.674446 np0000006650 devstack@n-api.service[84564]: DEBUG nova.api.openstack.wsgi_app [None req-d4f73b14-edab-4328-b4b2-ce72b2d62c17 None None] cpu_allocation_ratio = None {{(pid=84564) log_opt_values /opt/stack/data/venv/lib/python3.12/site-packages/oslo_config/cfg.py:3534}}
Aug 06 13:13:58.674552 np0000006650 devstack@n-api.service[84564]: DEBUG nova.api.openstack.wsgi_app [None req-d4f73b14-edab-4328-b4b2-ce72b2d62c17 None None] daemon = False {{(pid=84564) log_opt_values /opt/stack/data/venv/lib/python3.12/site-packages/oslo_config/cfg.py:3534}}
Aug 06 13:13:58.674711 np0000006650 devstack@n-api.service[84564]: DEBUG nova.api.openstack.wsgi_app [None req-d4f73b14-edab-4328-b4b2-ce72b2d62c17 None None] debug = True {{(pid=84564) log_opt_values /opt/stack/data/venv/lib/python3.12/site-packages/oslo_config/cfg.py:3534}}
Aug 06 13:13:58.674848 np0000006650 devstack@n-api.service[84564]: DEBUG nova.api.openstack.wsgi_app [None req-d4f73b14-edab-4328-b4b2-ce72b2d62c17 None None] default_access_ip_network_name = None {{(pid=84564) log_opt_values /opt/stack/data/venv/lib/python3.12/site-packages/oslo_config/cfg.py:3534}}
Aug 06 13:13:58.675589 np0000006650 devstack@n-api.service[84564]: DEBUG nova.api.openstack.wsgi_app [None req-d4f73b14-edab-4328-b4b2-ce72b2d62c17 None None] default_availability_zone = nova {{(pid=84564) log_opt_values /opt/stack/data/venv/lib/python3.12/site-packages/oslo_config/cfg.py:3534}}
Aug 06 13:13:58.675589 np0000006650 devstack@n-api.service[84564]: DEBUG nova.api.openstack.wsgi_app [None req-d4f73b14-edab-4328-b4b2-ce72b2d62c17 None None] default_ephemeral_format = ext4 {{(pid=84564) log_opt_values /opt/stack/data/venv/lib/python3.12/site-packages/oslo_config/cfg.py:3534}}
Aug 06 13:13:58.675748 np0000006650 devstack@n-api.service[84564]: DEBUG nova.api.openstack.wsgi_app [None req-d4f73b14-edab-4328-b4b2-ce72b2d62c17 None None] default_green_pool_size = 1000 {{(pid=84564) log_opt_values /opt/stack/data/venv/lib/python3.12/site-packages/oslo_config/cfg.py:3534}}
Aug 06 13:13:58.675909 np0000006650 devstack@n-api.service[84564]: DEBUG nova.api.openstack.wsgi_app [None req-d4f73b14-edab-4328-b4b2-ce72b2d62c17 None None] default_log_levels = ['amqp=WARN', 'boto=WARN', 'sqlalchemy=WARN', 'suds=INFO', 'oslo.messaging=INFO', 'oslo_messaging=INFO', 'iso8601=WARN', 'requests.packages.urllib3.connectionpool=WARN', 'urllib3.connectionpool=WARN', 'websocket=WARN', 'requests.packages.urllib3.util.retry=WARN', 'urllib3.util.retry=WARN', 'keystonemiddleware=WARN', 'routes.middleware=WARN', 'stevedore=WARN', 'taskflow=WARN', 'keystoneauth=WARN', 'oslo.cache=INFO', 'oslo_policy=INFO', 'dogpile.core.dogpile=INFO', 'glanceclient=WARN', 'oslo.privsep.daemon=INFO'] {{(pid=84564) log_opt_values /opt/stack/data/venv/lib/python3.12/site-packages/oslo_config/cfg.py:3534}}
Aug 06 13:13:58.676090 np0000006650 devstack@n-api.service[84564]: DEBUG nova.api.openstack.wsgi_app [None req-d4f73b14-edab-4328-b4b2-ce72b2d62c17 None None] default_schedule_zone = None {{(pid=84564) log_opt_values /opt/stack/data/venv/lib/python3.12/site-packages/oslo_config/cfg.py:3534}}
Aug 06 13:13:58.676218 np0000006650 devstack@n-api.service[84564]: DEBUG nova.api.openstack.wsgi_app [None req-d4f73b14-edab-4328-b4b2-ce72b2d62c17 None None] default_thread_pool_size = 10 {{(pid=84564) log_opt_values /opt/stack/data/venv/lib/python3.12/site-packages/oslo_config/cfg.py:3534}}
Aug 06 13:13:58.676347 np0000006650 devstack@n-api.service[84564]: DEBUG nova.api.openstack.wsgi_app [None req-d4f73b14-edab-4328-b4b2-ce72b2d62c17 None None] disk_allocation_ratio = None {{(pid=84564) log_opt_values /opt/stack/data/venv/lib/python3.12/site-packages/oslo_config/cfg.py:3534}}
Aug 06 13:13:58.676500 np0000006650 devstack@n-api.service[84564]: DEBUG nova.api.openstack.wsgi_app [None req-d4f73b14-edab-4328-b4b2-ce72b2d62c17 None None] enable_new_services = True {{(pid=84564) log_opt_values /opt/stack/data/venv/lib/python3.12/site-packages/oslo_config/cfg.py:3534}}
Aug 06 13:13:58.677010 np0000006650 devstack@n-api.service[84564]: DEBUG nova.api.openstack.wsgi_app [None req-d4f73b14-edab-4328-b4b2-ce72b2d62c17 None None] flat_injected = False {{(pid=84564) log_opt_values /opt/stack/data/venv/lib/python3.12/site-packages/oslo_config/cfg.py:3534}}
Aug 06 13:13:58.677128 np0000006650 devstack@n-api.service[84564]: DEBUG nova.api.openstack.wsgi_app [None req-d4f73b14-edab-4328-b4b2-ce72b2d62c17 None None] force_config_drive = True {{(pid=84564) log_opt_values /opt/stack/data/venv/lib/python3.12/site-packages/oslo_config/cfg.py:3534}}
Aug 06 13:13:58.677266 np0000006650 devstack@n-api.service[84564]: DEBUG nova.api.openstack.wsgi_app [None req-d4f73b14-edab-4328-b4b2-ce72b2d62c17 None None] force_raw_images = True {{(pid=84564) log_opt_values /opt/stack/data/venv/lib/python3.12/site-packages/oslo_config/cfg.py:3534}}
Aug 06 13:13:58.677443 np0000006650 devstack@n-api.service[84564]: DEBUG nova.api.openstack.wsgi_app [None req-d4f73b14-edab-4328-b4b2-ce72b2d62c17 None None] graceful_shutdown_timeout = 5 {{(pid=84564) log_opt_values /opt/stack/data/venv/lib/python3.12/site-packages/oslo_config/cfg.py:3534}}
Aug 06 13:13:58.677572 np0000006650 devstack@n-api.service[84564]: DEBUG nova.api.openstack.wsgi_app [None req-d4f73b14-edab-4328-b4b2-ce72b2d62c17 None None] heal_instance_info_cache_interval = -1 {{(pid=84564) log_opt_values /opt/stack/data/venv/lib/python3.12/site-packages/oslo_config/cfg.py:3534}}
Aug 06 13:13:58.677765 np0000006650 devstack@n-api.service[84564]: DEBUG nova.api.openstack.wsgi_app [None req-d4f73b14-edab-4328-b4b2-ce72b2d62c17 None None] host = np0000006650 {{(pid=84564) log_opt_values /opt/stack/data/venv/lib/python3.12/site-packages/oslo_config/cfg.py:3534}}
Aug 06 13:13:58.677929 np0000006650 devstack@n-api.service[84564]: DEBUG nova.api.openstack.wsgi_app [None req-d4f73b14-edab-4328-b4b2-ce72b2d62c17 None None] initial_cpu_allocation_ratio = 4.0 {{(pid=84564) log_opt_values /opt/stack/data/venv/lib/python3.12/site-packages/oslo_config/cfg.py:3534}}
Aug 06 13:13:58.678076 np0000006650 devstack@n-api.service[84564]: DEBUG nova.api.openstack.wsgi_app [None req-d4f73b14-edab-4328-b4b2-ce72b2d62c17 None None] initial_disk_allocation_ratio = 1.0 {{(pid=84564) log_opt_values /opt/stack/data/venv/lib/python3.12/site-packages/oslo_config/cfg.py:3534}}
Aug 06 13:13:58.678196 np0000006650 devstack@n-api.service[84564]: DEBUG nova.api.openstack.wsgi_app [None req-d4f73b14-edab-4328-b4b2-ce72b2d62c17 None None] initial_ram_allocation_ratio = 1.0 {{(pid=84564) log_opt_values /opt/stack/data/venv/lib/python3.12/site-packages/oslo_config/cfg.py:3534}}
Aug 06 13:13:58.678394 np0000006650 devstack@n-api.service[84564]: DEBUG nova.api.openstack.wsgi_app [None req-d4f73b14-edab-4328-b4b2-ce72b2d62c17 None None] injected_network_template = /opt/stack/nova/nova/virt/interfaces.template {{(pid=84564) log_opt_values /opt/stack/data/venv/lib/python3.12/site-packages/oslo_config/cfg.py:3534}}
Aug 06 13:13:58.678529 np0000006650 devstack@n-api.service[84564]: DEBUG nova.api.openstack.wsgi_app [None req-d4f73b14-edab-4328-b4b2-ce72b2d62c17 None None] instance_build_timeout = 0 {{(pid=84564) log_opt_values /opt/stack/data/venv/lib/python3.12/site-packages/oslo_config/cfg.py:3534}}
Aug 06 13:13:58.678650 np0000006650 devstack@n-api.service[84564]: DEBUG nova.api.openstack.wsgi_app [None req-d4f73b14-edab-4328-b4b2-ce72b2d62c17 None None] instance_delete_interval = 300 {{(pid=84564) log_opt_values /opt/stack/data/venv/lib/python3.12/site-packages/oslo_config/cfg.py:3534}}
Aug 06 13:13:58.678787 np0000006650 devstack@n-api.service[84564]: DEBUG nova.api.openstack.wsgi_app [None req-d4f73b14-edab-4328-b4b2-ce72b2d62c17 None None] instance_format = [instance: %(uuid)s] {{(pid=84564) log_opt_values /opt/stack/data/venv/lib/python3.12/site-packages/oslo_config/cfg.py:3534}}
Aug 06 13:13:58.680511 np0000006650 devstack@n-api.service[84564]: DEBUG nova.api.openstack.wsgi_app [None req-d4f73b14-edab-4328-b4b2-ce72b2d62c17 None None] instance_name_template = instance-%08x {{(pid=84564) log_opt_values /opt/stack/data/venv/lib/python3.12/site-packages/oslo_config/cfg.py:3534}}
Aug 06 13:13:58.680511 np0000006650 devstack@n-api.service[84564]: DEBUG nova.api.openstack.wsgi_app [None req-d4f73b14-edab-4328-b4b2-ce72b2d62c17 None None] instance_usage_audit = False {{(pid=84564) log_opt_values /opt/stack/data/venv/lib/python3.12/site-packages/oslo_config/cfg.py:3534}}
Aug 06 13:13:58.680511 np0000006650 devstack@n-api.service[84564]: DEBUG nova.api.openstack.wsgi_app [None req-d4f73b14-edab-4328-b4b2-ce72b2d62c17 None None] instance_usage_audit_period = month {{(pid=84564) log_opt_values /opt/stack/data/venv/lib/python3.12/site-packages/oslo_config/cfg.py:3534}}
Aug 06 13:13:58.680511 np0000006650 devstack@n-api.service[84564]: DEBUG nova.api.openstack.wsgi_app [None req-d4f73b14-edab-4328-b4b2-ce72b2d62c17 None None] instance_uuid_format = [instance: %(uuid)s] {{(pid=84564) log_opt_values /opt/stack/data/venv/lib/python3.12/site-packages/oslo_config/cfg.py:3534}}
Aug 06 13:13:58.680511 np0000006650 devstack@n-api.service[84564]: DEBUG nova.api.openstack.wsgi_app [None req-d4f73b14-edab-4328-b4b2-ce72b2d62c17 None None] instances_path = /opt/stack/data/nova/instances {{(pid=84564) log_opt_values /opt/stack/data/venv/lib/python3.12/site-packages/oslo_config/cfg.py:3534}}
Aug 06 13:13:58.680511 np0000006650 devstack@n-api.service[84564]: DEBUG nova.api.openstack.wsgi_app [None req-d4f73b14-edab-4328-b4b2-ce72b2d62c17 None None] internal_service_availability_zone = internal {{(pid=84564) log_opt_values /opt/stack/data/venv/lib/python3.12/site-packages/oslo_config/cfg.py:3534}}
Aug 06 13:13:58.680511 np0000006650 devstack@n-api.service[84564]: DEBUG nova.api.openstack.wsgi_app [None req-d4f73b14-edab-4328-b4b2-ce72b2d62c17 None None] key = None {{(pid=84564) log_opt_values /opt/stack/data/venv/lib/python3.12/site-packages/oslo_config/cfg.py:3534}}
Aug 06 13:13:58.680718 np0000006650 devstack@n-api.service[84564]: DEBUG nova.api.openstack.wsgi_app [None req-d4f73b14-edab-4328-b4b2-ce72b2d62c17 None None] live_migration_retry_count = 30 {{(pid=84564) log_opt_values /opt/stack/data/venv/lib/python3.12/site-packages/oslo_config/cfg.py:3534}}
Aug 06 13:13:58.680718 np0000006650 devstack@n-api.service[84564]: DEBUG nova.api.openstack.wsgi_app [None req-d4f73b14-edab-4328-b4b2-ce72b2d62c17 None None] log_color = False {{(pid=84564) log_opt_values /opt/stack/data/venv/lib/python3.12/site-packages/oslo_config/cfg.py:3534}}
Aug 06 13:13:58.680769 np0000006650 devstack@n-api.service[84564]: DEBUG nova.api.openstack.wsgi_app [None req-d4f73b14-edab-4328-b4b2-ce72b2d62c17 None None] log_config_append = None {{(pid=84564) log_opt_values /opt/stack/data/venv/lib/python3.12/site-packages/oslo_config/cfg.py:3534}}
Aug 06 13:13:58.681630 np0000006650 devstack@n-api.service[84564]: DEBUG nova.api.openstack.wsgi_app [None req-d4f73b14-edab-4328-b4b2-ce72b2d62c17 None None] log_date_format = %Y-%m-%d %H:%M:%S {{(pid=84564) log_opt_values /opt/stack/data/venv/lib/python3.12/site-packages/oslo_config/cfg.py:3534}}
Aug 06 13:13:58.681630 np0000006650 devstack@n-api.service[84564]: DEBUG nova.api.openstack.wsgi_app [None req-d4f73b14-edab-4328-b4b2-ce72b2d62c17 None None] log_dir = None {{(pid=84564) log_opt_values /opt/stack/data/venv/lib/python3.12/site-packages/oslo_config/cfg.py:3534}}
Aug 06 13:13:58.681630 np0000006650 devstack@n-api.service[84564]: DEBUG nova.api.openstack.wsgi_app [None req-d4f73b14-edab-4328-b4b2-ce72b2d62c17 None None] log_file = None {{(pid=84564) log_opt_values /opt/stack/data/venv/lib/python3.12/site-packages/oslo_config/cfg.py:3534}}
Aug 06 13:13:58.681630 np0000006650 devstack@n-api.service[84564]: DEBUG nova.api.openstack.wsgi_app [None req-d4f73b14-edab-4328-b4b2-ce72b2d62c17 None None] log_options = True {{(pid=84564) log_opt_values /opt/stack/data/venv/lib/python3.12/site-packages/oslo_config/cfg.py:3534}}
Aug 06 13:13:58.681630 np0000006650 devstack@n-api.service[84564]: DEBUG nova.api.openstack.wsgi_app [None req-d4f73b14-edab-4328-b4b2-ce72b2d62c17 None None] log_rotate_interval = 1 {{(pid=84564) log_opt_values /opt/stack/data/venv/lib/python3.12/site-packages/oslo_config/cfg.py:3534}}
Aug 06 13:13:58.681630 np0000006650 devstack@n-api.service[84564]: DEBUG nova.api.openstack.wsgi_app [None req-d4f73b14-edab-4328-b4b2-ce72b2d62c17 None None] log_rotate_interval_type = days {{(pid=84564) log_opt_values /opt/stack/data/venv/lib/python3.12/site-packages/oslo_config/cfg.py:3534}}
Aug 06 13:13:58.682097 np0000006650 devstack@n-api.service[84564]: DEBUG nova.api.openstack.wsgi_app [None req-d4f73b14-edab-4328-b4b2-ce72b2d62c17 None None] log_rotation_type = none {{(pid=84564) log_opt_values /opt/stack/data/venv/lib/python3.12/site-packages/oslo_config/cfg.py:3534}}
Aug 06 13:13:58.682097 np0000006650 devstack@n-api.service[84564]: DEBUG nova.api.openstack.wsgi_app [None req-d4f73b14-edab-4328-b4b2-ce72b2d62c17 None None] logging_context_format_string = %(color)s%(levelname)s %(name)s [%(global_request_id)s %(request_id)s %(project_name)s %(user_name)s%(color)s] %(instance)s%(color)s%(message)s {{(pid=84564) log_opt_values /opt/stack/data/venv/lib/python3.12/site-packages/oslo_config/cfg.py:3534}}
Aug 06 13:13:58.682097 np0000006650 devstack@n-api.service[84564]: DEBUG nova.api.openstack.wsgi_app [None req-d4f73b14-edab-4328-b4b2-ce72b2d62c17 None None] logging_debug_format_suffix = {{(pid=%(process)d) %(funcName)s %(pathname)s:%(lineno)d}} {{(pid=84564) log_opt_values /opt/stack/data/venv/lib/python3.12/site-packages/oslo_config/cfg.py:3534}}
Aug 06 13:13:58.682097 np0000006650 devstack@n-api.service[84564]: DEBUG nova.api.openstack.wsgi_app [None req-d4f73b14-edab-4328-b4b2-ce72b2d62c17 None None] logging_default_format_string = %(color)s%(levelname)s %(name)s [-%(color)s] %(instance)s%(color)s%(message)s {{(pid=84564) log_opt_values /opt/stack/data/venv/lib/python3.12/site-packages/oslo_config/cfg.py:3534}}
Aug 06 13:13:58.682396 np0000006650 devstack@n-api.service[84564]: DEBUG nova.api.openstack.wsgi_app [None req-d4f73b14-edab-4328-b4b2-ce72b2d62c17 None None] logging_exception_prefix = ERROR %(name)s %(instance)s {{(pid=84564) log_opt_values /opt/stack/data/venv/lib/python3.12/site-packages/oslo_config/cfg.py:3534}}
Aug 06 13:13:58.682396 np0000006650 devstack@n-api.service[84564]: DEBUG nova.api.openstack.wsgi_app [None req-d4f73b14-edab-4328-b4b2-ce72b2d62c17 None None] logging_user_identity_format = %(user)s %(project)s %(domain)s %(system_scope)s %(user_domain)s %(project_domain)s {{(pid=84564) log_opt_values /opt/stack/data/venv/lib/python3.12/site-packages/oslo_config/cfg.py:3534}}
Aug 06 13:13:58.682537 np0000006650 devstack@n-api.service[84564]: DEBUG nova.api.openstack.wsgi_app [None req-d4f73b14-edab-4328-b4b2-ce72b2d62c17 None None] long_rpc_timeout = 1800 {{(pid=84564) log_opt_values /opt/stack/data/venv/lib/python3.12/site-packages/oslo_config/cfg.py:3534}}
Aug 06 13:13:58.682623 np0000006650 devstack@n-api.service[84564]: DEBUG nova.api.openstack.wsgi_app [None req-d4f73b14-edab-4328-b4b2-ce72b2d62c17 None None] manager_shutdown_timeout = 160 {{(pid=84564) log_opt_values /opt/stack/data/venv/lib/python3.12/site-packages/oslo_config/cfg.py:3534}}
Aug 06 13:13:58.682751 np0000006650 devstack@n-api.service[84564]: DEBUG nova.api.openstack.wsgi_app [None req-d4f73b14-edab-4328-b4b2-ce72b2d62c17 None None] max_concurrent_builds = 10 {{(pid=84564) log_opt_values /opt/stack/data/venv/lib/python3.12/site-packages/oslo_config/cfg.py:3534}}
Aug 06 13:13:58.682872 np0000006650 devstack@n-api.service[84564]: DEBUG nova.api.openstack.wsgi_app [None req-d4f73b14-edab-4328-b4b2-ce72b2d62c17 None None] max_concurrent_live_migrations = 1 {{(pid=84564) log_opt_values /opt/stack/data/venv/lib/python3.12/site-packages/oslo_config/cfg.py:3534}}
Aug 06 13:13:58.683038 np0000006650 devstack@n-api.service[84564]: DEBUG nova.api.openstack.wsgi_app [None req-d4f73b14-edab-4328-b4b2-ce72b2d62c17 None None] max_concurrent_snapshots = 5 {{(pid=84564) log_opt_values /opt/stack/data/venv/lib/python3.12/site-packages/oslo_config/cfg.py:3534}}
Aug 06 13:13:58.683196 np0000006650 devstack@n-api.service[84564]: DEBUG nova.api.openstack.wsgi_app [None req-d4f73b14-edab-4328-b4b2-ce72b2d62c17 None None] max_local_block_devices = 3 {{(pid=84564) log_opt_values /opt/stack/data/venv/lib/python3.12/site-packages/oslo_config/cfg.py:3534}}
Aug 06 13:13:58.683363 np0000006650 devstack@n-api.service[84564]: DEBUG nova.api.openstack.wsgi_app [None req-d4f73b14-edab-4328-b4b2-ce72b2d62c17 None None] max_logfile_count = 30 {{(pid=84564) log_opt_values /opt/stack/data/venv/lib/python3.12/site-packages/oslo_config/cfg.py:3534}}
Aug 06 13:13:58.683500 np0000006650 devstack@n-api.service[84564]: DEBUG nova.api.openstack.wsgi_app [None req-d4f73b14-edab-4328-b4b2-ce72b2d62c17 None None] max_logfile_size_mb = 200 {{(pid=84564) log_opt_values /opt/stack/data/venv/lib/python3.12/site-packages/oslo_config/cfg.py:3534}}
Aug 06 13:13:58.683654 np0000006650 devstack@n-api.service[84564]: DEBUG nova.api.openstack.wsgi_app [None req-d4f73b14-edab-4328-b4b2-ce72b2d62c17 None None] maximum_instance_delete_attempts = 5 {{(pid=84564) log_opt_values /opt/stack/data/venv/lib/python3.12/site-packages/oslo_config/cfg.py:3534}}
Aug 06 13:13:58.683784 np0000006650 devstack@n-api.service[84564]: DEBUG nova.api.openstack.wsgi_app [None req-d4f73b14-edab-4328-b4b2-ce72b2d62c17 None None] migrate_max_retries = -1 {{(pid=84564) log_opt_values /opt/stack/data/venv/lib/python3.12/site-packages/oslo_config/cfg.py:3534}}
Aug 06 13:13:58.683938 np0000006650 devstack@n-api.service[84564]: DEBUG nova.api.openstack.wsgi_app [None req-d4f73b14-edab-4328-b4b2-ce72b2d62c17 None None] mkisofs_cmd = genisoimage {{(pid=84564) log_opt_values /opt/stack/data/venv/lib/python3.12/site-packages/oslo_config/cfg.py:3534}}
Aug 06 13:13:58.684154 np0000006650 devstack@n-api.service[84564]: DEBUG nova.api.openstack.wsgi_app [None req-d4f73b14-edab-4328-b4b2-ce72b2d62c17 None None] my_block_storage_ip = 10.4.3.148 {{(pid=84564) log_opt_values /opt/stack/data/venv/lib/python3.12/site-packages/oslo_config/cfg.py:3534}}
Aug 06 13:13:58.684252 np0000006650 devstack@n-api.service[84564]: DEBUG nova.api.openstack.wsgi_app [None req-d4f73b14-edab-4328-b4b2-ce72b2d62c17 None None] my_ip = 10.4.3.148 {{(pid=84564) log_opt_values /opt/stack/data/venv/lib/python3.12/site-packages/oslo_config/cfg.py:3534}}
Aug 06 13:13:58.684453 np0000006650 devstack@n-api.service[84564]: DEBUG nova.api.openstack.wsgi_app [None req-d4f73b14-edab-4328-b4b2-ce72b2d62c17 None None] my_shared_fs_storage_ip = 10.4.3.148 {{(pid=84564) log_opt_values /opt/stack/data/venv/lib/python3.12/site-packages/oslo_config/cfg.py:3534}}
Aug 06 13:13:58.684578 np0000006650 devstack@n-api.service[84564]: DEBUG nova.api.openstack.wsgi_app [None req-d4f73b14-edab-4328-b4b2-ce72b2d62c17 None None] network_allocate_retries = 0 {{(pid=84564) log_opt_values /opt/stack/data/venv/lib/python3.12/site-packages/oslo_config/cfg.py:3534}}
