Aug 09 10:41:22.672988 np0000006830 devstack@g-api.service[99748]: [pid: 99748|app: 0|req: 140/376] 127.0.0.1 () {44 vars in 1055 bytes} [Sun Aug 9 10:41:22 2026] GET /v2/schemas/image => generated 6083 bytes in 3 msecs (HTTP/1.1 200) 4 headers in 158 bytes (1 switches on core 0)
Aug 09 10:41:22.688455 np0000006830 devstack@g-api.service[99747]: DEBUG glance.api.middleware.version_negotiation [None req-32e17b0c-533b-4d87-847f-3493f3c416cb tempest-VolumesActionsTest-704786656 tempest-VolumesActionsTest-704786656-project-member] Determining version of request: GET /v2/images/0b331372-6d22-4323-aab2-a2950e9a5492 Accept: application/json {{(pid=99747) process_request /opt/stack/glance/glance/api/middleware/version_negotiation.py:44}}
Aug 09 10:41:22.688707 np0000006830 devstack@g-api.service[99747]: DEBUG glance.api.middleware.version_negotiation [None req-32e17b0c-533b-4d87-847f-3493f3c416cb tempest-VolumesActionsTest-704786656 tempest-VolumesActionsTest-704786656-project-member] Using url versioning {{(pid=99747) process_request /opt/stack/glance/glance/api/middleware/version_negotiation.py:57}}
Aug 09 10:41:22.688911 np0000006830 devstack@g-api.service[99747]: DEBUG glance.api.middleware.version_negotiation [None req-32e17b0c-533b-4d87-847f-3493f3c416cb tempest-VolumesActionsTest-704786656 tempest-VolumesActionsTest-704786656-project-member] Matched version: v2 {{(pid=99747) process_request /opt/stack/glance/glance/api/middleware/version_negotiation.py:69}}
Aug 09 10:41:22.689067 np0000006830 devstack@g-api.service[99747]: DEBUG glance.api.middleware.version_negotiation [None req-32e17b0c-533b-4d87-847f-3493f3c416cb tempest-VolumesActionsTest-704786656 tempest-VolumesActionsTest-704786656-project-member] new path /v2/images/0b331372-6d22-4323-aab2-a2950e9a5492 {{(pid=99747) process_request /opt/stack/glance/glance/api/middleware/version_negotiation.py:70}}
Aug 09 10:41:22.700411 np0000006830 devstack@g-api.service[99747]: [pid: 99747|app: 0|req: 111/377] 127.0.0.1 () {40 vars in 838 bytes} [Sun Aug 9 10:41:22 2026] GET /v2/images/0b331372-6d22-4323-aab2-a2950e9a5492 => generated 652 bytes in 12 msecs (HTTP/1.1 200) 4 headers in 157 bytes (1 switches on core 0)
Aug 09 10:41:23.712482 np0000006830 devstack@g-api.service[99746]: DEBUG glance.api.middleware.version_negotiation [None req-32e17b0c-533b-4d87-847f-3493f3c416cb tempest-VolumesActionsTest-704786656 tempest-VolumesActionsTest-704786656-project-member] Determining version of request: GET /v2/images/0b331372-6d22-4323-aab2-a2950e9a5492 Accept: application/json {{(pid=99746) process_request /opt/stack/glance/glance/api/middleware/version_negotiation.py:44}}
Aug 09 10:41:23.712482 np0000006830 devstack@g-api.service[99746]: DEBUG glance.api.middleware.version_negotiation [None req-32e17b0c-533b-4d87-847f-3493f3c416cb tempest-VolumesActionsTest-704786656 tempest-VolumesActionsTest-704786656-project-member] Using url versioning {{(pid=99746) process_request /opt/stack/glance/glance/api/middleware/version_negotiation.py:57}}
Aug 09 10:41:23.713583 np0000006830 devstack@g-api.service[99746]: DEBUG glance.api.middleware.version_negotiation [None req-32e17b0c-533b-4d87-847f-3493f3c416cb tempest-VolumesActionsTest-704786656 tempest-VolumesActionsTest-704786656-project-member] Matched version: v2 {{(pid=99746) process_request /opt/stack/glance/glance/api/middleware/version_negotiation.py:69}}
Aug 09 10:41:23.713583 np0000006830 devstack@g-api.service[99746]: DEBUG glance.api.middleware.version_negotiation [None req-32e17b0c-533b-4d87-847f-3493f3c416cb tempest-VolumesActionsTest-704786656 tempest-VolumesActionsTest-704786656-project-member] new path /v2/images/0b331372-6d22-4323-aab2-a2950e9a5492 {{(pid=99746) process_request /opt/stack/glance/glance/api/middleware/version_negotiation.py:70}}
Aug 09 10:41:23.728055 np0000006830 devstack@g-api.service[99746]: [pid: 99746|app: 0|req: 127/378] 127.0.0.1 () {40 vars in 838 bytes} [Sun Aug 9 10:41:23 2026] GET /v2/images/0b331372-6d22-4323-aab2-a2950e9a5492 => generated 652 bytes in 17 msecs (HTTP/1.1 200) 4 headers in 157 bytes (1 switches on core 0)
Aug 09 10:41:24.739262 np0000006830 devstack@g-api.service[99748]: DEBUG glance.api.middleware.version_negotiation [None req-32e17b0c-533b-4d87-847f-3493f3c416cb tempest-VolumesActionsTest-704786656 tempest-VolumesActionsTest-704786656-project-member] Determining version of request: GET /v2/images/0b331372-6d22-4323-aab2-a2950e9a5492 Accept: application/json {{(pid=99748) process_request /opt/stack/glance/glance/api/middleware/version_negotiation.py:44}}
Aug 09 10:41:24.739262 np0000006830 devstack@g-api.service[99748]: DEBUG glance.api.middleware.version_negotiation [None req-32e17b0c-533b-4d87-847f-3493f3c416cb tempest-VolumesActionsTest-704786656 tempest-VolumesActionsTest-704786656-project-member] Using url versioning {{(pid=99748) process_request /opt/stack/glance/glance/api/middleware/version_negotiation.py:57}}
Aug 09 10:41:24.739262 np0000006830 devstack@g-api.service[99748]: DEBUG glance.api.middleware.version_negotiation [None req-32e17b0c-533b-4d87-847f-3493f3c416cb tempest-VolumesActionsTest-704786656 tempest-VolumesActionsTest-704786656-project-member] Matched version: v2 {{(pid=99748) process_request /opt/stack/glance/glance/api/middleware/version_negotiation.py:69}}
Aug 09 10:41:24.739262 np0000006830 devstack@g-api.service[99748]: DEBUG glance.api.middleware.version_negotiation [None req-32e17b0c-533b-4d87-847f-3493f3c416cb tempest-VolumesActionsTest-704786656 tempest-VolumesActionsTest-704786656-project-member] new path /v2/images/0b331372-6d22-4323-aab2-a2950e9a5492 {{(pid=99748) process_request /opt/stack/glance/glance/api/middleware/version_negotiation.py:70}}
Aug 09 10:41:24.751977 np0000006830 devstack@g-api.service[99748]: [pid: 99748|app: 0|req: 141/379] 127.0.0.1 () {40 vars in 838 bytes} [Sun Aug 9 10:41:24 2026] GET /v2/images/0b331372-6d22-4323-aab2-a2950e9a5492 => generated 652 bytes in 13 msecs (HTTP/1.1 200) 4 headers in 157 bytes (1 switches on core 0)
Aug 09 10:41:25.763250 np0000006830 devstack@g-api.service[99747]: DEBUG glance.api.middleware.version_negotiation [None req-397cf6b4-d464-420f-af40-886f2cb7a96e tempest-VolumesActionsTest-704786656 tempest-VolumesActionsTest-704786656-project-member] Determining version of request: GET /v2/images/0b331372-6d22-4323-aab2-a2950e9a5492 Accept: application/json {{(pid=99747) process_request /opt/stack/glance/glance/api/middleware/version_negotiation.py:44}}
Aug 09 10:41:25.763774 np0000006830 devstack@g-api.service[99747]: DEBUG glance.api.middleware.version_negotiation [None req-397cf6b4-d464-420f-af40-886f2cb7a96e tempest-VolumesActionsTest-704786656 tempest-VolumesActionsTest-704786656-project-member] Using url versioning {{(pid=99747) process_request /opt/stack/glance/glance/api/middleware/version_negotiation.py:57}}
Aug 09 10:41:25.763944 np0000006830 devstack@g-api.service[99747]: DEBUG glance.api.middleware.version_negotiation [None req-397cf6b4-d464-420f-af40-886f2cb7a96e tempest-VolumesActionsTest-704786656 tempest-VolumesActionsTest-704786656-project-member] Matched version: v2 {{(pid=99747) process_request /opt/stack/glance/glance/api/middleware/version_negotiation.py:69}}
Aug 09 10:41:25.764057 np0000006830 devstack@g-api.service[99747]: DEBUG glance.api.middleware.version_negotiation [None req-397cf6b4-d464-420f-af40-886f2cb7a96e tempest-VolumesActionsTest-704786656 tempest-VolumesActionsTest-704786656-project-member] new path /v2/images/0b331372-6d22-4323-aab2-a2950e9a5492 {{(pid=99747) process_request /opt/stack/glance/glance/api/middleware/version_negotiation.py:70}}
Aug 09 10:41:25.785581 np0000006830 devstack@g-api.service[99747]: [pid: 99747|app: 0|req: 112/380] 127.0.0.1 () {40 vars in 838 bytes} [Sun Aug 9 10:41:25 2026] GET /v2/images/0b331372-6d22-4323-aab2-a2950e9a5492 => generated 652 bytes in 23 msecs (HTTP/1.1 200) 4 headers in 157 bytes (1 switches on core 0)
Aug 09 10:41:26.215955 np0000006830 devstack@g-api.service[99746]: DEBUG glance.api.middleware.version_negotiation [None req-9498330a-c760-4b40-8143-5c35edac62c9 tempest-VolumesActionsTest-704786656 tempest-VolumesActionsTest-704786656-project-member] Determining version of request: PUT /v2/images/0b331372-6d22-4323-aab2-a2950e9a5492/file Accept: */* {{(pid=99746) process_request /opt/stack/glance/glance/api/middleware/version_negotiation.py:44}}
Aug 09 10:41:26.215955 np0000006830 devstack@g-api.service[99746]: DEBUG glance.api.middleware.version_negotiation [None req-9498330a-c760-4b40-8143-5c35edac62c9 tempest-VolumesActionsTest-704786656 tempest-VolumesActionsTest-704786656-project-member] Using url versioning {{(pid=99746) process_request /opt/stack/glance/glance/api/middleware/version_negotiation.py:57}}
Aug 09 10:41:26.215955 np0000006830 devstack@g-api.service[99746]: DEBUG glance.api.middleware.version_negotiation [None req-9498330a-c760-4b40-8143-5c35edac62c9 tempest-VolumesActionsTest-704786656 tempest-VolumesActionsTest-704786656-project-member] Matched version: v2 {{(pid=99746) process_request /opt/stack/glance/glance/api/middleware/version_negotiation.py:69}}
Aug 09 10:41:26.215955 np0000006830 devstack@g-api.service[99746]: DEBUG glance.api.middleware.version_negotiation [None req-9498330a-c760-4b40-8143-5c35edac62c9 tempest-VolumesActionsTest-704786656 tempest-VolumesActionsTest-704786656-project-member] new path /v2/images/0b331372-6d22-4323-aab2-a2950e9a5492/file {{(pid=99746) process_request /opt/stack/glance/glance/api/middleware/version_negotiation.py:70}}
Aug 09 10:41:26.795321 np0000006830 devstack@g-api.service[99748]: DEBUG glance.api.middleware.version_negotiation [None req-6d71efbf-1cbc-4a64-86f7-c4e1b69376b3 tempest-VolumesActionsTest-704786656 tempest-VolumesActionsTest-704786656-project-member] Determining version of request: GET /v2/images/0b331372-6d22-4323-aab2-a2950e9a5492 Accept: application/json {{(pid=99748) process_request /opt/stack/glance/glance/api/middleware/version_negotiation.py:44}}
Aug 09 10:41:26.795826 np0000006830 devstack@g-api.service[99748]: DEBUG glance.api.middleware.version_negotiation [None req-6d71efbf-1cbc-4a64-86f7-c4e1b69376b3 tempest-VolumesActionsTest-704786656 tempest-VolumesActionsTest-704786656-project-member] Using url versioning {{(pid=99748) process_request /opt/stack/glance/glance/api/middleware/version_negotiation.py:57}}
Aug 09 10:41:26.795873 np0000006830 devstack@g-api.service[99748]: DEBUG glance.api.middleware.version_negotiation [None req-6d71efbf-1cbc-4a64-86f7-c4e1b69376b3 tempest-VolumesActionsTest-704786656 tempest-VolumesActionsTest-704786656-project-member] Matched version: v2 {{(pid=99748) process_request /opt/stack/glance/glance/api/middleware/version_negotiation.py:69}}
Aug 09 10:41:26.796027 np0000006830 devstack@g-api.service[99748]: DEBUG glance.api.middleware.version_negotiation [None req-6d71efbf-1cbc-4a64-86f7-c4e1b69376b3 tempest-VolumesActionsTest-704786656 tempest-VolumesActionsTest-704786656-project-member] new path /v2/images/0b331372-6d22-4323-aab2-a2950e9a5492 {{(pid=99748) process_request /opt/stack/glance/glance/api/middleware/version_negotiation.py:70}}
Aug 09 10:41:26.809417 np0000006830 devstack@g-api.service[99748]: [pid: 99748|app: 0|req: 142/381] 127.0.0.1 () {40 vars in 838 bytes} [Sun Aug 9 10:41:26 2026] GET /v2/images/0b331372-6d22-4323-aab2-a2950e9a5492 => generated 652 bytes in 14 msecs (HTTP/1.1 200) 4 headers in 157 bytes (1 switches on core 0)
Aug 09 10:41:26.820754 np0000006830 devstack@g-api.service[99746]: INFO glance.api.v2.image_data [None req-32e17b0c-533b-4d87-847f-3493f3c416cb tempest-VolumesActionsTest-704786656 tempest-VolumesActionsTest-704786656-project-member] Unable to create trust: no such option collect_timing in group [keystone_authtoken] Use the existing user token.
Aug 09 10:41:27.099999 np0000006830 devstack@g-api.service[99747]: DEBUG glance.api.middleware.version_negotiation [None req-0ae63139-d68b-48bd-9d29-9b4382df086c tempest-VolumesActionsTest-704786656 tempest-VolumesActionsTest-704786656-project-member] Determining version of request: GET /v2/images/9f9d8694-fa99-4765-86d0-43fb355afe4d Accept: */* {{(pid=99747) process_request /opt/stack/glance/glance/api/middleware/version_negotiation.py:44}}
Aug 09 10:41:27.101735 np0000006830 devstack@g-api.service[99747]: DEBUG glance.api.middleware.version_negotiation [None req-0ae63139-d68b-48bd-9d29-9b4382df086c tempest-VolumesActionsTest-704786656 tempest-VolumesActionsTest-704786656-project-member] Using url versioning {{(pid=99747) process_request /opt/stack/glance/glance/api/middleware/version_negotiation.py:57}}
Aug 09 10:41:27.101735 np0000006830 devstack@g-api.service[99747]: DEBUG glance.api.middleware.version_negotiation [None req-0ae63139-d68b-48bd-9d29-9b4382df086c tempest-VolumesActionsTest-704786656 tempest-VolumesActionsTest-704786656-project-member] Matched version: v2 {{(pid=99747) process_request /opt/stack/glance/glance/api/middleware/version_negotiation.py:69}}
Aug 09 10:41:27.101735 np0000006830 devstack@g-api.service[99747]: DEBUG glance.api.middleware.version_negotiation [None req-0ae63139-d68b-48bd-9d29-9b4382df086c tempest-VolumesActionsTest-704786656 tempest-VolumesActionsTest-704786656-project-member] new path /v2/images/9f9d8694-fa99-4765-86d0-43fb355afe4d {{(pid=99747) process_request /opt/stack/glance/glance/api/middleware/version_negotiation.py:70}}
Aug 09 10:41:27.120228 np0000006830 devstack@g-api.service[99747]: [pid: 99747|app: 0|req: 113/382] 127.0.0.1 () {44 vars in 1115 bytes} [Sun Aug 9 10:41:27 2026] GET /v2/images/9f9d8694-fa99-4765-86d0-43fb355afe4d => generated 1044 bytes in 21 msecs (HTTP/1.1 200) 4 headers in 158 bytes (1 switches on core 0)
Aug 09 10:41:27.156047 np0000006830 devstack@g-api.service[99748]: DEBUG glance.api.middleware.version_negotiation [None req-9732b1b9-09be-48c4-884a-e8701e75a874 tempest-VolumesActionsTest-704786656 tempest-VolumesActionsTest-704786656-project-member] Determining version of request: GET /v2/schemas/image Accept: */* {{(pid=99748) process_request /opt/stack/glance/glance/api/middleware/version_negotiation.py:44}}
Aug 09 10:41:27.156229 np0000006830 devstack@g-api.service[99748]: DEBUG glance.api.middleware.version_negotiation [None req-9732b1b9-09be-48c4-884a-e8701e75a874 tempest-VolumesActionsTest-704786656 tempest-VolumesActionsTest-704786656-project-member] Using url versioning {{(pid=99748) process_request /opt/stack/glance/glance/api/middleware/version_negotiation.py:57}}
Aug 09 10:41:27.156354 np0000006830 devstack@g-api.service[99748]: DEBUG glance.api.middleware.version_negotiation [None req-9732b1b9-09be-48c4-884a-e8701e75a874 tempest-VolumesActionsTest-704786656 tempest-VolumesActionsTest-704786656-project-member] Matched version: v2 {{(pid=99748) process_request /opt/stack/glance/glance/api/middleware/version_negotiation.py:69}}
Aug 09 10:41:27.156478 np0000006830 devstack@g-api.service[99748]: DEBUG glance.api.middleware.version_negotiation [None req-9732b1b9-09be-48c4-884a-e8701e75a874 tempest-VolumesActionsTest-704786656 tempest-VolumesActionsTest-704786656-project-member] new path /v2/schemas/image {{(pid=99748) process_request /opt/stack/glance/glance/api/middleware/version_negotiation.py:70}}
Aug 09 10:41:27.160484 np0000006830 devstack@g-api.service[99748]: [pid: 99748|app: 0|req: 143/383] 127.0.0.1 () {44 vars in 1055 bytes} [Sun Aug 9 10:41:27 2026] GET /v2/schemas/image => generated 6083 bytes in 4 msecs (HTTP/1.1 200) 4 headers in 158 bytes (1 switches on core 0)
Aug 09 10:41:27.371055 np0000006830 devstack@g-api.service[99746]: DEBUG glance.location [None req-32e17b0c-533b-4d87-847f-3493f3c416cb tempest-VolumesActionsTest-704786656 tempest-VolumesActionsTest-704786656-project-member] Enabling in-flight format inspection for qcow2 {{(pid=99746) set_data /opt/stack/glance/glance/location.py:596}}
Aug 09 10:41:27.371586 np0000006830 devstack@g-api.service[99746]: DEBUG glance_store.backend [None req-32e17b0c-533b-4d87-847f-3493f3c416cb tempest-VolumesActionsTest-704786656 tempest-VolumesActionsTest-704786656-project-member] Attempting to import store swift {{(pid=99746) _load_store /opt/stack/data/venv/lib/python3.12/site-packages/glance_store/backend.py:215}}
Aug 09 10:41:27.373049 np0000006830 devstack@g-api.service[99746]: DEBUG glance_store.capabilities [None req-32e17b0c-533b-4d87-847f-3493f3c416cb tempest-VolumesActionsTest-704786656 tempest-VolumesActionsTest-704786656-project-member] Store glance_store._drivers.swift.store.SingleTenantStore doesn't support updating dynamic storage capabilities. Please overwrite 'update_capabilities' method of the store to implement updating logics if needed. {{(pid=99746) update_capabilities /opt/stack/data/venv/lib/python3.12/site-packages/glance_store/capabilities.py:91}}
Aug 09 10:41:27.373382 np0000006830 devstack@g-api.service[99746]: DEBUG glance_store.driver [None req-32e17b0c-533b-4d87-847f-3493f3c416cb tempest-VolumesActionsTest-704786656 tempest-VolumesActionsTest-704786656-project-member] Late loading location class glance_store._drivers.swift.store.StoreLocation {{(pid=99746) get_store_location_class /opt/stack/data/venv/lib/python3.12/site-packages/glance_store/driver.py:134}}
Aug 09 10:41:27.373525 np0000006830 devstack@g-api.service[99746]: DEBUG glance_store.location [None req-32e17b0c-533b-4d87-847f-3493f3c416cb tempest-VolumesActionsTest-704786656 tempest-VolumesActionsTest-704786656-project-member] Registering scheme swift+https with {'store': , 'location_class': , 'store_entry': 'swift'} {{(pid=99746) register_scheme_map /opt/stack/data/venv/lib/python3.12/site-packages/glance_store/location.py:146}}
Aug 09 10:41:27.373616 np0000006830 devstack@g-api.service[99746]: DEBUG glance_store.location [None req-32e17b0c-533b-4d87-847f-3493f3c416cb tempest-VolumesActionsTest-704786656 tempest-VolumesActionsTest-704786656-project-member] Registering scheme swift+https with {'store': , 'location_class': , 'store_entry': 'swift'} {{(pid=99746) register_scheme_map /opt/stack/data/venv/lib/python3.12/site-packages/glance_store/location.py:146}}
Aug 09 10:41:27.373719 np0000006830 devstack@g-api.service[99746]: DEBUG glance_store.location [None req-32e17b0c-533b-4d87-847f-3493f3c416cb tempest-VolumesActionsTest-704786656 tempest-VolumesActionsTest-704786656-project-member] Registering scheme swift with {'store': , 'location_class': , 'store_entry': 'swift'} {{(pid=99746) register_scheme_map /opt/stack/data/venv/lib/python3.12/site-packages/glance_store/location.py:146}}
Aug 09 10:41:27.373788 np0000006830 devstack@g-api.service[99746]: DEBUG glance_store.location [None req-32e17b0c-533b-4d87-847f-3493f3c416cb tempest-VolumesActionsTest-704786656 tempest-VolumesActionsTest-704786656-project-member] Registering scheme swift+https with {'store': , 'location_class': , 'store_entry': 'swift'} {{(pid=99746) register_scheme_map /opt/stack/data/venv/lib/python3.12/site-packages/glance_store/location.py:146}}
Aug 09 10:41:27.373914 np0000006830 devstack@g-api.service[99746]: DEBUG glance_store.location [None req-32e17b0c-533b-4d87-847f-3493f3c416cb tempest-VolumesActionsTest-704786656 tempest-VolumesActionsTest-704786656-project-member] Registering scheme swift with {'store': , 'location_class': , 'store_entry': 'swift'} {{(pid=99746) register_scheme_map /opt/stack/data/venv/lib/python3.12/site-packages/glance_store/location.py:146}}
Aug 09 10:41:27.373975 np0000006830 devstack@g-api.service[99746]: DEBUG glance_store.location [None req-32e17b0c-533b-4d87-847f-3493f3c416cb tempest-VolumesActionsTest-704786656 tempest-VolumesActionsTest-704786656-project-member] Registering scheme swift+http with {'store': , 'location_class': , 'store_entry': 'swift'} {{(pid=99746) register_scheme_map /opt/stack/data/venv/lib/python3.12/site-packages/glance_store/location.py:146}}
Aug 09 10:41:27.374618 np0000006830 devstack@g-api.service[99746]: DEBUG glance_store.location [None req-32e17b0c-533b-4d87-847f-3493f3c416cb tempest-VolumesActionsTest-704786656 tempest-VolumesActionsTest-704786656-project-member] Registering scheme swift+https with {'store': , 'location_class': , 'store_entry': 'swift'} {{(pid=99746) register_scheme_map /opt/stack/data/venv/lib/python3.12/site-packages/glance_store/location.py:146}}
Aug 09 10:41:27.374727 np0000006830 devstack@g-api.service[99746]: DEBUG glance_store.location [None req-32e17b0c-533b-4d87-847f-3493f3c416cb tempest-VolumesActionsTest-704786656 tempest-VolumesActionsTest-704786656-project-member] Registering scheme swift with {'store': , 'location_class': , 'store_entry': 'swift'} {{(pid=99746) register_scheme_map /opt/stack/data/venv/lib/python3.12/site-packages/glance_store/location.py:146}}
Aug 09 10:41:27.374810 np0000006830 devstack@g-api.service[99746]: DEBUG glance_store.location [None req-32e17b0c-533b-4d87-847f-3493f3c416cb tempest-VolumesActionsTest-704786656 tempest-VolumesActionsTest-704786656-project-member] Registering scheme swift+http with {'store': , 'location_class': , 'store_entry': 'swift'} {{(pid=99746) register_scheme_map /opt/stack/data/venv/lib/python3.12/site-packages/glance_store/location.py:146}}
Aug 09 10:41:27.374890 np0000006830 devstack@g-api.service[99746]: DEBUG glance_store.location [None req-32e17b0c-533b-4d87-847f-3493f3c416cb tempest-VolumesActionsTest-704786656 tempest-VolumesActionsTest-704786656-project-member] Registering scheme swift+config with {'store': , 'location_class': , 'store_entry': 'swift'} {{(pid=99746) register_scheme_map /opt/stack/data/venv/lib/python3.12/site-packages/glance_store/location.py:146}}
Aug 09 10:41:27.559309 np0000006830 devstack@g-api.service[99747]: DEBUG glance.api.middleware.version_negotiation [None req-95ccd696-d355-4c5c-9f99-bcc47b58f94e tempest-ServerBootFromVolumeStableRescueTest-1748320735 tempest-ServerBootFromVolumeStableRescueTest-1748320735-project-member] Determining version of request: GET /v2/images/9f9d8694-fa99-4765-86d0-43fb355afe4d Accept: application/json {{(pid=99747) process_request /opt/stack/glance/glance/api/middleware/version_negotiation.py:44}}
Aug 09 10:41:27.559867 np0000006830 devstack@g-api.service[99747]: DEBUG glance.api.middleware.version_negotiation [None req-95ccd696-d355-4c5c-9f99-bcc47b58f94e tempest-ServerBootFromVolumeStableRescueTest-1748320735 tempest-ServerBootFromVolumeStableRescueTest-1748320735-project-member] Using url versioning {{(pid=99747) process_request /opt/stack/glance/glance/api/middleware/version_negotiation.py:57}}
Aug 09 10:41:27.560237 np0000006830 devstack@g-api.service[99747]: DEBUG glance.api.middleware.version_negotiation [None req-95ccd696-d355-4c5c-9f99-bcc47b58f94e tempest-ServerBootFromVolumeStableRescueTest-1748320735 tempest-ServerBootFromVolumeStableRescueTest-1748320735-project-member] Matched version: v2 {{(pid=99747) process_request /opt/stack/glance/glance/api/middleware/version_negotiation.py:69}}
Aug 09 10:41:27.560901 np0000006830 devstack@g-api.service[99747]: DEBUG glance.api.middleware.version_negotiation [None req-95ccd696-d355-4c5c-9f99-bcc47b58f94e tempest-ServerBootFromVolumeStableRescueTest-1748320735 tempest-ServerBootFromVolumeStableRescueTest-1748320735-project-member] new path /v2/images/9f9d8694-fa99-4765-86d0-43fb355afe4d {{(pid=99747) process_request /opt/stack/glance/glance/api/middleware/version_negotiation.py:70}}
Aug 09 10:41:27.574016 np0000006830 devstack@g-api.service[99747]: [pid: 99747|app: 0|req: 114/384] 127.0.0.1 () {40 vars in 838 bytes} [Sun Aug 9 10:41:27 2026] GET /v2/images/9f9d8694-fa99-4765-86d0-43fb355afe4d => generated 1044 bytes in 15 msecs (HTTP/1.1 200) 4 headers in 158 bytes (1 switches on core 0)
Aug 09 10:41:27.596231 np0000006830 devstack@g-api.service[99748]: DEBUG glance.api.middleware.version_negotiation [None req-95ccd696-d355-4c5c-9f99-bcc47b58f94e tempest-ServerBootFromVolumeStableRescueTest-1748320735 tempest-ServerBootFromVolumeStableRescueTest-1748320735-project-member] Determining version of request: GET /v2/images/9f9d8694-fa99-4765-86d0-43fb355afe4d Accept: */* {{(pid=99748) process_request /opt/stack/glance/glance/api/middleware/version_negotiation.py:44}}
Aug 09 10:41:27.596824 np0000006830 devstack@g-api.service[99748]: DEBUG glance.api.middleware.version_negotiation [None req-95ccd696-d355-4c5c-9f99-bcc47b58f94e tempest-ServerBootFromVolumeStableRescueTest-1748320735 tempest-ServerBootFromVolumeStableRescueTest-1748320735-project-member] Using url versioning {{(pid=99748) process_request /opt/stack/glance/glance/api/middleware/version_negotiation.py:57}}
Aug 09 10:41:27.596824 np0000006830 devstack@g-api.service[99748]: DEBUG glance.api.middleware.version_negotiation [None req-95ccd696-d355-4c5c-9f99-bcc47b58f94e tempest-ServerBootFromVolumeStableRescueTest-1748320735 tempest-ServerBootFromVolumeStableRescueTest-1748320735-project-member] Matched version: v2 {{(pid=99748) process_request /opt/stack/glance/glance/api/middleware/version_negotiation.py:69}}
Aug 09 10:41:27.596908 np0000006830 devstack@g-api.service[99748]: DEBUG glance.api.middleware.version_negotiation [None req-95ccd696-d355-4c5c-9f99-bcc47b58f94e tempest-ServerBootFromVolumeStableRescueTest-1748320735 tempest-ServerBootFromVolumeStableRescueTest-1748320735-project-member] new path /v2/images/9f9d8694-fa99-4765-86d0-43fb355afe4d {{(pid=99748) process_request /opt/stack/glance/glance/api/middleware/version_negotiation.py:70}}
Aug 09 10:41:27.600973 np0000006830 devstack@g-api.service[99746]: DEBUG swiftclient [None req-32e17b0c-533b-4d87-847f-3493f3c416cb tempest-VolumesActionsTest-704786656 tempest-VolumesActionsTest-704786656-project-member] REQ: curl -i https://10.4.3.250:8080/v1/AUTH_b699f06aac8346b5abfd80b1a9977e4e/glance -I -H "X-Auth-Token: gAAAAABqeFlXujNm..." {{(pid=99746) http_log /opt/stack/data/venv/lib/python3.12/site-packages/swiftclient/client.py:160}}
Aug 09 10:41:27.601113 np0000006830 devstack@g-api.service[99746]: DEBUG swiftclient [None req-32e17b0c-533b-4d87-847f-3493f3c416cb tempest-VolumesActionsTest-704786656 tempest-VolumesActionsTest-704786656-project-member] RESP STATUS: 204 No Content {{(pid=99746) http_log /opt/stack/data/venv/lib/python3.12/site-packages/swiftclient/client.py:161}}
Aug 09 10:41:27.601276 np0000006830 devstack@g-api.service[99746]: DEBUG swiftclient [None req-32e17b0c-533b-4d87-847f-3493f3c416cb tempest-VolumesActionsTest-704786656 tempest-VolumesActionsTest-704786656-project-member] RESP HEADERS: {'Date': 'Sun, 09 Aug 2026 10:41:27 GMT', 'Server': 'Apache/2.4.58 (Ubuntu)', 'Content-Type': 'text/plain; charset=utf-8', 'X-Container-Object-Count': '12', 'X-Container-Bytes-Used': '1161625600', 'X-Timestamp': '1786271624.78131', 'Last-Modified': 'Sun, 09 Aug 2026 10:33:45 GMT', 'Accept-Ranges': 'bytes', 'X-Storage-Policy': 'Policy-0', 'X-Container-Sharding': 'False', 'Vary': 'Accept', 'X-Trans-Id': 'txea1a89cd449140ccb32e0-006a785957', 'X-Openstack-Request-Id': 'txea1a89cd449140ccb32e0-006a785957', 'Connection': 'close'} {{(pid=99746) http_log /opt/stack/data/venv/lib/python3.12/site-packages/swiftclient/client.py:162}}
Aug 09 10:41:27.601536 np0000006830 devstack@g-api.service[99746]: DEBUG glance_store._drivers.swift.store [None req-32e17b0c-533b-4d87-847f-3493f3c416cb tempest-VolumesActionsTest-704786656 tempest-VolumesActionsTest-704786656-project-member] Adding image object '0b331372-6d22-4323-aab2-a2950e9a5492' to Swift {{(pid=99746) add /opt/stack/data/venv/lib/python3.12/site-packages/glance_store/_drivers/swift/store.py:970}}
Aug 09 10:41:27.601670 np0000006830 devstack@g-api.service[99746]: DEBUG glance_store._drivers.swift.store [None req-32e17b0c-533b-4d87-847f-3493f3c416cb tempest-VolumesActionsTest-704786656 tempest-VolumesActionsTest-704786656-project-member] Cannot determine image size because it is either not provided in the request or chunked-transfer encoding is used. Adding image as a segmented object to Swift. {{(pid=99746) add /opt/stack/data/venv/lib/python3.12/site-packages/glance_store/_drivers/swift/store.py:994}}
Aug 09 10:41:27.609068 np0000006830 devstack@g-api.service[99746]: DEBUG oslo_utils.imageutils.format_inspector [None req-32e17b0c-533b-4d87-847f-3493f3c416cb tempest-VolumesActionsTest-704786656 tempest-VolumesActionsTest-704786656-project-member] Format inspector for vmdk does not match, excluding from consideration (Signature KDMV not found: b'QFI\xfb') {{(pid=99746) _process_chunk /opt/stack/data/venv/lib/python3.12/site-packages/oslo_utils/imageutils/format_inspector.py:1758}}
Aug 09 10:41:27.613931 np0000006830 devstack@g-api.service[99748]: [pid: 99748|app: 0|req: 144/385] 127.0.0.1 () {44 vars in 1115 bytes} [Sun Aug 9 10:41:27 2026] GET /v2/images/9f9d8694-fa99-4765-86d0-43fb355afe4d => generated 1044 bytes in 18 msecs (HTTP/1.1 200) 4 headers in 158 bytes (1 switches on core 0)
Aug 09 10:41:27.624517 np0000006830 devstack@g-api.service[99747]: DEBUG glance.api.middleware.version_negotiation [None req-084b3e3e-ac3e-4c98-a56d-2680dfbdcb69 tempest-VolumesSnapshotTestJSON-1456100765 tempest-VolumesSnapshotTestJSON-1456100765-project-member] Determining version of request: GET /v2/schemas/image Accept: */* {{(pid=99747) process_request /opt/stack/glance/glance/api/middleware/version_negotiation.py:44}}
Aug 09 10:41:27.624741 np0000006830 devstack@g-api.service[99747]: DEBUG glance.api.middleware.version_negotiation [None req-084b3e3e-ac3e-4c98-a56d-2680dfbdcb69 tempest-VolumesSnapshotTestJSON-1456100765 tempest-VolumesSnapshotTestJSON-1456100765-project-member] Using url versioning {{(pid=99747) process_request /opt/stack/glance/glance/api/middleware/version_negotiation.py:57}}
Aug 09 10:41:27.624973 np0000006830 devstack@g-api.service[99747]: DEBUG glance.api.middleware.version_negotiation [None req-084b3e3e-ac3e-4c98-a56d-2680dfbdcb69 tempest-VolumesSnapshotTestJSON-1456100765 tempest-VolumesSnapshotTestJSON-1456100765-project-member] Matched version: v2 {{(pid=99747) process_request /opt/stack/glance/glance/api/middleware/version_negotiation.py:69}}
Aug 09 10:41:27.625170 np0000006830 devstack@g-api.service[99747]: DEBUG glance.api.middleware.version_negotiation [None req-084b3e3e-ac3e-4c98-a56d-2680dfbdcb69 tempest-VolumesSnapshotTestJSON-1456100765 tempest-VolumesSnapshotTestJSON-1456100765-project-member] new path /v2/schemas/image {{(pid=99747) process_request /opt/stack/glance/glance/api/middleware/version_negotiation.py:70}}
Aug 09 10:41:27.630062 np0000006830 devstack@g-api.service[99747]: [pid: 99747|app: 0|req: 115/386] 127.0.0.1 () {44 vars in 1055 bytes} [Sun Aug 9 10:41:27 2026] GET /v2/schemas/image => generated 6083 bytes in 6 msecs (HTTP/1.1 200) 4 headers in 158 bytes (1 switches on core 0)
Aug 09 10:41:27.640211 np0000006830 devstack@g-api.service[99748]: DEBUG glance.api.middleware.version_negotiation [None req-181d71be-4b50-46e7-a9a6-45553ab63c6d tempest-VolumesSnapshotTestJSON-1456100765 tempest-VolumesSnapshotTestJSON-1456100765-project-member] Determining version of request: GET /v2/schemas/image Accept: */* {{(pid=99748) process_request /opt/stack/glance/glance/api/middleware/version_negotiation.py:44}}
Aug 09 10:41:27.640717 np0000006830 devstack@g-api.service[99748]: DEBUG glance.api.middleware.version_negotiation [None req-181d71be-4b50-46e7-a9a6-45553ab63c6d tempest-VolumesSnapshotTestJSON-1456100765 tempest-VolumesSnapshotTestJSON-1456100765-project-member] Using url versioning {{(pid=99748) process_request /opt/stack/glance/glance/api/middleware/version_negotiation.py:57}}
Aug 09 10:41:27.640717 np0000006830 devstack@g-api.service[99748]: DEBUG glance.api.middleware.version_negotiation [None req-181d71be-4b50-46e7-a9a6-45553ab63c6d tempest-VolumesSnapshotTestJSON-1456100765 tempest-VolumesSnapshotTestJSON-1456100765-project-member] Matched version: v2 {{(pid=99748) process_request /opt/stack/glance/glance/api/middleware/version_negotiation.py:69}}
Aug 09 10:41:27.640900 np0000006830 devstack@g-api.service[99748]: DEBUG glance.api.middleware.version_negotiation [None req-181d71be-4b50-46e7-a9a6-45553ab63c6d tempest-VolumesSnapshotTestJSON-1456100765 tempest-VolumesSnapshotTestJSON-1456100765-project-member] new path /v2/schemas/image {{(pid=99748) process_request /opt/stack/glance/glance/api/middleware/version_negotiation.py:70}}
Aug 09 10:41:27.645737 np0000006830 devstack@g-api.service[99748]: [pid: 99748|app: 0|req: 145/387] 127.0.0.1 () {44 vars in 1055 bytes} [Sun Aug 9 10:41:27 2026] GET /v2/schemas/image => generated 6083 bytes in 4 msecs (HTTP/1.1 200) 4 headers in 158 bytes (1 switches on core 0)
Aug 09 10:41:27.648252 np0000006830 devstack@g-api.service[99746]: DEBUG swiftclient [None req-32e17b0c-533b-4d87-847f-3493f3c416cb tempest-VolumesActionsTest-704786656 tempest-VolumesActionsTest-704786656-project-member] REQ: curl -i https://10.4.3.250:8080/v1/AUTH_b699f06aac8346b5abfd80b1a9977e4e/glance/0b331372-6d22-4323-aab2-a2950e9a5492-00001 -X PUT -H "X-Auth-Token: gAAAAABqeFlXujNm..." {{(pid=99746) http_log /opt/stack/data/venv/lib/python3.12/site-packages/swiftclient/client.py:160}}
Aug 09 10:41:27.648550 np0000006830 devstack@g-api.service[99746]: DEBUG swiftclient [None req-32e17b0c-533b-4d87-847f-3493f3c416cb tempest-VolumesActionsTest-704786656 tempest-VolumesActionsTest-704786656-project-member] RESP STATUS: 201 Created {{(pid=99746) http_log /opt/stack/data/venv/lib/python3.12/site-packages/swiftclient/client.py:161}}
Aug 09 10:41:27.648797 np0000006830 devstack@g-api.service[99746]: DEBUG swiftclient [None req-32e17b0c-533b-4d87-847f-3493f3c416cb tempest-VolumesActionsTest-704786656 tempest-VolumesActionsTest-704786656-project-member] RESP HEADERS: {'Date': 'Sun, 09 Aug 2026 10:41:27 GMT', 'Server': 'Apache/2.4.58 (Ubuntu)', 'Content-Type': 'text/html; charset=UTF-8', 'Content-Length': '0', 'Etag': 'c68439d39a2d449547b4c010d7f01866', 'Last-Modified': 'Sun, 09 Aug 2026 10:41:28 GMT', 'X-Trans-Id': 'tx6ef22afc913d480f9c4c6-006a785957', 'X-Openstack-Request-Id': 'tx6ef22afc913d480f9c4c6-006a785957', 'Connection': 'close'} {{(pid=99746) http_log /opt/stack/data/venv/lib/python3.12/site-packages/swiftclient/client.py:162}}
Aug 09 10:41:27.648918 np0000006830 devstack@g-api.service[99746]: DEBUG glance_store._drivers.swift.store [None req-32e17b0c-533b-4d87-847f-3493f3c416cb tempest-VolumesActionsTest-704786656 tempest-VolumesActionsTest-704786656-project-member] Wrote chunk 0b331372-6d22-4323-aab2-a2950e9a5492-00001 (1/?) of length 197120 to Swift returning MD5 of content: c68439d39a2d449547b4c010d7f01866 {{(pid=99746) add /opt/stack/data/venv/lib/python3.12/site-packages/glance_store/_drivers/swift/store.py:1059}}
Aug 09 10:41:27.649237 np0000006830 devstack@g-api.service[99746]: DEBUG glance_store._drivers.swift.store [None req-32e17b0c-533b-4d87-847f-3493f3c416cb tempest-VolumesActionsTest-704786656 tempest-VolumesActionsTest-704786656-project-member] Not writing zero-length chunk. {{(pid=99746) add /opt/stack/data/venv/lib/python3.12/site-packages/glance_store/_drivers/swift/store.py:1028}}
Aug 09 10:41:27.657420 np0000006830 devstack@g-api.service[99747]: DEBUG glance.api.middleware.version_negotiation [None req-181d71be-4b50-46e7-a9a6-45553ab63c6d tempest-VolumesSnapshotTestJSON-1456100765 tempest-VolumesSnapshotTestJSON-1456100765-project-member] Determining version of request: GET /v2/images/9f9d8694-fa99-4765-86d0-43fb355afe4d Accept: */* {{(pid=99747) process_request /opt/stack/glance/glance/api/middleware/version_negotiation.py:44}}
Aug 09 10:41:27.657420 np0000006830 devstack@g-api.service[99747]: DEBUG glance.api.middleware.version_negotiation [None req-181d71be-4b50-46e7-a9a6-45553ab63c6d tempest-VolumesSnapshotTestJSON-1456100765 tempest-VolumesSnapshotTestJSON-1456100765-project-member] Using url versioning {{(pid=99747) process_request /opt/stack/glance/glance/api/middleware/version_negotiation.py:57}}
Aug 09 10:41:27.657420 np0000006830 devstack@g-api.service[99747]: DEBUG glance.api.middleware.version_negotiation [None req-181d71be-4b50-46e7-a9a6-45553ab63c6d tempest-VolumesSnapshotTestJSON-1456100765 tempest-VolumesSnapshotTestJSON-1456100765-project-member] Matched version: v2 {{(pid=99747) process_request /opt/stack/glance/glance/api/middleware/version_negotiation.py:69}}
Aug 09 10:41:27.657420 np0000006830 devstack@g-api.service[99747]: DEBUG glance.api.middleware.version_negotiation [None req-181d71be-4b50-46e7-a9a6-45553ab63c6d tempest-VolumesSnapshotTestJSON-1456100765 tempest-VolumesSnapshotTestJSON-1456100765-project-member] new path /v2/images/9f9d8694-fa99-4765-86d0-43fb355afe4d {{(pid=99747) process_request /opt/stack/glance/glance/api/middleware/version_negotiation.py:70}}
Aug 09 10:41:27.674204 np0000006830 devstack@g-api.service[99747]: [pid: 99747|app: 0|req: 116/388] 127.0.0.1 () {44 vars in 1115 bytes} [Sun Aug 9 10:41:27 2026] GET /v2/images/9f9d8694-fa99-4765-86d0-43fb355afe4d => generated 1044 bytes in 18 msecs (HTTP/1.1 200) 4 headers in 158 bytes (1 switches on core 0)
Aug 09 10:41:27.676657 np0000006830 devstack@g-api.service[99746]: DEBUG swiftclient [None req-32e17b0c-533b-4d87-847f-3493f3c416cb tempest-VolumesActionsTest-704786656 tempest-VolumesActionsTest-704786656-project-member] REQ: curl -i https://10.4.3.250:8080/v1/AUTH_b699f06aac8346b5abfd80b1a9977e4e/glance/0b331372-6d22-4323-aab2-a2950e9a5492 -X PUT -H "X-Object-Manifest: glance/0b331372-6d22-4323-aab2-a2950e9a5492-" -H "X-Auth-Token: gAAAAABqeFlXujNm..." -H "Content-Length: 0" {{(pid=99746) http_log /opt/stack/data/venv/lib/python3.12/site-packages/swiftclient/client.py:160}}
Aug 09 10:41:27.676888 np0000006830 devstack@g-api.service[99746]: DEBUG swiftclient [None req-32e17b0c-533b-4d87-847f-3493f3c416cb tempest-VolumesActionsTest-704786656 tempest-VolumesActionsTest-704786656-project-member] RESP STATUS: 201 Created {{(pid=99746) http_log /opt/stack/data/venv/lib/python3.12/site-packages/swiftclient/client.py:161}}
Aug 09 10:41:27.677216 np0000006830 devstack@g-api.service[99746]: DEBUG swiftclient [None req-32e17b0c-533b-4d87-847f-3493f3c416cb tempest-VolumesActionsTest-704786656 tempest-VolumesActionsTest-704786656-project-member] RESP HEADERS: {'Date': 'Sun, 09 Aug 2026 10:41:27 GMT', 'Server': 'Apache/2.4.58 (Ubuntu)', 'Content-Type': 'text/html; charset=UTF-8', 'Content-Length': '0', 'Etag': 'd41d8cd98f00b204e9800998ecf8427e', 'Last-Modified': 'Sun, 09 Aug 2026 10:41:28 GMT', 'X-Trans-Id': 'tx81f2865497f9419aa3a20-006a785957', 'X-Openstack-Request-Id': 'tx81f2865497f9419aa3a20-006a785957', 'Connection': 'close'} {{(pid=99746) http_log /opt/stack/data/venv/lib/python3.12/site-packages/swiftclient/client.py:162}}
Aug 09 10:41:27.677761 np0000006830 devstack@g-api.service[99746]: INFO glance.location [None req-32e17b0c-533b-4d87-847f-3493f3c416cb tempest-VolumesActionsTest-704786656 tempest-VolumesActionsTest-704786656-project-member] Image format matched and virtual size computed: 1073741824
Aug 09 10:41:27.683647 np0000006830 devstack@g-api.service[99748]: DEBUG glance.api.middleware.version_negotiation [None req-181d71be-4b50-46e7-a9a6-45553ab63c6d tempest-VolumesSnapshotTestJSON-1456100765 tempest-VolumesSnapshotTestJSON-1456100765-project-member] Determining version of request: GET /v2/schemas/image Accept: */* {{(pid=99748) process_request /opt/stack/glance/glance/api/middleware/version_negotiation.py:44}}
Aug 09 10:41:27.683790 np0000006830 devstack@g-api.service[99748]: DEBUG glance.api.middleware.version_negotiation [None req-181d71be-4b50-46e7-a9a6-45553ab63c6d tempest-VolumesSnapshotTestJSON-1456100765 tempest-VolumesSnapshotTestJSON-1456100765-project-member] Using url versioning {{(pid=99748) process_request /opt/stack/glance/glance/api/middleware/version_negotiation.py:57}}
Aug 09 10:41:27.684190 np0000006830 devstack@g-api.service[99748]: DEBUG glance.api.middleware.version_negotiation [None req-181d71be-4b50-46e7-a9a6-45553ab63c6d tempest-VolumesSnapshotTestJSON-1456100765 tempest-VolumesSnapshotTestJSON-1456100765-project-member] Matched version: v2 {{(pid=99748) process_request /opt/stack/glance/glance/api/middleware/version_negotiation.py:69}}
Aug 09 10:41:27.684190 np0000006830 devstack@g-api.service[99748]: DEBUG glance.api.middleware.version_negotiation [None req-181d71be-4b50-46e7-a9a6-45553ab63c6d tempest-VolumesSnapshotTestJSON-1456100765 tempest-VolumesSnapshotTestJSON-1456100765-project-member] new path /v2/schemas/image {{(pid=99748) process_request /opt/stack/glance/glance/api/middleware/version_negotiation.py:70}}
Aug 09 10:41:27.687498 np0000006830 devstack@g-api.service[99748]: [pid: 99748|app: 0|req: 146/389] 127.0.0.1 () {44 vars in 1055 bytes} [Sun Aug 9 10:41:27 2026] GET /v2/schemas/image => generated 6083 bytes in 4 msecs (HTTP/1.1 200) 4 headers in 158 bytes (1 switches on core 0)
Aug 09 10:41:27.710647 np0000006830 devstack@g-api.service[99747]: DEBUG glance.api.middleware.version_negotiation [None req-181d71be-4b50-46e7-a9a6-45553ab63c6d tempest-VolumesSnapshotTestJSON-1456100765 tempest-VolumesSnapshotTestJSON-1456100765-project-member] Determining version of request: GET /v2/schemas/image Accept: */* {{(pid=99747) process_request /opt/stack/glance/glance/api/middleware/version_negotiation.py:44}}
Aug 09 10:41:27.710647 np0000006830 devstack@g-api.service[99747]: DEBUG glance.api.middleware.version_negotiation [None req-181d71be-4b50-46e7-a9a6-45553ab63c6d tempest-VolumesSnapshotTestJSON-1456100765 tempest-VolumesSnapshotTestJSON-1456100765-project-member] Using url versioning {{(pid=99747) process_request /opt/stack/glance/glance/api/middleware/version_negotiation.py:57}}
Aug 09 10:41:27.710647 np0000006830 devstack@g-api.service[99747]: DEBUG glance.api.middleware.version_negotiation [None req-181d71be-4b50-46e7-a9a6-45553ab63c6d tempest-VolumesSnapshotTestJSON-1456100765 tempest-VolumesSnapshotTestJSON-1456100765-project-member] Matched version: v2 {{(pid=99747) process_request /opt/stack/glance/glance/api/middleware/version_negotiation.py:69}}
Aug 09 10:41:27.710647 np0000006830 devstack@g-api.service[99747]: DEBUG glance.api.middleware.version_negotiation [None req-181d71be-4b50-46e7-a9a6-45553ab63c6d tempest-VolumesSnapshotTestJSON-1456100765 tempest-VolumesSnapshotTestJSON-1456100765-project-member] new path /v2/schemas/image {{(pid=99747) process_request /opt/stack/glance/glance/api/middleware/version_negotiation.py:70}}
Aug 09 10:41:27.716534 np0000006830 devstack@g-api.service[99747]: [pid: 99747|app: 0|req: 117/390] 127.0.0.1 () {44 vars in 1055 bytes} [Sun Aug 9 10:41:27 2026] GET /v2/schemas/image => generated 6083 bytes in 8 msecs (HTTP/1.1 200) 4 headers in 158 bytes (1 switches on core 0)
Aug 09 10:41:27.732540 np0000006830 devstack@g-api.service[99746]: DEBUG glance_store.backend [None req-32e17b0c-533b-4d87-847f-3493f3c416cb tempest-VolumesActionsTest-704786656 tempest-VolumesActionsTest-704786656-project-member] Attempting to import store swift {{(pid=99746) _load_store /opt/stack/data/venv/lib/python3.12/site-packages/glance_store/backend.py:215}}
Aug 09 10:41:27.733132 np0000006830 devstack@g-api.service[99746]: DEBUG glance_store.capabilities [None req-32e17b0c-533b-4d87-847f-3493f3c416cb tempest-VolumesActionsTest-704786656 tempest-VolumesActionsTest-704786656-project-member] Store glance_store._drivers.swift.store.SingleTenantStore doesn't support updating dynamic storage capabilities. Please overwrite 'update_capabilities' method of the store to implement updating logics if needed. {{(pid=99746) update_capabilities /opt/stack/data/venv/lib/python3.12/site-packages/glance_store/capabilities.py:91}}
Aug 09 10:41:27.733269 np0000006830 devstack@g-api.service[99746]: DEBUG glance_store.driver [None req-32e17b0c-533b-4d87-847f-3493f3c416cb tempest-VolumesActionsTest-704786656 tempest-VolumesActionsTest-704786656-project-member] Late loading location class glance_store._drivers.swift.store.StoreLocation {{(pid=99746) get_store_location_class /opt/stack/data/venv/lib/python3.12/site-packages/glance_store/driver.py:134}}
Aug 09 10:41:27.733464 np0000006830 devstack@g-api.service[99746]: DEBUG glance_store.location [None req-32e17b0c-533b-4d87-847f-3493f3c416cb tempest-VolumesActionsTest-704786656 tempest-VolumesActionsTest-704786656-project-member] Registering scheme swift+https with {'store': , 'location_class': , 'store_entry': 'swift'} {{(pid=99746) register_scheme_map /opt/stack/data/venv/lib/python3.12/site-packages/glance_store/location.py:146}}
Aug 09 10:41:27.733464 np0000006830 devstack@g-api.service[99746]: DEBUG glance_store.location [None req-32e17b0c-533b-4d87-847f-3493f3c416cb tempest-VolumesActionsTest-704786656 tempest-VolumesActionsTest-704786656-project-member] Registering scheme swift+https with {'store': , 'location_class': , 'store_entry': 'swift'} {{(pid=99746) register_scheme_map /opt/stack/data/venv/lib/python3.12/site-packages/glance_store/location.py:146}}
Aug 09 10:41:27.733558 np0000006830 devstack@g-api.service[99746]: DEBUG glance_store.location [None req-32e17b0c-533b-4d87-847f-3493f3c416cb tempest-VolumesActionsTest-704786656 tempest-VolumesActionsTest-704786656-project-member] Registering scheme swift with {'store': , 'location_class': , 'store_entry': 'swift'} {{(pid=99746) register_scheme_map /opt/stack/data/venv/lib/python3.12/site-packages/glance_store/location.py:146}}
Aug 09 10:41:27.733646 np0000006830 devstack@g-api.service[99746]: DEBUG glance_store.location [None req-32e17b0c-533b-4d87-847f-3493f3c416cb tempest-VolumesActionsTest-704786656 tempest-VolumesActionsTest-704786656-project-member] Registering scheme swift+https with {'store': , 'location_class': , 'store_entry': 'swift'} {{(pid=99746) register_scheme_map /opt/stack/data/venv/lib/python3.12/site-packages/glance_store/location.py:146}}
Aug 09 10:41:27.733829 np0000006830 devstack@g-api.service[99746]: DEBUG glance_store.location [None req-32e17b0c-533b-4d87-847f-3493f3c416cb tempest-VolumesActionsTest-704786656 tempest-VolumesActionsTest-704786656-project-member] Registering scheme swift with {'store': , 'location_class': , 'store_entry': 'swift'} {{(pid=99746) register_scheme_map /opt/stack/data/venv/lib/python3.12/site-packages/glance_store/location.py:146}}
Aug 09 10:41:27.733899 np0000006830 devstack@g-api.service[99746]: DEBUG glance_store.location [None req-32e17b0c-533b-4d87-847f-3493f3c416cb tempest-VolumesActionsTest-704786656 tempest-VolumesActionsTest-704786656-project-member] Registering scheme swift+http with {'store': , 'location_class': , 'store_entry': 'swift'} {{(pid=99746) register_scheme_map /opt/stack/data/venv/lib/python3.12/site-packages/glance_store/location.py:146}}
Aug 09 10:41:27.733942 np0000006830 devstack@g-api.service[99746]: DEBUG glance_store.location [None req-32e17b0c-533b-4d87-847f-3493f3c416cb tempest-VolumesActionsTest-704786656 tempest-VolumesActionsTest-704786656-project-member] Registering scheme swift+https with {'store': , 'location_class': , 'store_entry': 'swift'} {{(pid=99746) register_scheme_map /opt/stack/data/venv/lib/python3.12/site-packages/glance_store/location.py:146}}
Aug 09 10:41:27.734013 np0000006830 devstack@g-api.service[99746]: DEBUG glance_store.location [None req-32e17b0c-533b-4d87-847f-3493f3c416cb tempest-VolumesActionsTest-704786656 tempest-VolumesActionsTest-704786656-project-member] Registering scheme swift with {'store': , 'location_class': , 'store_entry': 'swift'} {{(pid=99746) register_scheme_map /opt/stack/data/venv/lib/python3.12/site-packages/glance_store/location.py:146}}
Aug 09 10:41:27.734092 np0000006830 devstack@g-api.service[99746]: DEBUG glance_store.location [None req-32e17b0c-533b-4d87-847f-3493f3c416cb tempest-VolumesActionsTest-704786656 tempest-VolumesActionsTest-704786656-project-member] Registering scheme swift+http with {'store': , 'location_class': , 'store_entry': 'swift'} {{(pid=99746) register_scheme_map /opt/stack/data/venv/lib/python3.12/site-packages/glance_store/location.py:146}}
Aug 09 10:41:27.734174 np0000006830 devstack@g-api.service[99746]: DEBUG glance_store.location [None req-32e17b0c-533b-4d87-847f-3493f3c416cb tempest-VolumesActionsTest-704786656 tempest-VolumesActionsTest-704786656-project-member] Registering scheme swift+config with {'store': , 'location_class': , 'store_entry': 'swift'} {{(pid=99746) register_scheme_map /opt/stack/data/venv/lib/python3.12/site-packages/glance_store/location.py:146}}
Aug 09 10:41:27.734273 np0000006830 devstack@g-api.service[99746]: DEBUG glance_store.backend [None req-32e17b0c-533b-4d87-847f-3493f3c416cb tempest-VolumesActionsTest-704786656 tempest-VolumesActionsTest-704786656-project-member] Skipping store.set_acls... not implemented. {{(pid=99746) set_acls /opt/stack/data/venv/lib/python3.12/site-packages/glance_store/backend.py:507}}
Aug 09 10:41:27.736254 np0000006830 devstack@g-api.service[99746]: [pid: 99746|app: 0|req: 128/391] 127.0.0.1 () {46 vars in 1158 bytes} [Sun Aug 9 10:41:26 2026] PUT /v2/images/0b331372-6d22-4323-aab2-a2950e9a5492/file => generated 0 bytes in 1521 msecs (HTTP/1.1 204) 4 headers in 171 bytes (1 switches on core 0)
Aug 09 10:41:27.748487 np0000006830 devstack@g-api.service[99748]: DEBUG glance.api.middleware.version_negotiation [None req-181d71be-4b50-46e7-a9a6-45553ab63c6d tempest-VolumesSnapshotTestJSON-1456100765 tempest-VolumesSnapshotTestJSON-1456100765-project-member] Determining version of request: GET /v2/images/9f9d8694-fa99-4765-86d0-43fb355afe4d Accept: */* {{(pid=99748) process_request /opt/stack/glance/glance/api/middleware/version_negotiation.py:44}}
Aug 09 10:41:27.748759 np0000006830 devstack@g-api.service[99748]: DEBUG glance.api.middleware.version_negotiation [None req-181d71be-4b50-46e7-a9a6-45553ab63c6d tempest-VolumesSnapshotTestJSON-1456100765 tempest-VolumesSnapshotTestJSON-1456100765-project-member] Using url versioning {{(pid=99748) process_request /opt/stack/glance/glance/api/middleware/version_negotiation.py:57}}
