Aug 09 10:33:37.773301 np0000006830 devstack@g-api.service[99747]: DEBUG glance_store.location [-] Registering scheme https with {'store': , 'location_class': , 'store_entry': 'http'} {{(pid=99747) register_scheme_map /opt/stack/data/venv/lib/python3.12/site-packages/glance_store/location.py:146}}
Aug 09 10:33:37.773360 np0000006830 devstack@g-api.service[99747]: DEBUG glance_store.backend [-] Attempting to import store swift {{(pid=99747) _load_store /opt/stack/data/venv/lib/python3.12/site-packages/glance_store/backend.py:215}}
Aug 09 10:33:37.773571 np0000006830 devstack@g-api.service[99747]: WARNING oslo_config.cfg [-] Deprecated: Option "default_store" from group "glance_store" is deprecated for removal (
Aug 09 10:33:37.773571 np0000006830 devstack@g-api.service[99747]: This option is deprecated against new config option
Aug 09 10:33:37.773571 np0000006830 devstack@g-api.service[99747]: ``default_backend`` which acts similar to ``default_store`` config
Aug 09 10:33:37.773571 np0000006830 devstack@g-api.service[99747]: option.
Aug 09 10:33:37.773571 np0000006830 devstack@g-api.service[99747]: This option is scheduled for removal in the U development
Aug 09 10:33:37.773571 np0000006830 devstack@g-api.service[99747]: cycle.
Aug 09 10:33:37.773571 np0000006830 devstack@g-api.service[99747]: ). Its value may be silently ignored in the future.
Aug 09 10:33:37.774827 np0000006830 devstack@g-api.service[99747]: DEBUG glance_store.capabilities [-] Store glance_store._drivers.swift.store.SingleTenantStore doesn't support updating dynamic storage capabilities. Please overwrite 'update_capabilities' method of the store to implement updating logics if needed. {{(pid=99747) update_capabilities /opt/stack/data/venv/lib/python3.12/site-packages/glance_store/capabilities.py:91}}
Aug 09 10:33:37.774896 np0000006830 devstack@g-api.service[99747]: DEBUG glance_store.backend [-] Registering store swift with schemes ('swift+https', 'swift', 'swift+http', 'swift+config') {{(pid=99747) create_stores /opt/stack/data/venv/lib/python3.12/site-packages/glance_store/backend.py:261}}
Aug 09 10:33:37.774949 np0000006830 devstack@g-api.service[99747]: DEBUG glance_store.driver [-] Late loading location class glance_store._drivers.swift.store.StoreLocation {{(pid=99747) get_store_location_class /opt/stack/data/venv/lib/python3.12/site-packages/glance_store/driver.py:134}}
Aug 09 10:33:37.775002 np0000006830 devstack@g-api.service[99747]: DEBUG glance_store.location [-] Registering scheme swift+https with {'store': , 'location_class': , 'store_entry': 'swift'} {{(pid=99747) register_scheme_map /opt/stack/data/venv/lib/python3.12/site-packages/glance_store/location.py:146}}
Aug 09 10:33:37.775047 np0000006830 devstack@g-api.service[99747]: DEBUG glance_store.location [-] Registering scheme swift with {'store': , 'location_class': , 'store_entry': 'swift'} {{(pid=99747) register_scheme_map /opt/stack/data/venv/lib/python3.12/site-packages/glance_store/location.py:146}}
Aug 09 10:33:37.775089 np0000006830 devstack@g-api.service[99747]: DEBUG glance_store.location [-] Registering scheme swift+http with {'store': , 'location_class': , 'store_entry': 'swift'} {{(pid=99747) register_scheme_map /opt/stack/data/venv/lib/python3.12/site-packages/glance_store/location.py:146}}
Aug 09 10:33:37.775219 np0000006830 devstack@g-api.service[99747]: DEBUG glance_store.location [-] Registering scheme swift+config with {'store': , 'location_class': , 'store_entry': 'swift'} {{(pid=99747) register_scheme_map /opt/stack/data/venv/lib/python3.12/site-packages/glance_store/location.py:146}}
Aug 09 10:33:37.775271 np0000006830 devstack@g-api.service[99747]: DEBUG glance_store.backend [-] Attempting to import store swift {{(pid=99747) _load_store /opt/stack/data/venv/lib/python3.12/site-packages/glance_store/backend.py:215}}
Aug 09 10:33:37.776783 np0000006830 devstack@g-api.service[99747]: DEBUG glance_store.capabilities [-] Store glance_store._drivers.swift.store.SingleTenantStore doesn't support updating dynamic storage capabilities. Please overwrite 'update_capabilities' method of the store to implement updating logics if needed. {{(pid=99747) update_capabilities /opt/stack/data/venv/lib/python3.12/site-packages/glance_store/capabilities.py:91}}
Aug 09 10:33:37.776783 np0000006830 devstack@g-api.service[99747]: DEBUG glance_store.driver [-] Late loading location class glance_store._drivers.swift.store.StoreLocation {{(pid=99747) get_store_location_class /opt/stack/data/venv/lib/python3.12/site-packages/glance_store/driver.py:134}}
Aug 09 10:33:37.776783 np0000006830 devstack@g-api.service[99747]: DEBUG glance_store.location [-] Registering scheme swift+https with {'store': , 'location_class': , 'store_entry': 'swift'} {{(pid=99747) register_scheme_map /opt/stack/data/venv/lib/python3.12/site-packages/glance_store/location.py:146}}
Aug 09 10:33:37.776783 np0000006830 devstack@g-api.service[99747]: DEBUG glance_store.location [-] Registering scheme swift+https with {'store': , 'location_class': , 'store_entry': 'swift'} {{(pid=99747) register_scheme_map /opt/stack/data/venv/lib/python3.12/site-packages/glance_store/location.py:146}}
Aug 09 10:33:37.776783 np0000006830 devstack@g-api.service[99747]: DEBUG glance_store.location [-] Registering scheme swift with {'store': , 'location_class': , 'store_entry': 'swift'} {{(pid=99747) register_scheme_map /opt/stack/data/venv/lib/python3.12/site-packages/glance_store/location.py:146}}
Aug 09 10:33:37.776992 np0000006830 devstack@g-api.service[99747]: DEBUG glance_store.location [-] Registering scheme swift+https with {'store': , 'location_class': , 'store_entry': 'swift'} {{(pid=99747) register_scheme_map /opt/stack/data/venv/lib/python3.12/site-packages/glance_store/location.py:146}}
Aug 09 10:33:37.776992 np0000006830 devstack@g-api.service[99747]: DEBUG glance_store.location [-] Registering scheme swift with {'store': , 'location_class': , 'store_entry': 'swift'} {{(pid=99747) register_scheme_map /opt/stack/data/venv/lib/python3.12/site-packages/glance_store/location.py:146}}
Aug 09 10:33:37.776992 np0000006830 devstack@g-api.service[99747]: DEBUG glance_store.location [-] Registering scheme swift+http with {'store': , 'location_class': , 'store_entry': 'swift'} {{(pid=99747) register_scheme_map /opt/stack/data/venv/lib/python3.12/site-packages/glance_store/location.py:146}}
Aug 09 10:33:37.776992 np0000006830 devstack@g-api.service[99747]: DEBUG glance_store.location [-] Registering scheme swift+https with {'store': , 'location_class': , 'store_entry': 'swift'} {{(pid=99747) register_scheme_map /opt/stack/data/venv/lib/python3.12/site-packages/glance_store/location.py:146}}
Aug 09 10:33:37.776992 np0000006830 devstack@g-api.service[99747]: DEBUG glance_store.location [-] Registering scheme swift with {'store': , 'location_class': , 'store_entry': 'swift'} {{(pid=99747) register_scheme_map /opt/stack/data/venv/lib/python3.12/site-packages/glance_store/location.py:146}}
Aug 09 10:33:37.777176 np0000006830 devstack@g-api.service[99747]: DEBUG glance_store.location [-] Registering scheme swift+http with {'store': , 'location_class': , 'store_entry': 'swift'} {{(pid=99747) register_scheme_map /opt/stack/data/venv/lib/python3.12/site-packages/glance_store/location.py:146}}
Aug 09 10:33:37.777176 np0000006830 devstack@g-api.service[99747]: DEBUG glance_store.location [-] Registering scheme swift+config with {'store': , 'location_class': , 'store_entry': 'swift'} {{(pid=99747) register_scheme_map /opt/stack/data/venv/lib/python3.12/site-packages/glance_store/location.py:146}}
Aug 09 10:33:37.777316 np0000006830 devstack@g-api.service[99747]: DEBUG glance.sqlite_migration [-] SQLite caching database not located, skipping migration {{(pid=99747) get_db_path /opt/stack/glance/glance/sqlite_migration.py:68}}
Aug 09 10:33:37.777533 np0000006830 devstack@g-api.service[99747]: WARNING glance.common.wsgi_app [-] Import methods are enabled but staging directory /tmp/staging/ does not exist; Imports will fail!
Aug 09 10:33:37.831309 np0000006830 devstack@g-api.service[99748]: DEBUG glance.common.config [None req-eed8e51c-4176-48d9-a730-e2f419fb6b8d None None] Loading glance-api-keystone+cachemanagement from /etc/glance/glance-api-paste.ini {{(pid=99748) load_paste_app /opt/stack/glance/glance/common/config.py:765}}
Aug 09 10:33:37.836894 np0000006830 devstack@g-api.service[99746]: DEBUG glance.common.config [None req-1658a04e-4329-4acf-b8b6-55af44c60a3a None None] Loading glance-api-keystone+cachemanagement from /etc/glance/glance-api-paste.ini {{(pid=99746) load_paste_app /opt/stack/glance/glance/common/config.py:765}}
Aug 09 10:33:37.928169 np0000006830 devstack@g-api.service[99747]: DEBUG glance.common.config [None req-3b178597-2316-414a-8212-f37e8aa3f0b9 None None] Loading glance-api-keystone+cachemanagement from /etc/glance/glance-api-paste.ini {{(pid=99747) load_paste_app /opt/stack/glance/glance/common/config.py:765}}
Aug 09 10:33:38.452588 np0000006830 devstack@g-api.service[99748]: INFO glance.image_cache [None req-eed8e51c-4176-48d9-a730-e2f419fb6b8d None None] Image cache loaded driver 'centralized_db'.
Aug 09 10:33:38.477669 np0000006830 devstack@g-api.service[99747]: INFO glance.image_cache [None req-3b178597-2316-414a-8212-f37e8aa3f0b9 None None] Image cache loaded driver 'centralized_db'.
Aug 09 10:33:38.485524 np0000006830 devstack@g-api.service[99746]: INFO glance.image_cache [None req-1658a04e-4329-4acf-b8b6-55af44c60a3a None None] Image cache loaded driver 'centralized_db'.
Aug 09 10:33:38.498976 np0000006830 devstack@g-api.service[99748]: INFO dbcounter [None req-eed8e51c-4176-48d9-a730-e2f419fb6b8d None None] Registered counter for database glance
Aug 09 10:33:38.529071 np0000006830 devstack@g-api.service[99747]: INFO dbcounter [None req-3b178597-2316-414a-8212-f37e8aa3f0b9 None None] Registered counter for database glance
Aug 09 10:33:38.531450 np0000006830 devstack@g-api.service[99746]: INFO dbcounter [None req-1658a04e-4329-4acf-b8b6-55af44c60a3a None None] Registered counter for database glance
Aug 09 10:33:38.538266 np0000006830 devstack@g-api.service[99748]: DEBUG oslo_db.sqlalchemy.engines [None req-eed8e51c-4176-48d9-a730-e2f419fb6b8d None None] MySQL server mode set to STRICT_TRANS_TABLES,STRICT_ALL_TABLES,NO_ZERO_IN_DATE,NO_ZERO_DATE,ERROR_FOR_DIVISION_BY_ZERO,TRADITIONAL,NO_ENGINE_SUBSTITUTION {{(pid=99748) _check_effective_sql_mode /opt/stack/data/venv/lib/python3.12/site-packages/oslo_db/sqlalchemy/engines.py:325}}
Aug 09 10:33:38.571880 np0000006830 devstack@g-api.service[99746]: DEBUG oslo_db.sqlalchemy.engines [None req-1658a04e-4329-4acf-b8b6-55af44c60a3a None None] MySQL server mode set to STRICT_TRANS_TABLES,STRICT_ALL_TABLES,NO_ZERO_IN_DATE,NO_ZERO_DATE,ERROR_FOR_DIVISION_BY_ZERO,TRADITIONAL,NO_ENGINE_SUBSTITUTION {{(pid=99746) _check_effective_sql_mode /opt/stack/data/venv/lib/python3.12/site-packages/oslo_db/sqlalchemy/engines.py:325}}
Aug 09 10:33:38.575019 np0000006830 devstack@g-api.service[99747]: DEBUG oslo_db.sqlalchemy.engines [None req-3b178597-2316-414a-8212-f37e8aa3f0b9 None None] MySQL server mode set to STRICT_TRANS_TABLES,STRICT_ALL_TABLES,NO_ZERO_IN_DATE,NO_ZERO_DATE,ERROR_FOR_DIVISION_BY_ZERO,TRADITIONAL,NO_ENGINE_SUBSTITUTION {{(pid=99747) _check_effective_sql_mode /opt/stack/data/venv/lib/python3.12/site-packages/oslo_db/sqlalchemy/engines.py:325}}
Aug 09 10:33:38.655533 np0000006830 devstack@g-api.service[99748]: DEBUG dbcounter [-] [99748] Writer thread running {{(pid=99748) stat_writer /opt/stack/data/venv/lib/python3.12/site-packages/dbcounter.py:102}}
Aug 09 10:33:38.671844 np0000006830 devstack@g-api.service[99748]: INFO glance.image_cache [None req-eed8e51c-4176-48d9-a730-e2f419fb6b8d None None] Image cache loaded driver 'centralized_db'.
Aug 09 10:33:38.683353 np0000006830 devstack@g-api.service[99748]: DEBUG glance.image_cache.drivers.centralized_db [None req-eed8e51c-4176-48d9-a730-e2f419fb6b8d None None] Node reference is already recorded, ignoring it {{(pid=99748) configure /opt/stack/glance/glance/image_cache/drivers/centralized_db.py:71}}
Aug 09 10:33:38.689874 np0000006830 devstack@g-api.service[99746]: DEBUG dbcounter [-] [99746] Writer thread running {{(pid=99746) stat_writer /opt/stack/data/venv/lib/python3.12/site-packages/dbcounter.py:102}}
Aug 09 10:33:38.691951 np0000006830 devstack@g-api.service[99748]: DEBUG glance.api.v2.cached_images [None req-eed8e51c-4176-48d9-a730-e2f419fb6b8d None None] Started cache worker thread {{(pid=99748) __init__ /opt/stack/glance/glance/api/v2/cached_images.py:71}}
Aug 09 10:33:38.692614 np0000006830 devstack@g-api.service[99746]: DEBUG glance.image_cache.drivers.centralized_db [None req-1658a04e-4329-4acf-b8b6-55af44c60a3a None None] Node reference is already recorded, ignoring it {{(pid=99746) configure /opt/stack/glance/glance/image_cache/drivers/centralized_db.py:71}}
Aug 09 10:33:38.692900 np0000006830 devstack@g-api.service[99747]: DEBUG dbcounter [-] [99747] Writer thread running {{(pid=99747) stat_writer /opt/stack/data/venv/lib/python3.12/site-packages/dbcounter.py:102}}
Aug 09 10:33:38.693094 np0000006830 devstack@g-api.service[99748]: INFO glance.image_cache [None req-eed8e51c-4176-48d9-a730-e2f419fb6b8d None None] Image cache loaded driver 'centralized_db'.
Aug 09 10:33:38.695597 np0000006830 devstack@g-api.service[99747]: DEBUG glance.image_cache.drivers.centralized_db [None req-3b178597-2316-414a-8212-f37e8aa3f0b9 None None] Node reference is already recorded, ignoring it {{(pid=99747) configure /opt/stack/glance/glance/image_cache/drivers/centralized_db.py:71}}
Aug 09 10:33:38.698032 np0000006830 devstack@g-api.service[99746]: INFO glance.image_cache [None req-1658a04e-4329-4acf-b8b6-55af44c60a3a None None] Image cache loaded driver 'centralized_db'.
Aug 09 10:33:38.701394 np0000006830 devstack@g-api.service[99747]: INFO glance.image_cache [None req-3b178597-2316-414a-8212-f37e8aa3f0b9 None None] Image cache loaded driver 'centralized_db'.
Aug 09 10:33:38.703763 np0000006830 devstack@g-api.service[99748]: DEBUG glance.image_cache.drivers.centralized_db [None req-eed8e51c-4176-48d9-a730-e2f419fb6b8d None None] Node reference is already recorded, ignoring it {{(pid=99748) configure /opt/stack/glance/glance/image_cache/drivers/centralized_db.py:71}}
Aug 09 10:33:38.704686 np0000006830 devstack@g-api.service[99746]: DEBUG glance.image_cache.drivers.centralized_db [None req-1658a04e-4329-4acf-b8b6-55af44c60a3a None None] Node reference is already recorded, ignoring it {{(pid=99746) configure /opt/stack/glance/glance/image_cache/drivers/centralized_db.py:71}}
Aug 09 10:33:38.709367 np0000006830 devstack@g-api.service[99746]: DEBUG glance.api.v2.cached_images [None req-1658a04e-4329-4acf-b8b6-55af44c60a3a None None] Started cache worker thread {{(pid=99746) __init__ /opt/stack/glance/glance/api/v2/cached_images.py:71}}
Aug 09 10:33:38.709468 np0000006830 devstack@g-api.service[99747]: DEBUG glance.image_cache.drivers.centralized_db [None req-3b178597-2316-414a-8212-f37e8aa3f0b9 None None] Node reference is already recorded, ignoring it {{(pid=99747) configure /opt/stack/glance/glance/image_cache/drivers/centralized_db.py:71}}
Aug 09 10:33:38.710023 np0000006830 devstack@g-api.service[99746]: INFO glance.image_cache [None req-1658a04e-4329-4acf-b8b6-55af44c60a3a None None] Image cache loaded driver 'centralized_db'.
Aug 09 10:33:38.712207 np0000006830 devstack@g-api.service[99748]: INFO glance.api.middleware.cache_manage [None req-eed8e51c-4176-48d9-a730-e2f419fb6b8d None None] Initialized image cache management middleware
Aug 09 10:33:38.712338 np0000006830 devstack@g-api.service[99748]: INFO glance.image_cache [None req-eed8e51c-4176-48d9-a730-e2f419fb6b8d None None] Image cache loaded driver 'centralized_db'.
Aug 09 10:33:38.716265 np0000006830 devstack@g-api.service[99747]: DEBUG glance.api.v2.cached_images [None req-3b178597-2316-414a-8212-f37e8aa3f0b9 None None] Started cache worker thread {{(pid=99747) __init__ /opt/stack/glance/glance/api/v2/cached_images.py:71}}
Aug 09 10:33:38.716964 np0000006830 devstack@g-api.service[99746]: DEBUG glance.image_cache.drivers.centralized_db [None req-1658a04e-4329-4acf-b8b6-55af44c60a3a None None] Node reference is already recorded, ignoring it {{(pid=99746) configure /opt/stack/glance/glance/image_cache/drivers/centralized_db.py:71}}
Aug 09 10:33:38.717135 np0000006830 devstack@g-api.service[99747]: INFO glance.image_cache [None req-3b178597-2316-414a-8212-f37e8aa3f0b9 None None] Image cache loaded driver 'centralized_db'.
Aug 09 10:33:38.718537 np0000006830 devstack@g-api.service[99748]: DEBUG glance.image_cache.drivers.centralized_db [None req-eed8e51c-4176-48d9-a730-e2f419fb6b8d None None] Node reference is already recorded, ignoring it {{(pid=99748) configure /opt/stack/glance/glance/image_cache/drivers/centralized_db.py:71}}
Aug 09 10:33:38.721964 np0000006830 devstack@g-api.service[99748]: INFO glance.api.middleware.cache [None req-eed8e51c-4176-48d9-a730-e2f419fb6b8d None None] Initialized image cache middleware
Aug 09 10:33:38.722889 np0000006830 devstack@g-api.service[99746]: INFO glance.api.middleware.cache_manage [None req-1658a04e-4329-4acf-b8b6-55af44c60a3a None None] Initialized image cache management middleware
Aug 09 10:33:38.723037 np0000006830 devstack@g-api.service[99746]: INFO glance.image_cache [None req-1658a04e-4329-4acf-b8b6-55af44c60a3a None None] Image cache loaded driver 'centralized_db'.
Aug 09 10:33:38.727178 np0000006830 devstack@g-api.service[99747]: DEBUG glance.image_cache.drivers.centralized_db [None req-3b178597-2316-414a-8212-f37e8aa3f0b9 None None] Node reference is already recorded, ignoring it {{(pid=99747) configure /opt/stack/glance/glance/image_cache/drivers/centralized_db.py:71}}
Aug 09 10:33:38.729999 np0000006830 devstack@g-api.service[99746]: DEBUG glance.image_cache.drivers.centralized_db [None req-1658a04e-4329-4acf-b8b6-55af44c60a3a None None] Node reference is already recorded, ignoring it {{(pid=99746) configure /opt/stack/glance/glance/image_cache/drivers/centralized_db.py:71}}
Aug 09 10:33:38.732890 np0000006830 devstack@g-api.service[99748]: DEBUG glance.common.config [None req-eed8e51c-4176-48d9-a730-e2f419fb6b8d None None] ******************************************************************************** {{(pid=99748) log_opt_values /opt/stack/data/venv/lib/python3.12/site-packages/oslo_config/cfg.py:3518}}
Aug 09 10:33:38.733029 np0000006830 devstack@g-api.service[99748]: DEBUG glance.common.config [None req-eed8e51c-4176-48d9-a730-e2f419fb6b8d None None] Configuration options gathered from: {{(pid=99748) log_opt_values /opt/stack/data/venv/lib/python3.12/site-packages/oslo_config/cfg.py:3519}}
Aug 09 10:33:38.733263 np0000006830 devstack@g-api.service[99748]: DEBUG glance.common.config [None req-eed8e51c-4176-48d9-a730-e2f419fb6b8d None None] command line args: [] {{(pid=99748) log_opt_values /opt/stack/data/venv/lib/python3.12/site-packages/oslo_config/cfg.py:3520}}
Aug 09 10:33:38.733379 np0000006830 devstack@g-api.service[99748]: DEBUG glance.common.config [None req-eed8e51c-4176-48d9-a730-e2f419fb6b8d None None] config files: ['/etc/glance/glance-image-import.conf', '/etc/glance/glance-api.conf'] {{(pid=99748) log_opt_values /opt/stack/data/venv/lib/python3.12/site-packages/oslo_config/cfg.py:3521}}
Aug 09 10:33:38.733428 np0000006830 devstack@g-api.service[99746]: INFO glance.api.middleware.cache [None req-1658a04e-4329-4acf-b8b6-55af44c60a3a None None] Initialized image cache middleware
Aug 09 10:33:38.733467 np0000006830 devstack@g-api.service[99748]: DEBUG glance.common.config [None req-eed8e51c-4176-48d9-a730-e2f419fb6b8d None None] ================================================================================ {{(pid=99748) log_opt_values /opt/stack/data/venv/lib/python3.12/site-packages/oslo_config/cfg.py:3526}}
Aug 09 10:33:38.733566 np0000006830 devstack@g-api.service[99748]: DEBUG glance.common.config [None req-eed8e51c-4176-48d9-a730-e2f419fb6b8d None None] allow_anonymous_access = False {{(pid=99748) log_opt_values /opt/stack/data/venv/lib/python3.12/site-packages/oslo_config/cfg.py:3534}}
Aug 09 10:33:38.733717 np0000006830 devstack@g-api.service[99748]: DEBUG glance.common.config [None req-eed8e51c-4176-48d9-a730-e2f419fb6b8d None None] api_limit_max = 1000 {{(pid=99748) log_opt_values /opt/stack/data/venv/lib/python3.12/site-packages/oslo_config/cfg.py:3534}}
Aug 09 10:33:38.733822 np0000006830 devstack@g-api.service[99748]: DEBUG glance.common.config [None req-eed8e51c-4176-48d9-a730-e2f419fb6b8d None None] config_dir = [] {{(pid=99748) log_opt_values /opt/stack/data/venv/lib/python3.12/site-packages/oslo_config/cfg.py:3534}}
Aug 09 10:33:38.733897 np0000006830 devstack@g-api.service[99748]: DEBUG glance.common.config [None req-eed8e51c-4176-48d9-a730-e2f419fb6b8d None None] config_file = ['/etc/glance/glance-image-import.conf', '/etc/glance/glance-api.conf'] {{(pid=99748) log_opt_values /opt/stack/data/venv/lib/python3.12/site-packages/oslo_config/cfg.py:3534}}
Aug 09 10:33:38.733990 np0000006830 devstack@g-api.service[99748]: DEBUG glance.common.config [None req-eed8e51c-4176-48d9-a730-e2f419fb6b8d None None] config_source = [] {{(pid=99748) log_opt_values /opt/stack/data/venv/lib/python3.12/site-packages/oslo_config/cfg.py:3534}}
Aug 09 10:33:38.734089 np0000006830 devstack@g-api.service[99748]: DEBUG glance.common.config [None req-eed8e51c-4176-48d9-a730-e2f419fb6b8d None None] control_exchange = glance {{(pid=99748) log_opt_values /opt/stack/data/venv/lib/python3.12/site-packages/oslo_config/cfg.py:3534}}
Aug 09 10:33:38.734159 np0000006830 devstack@g-api.service[99748]: DEBUG glance.common.config [None req-eed8e51c-4176-48d9-a730-e2f419fb6b8d None None] debug = True {{(pid=99748) log_opt_values /opt/stack/data/venv/lib/python3.12/site-packages/oslo_config/cfg.py:3534}}
Aug 09 10:33:38.734320 np0000006830 devstack@g-api.service[99748]: DEBUG glance.common.config [None req-eed8e51c-4176-48d9-a730-e2f419fb6b8d None None] default_log_levels = ['amqp=WARN', 'boto=WARN', 'sqlalchemy=WARN', 'suds=INFO', 'oslo.messaging=INFO', 'oslo_messaging=INFO', 'iso8601=WARN', 'requests.packages.urllib3.connectionpool=WARN', 'urllib3.connectionpool=WARN', 'websocket=WARN', 'requests.packages.urllib3.util.retry=WARN', 'urllib3.util.retry=WARN', 'keystonemiddleware=WARN', 'routes.middleware=WARN', 'stevedore=WARN', 'taskflow=WARN', 'keystoneauth=WARN', 'oslo.cache=INFO', 'oslo_policy=INFO', 'dogpile.core.dogpile=INFO'] {{(pid=99748) log_opt_values /opt/stack/data/venv/lib/python3.12/site-packages/oslo_config/cfg.py:3534}}
Aug 09 10:33:38.734418 np0000006830 devstack@g-api.service[99748]: DEBUG glance.common.config [None req-eed8e51c-4176-48d9-a730-e2f419fb6b8d None None] default_publisher_id = image.localhost {{(pid=99748) log_opt_values /opt/stack/data/venv/lib/python3.12/site-packages/oslo_config/cfg.py:3534}}
Aug 09 10:33:38.734502 np0000006830 devstack@g-api.service[99748]: DEBUG glance.common.config [None req-eed8e51c-4176-48d9-a730-e2f419fb6b8d None None] delayed_delete = False {{(pid=99748) log_opt_values /opt/stack/data/venv/lib/python3.12/site-packages/oslo_config/cfg.py:3534}}
Aug 09 10:33:38.734596 np0000006830 devstack@g-api.service[99748]: DEBUG glance.common.config [None req-eed8e51c-4176-48d9-a730-e2f419fb6b8d None None] digest_algorithm = sha256 {{(pid=99748) log_opt_values /opt/stack/data/venv/lib/python3.12/site-packages/oslo_config/cfg.py:3534}}
Aug 09 10:33:38.734745 np0000006830 devstack@g-api.service[99748]: DEBUG glance.common.config [None req-eed8e51c-4176-48d9-a730-e2f419fb6b8d None None] disabled_notifications = [] {{(pid=99748) log_opt_values /opt/stack/data/venv/lib/python3.12/site-packages/oslo_config/cfg.py:3534}}
Aug 09 10:33:38.734842 np0000006830 devstack@g-api.service[99748]: DEBUG glance.common.config [None req-eed8e51c-4176-48d9-a730-e2f419fb6b8d None None] do_secure_hash = True {{(pid=99748) log_opt_values /opt/stack/data/venv/lib/python3.12/site-packages/oslo_config/cfg.py:3534}}
Aug 09 10:33:38.734932 np0000006830 devstack@g-api.service[99748]: DEBUG glance.common.config [None req-eed8e51c-4176-48d9-a730-e2f419fb6b8d None None] enabled_backends = None {{(pid=99748) log_opt_values /opt/stack/data/venv/lib/python3.12/site-packages/oslo_config/cfg.py:3534}}
Aug 09 10:33:38.735070 np0000006830 devstack@g-api.service[99748]: DEBUG glance.common.config [None req-eed8e51c-4176-48d9-a730-e2f419fb6b8d None None] enabled_import_methods = ['glance-direct', 'web-download', 'copy-image'] {{(pid=99748) log_opt_values /opt/stack/data/venv/lib/python3.12/site-packages/oslo_config/cfg.py:3534}}
Aug 09 10:33:38.735160 np0000006830 devstack@g-api.service[99748]: DEBUG glance.common.config [None req-eed8e51c-4176-48d9-a730-e2f419fb6b8d None None] fatal_deprecations = False {{(pid=99748) log_opt_values /opt/stack/data/venv/lib/python3.12/site-packages/oslo_config/cfg.py:3534}}
Aug 09 10:33:38.735254 np0000006830 devstack@g-api.service[99748]: DEBUG glance.common.config [None req-eed8e51c-4176-48d9-a730-e2f419fb6b8d None None] hashing_algorithm = sha512 {{(pid=99748) log_opt_values /opt/stack/data/venv/lib/python3.12/site-packages/oslo_config/cfg.py:3534}}
Aug 09 10:33:38.735342 np0000006830 devstack@g-api.service[99748]: DEBUG glance.common.config [None req-eed8e51c-4176-48d9-a730-e2f419fb6b8d None None] http_retries = 3 {{(pid=99748) log_opt_values /opt/stack/data/venv/lib/python3.12/site-packages/oslo_config/cfg.py:3534}}
Aug 09 10:33:38.735476 np0000006830 devstack@g-api.service[99748]: DEBUG glance.common.config [None req-eed8e51c-4176-48d9-a730-e2f419fb6b8d None None] image_cache_dir = /opt/stack/data/glance/cache/ {{(pid=99748) log_opt_values /opt/stack/data/venv/lib/python3.12/site-packages/oslo_config/cfg.py:3534}}
Aug 09 10:33:38.735578 np0000006830 devstack@g-api.service[99748]: DEBUG glance.common.config [None req-eed8e51c-4176-48d9-a730-e2f419fb6b8d None None] image_cache_driver = centralized_db {{(pid=99748) log_opt_values /opt/stack/data/venv/lib/python3.12/site-packages/oslo_config/cfg.py:3534}}
Aug 09 10:33:38.735711 np0000006830 devstack@g-api.service[99748]: DEBUG glance.common.config [None req-eed8e51c-4176-48d9-a730-e2f419fb6b8d None None] image_cache_max_size = 10737418240 {{(pid=99748) log_opt_values /opt/stack/data/venv/lib/python3.12/site-packages/oslo_config/cfg.py:3534}}
Aug 09 10:33:38.735755 np0000006830 devstack@g-api.service[99747]: INFO glance.api.middleware.cache_manage [None req-3b178597-2316-414a-8212-f37e8aa3f0b9 None None] Initialized image cache management middleware
Aug 09 10:33:38.735813 np0000006830 devstack@g-api.service[99748]: DEBUG glance.common.config [None req-eed8e51c-4176-48d9-a730-e2f419fb6b8d None None] image_cache_sqlite_db = cache.db {{(pid=99748) log_opt_values /opt/stack/data/venv/lib/python3.12/site-packages/oslo_config/cfg.py:3534}}
Aug 09 10:33:38.735944 np0000006830 devstack@g-api.service[99748]: DEBUG glance.common.config [None req-eed8e51c-4176-48d9-a730-e2f419fb6b8d None None] image_cache_stall_time = 86400 {{(pid=99748) log_opt_values /opt/stack/data/venv/lib/python3.12/site-packages/oslo_config/cfg.py:3534}}
Aug 09 10:33:38.735986 np0000006830 devstack@g-api.service[99747]: INFO glance.image_cache [None req-3b178597-2316-414a-8212-f37e8aa3f0b9 None None] Image cache loaded driver 'centralized_db'.
Aug 09 10:33:38.736074 np0000006830 devstack@g-api.service[99748]: DEBUG glance.common.config [None req-eed8e51c-4176-48d9-a730-e2f419fb6b8d None None] image_location_quota = 10 {{(pid=99748) log_opt_values /opt/stack/data/venv/lib/python3.12/site-packages/oslo_config/cfg.py:3534}}
Aug 09 10:33:38.736170 np0000006830 devstack@g-api.service[99748]: DEBUG glance.common.config [None req-eed8e51c-4176-48d9-a730-e2f419fb6b8d None None] image_member_quota = 128 {{(pid=99748) log_opt_values /opt/stack/data/venv/lib/python3.12/site-packages/oslo_config/cfg.py:3534}}
Aug 09 10:33:38.736257 np0000006830 devstack@g-api.service[99748]: DEBUG glance.common.config [None req-eed8e51c-4176-48d9-a730-e2f419fb6b8d None None] image_property_quota = 128 {{(pid=99748) log_opt_values /opt/stack/data/venv/lib/python3.12/site-packages/oslo_config/cfg.py:3534}}
Aug 09 10:33:38.736347 np0000006830 devstack@g-api.service[99748]: DEBUG glance.common.config [None req-eed8e51c-4176-48d9-a730-e2f419fb6b8d None None] image_size_cap = 1099511627776 {{(pid=99748) log_opt_values /opt/stack/data/venv/lib/python3.12/site-packages/oslo_config/cfg.py:3534}}
Aug 09 10:33:38.736435 np0000006830 devstack@g-api.service[99748]: DEBUG glance.common.config [None req-eed8e51c-4176-48d9-a730-e2f419fb6b8d None None] image_tag_quota = 128 {{(pid=99748) log_opt_values /opt/stack/data/venv/lib/python3.12/site-packages/oslo_config/cfg.py:3534}}
Aug 09 10:33:38.736530 np0000006830 devstack@g-api.service[99748]: DEBUG glance.common.config [None req-eed8e51c-4176-48d9-a730-e2f419fb6b8d None None] instance_format = [instance: %(uuid)s] {{(pid=99748) log_opt_values /opt/stack/data/venv/lib/python3.12/site-packages/oslo_config/cfg.py:3534}}
Aug 09 10:33:38.736643 np0000006830 devstack@g-api.service[99748]: DEBUG glance.common.config [None req-eed8e51c-4176-48d9-a730-e2f419fb6b8d None None] instance_uuid_format = [instance: %(uuid)s] {{(pid=99748) log_opt_values /opt/stack/data/venv/lib/python3.12/site-packages/oslo_config/cfg.py:3534}}
Aug 09 10:33:38.736763 np0000006830 devstack@g-api.service[99748]: DEBUG glance.common.config [None req-eed8e51c-4176-48d9-a730-e2f419fb6b8d None None] limit_param_default = 25 {{(pid=99748) log_opt_values /opt/stack/data/venv/lib/python3.12/site-packages/oslo_config/cfg.py:3534}}
Aug 09 10:33:38.736865 np0000006830 devstack@g-api.service[99748]: DEBUG glance.common.config [None req-eed8e51c-4176-48d9-a730-e2f419fb6b8d None None] log_color = False {{(pid=99748) log_opt_values /opt/stack/data/venv/lib/python3.12/site-packages/oslo_config/cfg.py:3534}}
Aug 09 10:33:38.736963 np0000006830 devstack@g-api.service[99748]: DEBUG glance.common.config [None req-eed8e51c-4176-48d9-a730-e2f419fb6b8d None None] log_config_append = None {{(pid=99748) log_opt_values /opt/stack/data/venv/lib/python3.12/site-packages/oslo_config/cfg.py:3534}}
Aug 09 10:33:38.737076 np0000006830 devstack@g-api.service[99748]: DEBUG glance.common.config [None req-eed8e51c-4176-48d9-a730-e2f419fb6b8d None None] log_date_format = %Y-%m-%d %H:%M:%S {{(pid=99748) log_opt_values /opt/stack/data/venv/lib/python3.12/site-packages/oslo_config/cfg.py:3534}}
Aug 09 10:33:38.737172 np0000006830 devstack@g-api.service[99748]: DEBUG glance.common.config [None req-eed8e51c-4176-48d9-a730-e2f419fb6b8d None None] log_dir = None {{(pid=99748) log_opt_values /opt/stack/data/venv/lib/python3.12/site-packages/oslo_config/cfg.py:3534}}
Aug 09 10:33:38.737259 np0000006830 devstack@g-api.service[99748]: DEBUG glance.common.config [None req-eed8e51c-4176-48d9-a730-e2f419fb6b8d None None] log_file = None {{(pid=99748) log_opt_values /opt/stack/data/venv/lib/python3.12/site-packages/oslo_config/cfg.py:3534}}
Aug 09 10:33:38.737347 np0000006830 devstack@g-api.service[99748]: DEBUG glance.common.config [None req-eed8e51c-4176-48d9-a730-e2f419fb6b8d None None] log_rotate_interval = 1 {{(pid=99748) log_opt_values /opt/stack/data/venv/lib/python3.12/site-packages/oslo_config/cfg.py:3534}}
Aug 09 10:33:38.737441 np0000006830 devstack@g-api.service[99748]: DEBUG glance.common.config [None req-eed8e51c-4176-48d9-a730-e2f419fb6b8d None None] log_rotate_interval_type = days {{(pid=99748) log_opt_values /opt/stack/data/venv/lib/python3.12/site-packages/oslo_config/cfg.py:3534}}
Aug 09 10:33:38.737535 np0000006830 devstack@g-api.service[99748]: DEBUG glance.common.config [None req-eed8e51c-4176-48d9-a730-e2f419fb6b8d None None] log_rotation_type = none {{(pid=99748) log_opt_values /opt/stack/data/venv/lib/python3.12/site-packages/oslo_config/cfg.py:3534}}
Aug 09 10:33:38.737606 np0000006830 devstack@g-api.service[99748]: DEBUG glance.common.config [None req-eed8e51c-4176-48d9-a730-e2f419fb6b8d None None] logging_context_format_string = %(color)s%(levelname)s %(name)s [%(global_request_id)s %(request_id)s %(project_name)s %(user_name)s%(color)s] %(instance)s%(color)s%(message)s {{(pid=99748) log_opt_values /opt/stack/data/venv/lib/python3.12/site-packages/oslo_config/cfg.py:3534}}
Aug 09 10:33:38.737717 np0000006830 devstack@g-api.service[99748]: DEBUG glance.common.config [None req-eed8e51c-4176-48d9-a730-e2f419fb6b8d None None] logging_debug_format_suffix = {{(pid=%(process)d) %(funcName)s %(pathname)s:%(lineno)d}} {{(pid=99748) log_opt_values /opt/stack/data/venv/lib/python3.12/site-packages/oslo_config/cfg.py:3534}}
Aug 09 10:33:38.737817 np0000006830 devstack@g-api.service[99748]: DEBUG glance.common.config [None req-eed8e51c-4176-48d9-a730-e2f419fb6b8d None None] logging_default_format_string = %(color)s%(levelname)s %(name)s [-%(color)s] %(instance)s%(color)s%(message)s {{(pid=99748) log_opt_values /opt/stack/data/venv/lib/python3.12/site-packages/oslo_config/cfg.py:3534}}
Aug 09 10:33:38.737912 np0000006830 devstack@g-api.service[99748]: DEBUG glance.common.config [None req-eed8e51c-4176-48d9-a730-e2f419fb6b8d None None] logging_exception_prefix = ERROR %(name)s %(instance)s {{(pid=99748) log_opt_values /opt/stack/data/venv/lib/python3.12/site-packages/oslo_config/cfg.py:3534}}
Aug 09 10:33:38.737979 np0000006830 devstack@g-api.service[99748]: DEBUG glance.common.config [None req-eed8e51c-4176-48d9-a730-e2f419fb6b8d None None] logging_user_identity_format = %(user)s %(project)s %(domain)s %(system_scope)s %(user_domain)s %(project_domain)s {{(pid=99748) log_opt_values /opt/stack/data/venv/lib/python3.12/site-packages/oslo_config/cfg.py:3534}}
Aug 09 10:33:38.738069 np0000006830 devstack@g-api.service[99748]: DEBUG glance.common.config [None req-eed8e51c-4176-48d9-a730-e2f419fb6b8d None None] max_logfile_count = 30 {{(pid=99748) log_opt_values /opt/stack/data/venv/lib/python3.12/site-packages/oslo_config/cfg.py:3534}}
Aug 09 10:33:38.738158 np0000006830 devstack@g-api.service[99748]: DEBUG glance.common.config [None req-eed8e51c-4176-48d9-a730-e2f419fb6b8d None None] max_logfile_size_mb = 200 {{(pid=99748) log_opt_values /opt/stack/data/venv/lib/python3.12/site-packages/oslo_config/cfg.py:3534}}
Aug 09 10:33:38.738246 np0000006830 devstack@g-api.service[99748]: DEBUG glance.common.config [None req-eed8e51c-4176-48d9-a730-e2f419fb6b8d None None] max_request_id_length = 64 {{(pid=99748) log_opt_values /opt/stack/data/venv/lib/python3.12/site-packages/oslo_config/cfg.py:3534}}
Aug 09 10:33:38.738337 np0000006830 devstack@g-api.service[99748]: DEBUG glance.common.config [None req-eed8e51c-4176-48d9-a730-e2f419fb6b8d None None] metadata_encryption_key = **** {{(pid=99748) log_opt_values /opt/stack/data/venv/lib/python3.12/site-packages/oslo_config/cfg.py:3534}}
Aug 09 10:33:38.738427 np0000006830 devstack@g-api.service[99748]: DEBUG glance.common.config [None req-eed8e51c-4176-48d9-a730-e2f419fb6b8d None None] node_staging_uri = file:///tmp/staging/ {{(pid=99748) log_opt_values /opt/stack/data/venv/lib/python3.12/site-packages/oslo_config/cfg.py:3534}}
Aug 09 10:33:38.738517 np0000006830 devstack@g-api.service[99748]: DEBUG glance.common.config [None req-eed8e51c-4176-48d9-a730-e2f419fb6b8d None None] property_protection_file = None {{(pid=99748) log_opt_values /opt/stack/data/venv/lib/python3.12/site-packages/oslo_config/cfg.py:3534}}
Aug 09 10:33:38.738610 np0000006830 devstack@g-api.service[99748]: DEBUG glance.common.config [None req-eed8e51c-4176-48d9-a730-e2f419fb6b8d None None] property_protection_rule_format = roles {{(pid=99748) log_opt_values /opt/stack/data/venv/lib/python3.12/site-packages/oslo_config/cfg.py:3534}}
Aug 09 10:33:38.738731 np0000006830 devstack@g-api.service[99748]: DEBUG glance.common.config [None req-eed8e51c-4176-48d9-a730-e2f419fb6b8d None None] public_endpoint = https://10.4.3.250/image {{(pid=99748) log_opt_values /opt/stack/data/venv/lib/python3.12/site-packages/oslo_config/cfg.py:3534}}
Aug 09 10:33:38.738846 np0000006830 devstack@g-api.service[99748]: DEBUG glance.common.config [None req-eed8e51c-4176-48d9-a730-e2f419fb6b8d None None] publish_errors = False {{(pid=99748) log_opt_values /opt/stack/data/venv/lib/python3.12/site-packages/oslo_config/cfg.py:3534}}
Aug 09 10:33:38.738941 np0000006830 devstack@g-api.service[99748]: DEBUG glance.common.config [None req-eed8e51c-4176-48d9-a730-e2f419fb6b8d None None] pydev_worker_debug_host = None {{(pid=99748) log_opt_values /opt/stack/data/venv/lib/python3.12/site-packages/oslo_config/cfg.py:3534}}
Aug 09 10:33:38.739035 np0000006830 devstack@g-api.service[99748]: DEBUG glance.common.config [None req-eed8e51c-4176-48d9-a730-e2f419fb6b8d None None] pydev_worker_debug_port = 5678 {{(pid=99748) log_opt_values /opt/stack/data/venv/lib/python3.12/site-packages/oslo_config/cfg.py:3534}}
Aug 09 10:33:38.739140 np0000006830 devstack@g-api.service[99748]: DEBUG glance.common.config [None req-eed8e51c-4176-48d9-a730-e2f419fb6b8d None None] rate_limit_burst = 0 {{(pid=99748) log_opt_values /opt/stack/data/venv/lib/python3.12/site-packages/oslo_config/cfg.py:3534}}
Aug 09 10:33:38.739243 np0000006830 devstack@g-api.service[99748]: DEBUG glance.common.config [None req-eed8e51c-4176-48d9-a730-e2f419fb6b8d None None] rate_limit_except_level = CRITICAL {{(pid=99748) log_opt_values /opt/stack/data/venv/lib/python3.12/site-packages/oslo_config/cfg.py:3534}}
Aug 09 10:33:38.739331 np0000006830 devstack@g-api.service[99748]: DEBUG glance.common.config [None req-eed8e51c-4176-48d9-a730-e2f419fb6b8d None None] rate_limit_interval = 0 {{(pid=99748) log_opt_values /opt/stack/data/venv/lib/python3.12/site-packages/oslo_config/cfg.py:3534}}
Aug 09 10:33:38.739420 np0000006830 devstack@g-api.service[99748]: DEBUG glance.common.config [None req-eed8e51c-4176-48d9-a730-e2f419fb6b8d None None] scrub_pool_size = 1 {{(pid=99748) log_opt_values /opt/stack/data/venv/lib/python3.12/site-packages/oslo_config/cfg.py:3534}}
Aug 09 10:33:38.739509 np0000006830 devstack@g-api.service[99748]: DEBUG glance.common.config [None req-eed8e51c-4176-48d9-a730-e2f419fb6b8d None None] scrub_time = 0 {{(pid=99748) log_opt_values /opt/stack/data/venv/lib/python3.12/site-packages/oslo_config/cfg.py:3534}}
Aug 09 10:33:38.739601 np0000006830 devstack@g-api.service[99748]: DEBUG glance.common.config [None req-eed8e51c-4176-48d9-a730-e2f419fb6b8d None None] shell_completion = None {{(pid=99748) log_opt_values /opt/stack/data/venv/lib/python3.12/site-packages/oslo_config/cfg.py:3534}}
Aug 09 10:33:38.739744 np0000006830 devstack@g-api.service[99748]: DEBUG glance.common.config [None req-eed8e51c-4176-48d9-a730-e2f419fb6b8d None None] show_image_direct_url = False {{(pid=99748) log_opt_values /opt/stack/data/venv/lib/python3.12/site-packages/oslo_config/cfg.py:3534}}
Aug 09 10:33:38.739938 np0000006830 devstack@g-api.service[99748]: WARNING oslo_config.cfg [None req-eed8e51c-4176-48d9-a730-e2f419fb6b8d None None] Deprecated: Option "show_multiple_locations" from group "DEFAULT" is deprecated for removal (Use of this option, deprecated since Newton, is a security risk and will be removed once we figure out a way to satisfy those use cases that currently require it. An earlier announcement that the same functionality can be achieved with greater granularity by using policies is incorrect. You cannot work around this option via policy configuration at the present time, though that is the direction we believe the fix will take. Please keep an eye on the Glance release notes to stay up to date on progress in addressing this issue.). Its value may be silently ignored in the future.
Aug 09 10:33:38.740045 np0000006830 devstack@g-api.service[99748]: DEBUG glance.common.config [None req-eed8e51c-4176-48d9-a730-e2f419fb6b8d None None] show_multiple_locations = False {{(pid=99748) log_opt_values /opt/stack/data/venv/lib/python3.12/site-packages/oslo_config/cfg.py:3534}}
Aug 09 10:33:38.740141 np0000006830 devstack@g-api.service[99748]: DEBUG glance.common.config [None req-eed8e51c-4176-48d9-a730-e2f419fb6b8d None None] syslog_log_facility = LOG_USER {{(pid=99748) log_opt_values /opt/stack/data/venv/lib/python3.12/site-packages/oslo_config/cfg.py:3534}}
Aug 09 10:33:38.740236 np0000006830 devstack@g-api.service[99748]: DEBUG glance.common.config [None req-eed8e51c-4176-48d9-a730-e2f419fb6b8d None None] transport_url = **** {{(pid=99748) log_opt_values /opt/stack/data/venv/lib/python3.12/site-packages/oslo_config/cfg.py:3534}}
Aug 09 10:33:38.740327 np0000006830 devstack@g-api.service[99748]: DEBUG glance.common.config [None req-eed8e51c-4176-48d9-a730-e2f419fb6b8d None None] use_journal = False {{(pid=99748) log_opt_values /opt/stack/data/venv/lib/python3.12/site-packages/oslo_config/cfg.py:3534}}
Aug 09 10:33:38.740414 np0000006830 devstack@g-api.service[99748]: DEBUG glance.common.config [None req-eed8e51c-4176-48d9-a730-e2f419fb6b8d None None] use_json = False {{(pid=99748) log_opt_values /opt/stack/data/venv/lib/python3.12/site-packages/oslo_config/cfg.py:3534}}
Aug 09 10:33:38.740506 np0000006830 devstack@g-api.service[99748]: DEBUG glance.common.config [None req-eed8e51c-4176-48d9-a730-e2f419fb6b8d None None] use_keystone_limits = True {{(pid=99748) log_opt_values /opt/stack/data/venv/lib/python3.12/site-packages/oslo_config/cfg.py:3534}}
Aug 09 10:33:38.740592 np0000006830 devstack@g-api.service[99748]: DEBUG glance.common.config [None req-eed8e51c-4176-48d9-a730-e2f419fb6b8d None None] use_stderr = False {{(pid=99748) log_opt_values /opt/stack/data/venv/lib/python3.12/site-packages/oslo_config/cfg.py:3534}}
Aug 09 10:33:38.740714 np0000006830 devstack@g-api.service[99748]: DEBUG glance.common.config [None req-eed8e51c-4176-48d9-a730-e2f419fb6b8d None None] use_syslog = False {{(pid=99748) log_opt_values /opt/stack/data/venv/lib/python3.12/site-packages/oslo_config/cfg.py:3534}}
Aug 09 10:33:38.740808 np0000006830 devstack@g-api.service[99748]: DEBUG glance.common.config [None req-eed8e51c-4176-48d9-a730-e2f419fb6b8d None None] user_storage_quota = 0 {{(pid=99748) log_opt_values /opt/stack/data/venv/lib/python3.12/site-packages/oslo_config/cfg.py:3534}}
Aug 09 10:33:38.740928 np0000006830 devstack@g-api.service[99748]: DEBUG glance.common.config [None req-eed8e51c-4176-48d9-a730-e2f419fb6b8d None None] worker_self_reference_url = http://127.0.0.1:60999 {{(pid=99748) log_opt_values /opt/stack/data/venv/lib/python3.12/site-packages/oslo_config/cfg.py:3534}}
Aug 09 10:33:38.741033 np0000006830 devstack@g-api.service[99748]: DEBUG glance.common.config [None req-eed8e51c-4176-48d9-a730-e2f419fb6b8d None None] oslo_concurrency.disable_process_locking = False {{(pid=99748) log_opt_values /opt/stack/data/venv/lib/python3.12/site-packages/oslo_config/cfg.py:3545}}
Aug 09 10:33:38.741184 np0000006830 devstack@g-api.service[99748]: DEBUG glance.common.config [None req-eed8e51c-4176-48d9-a730-e2f419fb6b8d None None] oslo_concurrency.lock_path = /opt/stack/data/glance/locks {{(pid=99748) log_opt_values /opt/stack/data/venv/lib/python3.12/site-packages/oslo_config/cfg.py:3545}}
Aug 09 10:33:38.741284 np0000006830 devstack@g-api.service[99748]: DEBUG glance.common.config [None req-eed8e51c-4176-48d9-a730-e2f419fb6b8d None None] oslo_middleware.enable_proxy_headers_parsing = False {{(pid=99748) log_opt_values /opt/stack/data/venv/lib/python3.12/site-packages/oslo_config/cfg.py:3545}}
Aug 09 10:33:38.741380 np0000006830 devstack@g-api.service[99748]: DEBUG glance.common.config [None req-eed8e51c-4176-48d9-a730-e2f419fb6b8d None None] oslo_middleware.http_basic_auth_user_file = /etc/htpasswd {{(pid=99748) log_opt_values /opt/stack/data/venv/lib/python3.12/site-packages/oslo_config/cfg.py:3545}}
Aug 09 10:33:38.741475 np0000006830 devstack@g-api.service[99748]: DEBUG glance.common.config [None req-eed8e51c-4176-48d9-a730-e2f419fb6b8d None None] paste_deploy.config_file = None {{(pid=99748) log_opt_values /opt/stack/data/venv/lib/python3.12/site-packages/oslo_config/cfg.py:3545}}
Aug 09 10:33:38.741568 np0000006830 devstack@g-api.service[99748]: DEBUG glance.common.config [None req-eed8e51c-4176-48d9-a730-e2f419fb6b8d None None] paste_deploy.flavor = keystone+cachemanagement {{(pid=99748) log_opt_values /opt/stack/data/venv/lib/python3.12/site-packages/oslo_config/cfg.py:3545}}
Aug 09 10:33:38.741752 np0000006830 devstack@g-api.service[99748]: DEBUG glance.common.config [None req-eed8e51c-4176-48d9-a730-e2f419fb6b8d None None] image_format.container_formats = ['ami', 'ari', 'aki', 'bare', 'ovf', 'ova', 'docker', 'compressed'] {{(pid=99748) log_opt_values /opt/stack/data/venv/lib/python3.12/site-packages/oslo_config/cfg.py:3545}}
Aug 09 10:33:38.741944 np0000006830 devstack@g-api.service[99748]: DEBUG glance.common.config [None req-eed8e51c-4176-48d9-a730-e2f419fb6b8d None None] image_format.disk_formats = ['ami', 'ari', 'aki', 'vhd', 'vhdx', 'vmdk', 'raw', 'qcow2', 'vdi', 'iso', 'ploop'] {{(pid=99748) log_opt_values /opt/stack/data/venv/lib/python3.12/site-packages/oslo_config/cfg.py:3545}}
Aug 09 10:33:38.742047 np0000006830 devstack@g-api.service[99748]: DEBUG glance.common.config [None req-eed8e51c-4176-48d9-a730-e2f419fb6b8d None None] image_format.gpt_safety_checks_nonfatal = [] {{(pid=99748) log_opt_values /opt/stack/data/venv/lib/python3.12/site-packages/oslo_config/cfg.py:3545}}
Aug 09 10:33:38.742146 np0000006830 devstack@g-api.service[99748]: DEBUG glance.common.config [None req-eed8e51c-4176-48d9-a730-e2f419fb6b8d None None] image_format.require_image_format_match = True {{(pid=99748) log_opt_values /opt/stack/data/venv/lib/python3.12/site-packages/oslo_config/cfg.py:3545}}
Aug 09 10:33:38.742252 np0000006830 devstack@g-api.service[99748]: DEBUG glance.common.config [None req-eed8e51c-4176-48d9-a730-e2f419fb6b8d None None] image_format.vmdk_allowed_types = ['streamOptimized', 'monolithicSparse'] {{(pid=99748) log_opt_values /opt/stack/data/venv/lib/python3.12/site-packages/oslo_config/cfg.py:3545}}
Aug 09 10:33:38.742388 np0000006830 devstack@g-api.service[99748]: DEBUG glance.common.config [None req-eed8e51c-4176-48d9-a730-e2f419fb6b8d None None] task.task_executor = taskflow {{(pid=99748) log_opt_values /opt/stack/data/venv/lib/python3.12/site-packages/oslo_config/cfg.py:3545}}
Aug 09 10:33:38.742535 np0000006830 devstack@g-api.service[99748]: DEBUG glance.common.config [None req-eed8e51c-4176-48d9-a730-e2f419fb6b8d None None] task.task_time_to_live = 48 {{(pid=99748) log_opt_values /opt/stack/data/venv/lib/python3.12/site-packages/oslo_config/cfg.py:3545}}
Aug 09 10:33:38.742713 np0000006830 devstack@g-api.service[99748]: DEBUG glance.common.config [None req-eed8e51c-4176-48d9-a730-e2f419fb6b8d None None] task.work_dir = None {{(pid=99748) log_opt_values /opt/stack/data/venv/lib/python3.12/site-packages/oslo_config/cfg.py:3545}}
Aug 09 10:33:38.742822 np0000006830 devstack@g-api.service[99748]: DEBUG glance.common.config [None req-eed8e51c-4176-48d9-a730-e2f419fb6b8d None None] wsgi.python_interpreter = /opt/stack/data/venv/bin/python3 {{(pid=99748) log_opt_values /opt/stack/data/venv/lib/python3.12/site-packages/oslo_config/cfg.py:3545}}
Aug 09 10:33:38.742916 np0000006830 devstack@g-api.service[99748]: DEBUG glance.common.config [None req-eed8e51c-4176-48d9-a730-e2f419fb6b8d None None] wsgi.task_pool_threads = 16 {{(pid=99748) log_opt_values /opt/stack/data/venv/lib/python3.12/site-packages/oslo_config/cfg.py:3545}}
Aug 09 10:33:38.743048 np0000006830 devstack@g-api.service[99748]: DEBUG glance.common.config [None req-eed8e51c-4176-48d9-a730-e2f419fb6b8d None None] import_filtering_opts.allowed_hosts = [] {{(pid=99748) log_opt_values /opt/stack/data/venv/lib/python3.12/site-packages/oslo_config/cfg.py:3545}}
Aug 09 10:33:38.743195 np0000006830 devstack@g-api.service[99748]: DEBUG glance.common.config [None req-eed8e51c-4176-48d9-a730-e2f419fb6b8d None None] import_filtering_opts.allowed_ports = [80, 443] {{(pid=99748) log_opt_values /opt/stack/data/venv/lib/python3.12/site-packages/oslo_config/cfg.py:3545}}
Aug 09 10:33:38.743314 np0000006830 devstack@g-api.service[99748]: DEBUG glance.common.config [None req-eed8e51c-4176-48d9-a730-e2f419fb6b8d None None] import_filtering_opts.allowed_schemes = ['http', 'https'] {{(pid=99748) log_opt_values /opt/stack/data/venv/lib/python3.12/site-packages/oslo_config/cfg.py:3545}}
Aug 09 10:33:38.743435 np0000006830 devstack@g-api.service[99748]: DEBUG glance.common.config [None req-eed8e51c-4176-48d9-a730-e2f419fb6b8d None None] import_filtering_opts.disallowed_hosts = [] {{(pid=99748) log_opt_values /opt/stack/data/venv/lib/python3.12/site-packages/oslo_config/cfg.py:3545}}
Aug 09 10:33:38.743515 np0000006830 devstack@g-api.service[99746]: DEBUG glance.common.config [None req-1658a04e-4329-4acf-b8b6-55af44c60a3a None None] ******************************************************************************** {{(pid=99746) log_opt_values /opt/stack/data/venv/lib/python3.12/site-packages/oslo_config/cfg.py:3518}}
Aug 09 10:33:38.743566 np0000006830 devstack@g-api.service[99748]: DEBUG glance.common.config [None req-eed8e51c-4176-48d9-a730-e2f419fb6b8d None None] import_filtering_opts.disallowed_ports = [] {{(pid=99748) log_opt_values /opt/stack/data/venv/lib/python3.12/site-packages/oslo_config/cfg.py:3545}}
Aug 09 10:33:38.743614 np0000006830 devstack@g-api.service[99748]: DEBUG glance.common.config [None req-eed8e51c-4176-48d9-a730-e2f419fb6b8d None None] import_filtering_opts.disallowed_schemes = [] {{(pid=99748) log_opt_values /opt/stack/data/venv/lib/python3.12/site-packages/oslo_config/cfg.py:3545}}
Aug 09 10:33:38.743663 np0000006830 devstack@g-api.service[99746]: DEBUG glance.common.config [None req-1658a04e-4329-4acf-b8b6-55af44c60a3a None None] Configuration options gathered from: {{(pid=99746) log_opt_values /opt/stack/data/venv/lib/python3.12/site-packages/oslo_config/cfg.py:3519}}
