Aug 09 10:36:17.118668 np0000006830 devstack@n-api.service[84314]: DEBUG oslo_concurrency.lockutils [req-16733337-88bd-4230-94a1-d73687051b28 req-6b3c3da6-3359-4f96-b537-5e1e1d606211 service nova] Acquiring lock "74943419-127d-42d2-b1b1-f5835dcbc760" by "nova.context.set_target_cell..get_or_set_cached_cell_and_set_connections" {{(pid=84314) inner /opt/stack/data/venv/lib/python3.12/site-packages/oslo_concurrency/lockutils.py:512}}
Aug 09 10:36:17.118944 np0000006830 devstack@n-api.service[84314]: DEBUG oslo_concurrency.lockutils [req-16733337-88bd-4230-94a1-d73687051b28 req-6b3c3da6-3359-4f96-b537-5e1e1d606211 service nova] Lock "74943419-127d-42d2-b1b1-f5835dcbc760" acquired by "nova.context.set_target_cell..get_or_set_cached_cell_and_set_connections" :: waited 0.000s {{(pid=84314) inner /opt/stack/data/venv/lib/python3.12/site-packages/oslo_concurrency/lockutils.py:525}}
Aug 09 10:36:17.119208 np0000006830 devstack@n-api.service[84314]: DEBUG oslo_concurrency.lockutils [req-16733337-88bd-4230-94a1-d73687051b28 req-6b3c3da6-3359-4f96-b537-5e1e1d606211 service nova] Lock "74943419-127d-42d2-b1b1-f5835dcbc760" "released" by "nova.context.set_target_cell..get_or_set_cached_cell_and_set_connections" :: held 0.000s {{(pid=84314) inner /opt/stack/data/venv/lib/python3.12/site-packages/oslo_concurrency/lockutils.py:544}}
Aug 09 10:36:17.122256 np0000006830 devstack@n-api.service[84315]: DEBUG nova.api.openstack.wsgi [None req-8fa1600c-38e0-49f3-91ec-0e340971255e tempest-TaggedBootDevicesTest_v242-1993137009 tempest-TaggedBootDevicesTest_v242-1993137009-project-member] Calling method '>' {{(pid=84315) _process_stack /opt/stack/nova/nova/api/openstack/wsgi.py:551}}
Aug 09 10:36:17.125009 np0000006830 devstack@n-api.service[84315]: DEBUG nova.compute.api [None req-8fa1600c-38e0-49f3-91ec-0e340971255e tempest-TaggedBootDevicesTest_v242-1993137009 tempest-TaggedBootDevicesTest_v242-1993137009-project-member] [instance: b4b9293e-c55c-4f0a-b406-611548ec1135] Fetching instance by UUID {{(pid=84315) get /opt/stack/nova/nova/compute/api.py:3068}}
Aug 09 10:36:17.130078 np0000006830 devstack@n-api.service[84315]: DEBUG oslo_concurrency.lockutils [None req-8fa1600c-38e0-49f3-91ec-0e340971255e tempest-TaggedBootDevicesTest_v242-1993137009 tempest-TaggedBootDevicesTest_v242-1993137009-project-member] Acquiring lock "74943419-127d-42d2-b1b1-f5835dcbc760" by "nova.context.set_target_cell..get_or_set_cached_cell_and_set_connections" {{(pid=84315) inner /opt/stack/data/venv/lib/python3.12/site-packages/oslo_concurrency/lockutils.py:512}}
Aug 09 10:36:17.130746 np0000006830 devstack@n-api.service[84315]: DEBUG oslo_concurrency.lockutils [None req-8fa1600c-38e0-49f3-91ec-0e340971255e tempest-TaggedBootDevicesTest_v242-1993137009 tempest-TaggedBootDevicesTest_v242-1993137009-project-member] Lock "74943419-127d-42d2-b1b1-f5835dcbc760" acquired by "nova.context.set_target_cell..get_or_set_cached_cell_and_set_connections" :: waited 0.001s {{(pid=84315) inner /opt/stack/data/venv/lib/python3.12/site-packages/oslo_concurrency/lockutils.py:525}}
Aug 09 10:36:17.131197 np0000006830 devstack@n-api.service[84315]: DEBUG oslo_concurrency.lockutils [None req-8fa1600c-38e0-49f3-91ec-0e340971255e tempest-TaggedBootDevicesTest_v242-1993137009 tempest-TaggedBootDevicesTest_v242-1993137009-project-member] Lock "74943419-127d-42d2-b1b1-f5835dcbc760" "released" by "nova.context.set_target_cell..get_or_set_cached_cell_and_set_connections" :: held 0.001s {{(pid=84315) inner /opt/stack/data/venv/lib/python3.12/site-packages/oslo_concurrency/lockutils.py:544}}
Aug 09 10:36:17.131841 np0000006830 devstack@n-api.service[84315]: DEBUG oslo_concurrency.lockutils [None req-8fa1600c-38e0-49f3-91ec-0e340971255e tempest-TaggedBootDevicesTest_v242-1993137009 tempest-TaggedBootDevicesTest_v242-1993137009-project-member] Acquiring lock "74943419-127d-42d2-b1b1-f5835dcbc760" by "nova.context.set_target_cell..get_or_set_cached_cell_and_set_connections" {{(pid=84315) inner /opt/stack/data/venv/lib/python3.12/site-packages/oslo_concurrency/lockutils.py:512}}
Aug 09 10:36:17.132228 np0000006830 devstack@n-api.service[84315]: DEBUG oslo_concurrency.lockutils [None req-8fa1600c-38e0-49f3-91ec-0e340971255e tempest-TaggedBootDevicesTest_v242-1993137009 tempest-TaggedBootDevicesTest_v242-1993137009-project-member] Lock "74943419-127d-42d2-b1b1-f5835dcbc760" acquired by "nova.context.set_target_cell..get_or_set_cached_cell_and_set_connections" :: waited 0.000s {{(pid=84315) inner /opt/stack/data/venv/lib/python3.12/site-packages/oslo_concurrency/lockutils.py:525}}
Aug 09 10:36:17.132700 np0000006830 devstack@n-api.service[84314]: INFO nova.api.openstack.compute.server_external_events [req-16733337-88bd-4230-94a1-d73687051b28 req-6b3c3da6-3359-4f96-b537-5e1e1d606211 service nova] Creating event network-changed:9379aae3-785d-42af-95ce-16e76615018a for instance b4b9293e-c55c-4f0a-b406-611548ec1135 on np0000006830
Aug 09 10:36:17.132788 np0000006830 devstack@n-api.service[84315]: DEBUG oslo_concurrency.lockutils [None req-8fa1600c-38e0-49f3-91ec-0e340971255e tempest-TaggedBootDevicesTest_v242-1993137009 tempest-TaggedBootDevicesTest_v242-1993137009-project-member] Lock "74943419-127d-42d2-b1b1-f5835dcbc760" "released" by "nova.context.set_target_cell..get_or_set_cached_cell_and_set_connections" :: held 0.000s {{(pid=84315) inner /opt/stack/data/venv/lib/python3.12/site-packages/oslo_concurrency/lockutils.py:544}}
Aug 09 10:36:17.133231 np0000006830 devstack@n-api.service[84314]: DEBUG nova.compute.rpcapi [req-16733337-88bd-4230-94a1-d73687051b28 req-6b3c3da6-3359-4f96-b537-5e1e1d606211 service nova] RPC: Sending the message to topic: compute-alt {{(pid=84314) prepare_for_alt_rpcserver /opt/stack/nova/nova/compute/rpcapi.py:595}}
Aug 09 10:36:17.135558 np0000006830 devstack@n-api.service[84313]: DEBUG nova.api.openstack.wsgi [req-1a18ab59-5897-4909-b806-908caf50c023 req-d8d01b68-5c0b-43b1-ab8e-a9d64649697a service nova] Action: 'create', calling method: >, body: {"events": [{"server_uuid": "03cc5086-c558-4a24-b31e-2ec5ffe55259", "name": "network-vif-unplugged", "status": "completed", "tag": "6357a2b2-77e2-406d-adbb-3174365ee40a"}, {"server_uuid": "03cc5086-c558-4a24-b31e-2ec5ffe55259", "name": "network-vif-deleted", "tag": "6357a2b2-77e2-406d-adbb-3174365ee40a"}]} {{(pid=84313) _process_stack /opt/stack/nova/nova/api/openstack/wsgi.py:549}}
Aug 09 10:36:17.140835 np0000006830 devstack@n-api.service[84314]: INFO nova.api.openstack.requestlog [req-16733337-88bd-4230-94a1-d73687051b28 req-6b3c3da6-3359-4f96-b537-5e1e1d606211 service nova] 10.4.3.250 "POST /compute/v2.1/os-server-external-events" status: 200 len: 179 microversion: 2.1 time: 0.034003
Aug 09 10:36:17.141320 np0000006830 devstack@n-api.service[84314]: [pid: 84314|app: 0|req: 36/128] 10.4.3.250 () {72 vars in 1432 bytes} [Sun Aug 9 10:36:17 2026] POST /compute/v2.1/os-server-external-events => generated 179 bytes in 36 msecs (HTTP/1.1 200) 9 headers in 357 bytes (1 switches on core 0)
Aug 09 10:36:17.142487 np0000006830 devstack@n-api.service[84313]: DEBUG oslo_concurrency.lockutils [req-1a18ab59-5897-4909-b806-908caf50c023 req-d8d01b68-5c0b-43b1-ab8e-a9d64649697a service nova] Acquiring lock "74943419-127d-42d2-b1b1-f5835dcbc760" by "nova.context.set_target_cell..get_or_set_cached_cell_and_set_connections" {{(pid=84313) inner /opt/stack/data/venv/lib/python3.12/site-packages/oslo_concurrency/lockutils.py:512}}
Aug 09 10:36:17.142874 np0000006830 devstack@n-api.service[84313]: DEBUG oslo_concurrency.lockutils [req-1a18ab59-5897-4909-b806-908caf50c023 req-d8d01b68-5c0b-43b1-ab8e-a9d64649697a service nova] Lock "74943419-127d-42d2-b1b1-f5835dcbc760" acquired by "nova.context.set_target_cell..get_or_set_cached_cell_and_set_connections" :: waited 0.000s {{(pid=84313) inner /opt/stack/data/venv/lib/python3.12/site-packages/oslo_concurrency/lockutils.py:525}}
Aug 09 10:36:17.142874 np0000006830 devstack@n-api.service[84313]: DEBUG oslo_concurrency.lockutils [req-1a18ab59-5897-4909-b806-908caf50c023 req-d8d01b68-5c0b-43b1-ab8e-a9d64649697a service nova] Lock "74943419-127d-42d2-b1b1-f5835dcbc760" "released" by "nova.context.set_target_cell..get_or_set_cached_cell_and_set_connections" :: held 0.000s {{(pid=84313) inner /opt/stack/data/venv/lib/python3.12/site-packages/oslo_concurrency/lockutils.py:544}}
Aug 09 10:36:17.153268 np0000006830 devstack@n-api.service[84313]: INFO nova.api.openstack.compute.server_external_events [req-1a18ab59-5897-4909-b806-908caf50c023 req-d8d01b68-5c0b-43b1-ab8e-a9d64649697a service nova] Creating event network-vif-unplugged:6357a2b2-77e2-406d-adbb-3174365ee40a for instance 03cc5086-c558-4a24-b31e-2ec5ffe55259 on np0000006830
Aug 09 10:36:17.153468 np0000006830 devstack@n-api.service[84313]: INFO nova.api.openstack.compute.server_external_events [req-1a18ab59-5897-4909-b806-908caf50c023 req-d8d01b68-5c0b-43b1-ab8e-a9d64649697a service nova] Creating event network-vif-deleted:6357a2b2-77e2-406d-adbb-3174365ee40a for instance 03cc5086-c558-4a24-b31e-2ec5ffe55259 on np0000006830
Aug 09 10:36:17.154833 np0000006830 devstack@n-api.service[84313]: DEBUG nova.compute.rpcapi [req-1a18ab59-5897-4909-b806-908caf50c023 req-d8d01b68-5c0b-43b1-ab8e-a9d64649697a service nova] RPC: Sending the message to topic: compute-alt {{(pid=84313) prepare_for_alt_rpcserver /opt/stack/nova/nova/compute/rpcapi.py:595}}
Aug 09 10:36:17.163572 np0000006830 devstack@n-api.service[84313]: INFO nova.api.openstack.requestlog [req-1a18ab59-5897-4909-b806-908caf50c023 req-d8d01b68-5c0b-43b1-ab8e-a9d64649697a service nova] 10.4.3.250 "POST /compute/v2.1/os-server-external-events" status: 200 len: 356 microversion: 2.1 time: 0.029768
Aug 09 10:36:17.164297 np0000006830 devstack@n-api.service[84313]: [pid: 84313|app: 0|req: 45/129] 10.4.3.250 () {72 vars in 1432 bytes} [Sun Aug 9 10:36:17 2026] POST /compute/v2.1/os-server-external-events => generated 356 bytes in 31 msecs (HTTP/1.1 200) 9 headers in 357 bytes (1 switches on core 0)
Aug 09 10:36:17.165745 np0000006830 devstack@n-api.service[84315]: WARNING neutronclient.v2_0.client [None req-8fa1600c-38e0-49f3-91ec-0e340971255e tempest-TaggedBootDevicesTest_v242-1993137009 tempest-TaggedBootDevicesTest_v242-1993137009-project-member] The python binding code in neutronclient is deprecated in favor of OpenstackSDK, please use that as this will be removed in a future release.
Aug 09 10:36:17.172475 np0000006830 devstack@n-api.service[84314]: DEBUG nova.api.openstack.wsgi [None req-46611014-40a6-482e-a7fd-b86009ec2dfc tempest-VolumesAdminNegativeTest-1223621997 tempest-VolumesAdminNegativeTest-1223621997-project-member] Calling method '>' {{(pid=84314) _process_stack /opt/stack/nova/nova/api/openstack/wsgi.py:551}}
Aug 09 10:36:17.174308 np0000006830 devstack@n-api.service[84314]: DEBUG nova.compute.api [None req-46611014-40a6-482e-a7fd-b86009ec2dfc tempest-VolumesAdminNegativeTest-1223621997 tempest-VolumesAdminNegativeTest-1223621997-project-member] [instance: 03cc5086-c558-4a24-b31e-2ec5ffe55259] Fetching instance by UUID {{(pid=84314) get /opt/stack/nova/nova/compute/api.py:3068}}
Aug 09 10:36:17.179560 np0000006830 devstack@n-api.service[84314]: DEBUG oslo_concurrency.lockutils [None req-46611014-40a6-482e-a7fd-b86009ec2dfc tempest-VolumesAdminNegativeTest-1223621997 tempest-VolumesAdminNegativeTest-1223621997-project-member] Acquiring lock "74943419-127d-42d2-b1b1-f5835dcbc760" by "nova.context.set_target_cell..get_or_set_cached_cell_and_set_connections" {{(pid=84314) inner /opt/stack/data/venv/lib/python3.12/site-packages/oslo_concurrency/lockutils.py:512}}
Aug 09 10:36:17.179970 np0000006830 devstack@n-api.service[84314]: DEBUG oslo_concurrency.lockutils [None req-46611014-40a6-482e-a7fd-b86009ec2dfc tempest-VolumesAdminNegativeTest-1223621997 tempest-VolumesAdminNegativeTest-1223621997-project-member] Lock "74943419-127d-42d2-b1b1-f5835dcbc760" acquired by "nova.context.set_target_cell..get_or_set_cached_cell_and_set_connections" :: waited 0.000s {{(pid=84314) inner /opt/stack/data/venv/lib/python3.12/site-packages/oslo_concurrency/lockutils.py:525}}
Aug 09 10:36:17.180277 np0000006830 devstack@n-api.service[84314]: DEBUG oslo_concurrency.lockutils [None req-46611014-40a6-482e-a7fd-b86009ec2dfc tempest-VolumesAdminNegativeTest-1223621997 tempest-VolumesAdminNegativeTest-1223621997-project-member] Lock "74943419-127d-42d2-b1b1-f5835dcbc760" "released" by "nova.context.set_target_cell..get_or_set_cached_cell_and_set_connections" :: held 0.000s {{(pid=84314) inner /opt/stack/data/venv/lib/python3.12/site-packages/oslo_concurrency/lockutils.py:544}}
Aug 09 10:36:17.180998 np0000006830 devstack@n-api.service[84314]: DEBUG oslo_concurrency.lockutils [None req-46611014-40a6-482e-a7fd-b86009ec2dfc tempest-VolumesAdminNegativeTest-1223621997 tempest-VolumesAdminNegativeTest-1223621997-project-member] Acquiring lock "74943419-127d-42d2-b1b1-f5835dcbc760" by "nova.context.set_target_cell..get_or_set_cached_cell_and_set_connections" {{(pid=84314) inner /opt/stack/data/venv/lib/python3.12/site-packages/oslo_concurrency/lockutils.py:512}}
Aug 09 10:36:17.181477 np0000006830 devstack@n-api.service[84314]: DEBUG oslo_concurrency.lockutils [None req-46611014-40a6-482e-a7fd-b86009ec2dfc tempest-VolumesAdminNegativeTest-1223621997 tempest-VolumesAdminNegativeTest-1223621997-project-member] Lock "74943419-127d-42d2-b1b1-f5835dcbc760" acquired by "nova.context.set_target_cell..get_or_set_cached_cell_and_set_connections" :: waited 0.001s {{(pid=84314) inner /opt/stack/data/venv/lib/python3.12/site-packages/oslo_concurrency/lockutils.py:525}}
Aug 09 10:36:17.182017 np0000006830 devstack@n-api.service[84314]: DEBUG oslo_concurrency.lockutils [None req-46611014-40a6-482e-a7fd-b86009ec2dfc tempest-VolumesAdminNegativeTest-1223621997 tempest-VolumesAdminNegativeTest-1223621997-project-member] Lock "74943419-127d-42d2-b1b1-f5835dcbc760" "released" by "nova.context.set_target_cell..get_or_set_cached_cell_and_set_connections" :: held 0.000s {{(pid=84314) inner /opt/stack/data/venv/lib/python3.12/site-packages/oslo_concurrency/lockutils.py:544}}
Aug 09 10:36:17.191287 np0000006830 devstack@n-api.service[84314]: INFO nova.api.openstack.wsgi [None req-46611014-40a6-482e-a7fd-b86009ec2dfc tempest-VolumesAdminNegativeTest-1223621997 tempest-VolumesAdminNegativeTest-1223621997-project-member] HTTP exception thrown: Instance 03cc5086-c558-4a24-b31e-2ec5ffe55259 could not be found.
Aug 09 10:36:17.191605 np0000006830 devstack@n-api.service[84314]: DEBUG nova.api.openstack.wsgi [None req-46611014-40a6-482e-a7fd-b86009ec2dfc tempest-VolumesAdminNegativeTest-1223621997 tempest-VolumesAdminNegativeTest-1223621997-project-member] Returning 404 to user: Instance 03cc5086-c558-4a24-b31e-2ec5ffe55259 could not be found. {{(pid=84314) __call__ /opt/stack/nova/nova/api/openstack/wsgi.py:908}}
Aug 09 10:36:17.192266 np0000006830 devstack@n-api.service[84314]: INFO nova.api.openstack.requestlog [None req-46611014-40a6-482e-a7fd-b86009ec2dfc tempest-VolumesAdminNegativeTest-1223621997 tempest-VolumesAdminNegativeTest-1223621997-project-member] 10.4.3.250 "GET /compute/v2.1/servers/03cc5086-c558-4a24-b31e-2ec5ffe55259" status: 404 len: 111 microversion: 2.1 time: 0.022090
Aug 09 10:36:17.192767 np0000006830 devstack@n-api.service[84314]: [pid: 84314|app: 0|req: 37/130] 10.4.3.250 () {66 vars in 1354 bytes} [Sun Aug 9 10:36:17 2026] GET /compute/v2.1/servers/03cc5086-c558-4a24-b31e-2ec5ffe55259 => generated 111 bytes in 23 msecs (HTTP/1.1 404) 9 headers in 379 bytes (1 switches on core 0)
Aug 09 10:36:18.354338 np0000006830 devstack@n-api.service[84315]: DEBUG nova.policy [None req-8fa1600c-38e0-49f3-91ec-0e340971255e tempest-TaggedBootDevicesTest_v242-1993137009 tempest-TaggedBootDevicesTest_v242-1993137009-project-member] Policy check for os_compute_api:os-extended-server-attributes failed with credentials {'is_admin': False, 'user_id': 'db8f6ac738d24e33bedd3bf17a2d4c4d', 'user_domain_id': 'default', 'system_scope': None, 'domain_id': None, 'project_id': '14ad02a321fa4cdbb3e13dc89743822e', 'project_domain_id': 'default', 'roles': ['reader', 'member'], 'is_admin_project': True, 'service_user_id': None, 'service_user_domain_id': None, 'service_project_id': None, 'service_project_domain_id': None, 'service_roles': []} {{(pid=84315) authorize /opt/stack/nova/nova/policy.py:202}}
Aug 09 10:36:18.362092 np0000006830 devstack@n-api.service[84315]: DEBUG nova.policy [None req-8fa1600c-38e0-49f3-91ec-0e340971255e tempest-TaggedBootDevicesTest_v242-1993137009 tempest-TaggedBootDevicesTest_v242-1993137009-project-member] Policy check for os_compute_api:servers:show:host_status failed with credentials {'is_admin': False, 'user_id': 'db8f6ac738d24e33bedd3bf17a2d4c4d', 'user_domain_id': 'default', 'system_scope': None, 'domain_id': None, 'project_id': '14ad02a321fa4cdbb3e13dc89743822e', 'project_domain_id': 'default', 'roles': ['reader', 'member'], 'is_admin_project': True, 'service_user_id': None, 'service_user_domain_id': None, 'service_project_id': None, 'service_project_domain_id': None, 'service_roles': []} {{(pid=84315) authorize /opt/stack/nova/nova/policy.py:202}}
Aug 09 10:36:18.362743 np0000006830 devstack@n-api.service[84315]: DEBUG nova.policy [None req-8fa1600c-38e0-49f3-91ec-0e340971255e tempest-TaggedBootDevicesTest_v242-1993137009 tempest-TaggedBootDevicesTest_v242-1993137009-project-member] Policy check for os_compute_api:servers:show:host_status:unknown-only failed with credentials {'is_admin': False, 'user_id': 'db8f6ac738d24e33bedd3bf17a2d4c4d', 'user_domain_id': 'default', 'system_scope': None, 'domain_id': None, 'project_id': '14ad02a321fa4cdbb3e13dc89743822e', 'project_domain_id': 'default', 'roles': ['reader', 'member'], 'is_admin_project': True, 'service_user_id': None, 'service_user_domain_id': None, 'service_project_id': None, 'service_project_domain_id': None, 'service_roles': []} {{(pid=84315) authorize /opt/stack/nova/nova/policy.py:202}}
Aug 09 10:36:18.367699 np0000006830 devstack@n-api.service[84315]: INFO nova.api.openstack.requestlog [None req-8fa1600c-38e0-49f3-91ec-0e340971255e tempest-TaggedBootDevicesTest_v242-1993137009 tempest-TaggedBootDevicesTest_v242-1993137009-project-member] 10.4.3.250 "GET /compute/v2.1/servers/b4b9293e-c55c-4f0a-b406-611548ec1135" status: 200 len: 1857 microversion: 2.42 time: 1.247174
Aug 09 10:36:18.368088 np0000006830 devstack@n-api.service[84315]: [pid: 84315|app: 0|req: 49/131] 10.4.3.250 () {68 vars in 1395 bytes} [Sun Aug 9 10:36:17 2026] GET /compute/v2.1/servers/b4b9293e-c55c-4f0a-b406-611548ec1135 => generated 1857 bytes in 1248 msecs (HTTP/1.1 200) 9 headers in 360 bytes (1 switches on core 0)
Aug 09 10:36:19.206590 np0000006830 devstack@n-api.service[84313]: DEBUG nova.api.openstack.wsgi [req-53a56ae5-5e9e-4fcd-a077-2d8e3b7d2d57 req-f74c3ec1-122c-46d8-ae92-b9f494073fc5 service nova] Action: 'create', calling method: >, body: {"events": [{"name": "network-changed", "server_uuid": "b4b9293e-c55c-4f0a-b406-611548ec1135", "tag": "71367a4f-8d94-4a67-810b-1fe336125496"}, {"name": "network-changed", "server_uuid": "b4b9293e-c55c-4f0a-b406-611548ec1135", "tag": "6b049608-1268-4c78-a42b-8ccba1499a54"}]} {{(pid=84313) _process_stack /opt/stack/nova/nova/api/openstack/wsgi.py:549}}
Aug 09 10:36:19.213766 np0000006830 devstack@n-api.service[84313]: DEBUG oslo_concurrency.lockutils [req-53a56ae5-5e9e-4fcd-a077-2d8e3b7d2d57 req-f74c3ec1-122c-46d8-ae92-b9f494073fc5 service nova] Acquiring lock "74943419-127d-42d2-b1b1-f5835dcbc760" by "nova.context.set_target_cell..get_or_set_cached_cell_and_set_connections" {{(pid=84313) inner /opt/stack/data/venv/lib/python3.12/site-packages/oslo_concurrency/lockutils.py:512}}
Aug 09 10:36:19.214307 np0000006830 devstack@n-api.service[84313]: DEBUG oslo_concurrency.lockutils [req-53a56ae5-5e9e-4fcd-a077-2d8e3b7d2d57 req-f74c3ec1-122c-46d8-ae92-b9f494073fc5 service nova] Lock "74943419-127d-42d2-b1b1-f5835dcbc760" acquired by "nova.context.set_target_cell..get_or_set_cached_cell_and_set_connections" :: waited 0.000s {{(pid=84313) inner /opt/stack/data/venv/lib/python3.12/site-packages/oslo_concurrency/lockutils.py:525}}
Aug 09 10:36:19.214307 np0000006830 devstack@n-api.service[84313]: DEBUG oslo_concurrency.lockutils [req-53a56ae5-5e9e-4fcd-a077-2d8e3b7d2d57 req-f74c3ec1-122c-46d8-ae92-b9f494073fc5 service nova] Lock "74943419-127d-42d2-b1b1-f5835dcbc760" "released" by "nova.context.set_target_cell..get_or_set_cached_cell_and_set_connections" :: held 0.000s {{(pid=84313) inner /opt/stack/data/venv/lib/python3.12/site-packages/oslo_concurrency/lockutils.py:544}}
Aug 09 10:36:19.226068 np0000006830 devstack@n-api.service[84313]: INFO nova.api.openstack.compute.server_external_events [req-53a56ae5-5e9e-4fcd-a077-2d8e3b7d2d57 req-f74c3ec1-122c-46d8-ae92-b9f494073fc5 service nova] Creating event network-changed:71367a4f-8d94-4a67-810b-1fe336125496 for instance b4b9293e-c55c-4f0a-b406-611548ec1135 on np0000006830
Aug 09 10:36:19.226876 np0000006830 devstack@n-api.service[84313]: INFO nova.api.openstack.compute.server_external_events [req-53a56ae5-5e9e-4fcd-a077-2d8e3b7d2d57 req-f74c3ec1-122c-46d8-ae92-b9f494073fc5 service nova] Creating event network-changed:6b049608-1268-4c78-a42b-8ccba1499a54 for instance b4b9293e-c55c-4f0a-b406-611548ec1135 on np0000006830
Aug 09 10:36:19.226985 np0000006830 devstack@n-api.service[84313]: DEBUG nova.compute.rpcapi [req-53a56ae5-5e9e-4fcd-a077-2d8e3b7d2d57 req-f74c3ec1-122c-46d8-ae92-b9f494073fc5 service nova] RPC: Sending the message to topic: compute-alt {{(pid=84313) prepare_for_alt_rpcserver /opt/stack/nova/nova/compute/rpcapi.py:595}}
Aug 09 10:36:19.232379 np0000006830 devstack@n-api.service[84313]: INFO nova.api.openstack.requestlog [req-53a56ae5-5e9e-4fcd-a077-2d8e3b7d2d57 req-f74c3ec1-122c-46d8-ae92-b9f494073fc5 service nova] 10.4.3.250 "POST /compute/v2.1/os-server-external-events" status: 200 len: 346 microversion: 2.1 time: 0.029273
Aug 09 10:36:19.232852 np0000006830 devstack@n-api.service[84313]: [pid: 84313|app: 0|req: 46/132] 10.4.3.250 () {72 vars in 1432 bytes} [Sun Aug 9 10:36:19 2026] POST /compute/v2.1/os-server-external-events => generated 346 bytes in 30 msecs (HTTP/1.1 200) 9 headers in 357 bytes (1 switches on core 0)
Aug 09 10:36:19.387566 np0000006830 devstack@n-api.service[84314]: DEBUG nova.api.openstack.wsgi [None req-9ffe72e1-7c35-417d-ac96-a440a31add8a tempest-TaggedBootDevicesTest_v242-1993137009 tempest-TaggedBootDevicesTest_v242-1993137009-project-member] Calling method '>' {{(pid=84314) _process_stack /opt/stack/nova/nova/api/openstack/wsgi.py:551}}
Aug 09 10:36:19.392675 np0000006830 devstack@n-api.service[84314]: DEBUG nova.compute.api [None req-9ffe72e1-7c35-417d-ac96-a440a31add8a tempest-TaggedBootDevicesTest_v242-1993137009 tempest-TaggedBootDevicesTest_v242-1993137009-project-member] [instance: b4b9293e-c55c-4f0a-b406-611548ec1135] Fetching instance by UUID {{(pid=84314) get /opt/stack/nova/nova/compute/api.py:3068}}
Aug 09 10:36:19.398163 np0000006830 devstack@n-api.service[84314]: DEBUG oslo_concurrency.lockutils [None req-9ffe72e1-7c35-417d-ac96-a440a31add8a tempest-TaggedBootDevicesTest_v242-1993137009 tempest-TaggedBootDevicesTest_v242-1993137009-project-member] Acquiring lock "74943419-127d-42d2-b1b1-f5835dcbc760" by "nova.context.set_target_cell..get_or_set_cached_cell_and_set_connections" {{(pid=84314) inner /opt/stack/data/venv/lib/python3.12/site-packages/oslo_concurrency/lockutils.py:512}}
Aug 09 10:36:19.398535 np0000006830 devstack@n-api.service[84314]: DEBUG oslo_concurrency.lockutils [None req-9ffe72e1-7c35-417d-ac96-a440a31add8a tempest-TaggedBootDevicesTest_v242-1993137009 tempest-TaggedBootDevicesTest_v242-1993137009-project-member] Lock "74943419-127d-42d2-b1b1-f5835dcbc760" acquired by "nova.context.set_target_cell..get_or_set_cached_cell_and_set_connections" :: waited 0.000s {{(pid=84314) inner /opt/stack/data/venv/lib/python3.12/site-packages/oslo_concurrency/lockutils.py:525}}
Aug 09 10:36:19.399707 np0000006830 devstack@n-api.service[84314]: DEBUG oslo_concurrency.lockutils [None req-9ffe72e1-7c35-417d-ac96-a440a31add8a tempest-TaggedBootDevicesTest_v242-1993137009 tempest-TaggedBootDevicesTest_v242-1993137009-project-member] Lock "74943419-127d-42d2-b1b1-f5835dcbc760" "released" by "nova.context.set_target_cell..get_or_set_cached_cell_and_set_connections" :: held 0.000s {{(pid=84314) inner /opt/stack/data/venv/lib/python3.12/site-packages/oslo_concurrency/lockutils.py:544}}
Aug 09 10:36:19.399835 np0000006830 devstack@n-api.service[84314]: DEBUG oslo_concurrency.lockutils [None req-9ffe72e1-7c35-417d-ac96-a440a31add8a tempest-TaggedBootDevicesTest_v242-1993137009 tempest-TaggedBootDevicesTest_v242-1993137009-project-member] Acquiring lock "74943419-127d-42d2-b1b1-f5835dcbc760" by "nova.context.set_target_cell..get_or_set_cached_cell_and_set_connections" {{(pid=84314) inner /opt/stack/data/venv/lib/python3.12/site-packages/oslo_concurrency/lockutils.py:512}}
Aug 09 10:36:19.400204 np0000006830 devstack@n-api.service[84314]: DEBUG oslo_concurrency.lockutils [None req-9ffe72e1-7c35-417d-ac96-a440a31add8a tempest-TaggedBootDevicesTest_v242-1993137009 tempest-TaggedBootDevicesTest_v242-1993137009-project-member] Lock "74943419-127d-42d2-b1b1-f5835dcbc760" acquired by "nova.context.set_target_cell..get_or_set_cached_cell_and_set_connections" :: waited 0.000s {{(pid=84314) inner /opt/stack/data/venv/lib/python3.12/site-packages/oslo_concurrency/lockutils.py:525}}
Aug 09 10:36:19.400559 np0000006830 devstack@n-api.service[84314]: DEBUG oslo_concurrency.lockutils [None req-9ffe72e1-7c35-417d-ac96-a440a31add8a tempest-TaggedBootDevicesTest_v242-1993137009 tempest-TaggedBootDevicesTest_v242-1993137009-project-member] Lock "74943419-127d-42d2-b1b1-f5835dcbc760" "released" by "nova.context.set_target_cell..get_or_set_cached_cell_and_set_connections" :: held 0.000s {{(pid=84314) inner /opt/stack/data/venv/lib/python3.12/site-packages/oslo_concurrency/lockutils.py:544}}
Aug 09 10:36:19.431397 np0000006830 devstack@n-api.service[84314]: WARNING neutronclient.v2_0.client [None req-9ffe72e1-7c35-417d-ac96-a440a31add8a tempest-TaggedBootDevicesTest_v242-1993137009 tempest-TaggedBootDevicesTest_v242-1993137009-project-member] The python binding code in neutronclient is deprecated in favor of OpenstackSDK, please use that as this will be removed in a future release.
Aug 09 10:36:19.537229 np0000006830 devstack@n-api.service[84314]: DEBUG dbcounter [-] [84314] Writing DB stats nova_cell0:SELECT=5 {{(pid=84314) stat_writer /opt/stack/data/venv/lib/python3.12/site-packages/dbcounter.py:115}}
Aug 09 10:36:20.311539 np0000006830 devstack@n-api.service[84314]: DEBUG nova.policy [None req-9ffe72e1-7c35-417d-ac96-a440a31add8a tempest-TaggedBootDevicesTest_v242-1993137009 tempest-TaggedBootDevicesTest_v242-1993137009-project-member] Policy check for os_compute_api:os-extended-server-attributes failed with credentials {'is_admin': False, 'user_id': 'db8f6ac738d24e33bedd3bf17a2d4c4d', 'user_domain_id': 'default', 'system_scope': None, 'domain_id': None, 'project_id': '14ad02a321fa4cdbb3e13dc89743822e', 'project_domain_id': 'default', 'roles': ['reader', 'member'], 'is_admin_project': True, 'service_user_id': None, 'service_user_domain_id': None, 'service_project_id': None, 'service_project_domain_id': None, 'service_roles': []} {{(pid=84314) authorize /opt/stack/nova/nova/policy.py:202}}
Aug 09 10:36:20.319105 np0000006830 devstack@n-api.service[84314]: DEBUG nova.policy [None req-9ffe72e1-7c35-417d-ac96-a440a31add8a tempest-TaggedBootDevicesTest_v242-1993137009 tempest-TaggedBootDevicesTest_v242-1993137009-project-member] Policy check for os_compute_api:servers:show:host_status failed with credentials {'is_admin': False, 'user_id': 'db8f6ac738d24e33bedd3bf17a2d4c4d', 'user_domain_id': 'default', 'system_scope': None, 'domain_id': None, 'project_id': '14ad02a321fa4cdbb3e13dc89743822e', 'project_domain_id': 'default', 'roles': ['reader', 'member'], 'is_admin_project': True, 'service_user_id': None, 'service_user_domain_id': None, 'service_project_id': None, 'service_project_domain_id': None, 'service_roles': []} {{(pid=84314) authorize /opt/stack/nova/nova/policy.py:202}}
Aug 09 10:36:20.320311 np0000006830 devstack@n-api.service[84314]: DEBUG nova.policy [None req-9ffe72e1-7c35-417d-ac96-a440a31add8a tempest-TaggedBootDevicesTest_v242-1993137009 tempest-TaggedBootDevicesTest_v242-1993137009-project-member] Policy check for os_compute_api:servers:show:host_status:unknown-only failed with credentials {'is_admin': False, 'user_id': 'db8f6ac738d24e33bedd3bf17a2d4c4d', 'user_domain_id': 'default', 'system_scope': None, 'domain_id': None, 'project_id': '14ad02a321fa4cdbb3e13dc89743822e', 'project_domain_id': 'default', 'roles': ['reader', 'member'], 'is_admin_project': True, 'service_user_id': None, 'service_user_domain_id': None, 'service_project_id': None, 'service_project_domain_id': None, 'service_roles': []} {{(pid=84314) authorize /opt/stack/nova/nova/policy.py:202}}
Aug 09 10:36:20.325851 np0000006830 devstack@n-api.service[84314]: INFO nova.api.openstack.requestlog [None req-9ffe72e1-7c35-417d-ac96-a440a31add8a tempest-TaggedBootDevicesTest_v242-1993137009 tempest-TaggedBootDevicesTest_v242-1993137009-project-member] 10.4.3.250 "GET /compute/v2.1/servers/b4b9293e-c55c-4f0a-b406-611548ec1135" status: 200 len: 1878 microversion: 2.42 time: 0.940389
Aug 09 10:36:20.327010 np0000006830 devstack@n-api.service[84314]: [pid: 84314|app: 0|req: 38/133] 10.4.3.250 () {68 vars in 1395 bytes} [Sun Aug 9 10:36:19 2026] GET /compute/v2.1/servers/b4b9293e-c55c-4f0a-b406-611548ec1135 => generated 1878 bytes in 941 msecs (HTTP/1.1 200) 9 headers in 360 bytes (1 switches on core 0)
Aug 09 10:36:21.295004 np0000006830 devstack@n-api.service[84315]: DEBUG nova.api.openstack.wsgi [req-fe0cc863-4c64-4556-9331-1373d3d07651 req-537b732e-16c1-4e57-bb22-e5f7b9d6a6b6 service nova] Action: 'create', calling method: >, body: {"events": [{"name": "network-changed", "server_uuid": "b4b9293e-c55c-4f0a-b406-611548ec1135", "tag": "4a0238d5-353a-4bb6-9507-9b297b65dd2f"}]} {{(pid=84315) _process_stack /opt/stack/nova/nova/api/openstack/wsgi.py:549}}
Aug 09 10:36:21.305304 np0000006830 devstack@n-api.service[84315]: DEBUG oslo_concurrency.lockutils [req-fe0cc863-4c64-4556-9331-1373d3d07651 req-537b732e-16c1-4e57-bb22-e5f7b9d6a6b6 service nova] Acquiring lock "74943419-127d-42d2-b1b1-f5835dcbc760" by "nova.context.set_target_cell..get_or_set_cached_cell_and_set_connections" {{(pid=84315) inner /opt/stack/data/venv/lib/python3.12/site-packages/oslo_concurrency/lockutils.py:512}}
Aug 09 10:36:21.305789 np0000006830 devstack@n-api.service[84315]: DEBUG oslo_concurrency.lockutils [req-fe0cc863-4c64-4556-9331-1373d3d07651 req-537b732e-16c1-4e57-bb22-e5f7b9d6a6b6 service nova] Lock "74943419-127d-42d2-b1b1-f5835dcbc760" acquired by "nova.context.set_target_cell..get_or_set_cached_cell_and_set_connections" :: waited 0.001s {{(pid=84315) inner /opt/stack/data/venv/lib/python3.12/site-packages/oslo_concurrency/lockutils.py:525}}
Aug 09 10:36:21.305990 np0000006830 devstack@n-api.service[84315]: DEBUG oslo_concurrency.lockutils [req-fe0cc863-4c64-4556-9331-1373d3d07651 req-537b732e-16c1-4e57-bb22-e5f7b9d6a6b6 service nova] Lock "74943419-127d-42d2-b1b1-f5835dcbc760" "released" by "nova.context.set_target_cell..get_or_set_cached_cell_and_set_connections" :: held 0.000s {{(pid=84315) inner /opt/stack/data/venv/lib/python3.12/site-packages/oslo_concurrency/lockutils.py:544}}
Aug 09 10:36:21.315241 np0000006830 devstack@n-api.service[84315]: INFO nova.api.openstack.compute.server_external_events [req-fe0cc863-4c64-4556-9331-1373d3d07651 req-537b732e-16c1-4e57-bb22-e5f7b9d6a6b6 service nova] Creating event network-changed:4a0238d5-353a-4bb6-9507-9b297b65dd2f for instance b4b9293e-c55c-4f0a-b406-611548ec1135 on np0000006830
Aug 09 10:36:21.315870 np0000006830 devstack@n-api.service[84315]: DEBUG nova.compute.rpcapi [req-fe0cc863-4c64-4556-9331-1373d3d07651 req-537b732e-16c1-4e57-bb22-e5f7b9d6a6b6 service nova] RPC: Sending the message to topic: compute-alt {{(pid=84315) prepare_for_alt_rpcserver /opt/stack/nova/nova/compute/rpcapi.py:595}}
Aug 09 10:36:21.321267 np0000006830 devstack@n-api.service[84315]: INFO nova.api.openstack.requestlog [req-fe0cc863-4c64-4556-9331-1373d3d07651 req-537b732e-16c1-4e57-bb22-e5f7b9d6a6b6 service nova] 10.4.3.250 "POST /compute/v2.1/os-server-external-events" status: 200 len: 179 microversion: 2.1 time: 0.029602
Aug 09 10:36:21.322488 np0000006830 devstack@n-api.service[84315]: [pid: 84315|app: 0|req: 50/134] 10.4.3.250 () {72 vars in 1432 bytes} [Sun Aug 9 10:36:21 2026] POST /compute/v2.1/os-server-external-events => generated 179 bytes in 30 msecs (HTTP/1.1 200) 9 headers in 357 bytes (1 switches on core 0)
Aug 09 10:36:21.355415 np0000006830 devstack@n-api.service[84314]: DEBUG nova.api.openstack.wsgi [None req-c3d6485b-858b-4df7-a1db-ed1670bf9dcb tempest-TaggedBootDevicesTest_v242-1993137009 tempest-TaggedBootDevicesTest_v242-1993137009-project-member] Calling method '>' {{(pid=84314) _process_stack /opt/stack/nova/nova/api/openstack/wsgi.py:551}}
Aug 09 10:36:21.359179 np0000006830 devstack@n-api.service[84314]: DEBUG nova.compute.api [None req-c3d6485b-858b-4df7-a1db-ed1670bf9dcb tempest-TaggedBootDevicesTest_v242-1993137009 tempest-TaggedBootDevicesTest_v242-1993137009-project-member] [instance: b4b9293e-c55c-4f0a-b406-611548ec1135] Fetching instance by UUID {{(pid=84314) get /opt/stack/nova/nova/compute/api.py:3068}}
Aug 09 10:36:21.365354 np0000006830 devstack@n-api.service[84314]: DEBUG oslo_concurrency.lockutils [None req-c3d6485b-858b-4df7-a1db-ed1670bf9dcb tempest-TaggedBootDevicesTest_v242-1993137009 tempest-TaggedBootDevicesTest_v242-1993137009-project-member] Acquiring lock "74943419-127d-42d2-b1b1-f5835dcbc760" by "nova.context.set_target_cell..get_or_set_cached_cell_and_set_connections" {{(pid=84314) inner /opt/stack/data/venv/lib/python3.12/site-packages/oslo_concurrency/lockutils.py:512}}
Aug 09 10:36:21.365751 np0000006830 devstack@n-api.service[84314]: DEBUG oslo_concurrency.lockutils [None req-c3d6485b-858b-4df7-a1db-ed1670bf9dcb tempest-TaggedBootDevicesTest_v242-1993137009 tempest-TaggedBootDevicesTest_v242-1993137009-project-member] Lock "74943419-127d-42d2-b1b1-f5835dcbc760" acquired by "nova.context.set_target_cell..get_or_set_cached_cell_and_set_connections" :: waited 0.000s {{(pid=84314) inner /opt/stack/data/venv/lib/python3.12/site-packages/oslo_concurrency/lockutils.py:525}}
Aug 09 10:36:21.366093 np0000006830 devstack@n-api.service[84314]: DEBUG oslo_concurrency.lockutils [None req-c3d6485b-858b-4df7-a1db-ed1670bf9dcb tempest-TaggedBootDevicesTest_v242-1993137009 tempest-TaggedBootDevicesTest_v242-1993137009-project-member] Lock "74943419-127d-42d2-b1b1-f5835dcbc760" "released" by "nova.context.set_target_cell..get_or_set_cached_cell_and_set_connections" :: held 0.000s {{(pid=84314) inner /opt/stack/data/venv/lib/python3.12/site-packages/oslo_concurrency/lockutils.py:544}}
Aug 09 10:36:21.366747 np0000006830 devstack@n-api.service[84314]: DEBUG oslo_concurrency.lockutils [None req-c3d6485b-858b-4df7-a1db-ed1670bf9dcb tempest-TaggedBootDevicesTest_v242-1993137009 tempest-TaggedBootDevicesTest_v242-1993137009-project-member] Acquiring lock "74943419-127d-42d2-b1b1-f5835dcbc760" by "nova.context.set_target_cell..get_or_set_cached_cell_and_set_connections" {{(pid=84314) inner /opt/stack/data/venv/lib/python3.12/site-packages/oslo_concurrency/lockutils.py:512}}
Aug 09 10:36:21.367249 np0000006830 devstack@n-api.service[84314]: DEBUG oslo_concurrency.lockutils [None req-c3d6485b-858b-4df7-a1db-ed1670bf9dcb tempest-TaggedBootDevicesTest_v242-1993137009 tempest-TaggedBootDevicesTest_v242-1993137009-project-member] Lock "74943419-127d-42d2-b1b1-f5835dcbc760" acquired by "nova.context.set_target_cell..get_or_set_cached_cell_and_set_connections" :: waited 0.000s {{(pid=84314) inner /opt/stack/data/venv/lib/python3.12/site-packages/oslo_concurrency/lockutils.py:525}}
Aug 09 10:36:21.367678 np0000006830 devstack@n-api.service[84314]: DEBUG oslo_concurrency.lockutils [None req-c3d6485b-858b-4df7-a1db-ed1670bf9dcb tempest-TaggedBootDevicesTest_v242-1993137009 tempest-TaggedBootDevicesTest_v242-1993137009-project-member] Lock "74943419-127d-42d2-b1b1-f5835dcbc760" "released" by "nova.context.set_target_cell..get_or_set_cached_cell_and_set_connections" :: held 0.000s {{(pid=84314) inner /opt/stack/data/venv/lib/python3.12/site-packages/oslo_concurrency/lockutils.py:544}}
Aug 09 10:36:21.368292 np0000006830 devstack@n-api.service[84314]: DEBUG dbcounter [-] [84314] Writing DB stats nova_cell0:SELECT=17 {{(pid=84314) stat_writer /opt/stack/data/venv/lib/python3.12/site-packages/dbcounter.py:115}}
Aug 09 10:36:21.400976 np0000006830 devstack@n-api.service[84314]: WARNING neutronclient.v2_0.client [None req-c3d6485b-858b-4df7-a1db-ed1670bf9dcb tempest-TaggedBootDevicesTest_v242-1993137009 tempest-TaggedBootDevicesTest_v242-1993137009-project-member] The python binding code in neutronclient is deprecated in favor of OpenstackSDK, please use that as this will be removed in a future release.
Aug 09 10:36:21.673809 np0000006830 devstack@n-api.service[84313]: DEBUG nova.api.openstack.wsgi [None req-2fe07211-3291-4167-b7de-14990ce30d45 tempest-ServersNegativeTestJSON-2091211306 tempest-ServersNegativeTestJSON-2091211306-project-member] Action: 'create', calling method: >, body: {"server": {"name": "tempest-ServersNegativeTestJSON-server-146396668", "imageRef": "9f9d8694-fa99-4765-86d0-43fb355afe4d", "flavorRef": "42", "networks": [{"uuid": "8467b7b5-fa8c-438d-81bd-eea52bee0920"}]}} {{(pid=84313) _process_stack /opt/stack/nova/nova/api/openstack/wsgi.py:549}}
Aug 09 10:36:21.741573 np0000006830 devstack@n-api.service[84314]: DEBUG nova.policy [None req-c3d6485b-858b-4df7-a1db-ed1670bf9dcb tempest-TaggedBootDevicesTest_v242-1993137009 tempest-TaggedBootDevicesTest_v242-1993137009-project-member] Policy check for os_compute_api:os-extended-server-attributes failed with credentials {'is_admin': False, 'user_id': 'db8f6ac738d24e33bedd3bf17a2d4c4d', 'user_domain_id': 'default', 'system_scope': None, 'domain_id': None, 'project_id': '14ad02a321fa4cdbb3e13dc89743822e', 'project_domain_id': 'default', 'roles': ['reader', 'member'], 'is_admin_project': True, 'service_user_id': None, 'service_user_domain_id': None, 'service_project_id': None, 'service_project_domain_id': None, 'service_roles': []} {{(pid=84314) authorize /opt/stack/nova/nova/policy.py:202}}
Aug 09 10:36:21.753761 np0000006830 devstack@n-api.service[84314]: DEBUG nova.policy [None req-c3d6485b-858b-4df7-a1db-ed1670bf9dcb tempest-TaggedBootDevicesTest_v242-1993137009 tempest-TaggedBootDevicesTest_v242-1993137009-project-member] Policy check for os_compute_api:servers:show:host_status failed with credentials {'is_admin': False, 'user_id': 'db8f6ac738d24e33bedd3bf17a2d4c4d', 'user_domain_id': 'default', 'system_scope': None, 'domain_id': None, 'project_id': '14ad02a321fa4cdbb3e13dc89743822e', 'project_domain_id': 'default', 'roles': ['reader', 'member'], 'is_admin_project': True, 'service_user_id': None, 'service_user_domain_id': None, 'service_project_id': None, 'service_project_domain_id': None, 'service_roles': []} {{(pid=84314) authorize /opt/stack/nova/nova/policy.py:202}}
Aug 09 10:36:21.754760 np0000006830 devstack@n-api.service[84314]: DEBUG nova.policy [None req-c3d6485b-858b-4df7-a1db-ed1670bf9dcb tempest-TaggedBootDevicesTest_v242-1993137009 tempest-TaggedBootDevicesTest_v242-1993137009-project-member] Policy check for os_compute_api:servers:show:host_status:unknown-only failed with credentials {'is_admin': False, 'user_id': 'db8f6ac738d24e33bedd3bf17a2d4c4d', 'user_domain_id': 'default', 'system_scope': None, 'domain_id': None, 'project_id': '14ad02a321fa4cdbb3e13dc89743822e', 'project_domain_id': 'default', 'roles': ['reader', 'member'], 'is_admin_project': True, 'service_user_id': None, 'service_user_domain_id': None, 'service_project_id': None, 'service_project_domain_id': None, 'service_roles': []} {{(pid=84314) authorize /opt/stack/nova/nova/policy.py:202}}
Aug 09 10:36:21.767721 np0000006830 devstack@n-api.service[84314]: INFO nova.api.openstack.requestlog [None req-c3d6485b-858b-4df7-a1db-ed1670bf9dcb tempest-TaggedBootDevicesTest_v242-1993137009 tempest-TaggedBootDevicesTest_v242-1993137009-project-member] 10.4.3.250 "GET /compute/v2.1/servers/b4b9293e-c55c-4f0a-b406-611548ec1135" status: 200 len: 1878 microversion: 2.42 time: 0.417591
Aug 09 10:36:21.769350 np0000006830 devstack@n-api.service[84314]: [pid: 84314|app: 0|req: 39/135] 10.4.3.250 () {68 vars in 1395 bytes} [Sun Aug 9 10:36:21 2026] GET /compute/v2.1/servers/b4b9293e-c55c-4f0a-b406-611548ec1135 => generated 1878 bytes in 420 msecs (HTTP/1.1 200) 9 headers in 360 bytes (1 switches on core 0)
Aug 09 10:36:21.816499 np0000006830 devstack@n-api.service[84313]: DEBUG oslo_concurrency.lockutils [None req-2fe07211-3291-4167-b7de-14990ce30d45 tempest-ServersNegativeTestJSON-2091211306 tempest-ServersNegativeTestJSON-2091211306-project-member] Acquiring lock "00000000-0000-0000-0000-000000000000" by "nova.context.set_target_cell..get_or_set_cached_cell_and_set_connections" {{(pid=84313) inner /opt/stack/data/venv/lib/python3.12/site-packages/oslo_concurrency/lockutils.py:512}}
Aug 09 10:36:21.817030 np0000006830 devstack@n-api.service[84313]: DEBUG oslo_concurrency.lockutils [None req-2fe07211-3291-4167-b7de-14990ce30d45 tempest-ServersNegativeTestJSON-2091211306 tempest-ServersNegativeTestJSON-2091211306-project-member] Lock "00000000-0000-0000-0000-000000000000" acquired by "nova.context.set_target_cell..get_or_set_cached_cell_and_set_connections" :: waited 0.001s {{(pid=84313) inner /opt/stack/data/venv/lib/python3.12/site-packages/oslo_concurrency/lockutils.py:525}}
Aug 09 10:36:21.817480 np0000006830 devstack@n-api.service[84313]: DEBUG oslo_concurrency.lockutils [None req-2fe07211-3291-4167-b7de-14990ce30d45 tempest-ServersNegativeTestJSON-2091211306 tempest-ServersNegativeTestJSON-2091211306-project-member] Lock "00000000-0000-0000-0000-000000000000" "released" by "nova.context.set_target_cell..get_or_set_cached_cell_and_set_connections" :: held 0.000s {{(pid=84313) inner /opt/stack/data/venv/lib/python3.12/site-packages/oslo_concurrency/lockutils.py:544}}
Aug 09 10:36:21.818965 np0000006830 devstack@n-api.service[84313]: DEBUG oslo_concurrency.lockutils [None req-2fe07211-3291-4167-b7de-14990ce30d45 tempest-ServersNegativeTestJSON-2091211306 tempest-ServersNegativeTestJSON-2091211306-project-member] Acquiring lock "74943419-127d-42d2-b1b1-f5835dcbc760" by "nova.context.set_target_cell..get_or_set_cached_cell_and_set_connections" {{(pid=84313) inner /opt/stack/data/venv/lib/python3.12/site-packages/oslo_concurrency/lockutils.py:512}}
Aug 09 10:36:21.819369 np0000006830 devstack@n-api.service[84313]: DEBUG oslo_concurrency.lockutils [None req-2fe07211-3291-4167-b7de-14990ce30d45 tempest-ServersNegativeTestJSON-2091211306 tempest-ServersNegativeTestJSON-2091211306-project-member] Lock "74943419-127d-42d2-b1b1-f5835dcbc760" acquired by "nova.context.set_target_cell..get_or_set_cached_cell_and_set_connections" :: waited 0.001s {{(pid=84313) inner /opt/stack/data/venv/lib/python3.12/site-packages/oslo_concurrency/lockutils.py:525}}
Aug 09 10:36:21.821978 np0000006830 devstack@n-api.service[84313]: DEBUG oslo_concurrency.lockutils [None req-2fe07211-3291-4167-b7de-14990ce30d45 tempest-ServersNegativeTestJSON-2091211306 tempest-ServersNegativeTestJSON-2091211306-project-member] Lock "74943419-127d-42d2-b1b1-f5835dcbc760" "released" by "nova.context.set_target_cell..get_or_set_cached_cell_and_set_connections" :: held 0.002s {{(pid=84313) inner /opt/stack/data/venv/lib/python3.12/site-packages/oslo_concurrency/lockutils.py:544}}
Aug 09 10:36:21.830077 np0000006830 devstack@n-api.service[84313]: DEBUG nova.network.neutron [None req-2fe07211-3291-4167-b7de-14990ce30d45 tempest-ServersNegativeTestJSON-2091211306 tempest-ServersNegativeTestJSON-2091211306-project-member] validate_networks() for [('8467b7b5-fa8c-438d-81bd-eea52bee0920', None, None, None, None, None)] {{(pid=84313) validate_networks /opt/stack/nova/nova/network/neutron.py:2686}}
Aug 09 10:36:21.835038 np0000006830 devstack@n-api.service[84313]: WARNING neutronclient.v2_0.client [None req-2fe07211-3291-4167-b7de-14990ce30d45 tempest-ServersNegativeTestJSON-2091211306 tempest-ServersNegativeTestJSON-2091211306-project-member] The python binding code in neutronclient is deprecated in favor of OpenstackSDK, please use that as this will be removed in a future release.
Aug 09 10:36:22.140171 np0000006830 devstack@n-api.service[84313]: WARNING neutronclient.v2_0.client [None req-2fe07211-3291-4167-b7de-14990ce30d45 tempest-ServersNegativeTestJSON-2091211306 tempest-ServersNegativeTestJSON-2091211306-project-member] The python binding code in neutronclient is deprecated in favor of OpenstackSDK, please use that as this will be removed in a future release.
Aug 09 10:36:22.165461 np0000006830 devstack@n-api.service[84315]: DEBUG nova.api.openstack.wsgi [req-24aa9629-4cc4-4dcc-982d-f8e98f045e69 req-605163b1-1458-4d49-acf0-7b0869878f5a service nova] Action: 'create', calling method: >, body: {"events": [{"name": "network-changed", "server_uuid": "b4b9293e-c55c-4f0a-b406-611548ec1135", "tag": "8928d264-0142-42e4-bba6-b0f57a22e104"}]} {{(pid=84315) _process_stack /opt/stack/nova/nova/api/openstack/wsgi.py:549}}
Aug 09 10:36:22.173242 np0000006830 devstack@n-api.service[84315]: DEBUG oslo_concurrency.lockutils [req-24aa9629-4cc4-4dcc-982d-f8e98f045e69 req-605163b1-1458-4d49-acf0-7b0869878f5a service nova] Acquiring lock "74943419-127d-42d2-b1b1-f5835dcbc760" by "nova.context.set_target_cell..get_or_set_cached_cell_and_set_connections" {{(pid=84315) inner /opt/stack/data/venv/lib/python3.12/site-packages/oslo_concurrency/lockutils.py:512}}
Aug 09 10:36:22.173783 np0000006830 devstack@n-api.service[84315]: DEBUG oslo_concurrency.lockutils [req-24aa9629-4cc4-4dcc-982d-f8e98f045e69 req-605163b1-1458-4d49-acf0-7b0869878f5a service nova] Lock "74943419-127d-42d2-b1b1-f5835dcbc760" acquired by "nova.context.set_target_cell..get_or_set_cached_cell_and_set_connections" :: waited 0.000s {{(pid=84315) inner /opt/stack/data/venv/lib/python3.12/site-packages/oslo_concurrency/lockutils.py:525}}
Aug 09 10:36:22.173783 np0000006830 devstack@n-api.service[84315]: DEBUG oslo_concurrency.lockutils [req-24aa9629-4cc4-4dcc-982d-f8e98f045e69 req-605163b1-1458-4d49-acf0-7b0869878f5a service nova] Lock "74943419-127d-42d2-b1b1-f5835dcbc760" "released" by "nova.context.set_target_cell..get_or_set_cached_cell_and_set_connections" :: held 0.000s {{(pid=84315) inner /opt/stack/data/venv/lib/python3.12/site-packages/oslo_concurrency/lockutils.py:544}}
Aug 09 10:36:22.185606 np0000006830 devstack@n-api.service[84315]: INFO nova.api.openstack.compute.server_external_events [req-24aa9629-4cc4-4dcc-982d-f8e98f045e69 req-605163b1-1458-4d49-acf0-7b0869878f5a service nova] Creating event network-changed:8928d264-0142-42e4-bba6-b0f57a22e104 for instance b4b9293e-c55c-4f0a-b406-611548ec1135 on np0000006830
Aug 09 10:36:22.186088 np0000006830 devstack@n-api.service[84315]: DEBUG nova.compute.rpcapi [req-24aa9629-4cc4-4dcc-982d-f8e98f045e69 req-605163b1-1458-4d49-acf0-7b0869878f5a service nova] RPC: Sending the message to topic: compute-alt {{(pid=84315) prepare_for_alt_rpcserver /opt/stack/nova/nova/compute/rpcapi.py:595}}
Aug 09 10:36:22.192948 np0000006830 devstack@n-api.service[84315]: INFO nova.api.openstack.requestlog [req-24aa9629-4cc4-4dcc-982d-f8e98f045e69 req-605163b1-1458-4d49-acf0-7b0869878f5a service nova] 10.4.3.250 "POST /compute/v2.1/os-server-external-events" status: 200 len: 179 microversion: 2.1 time: 0.033303
Aug 09 10:36:22.194243 np0000006830 devstack@n-api.service[84315]: [pid: 84315|app: 0|req: 51/136] 10.4.3.250 () {72 vars in 1432 bytes} [Sun Aug 9 10:36:22 2026] POST /compute/v2.1/os-server-external-events => generated 179 bytes in 35 msecs (HTTP/1.1 200) 9 headers in 357 bytes (1 switches on core 0)
Aug 09 10:36:22.359255 np0000006830 devstack@n-api.service[84313]: DEBUG nova.virt.hardware [None req-2fe07211-3291-4167-b7de-14990ce30d45 tempest-ServersNegativeTestJSON-2091211306 tempest-ServersNegativeTestJSON-2091211306-project-member] Flavor limits 0:0:0 {{(pid=84313) get_cpu_topology_constraints /opt/stack/nova/nova/virt/hardware.py:516}}
Aug 09 10:36:22.359500 np0000006830 devstack@n-api.service[84313]: DEBUG nova.virt.hardware [None req-2fe07211-3291-4167-b7de-14990ce30d45 tempest-ServersNegativeTestJSON-2091211306 tempest-ServersNegativeTestJSON-2091211306-project-member] Image limits 0:0:0 {{(pid=84313) get_cpu_topology_constraints /opt/stack/nova/nova/virt/hardware.py:520}}
Aug 09 10:36:22.359766 np0000006830 devstack@n-api.service[84313]: DEBUG nova.virt.hardware [None req-2fe07211-3291-4167-b7de-14990ce30d45 tempest-ServersNegativeTestJSON-2091211306 tempest-ServersNegativeTestJSON-2091211306-project-member] Flavor pref 0:0:0 {{(pid=84313) get_cpu_topology_constraints /opt/stack/nova/nova/virt/hardware.py:556}}
Aug 09 10:36:22.359953 np0000006830 devstack@n-api.service[84313]: DEBUG nova.virt.hardware [None req-2fe07211-3291-4167-b7de-14990ce30d45 tempest-ServersNegativeTestJSON-2091211306 tempest-ServersNegativeTestJSON-2091211306-project-member] Image pref 0:0:0 {{(pid=84313) get_cpu_topology_constraints /opt/stack/nova/nova/virt/hardware.py:560}}
