Aug 09 10:32:50.366682 np0000006830 devstack@neutron-api.service[87601]: DEBUG neutron_lib.callbacks.manager [None req-9552a9c0-d9a5-4f39-b6d8-fe10448345a4 None None] Subscribe: > port after_delete 55550000, False {{(pid=87601) subscribe /opt/stack/data/venv/lib/python3.12/site-packages/neutron_lib/callbacks/manager.py:52}}
Aug 09 10:32:50.366728 np0000006830 devstack@neutron-api.service[87602]: DEBUG neutron.api.extensions [None req-e8389e2b-2b86-456b-9b9b-1aeb341311ea None None] Ext name="Availability Zone Filter Extension" alias="availability_zone_filter" description="Add filter parameters to AvailabilityZone resource" updated="2018-06-22T10:00:00-00:00" {{(pid=87602) _check_extension /opt/stack/neutron/neutron/api/extensions.py:415}}
Aug 09 10:32:50.366788 np0000006830 devstack@neutron-api.service[87601]: DEBUG neutron_lib.callbacks.manager [None req-9552a9c0-d9a5-4f39-b6d8-fe10448345a4 None None] Subscribe: > subnet after_create 55550000, False {{(pid=87601) subscribe /opt/stack/data/venv/lib/python3.12/site-packages/neutron_lib/callbacks/manager.py:52}}
Aug 09 10:32:50.366980 np0000006830 devstack@neutron-api.service[87601]: DEBUG neutron_lib.callbacks.manager [None req-9552a9c0-d9a5-4f39-b6d8-fe10448345a4 None None] Subscribe: > subnet after_update 55550000, False {{(pid=87601) subscribe /opt/stack/data/venv/lib/python3.12/site-packages/neutron_lib/callbacks/manager.py:52}}
Aug 09 10:32:50.367104 np0000006830 devstack@neutron-api.service[87602]: INFO neutron.api.extensions [None req-e8389e2b-2b86-456b-9b9b-1aeb341311ea None None] Extension availability_zone_filter not supported by any of loaded plugins
Aug 09 10:32:50.367170 np0000006830 devstack@neutron-api.service[87601]: DEBUG neutron_lib.callbacks.manager [None req-9552a9c0-d9a5-4f39-b6d8-fe10448345a4 None None] Subscribe: > subnet after_delete 55550000, False {{(pid=87601) subscribe /opt/stack/data/venv/lib/python3.12/site-packages/neutron_lib/callbacks/manager.py:52}}
Aug 09 10:32:50.367283 np0000006830 devstack@neutron-api.service[87602]: DEBUG neutron.api.extensions [None req-e8389e2b-2b86-456b-9b9b-1aeb341311ea None None] Loading extension file: data_plane_status.py {{(pid=87602) _load_all_extensions_from_path /opt/stack/neutron/neutron/api/extensions.py:449}}
Aug 09 10:32:50.367454 np0000006830 devstack@neutron-api.service[87601]: DEBUG neutron_lib.callbacks.manager [None req-9552a9c0-d9a5-4f39-b6d8-fe10448345a4 None None] Subscribe: > network after_create 55550000, False {{(pid=87601) subscribe /opt/stack/data/venv/lib/python3.12/site-packages/neutron_lib/callbacks/manager.py:52}}
Aug 09 10:32:50.367454 np0000006830 devstack@neutron-api.service[87601]: DEBUG neutron_lib.callbacks.manager [None req-9552a9c0-d9a5-4f39-b6d8-fe10448345a4 None None] Subscribe: > network after_update 55550000, False {{(pid=87601) subscribe /opt/stack/data/venv/lib/python3.12/site-packages/neutron_lib/callbacks/manager.py:52}}
Aug 09 10:32:50.367454 np0000006830 devstack@neutron-api.service[87601]: DEBUG neutron_lib.callbacks.manager [None req-9552a9c0-d9a5-4f39-b6d8-fe10448345a4 None None] Subscribe: > network after_delete 55550000, False {{(pid=87601) subscribe /opt/stack/data/venv/lib/python3.12/site-packages/neutron_lib/callbacks/manager.py:52}}
Aug 09 10:32:50.367616 np0000006830 devstack@neutron-api.service[87602]: DEBUG neutron.api.extensions [None req-e8389e2b-2b86-456b-9b9b-1aeb341311ea None None] Ext name="Port data plane status extension" alias="data-plane-status" description="Expose status of underlying data plane" updated="2017-01-24T10:00:00-00:00" {{(pid=87602) _check_extension /opt/stack/neutron/neutron/api/extensions.py:415}}
Aug 09 10:32:50.367700 np0000006830 devstack@neutron-api.service[87601]: DEBUG neutron_lib.callbacks.manager [None req-9552a9c0-d9a5-4f39-b6d8-fe10448345a4 None None] Subscribe: > security_group after_create 55550000, False {{(pid=87601) subscribe /opt/stack/data/venv/lib/python3.12/site-packages/neutron_lib/callbacks/manager.py:52}}
Aug 09 10:32:50.367700 np0000006830 devstack@neutron-api.service[87601]: DEBUG neutron_lib.callbacks.manager [None req-9552a9c0-d9a5-4f39-b6d8-fe10448345a4 None None] Subscribe: > security_group after_update 55550000, False {{(pid=87601) subscribe /opt/stack/data/venv/lib/python3.12/site-packages/neutron_lib/callbacks/manager.py:52}}
Aug 09 10:32:50.367746 np0000006830 devstack@neutron-api.service[87602]: INFO neutron.api.extensions [None req-e8389e2b-2b86-456b-9b9b-1aeb341311ea None None] Extension data-plane-status not supported by any of loaded plugins
Aug 09 10:32:50.367789 np0000006830 devstack@neutron-api.service[87601]: DEBUG neutron_lib.callbacks.manager [None req-9552a9c0-d9a5-4f39-b6d8-fe10448345a4 None None] Subscribe: > security_group after_delete 55550000, False {{(pid=87601) subscribe /opt/stack/data/venv/lib/python3.12/site-packages/neutron_lib/callbacks/manager.py:52}}
Aug 09 10:32:50.367827 np0000006830 devstack@neutron-api.service[87602]: DEBUG neutron.api.extensions [None req-e8389e2b-2b86-456b-9b9b-1aeb341311ea None None] Loading extension file: default_subnetpools.py {{(pid=87602) _load_all_extensions_from_path /opt/stack/neutron/neutron/api/extensions.py:449}}
Aug 09 10:32:50.367854 np0000006830 devstack@neutron-api.service[87601]: DEBUG neutron_lib.callbacks.manager [None req-9552a9c0-d9a5-4f39-b6d8-fe10448345a4 None None] Subscribe: > security_group_rule after_create 55550000, False {{(pid=87601) subscribe /opt/stack/data/venv/lib/python3.12/site-packages/neutron_lib/callbacks/manager.py:52}}
Aug 09 10:32:50.367854 np0000006830 devstack@neutron-api.service[87601]: DEBUG neutron_lib.callbacks.manager [None req-9552a9c0-d9a5-4f39-b6d8-fe10448345a4 None None] Subscribe: > security_group_rule after_update 55550000, False {{(pid=87601) subscribe /opt/stack/data/venv/lib/python3.12/site-packages/neutron_lib/callbacks/manager.py:52}}
Aug 09 10:32:50.367854 np0000006830 devstack@neutron-api.service[87601]: DEBUG neutron_lib.callbacks.manager [None req-9552a9c0-d9a5-4f39-b6d8-fe10448345a4 None None] Subscribe: > security_group_rule after_delete 55550000, False {{(pid=87601) subscribe /opt/stack/data/venv/lib/python3.12/site-packages/neutron_lib/callbacks/manager.py:52}}
Aug 09 10:32:50.367912 np0000006830 devstack@neutron-api.service[87602]: DEBUG neutron.api.extensions [None req-e8389e2b-2b86-456b-9b9b-1aeb341311ea None None] Ext name="Default Subnetpools" alias="default-subnetpools" description="Provides ability to mark and use a subnetpool as the default." updated="2016-02-18T18:00:00-00:00" {{(pid=87602) _check_extension /opt/stack/neutron/neutron/api/extensions.py:415}}
Aug 09 10:32:50.367961 np0000006830 devstack@neutron-api.service[87601]: DEBUG neutron_lib.callbacks.manager [None req-9552a9c0-d9a5-4f39-b6d8-fe10448345a4 None None] Subscribe: > address_group after_create 55550000, False {{(pid=87601) subscribe /opt/stack/data/venv/lib/python3.12/site-packages/neutron_lib/callbacks/manager.py:52}}
Aug 09 10:32:50.368270 np0000006830 devstack@neutron-api.service[87602]: INFO neutron.api.extensions [None req-e8389e2b-2b86-456b-9b9b-1aeb341311ea None None] Loaded extension: default-subnetpools
Aug 09 10:32:50.368322 np0000006830 devstack@neutron-api.service[87601]: DEBUG neutron_lib.callbacks.manager [None req-9552a9c0-d9a5-4f39-b6d8-fe10448345a4 None None] Subscribe: > address_group after_update 55550000, False {{(pid=87601) subscribe /opt/stack/data/venv/lib/python3.12/site-packages/neutron_lib/callbacks/manager.py:52}}
Aug 09 10:32:50.368438 np0000006830 devstack@neutron-api.service[87602]: DEBUG neutron.api.extensions [None req-e8389e2b-2b86-456b-9b9b-1aeb341311ea None None] Loading extension file: dhcpagentscheduler.py {{(pid=87602) _load_all_extensions_from_path /opt/stack/neutron/neutron/api/extensions.py:449}}
Aug 09 10:32:50.368661 np0000006830 devstack@neutron-api.service[87601]: DEBUG neutron_lib.callbacks.manager [None req-9552a9c0-d9a5-4f39-b6d8-fe10448345a4 None None] Subscribe: > address_group after_delete 55550000, False {{(pid=87601) subscribe /opt/stack/data/venv/lib/python3.12/site-packages/neutron_lib/callbacks/manager.py:52}}
Aug 09 10:32:50.368661 np0000006830 devstack@neutron-api.service[87601]: DEBUG neutron.plugins.ml2.ovo_rpc [None req-9552a9c0-d9a5-4f39-b6d8-fe10448345a4 None None] ML2 OVO RPC backend initialized. {{(pid=87601) __init__ /opt/stack/neutron/neutron/plugins/ml2/ovo_rpc.py:117}}
Aug 09 10:32:50.368776 np0000006830 devstack@neutron-api.service[87602]: DEBUG neutron.api.extensions [None req-e8389e2b-2b86-456b-9b9b-1aeb341311ea None None] Ext name="DHCP Agent Scheduler" alias="dhcp_agent_scheduler" description="Schedule networks among dhcp agents" updated="2013-02-07T10:00:00-00:00" {{(pid=87602) _check_extension /opt/stack/neutron/neutron/api/extensions.py:415}}
Aug 09 10:32:50.368776 np0000006830 devstack@neutron-api.service[87602]: INFO neutron.api.extensions [None req-e8389e2b-2b86-456b-9b9b-1aeb341311ea None None] Loaded extension: dhcp_agent_scheduler
Aug 09 10:32:50.368954 np0000006830 devstack@neutron-api.service[87602]: DEBUG neutron.api.extensions [None req-e8389e2b-2b86-456b-9b9b-1aeb341311ea None None] Loading extension file: dns.py {{(pid=87602) _load_all_extensions_from_path /opt/stack/neutron/neutron/api/extensions.py:449}}
Aug 09 10:32:50.369151 np0000006830 devstack@neutron-api.service[87601]: INFO neutron.quota [None req-9552a9c0-d9a5-4f39-b6d8-fe10448345a4 None None] Loaded quota_driver: .
Aug 09 10:32:50.369180 np0000006830 devstack@neutron-api.service[87602]: DEBUG neutron.api.extensions [None req-e8389e2b-2b86-456b-9b9b-1aeb341311ea None None] Ext name="DNS Integration" alias="dns-integration" description="Provides integration with DNS." updated="2015-08-15T18:00:00-00:00" {{(pid=87602) _check_extension /opt/stack/neutron/neutron/api/extensions.py:415}}
Aug 09 10:32:50.369252 np0000006830 devstack@neutron-api.service[87601]: INFO neutron.plugins.ml2.plugin [None req-9552a9c0-d9a5-4f39-b6d8-fe10448345a4 None None] Modular L2 Plugin initialization complete
Aug 09 10:32:50.369385 np0000006830 devstack@neutron-api.service[87602]: INFO neutron.api.extensions [None req-e8389e2b-2b86-456b-9b9b-1aeb341311ea None None] Loaded extension: dns-integration
Aug 09 10:32:50.369457 np0000006830 devstack@neutron-api.service[87601]: DEBUG neutron.manager [None req-9552a9c0-d9a5-4f39-b6d8-fe10448345a4 None None] Loading services supported by the core plugin {{(pid=87601) _load_services_from_core_plugin /opt/stack/neutron/neutron/manager.py:167}}
Aug 09 10:32:50.369587 np0000006830 devstack@neutron-api.service[87602]: DEBUG neutron.api.extensions [None req-e8389e2b-2b86-456b-9b9b-1aeb341311ea None None] Loading extension file: dns_domain_ports.py {{(pid=87602) _load_all_extensions_from_path /opt/stack/neutron/neutron/api/extensions.py:449}}
Aug 09 10:32:50.369777 np0000006830 devstack@neutron-api.service[87601]: INFO neutron.plugins.ml2.managers [None req-9552a9c0-d9a5-4f39-b6d8-fe10448345a4 None None] Got port-security extension from driver 'port_security'
Aug 09 10:32:50.369838 np0000006830 devstack@neutron-api.service[87602]: DEBUG neutron.api.extensions [None req-e8389e2b-2b86-456b-9b9b-1aeb341311ea None None] Ext name="dns_domain for ports" alias="dns-domain-ports" description="Allows the DNS domain to be specified for a network port." updated="2017-04-24T10:00:00-00:00" {{(pid=87602) _check_extension /opt/stack/neutron/neutron/api/extensions.py:415}}
Aug 09 10:32:50.369935 np0000006830 devstack@neutron-api.service[87601]: DEBUG neutron.manager [None req-9552a9c0-d9a5-4f39-b6d8-fe10448345a4 None None] Loading service plugins: ['ovn-router', 'auto_allocate', 'tag', 'timestamp', 'network_ip_availability', 'flavors', 'revisions'] {{(pid=87601) _load_service_plugins /opt/stack/neutron/neutron/manager.py:192}}
Aug 09 10:32:50.369987 np0000006830 devstack@neutron-api.service[87602]: INFO neutron.api.extensions [None req-e8389e2b-2b86-456b-9b9b-1aeb341311ea None None] Loaded extension: dns-domain-ports
Aug 09 10:32:50.370147 np0000006830 devstack@neutron-api.service[87601]: INFO neutron.manager [None req-9552a9c0-d9a5-4f39-b6d8-fe10448345a4 None None] Loading Plugin: ovn-router
Aug 09 10:32:50.370176 np0000006830 devstack@neutron-api.service[87602]: DEBUG neutron.api.extensions [None req-e8389e2b-2b86-456b-9b9b-1aeb341311ea None None] Loading extension file: dns_integration_domain_keywords.py {{(pid=87602) _load_all_extensions_from_path /opt/stack/neutron/neutron/api/extensions.py:449}}
Aug 09 10:32:50.370176 np0000006830 devstack@neutron-api.service[87602]: DEBUG neutron.api.extensions [None req-e8389e2b-2b86-456b-9b9b-1aeb341311ea None None] Ext name="DNS domain names with keywords allowed" alias="dns-integration-domain-keywords" description="Allows to use keywords like , , and as DNS domain name" updated="2020-06-15T18:00:00-00:00" {{(pid=87602) _check_extension /opt/stack/neutron/neutron/api/extensions.py:415}}
Aug 09 10:32:50.370374 np0000006830 devstack@neutron-api.service[87602]: INFO neutron.api.extensions [None req-e8389e2b-2b86-456b-9b9b-1aeb341311ea None None] Loaded extension: dns-integration-domain-keywords
Aug 09 10:32:50.370505 np0000006830 devstack@neutron-api.service[87602]: DEBUG neutron.api.extensions [None req-e8389e2b-2b86-456b-9b9b-1aeb341311ea None None] Loading extension file: dvr.py {{(pid=87602) _load_all_extensions_from_path /opt/stack/neutron/neutron/api/extensions.py:449}}
Aug 09 10:32:50.370725 np0000006830 devstack@neutron-api.service[87602]: DEBUG neutron.api.extensions [None req-e8389e2b-2b86-456b-9b9b-1aeb341311ea None None] Ext name="Distributed Virtual Router" alias="dvr" description="Enables configuration of Distributed Virtual Routers." updated="2014-06-1T10:00:00-00:00" {{(pid=87602) _check_extension /opt/stack/neutron/neutron/api/extensions.py:415}}
Aug 09 10:32:50.370874 np0000006830 devstack@neutron-api.service[87602]: INFO neutron.api.extensions [None req-e8389e2b-2b86-456b-9b9b-1aeb341311ea None None] Extension dvr not supported by any of loaded plugins
Aug 09 10:32:50.371028 np0000006830 devstack@neutron-api.service[87602]: DEBUG neutron.api.extensions [None req-e8389e2b-2b86-456b-9b9b-1aeb341311ea None None] Loading extension file: ecmp_routes.py {{(pid=87602) _load_all_extensions_from_path /opt/stack/neutron/neutron/api/extensions.py:449}}
Aug 09 10:32:50.371172 np0000006830 devstack@neutron-api.service[87602]: DEBUG neutron.api.extensions [None req-e8389e2b-2b86-456b-9b9b-1aeb341311ea None None] Ext name="Equal Cost Multipath Routing" alias="ecmp_routes" description="Allows traffic to reach thesame destination via multiple different links " updated="2020-11-26T18:00:00-00:00" {{(pid=87602) _check_extension /opt/stack/neutron/neutron/api/extensions.py:415}}
Aug 09 10:32:50.371398 np0000006830 devstack@neutron-api.service[87602]: INFO neutron.api.extensions [None req-e8389e2b-2b86-456b-9b9b-1aeb341311ea None None] Extension ecmp_routes not supported by any of loaded plugins
Aug 09 10:32:50.371519 np0000006830 devstack@neutron-api.service[87602]: DEBUG neutron.api.extensions [None req-e8389e2b-2b86-456b-9b9b-1aeb341311ea None None] Loading extension file: empty_string_filtering.py {{(pid=87602) _load_all_extensions_from_path /opt/stack/neutron/neutron/api/extensions.py:449}}
Aug 09 10:32:50.371743 np0000006830 devstack@neutron-api.service[87602]: DEBUG neutron.api.extensions [None req-e8389e2b-2b86-456b-9b9b-1aeb341311ea None None] Ext name="Empty String Filtering Extension" alias="empty-string-filtering" description="Allow filtering by attributes with empty string value" updated="2018-05-01T10:00:00-00:00" {{(pid=87602) _check_extension /opt/stack/neutron/neutron/api/extensions.py:415}}
Aug 09 10:32:50.371890 np0000006830 devstack@neutron-api.service[87602]: INFO neutron.api.extensions [None req-e8389e2b-2b86-456b-9b9b-1aeb341311ea None None] Loaded extension: empty-string-filtering
Aug 09 10:32:50.371973 np0000006830 devstack@neutron-api.service[87602]: DEBUG neutron.api.extensions [None req-e8389e2b-2b86-456b-9b9b-1aeb341311ea None None] Loading extension file: evpn.py {{(pid=87602) _load_all_extensions_from_path /opt/stack/neutron/neutron/api/extensions.py:449}}
Aug 09 10:32:50.372232 np0000006830 devstack@neutron-api.service[87602]: DEBUG neutron.api.extensions [None req-e8389e2b-2b86-456b-9b9b-1aeb341311ea None None] Ext name="EVPN" alias="evpn" description="Router extension to support EVPN Type-5 route advertisement" updated="2026-04-28T00:00:00-00:00" {{(pid=87602) _check_extension /opt/stack/neutron/neutron/api/extensions.py:415}}
Aug 09 10:32:50.372396 np0000006830 devstack@neutron-api.service[87602]: INFO neutron.api.extensions [None req-e8389e2b-2b86-456b-9b9b-1aeb341311ea None None] Extension evpn not supported by any of loaded plugins
Aug 09 10:32:50.372519 np0000006830 devstack@neutron-api.service[87602]: DEBUG neutron.api.extensions [None req-e8389e2b-2b86-456b-9b9b-1aeb341311ea None None] Loading extension file: expose_l3_conntrack_helper.py {{(pid=87602) _load_all_extensions_from_path /opt/stack/neutron/neutron/api/extensions.py:449}}
Aug 09 10:32:50.372857 np0000006830 devstack@neutron-api.service[87602]: DEBUG neutron.api.extensions [None req-e8389e2b-2b86-456b-9b9b-1aeb341311ea None None] Ext name="Expose CT target rules for conntrack helper" alias="expose-l3-conntrack-helper" description="Expose allow adding CT target rules for conntrack helper" updated="2019-04-04T10:00:00-00:00" {{(pid=87602) _check_extension /opt/stack/neutron/neutron/api/extensions.py:415}}
Aug 09 10:32:50.372978 np0000006830 devstack@neutron-api.service[87602]: INFO neutron.api.extensions [None req-e8389e2b-2b86-456b-9b9b-1aeb341311ea None None] Extension expose-l3-conntrack-helper not supported by any of loaded plugins
Aug 09 10:32:50.373098 np0000006830 devstack@neutron-api.service[87602]: DEBUG neutron.api.extensions [None req-e8389e2b-2b86-456b-9b9b-1aeb341311ea None None] Loading extension file: expose_port_forwarding_in_fip.py {{(pid=87602) _load_all_extensions_from_path /opt/stack/neutron/neutron/api/extensions.py:449}}
Aug 09 10:32:50.373352 np0000006830 devstack@neutron-api.service[87602]: DEBUG neutron.api.extensions [None req-e8389e2b-2b86-456b-9b9b-1aeb341311ea None None] Ext name="Expose Floating IP port forwardings" alias="expose-port-forwarding-in-fip" description="Expose port forwarding fields in floating IP response" updated="2018-06-28T16:00:00-00:00" {{(pid=87602) _check_extension /opt/stack/neutron/neutron/api/extensions.py:415}}
Aug 09 10:32:50.373554 np0000006830 devstack@neutron-api.service[87602]: INFO neutron.api.extensions [None req-e8389e2b-2b86-456b-9b9b-1aeb341311ea None None] Extension expose-port-forwarding-in-fip not supported by any of loaded plugins
Aug 09 10:32:50.373721 np0000006830 devstack@neutron-api.service[87602]: DEBUG neutron.api.extensions [None req-e8389e2b-2b86-456b-9b9b-1aeb341311ea None None] Loading extension file: external_net.py {{(pid=87602) _load_all_extensions_from_path /opt/stack/neutron/neutron/api/extensions.py:449}}
Aug 09 10:32:50.374238 np0000006830 devstack@neutron-api.service[87602]: DEBUG neutron.api.extensions [None req-e8389e2b-2b86-456b-9b9b-1aeb341311ea None None] Ext name="Neutron external network" alias="external-net" description="Adds external network attribute to network resource." updated="2013-01-14T10:00:00-00:00" {{(pid=87602) _check_extension /opt/stack/neutron/neutron/api/extensions.py:415}}
Aug 09 10:32:50.374238 np0000006830 devstack@neutron-api.service[87602]: INFO neutron.api.extensions [None req-e8389e2b-2b86-456b-9b9b-1aeb341311ea None None] Loaded extension: external-net
Aug 09 10:32:50.374238 np0000006830 devstack@neutron-api.service[87602]: DEBUG neutron.api.extensions [None req-e8389e2b-2b86-456b-9b9b-1aeb341311ea None None] Loading extension file: extra_dhcp_opt.py {{(pid=87602) _load_all_extensions_from_path /opt/stack/neutron/neutron/api/extensions.py:449}}
Aug 09 10:32:50.374923 np0000006830 devstack@neutron-api.service[87602]: DEBUG neutron.api.extensions [None req-e8389e2b-2b86-456b-9b9b-1aeb341311ea None None] Ext name="Neutron Extra DHCP options" alias="extra_dhcp_opt" description="Extra options configuration for DHCP. For example PXE boot options to DHCP clients can be specified (e.g. tftp-server, server-ip-address, bootfile-name)" updated="2013-03-17T12:00:00-00:00" {{(pid=87602) _check_extension /opt/stack/neutron/neutron/api/extensions.py:415}}
Aug 09 10:32:50.374923 np0000006830 devstack@neutron-api.service[87602]: INFO neutron.api.extensions [None req-e8389e2b-2b86-456b-9b9b-1aeb341311ea None None] Loaded extension: extra_dhcp_opt
Aug 09 10:32:50.374923 np0000006830 devstack@neutron-api.service[87602]: DEBUG neutron.api.extensions [None req-e8389e2b-2b86-456b-9b9b-1aeb341311ea None None] Loading extension file: extraroute.py {{(pid=87602) _load_all_extensions_from_path /opt/stack/neutron/neutron/api/extensions.py:449}}
Aug 09 10:32:50.374923 np0000006830 devstack@neutron-api.service[87602]: DEBUG neutron.api.extensions [None req-e8389e2b-2b86-456b-9b9b-1aeb341311ea None None] Ext name="Neutron Extra Route" alias="extraroute" description="Extra routes configuration for L3 router" updated="2013-02-01T10:00:00-00:00" {{(pid=87602) _check_extension /opt/stack/neutron/neutron/api/extensions.py:415}}
Aug 09 10:32:50.375234 np0000006830 devstack@neutron-api.service[87602]: INFO neutron.api.extensions [None req-e8389e2b-2b86-456b-9b9b-1aeb341311ea None None] Loaded extension: extraroute
Aug 09 10:32:50.375234 np0000006830 devstack@neutron-api.service[87602]: DEBUG neutron.api.extensions [None req-e8389e2b-2b86-456b-9b9b-1aeb341311ea None None] Loading extension file: extraroute_atomic.py {{(pid=87602) _load_all_extensions_from_path /opt/stack/neutron/neutron/api/extensions.py:449}}
Aug 09 10:32:50.375455 np0000006830 devstack@neutron-api.service[87602]: DEBUG neutron.api.extensions [None req-e8389e2b-2b86-456b-9b9b-1aeb341311ea None None] Ext name="Atomically add/remove extra routes" alias="extraroute-atomic" description="Edit extra routes of a router on server side by atomically adding/removing extra routes" updated="2019-07-10T00:00:00+00:00" {{(pid=87602) _check_extension /opt/stack/neutron/neutron/api/extensions.py:415}}
Aug 09 10:32:50.375533 np0000006830 devstack@neutron-api.service[87602]: INFO neutron.api.extensions [None req-e8389e2b-2b86-456b-9b9b-1aeb341311ea None None] Loaded extension: extraroute-atomic
Aug 09 10:32:50.375620 np0000006830 devstack@neutron-api.service[87602]: DEBUG neutron.api.extensions [None req-e8389e2b-2b86-456b-9b9b-1aeb341311ea None None] Loading extension file: filter_validation.py {{(pid=87602) _load_all_extensions_from_path /opt/stack/neutron/neutron/api/extensions.py:449}}
Aug 09 10:32:50.375908 np0000006830 devstack@neutron-api.service[87602]: DEBUG neutron.api.extensions [None req-e8389e2b-2b86-456b-9b9b-1aeb341311ea None None] Ext name="Filter parameters validation" alias="filter-validation" description="Provides validation on filter parameters." updated="2018-07-04T10:00:00-00:00" {{(pid=87602) _check_extension /opt/stack/neutron/neutron/api/extensions.py:415}}
Aug 09 10:32:50.376103 np0000006830 devstack@neutron-api.service[87602]: INFO neutron.api.extensions [None req-e8389e2b-2b86-456b-9b9b-1aeb341311ea None None] Loaded extension: filter-validation
Aug 09 10:32:50.376167 np0000006830 devstack@neutron-api.service[87602]: DEBUG neutron.api.extensions [None req-e8389e2b-2b86-456b-9b9b-1aeb341311ea None None] Loading extension file: fip_pf_description.py {{(pid=87602) _load_all_extensions_from_path /opt/stack/neutron/neutron/api/extensions.py:449}}
Aug 09 10:32:50.376414 np0000006830 devstack@neutron-api.service[87602]: DEBUG neutron.api.extensions [None req-e8389e2b-2b86-456b-9b9b-1aeb341311ea None None] Ext name="Floating IP Port Forwarding new attribute description" alias="floating-ip-port-forwarding-description" description="Add a description field to Port Forwarding rules" updated="2019-11-01T10:00:00-00:00" {{(pid=87602) _check_extension /opt/stack/neutron/neutron/api/extensions.py:415}}
Aug 09 10:32:50.376624 np0000006830 devstack@neutron-api.service[87602]: INFO neutron.api.extensions [None req-e8389e2b-2b86-456b-9b9b-1aeb341311ea None None] Extension floating-ip-port-forwarding-description not supported by any of loaded plugins
Aug 09 10:32:50.376714 np0000006830 devstack@neutron-api.service[87602]: DEBUG neutron.api.extensions [None req-e8389e2b-2b86-456b-9b9b-1aeb341311ea None None] Loading extension file: fip_pf_detail.py {{(pid=87602) _load_all_extensions_from_path /opt/stack/neutron/neutron/api/extensions.py:449}}
Aug 09 10:32:50.376967 np0000006830 devstack@neutron-api.service[87602]: DEBUG neutron.api.extensions [None req-e8389e2b-2b86-456b-9b9b-1aeb341311ea None None] Ext name="Floating IP port forwarding detail" alias="floating-ip-port-forwarding-detail" description="Allow list floating ip return more port forwarding data, include'id' and 'internal_port_id'" updated="2022-05-06T10:00:00-00:00" {{(pid=87602) _check_extension /opt/stack/neutron/neutron/api/extensions.py:415}}
Aug 09 10:32:50.377095 np0000006830 devstack@neutron-api.service[87602]: INFO neutron.api.extensions [None req-e8389e2b-2b86-456b-9b9b-1aeb341311ea None None] Loaded extension: floating-ip-port-forwarding-detail
Aug 09 10:32:50.377187 np0000006830 devstack@neutron-api.service[87602]: DEBUG neutron.api.extensions [None req-e8389e2b-2b86-456b-9b9b-1aeb341311ea None None] Loading extension file: fip_pf_port_range.py {{(pid=87602) _load_all_extensions_from_path /opt/stack/neutron/neutron/api/extensions.py:449}}
Aug 09 10:32:50.377516 np0000006830 devstack@neutron-api.service[87602]: DEBUG neutron.api.extensions [None req-e8389e2b-2b86-456b-9b9b-1aeb341311ea None None] Ext name="Floating IP Port Forwarding support port ranges" alias="floating-ip-port-forwarding-port-ranges" description="Add support to port ranges" updated="2020-07-01T10:00:00-00:00" {{(pid=87602) _check_extension /opt/stack/neutron/neutron/api/extensions.py:415}}
Aug 09 10:32:50.377661 np0000006830 devstack@neutron-api.service[87602]: INFO neutron.api.extensions [None req-e8389e2b-2b86-456b-9b9b-1aeb341311ea None None] Extension floating-ip-port-forwarding-port-ranges not supported by any of loaded plugins
Aug 09 10:32:50.377763 np0000006830 devstack@neutron-api.service[87602]: DEBUG neutron.api.extensions [None req-e8389e2b-2b86-456b-9b9b-1aeb341311ea None None] Loading extension file: fip_port_details.py {{(pid=87602) _load_all_extensions_from_path /opt/stack/neutron/neutron/api/extensions.py:449}}
Aug 09 10:32:50.377991 np0000006830 devstack@neutron-api.service[87602]: DEBUG neutron.api.extensions [None req-e8389e2b-2b86-456b-9b9b-1aeb341311ea None None] Ext name="Floating IP Port Details Extension" alias="fip-port-details" description="Add port_details attribute to Floating IP resource" updated="2018-04-09T10:00:00-00:00" {{(pid=87602) _check_extension /opt/stack/neutron/neutron/api/extensions.py:415}}
Aug 09 10:32:50.378184 np0000006830 devstack@neutron-api.service[87602]: INFO neutron.api.extensions [None req-e8389e2b-2b86-456b-9b9b-1aeb341311ea None None] Loaded extension: fip-port-details
Aug 09 10:32:50.378208 np0000006830 devstack@neutron-api.service[87602]: DEBUG neutron.api.extensions [None req-e8389e2b-2b86-456b-9b9b-1aeb341311ea None None] Loading extension file: flavors.py {{(pid=87602) _load_all_extensions_from_path /opt/stack/neutron/neutron/api/extensions.py:449}}
Aug 09 10:32:50.378499 np0000006830 devstack@neutron-api.service[87602]: DEBUG neutron.api.extensions [None req-e8389e2b-2b86-456b-9b9b-1aeb341311ea None None] Ext name="Neutron Service Flavors" alias="flavors" description="Flavor specification for Neutron advanced services." updated="2015-09-17T10:00:00-00:00" {{(pid=87602) _check_extension /opt/stack/neutron/neutron/api/extensions.py:415}}
Aug 09 10:32:50.378693 np0000006830 devstack@neutron-api.service[87602]: INFO neutron.api.extensions [None req-e8389e2b-2b86-456b-9b9b-1aeb341311ea None None] Loaded extension: flavors
Aug 09 10:32:50.378779 np0000006830 devstack@neutron-api.service[87602]: DEBUG neutron.api.extensions [None req-e8389e2b-2b86-456b-9b9b-1aeb341311ea None None] Loading extension file: floating_ip_port_forwarding.py {{(pid=87602) _load_all_extensions_from_path /opt/stack/neutron/neutron/api/extensions.py:449}}
Aug 09 10:32:50.379134 np0000006830 devstack@neutron-api.service[87602]: DEBUG neutron.api.extensions [None req-e8389e2b-2b86-456b-9b9b-1aeb341311ea None None] Ext name="Floating IP Port Forwarding" alias="floating-ip-port-forwarding" description="Allow port forwarding from floating IP port to an internal port" updated="2018-01-19T10:00:00-00:00" {{(pid=87602) _check_extension /opt/stack/neutron/neutron/api/extensions.py:415}}
Aug 09 10:32:50.379280 np0000006830 devstack@neutron-api.service[87602]: INFO neutron.api.extensions [None req-e8389e2b-2b86-456b-9b9b-1aeb341311ea None None] Extension floating-ip-port-forwarding not supported by any of loaded plugins
Aug 09 10:32:50.379355 np0000006830 devstack@neutron-api.service[87602]: DEBUG neutron.api.extensions [None req-e8389e2b-2b86-456b-9b9b-1aeb341311ea None None] Loading extension file: floatingip_pools.py {{(pid=87602) _load_all_extensions_from_path /opt/stack/neutron/neutron/api/extensions.py:449}}
Aug 09 10:32:50.379690 np0000006830 devstack@neutron-api.service[87602]: DEBUG neutron.api.extensions [None req-e8389e2b-2b86-456b-9b9b-1aeb341311ea None None] Ext name="Floating IP Pools Extension" alias="floatingip-pools" description="Provides a floating IP pools API." updated="2018-03-21T10:00:00-00:00" {{(pid=87602) _check_extension /opt/stack/neutron/neutron/api/extensions.py:415}}
Aug 09 10:32:50.379894 np0000006830 devstack@neutron-api.service[87602]: INFO neutron.api.extensions [None req-e8389e2b-2b86-456b-9b9b-1aeb341311ea None None] Loaded extension: floatingip-pools
Aug 09 10:32:50.379991 np0000006830 devstack@neutron-api.service[87602]: DEBUG neutron.api.extensions [None req-e8389e2b-2b86-456b-9b9b-1aeb341311ea None None] Loading extension file: ip_allocation.py {{(pid=87602) _load_all_extensions_from_path /opt/stack/neutron/neutron/api/extensions.py:449}}
Aug 09 10:32:50.380126 np0000006830 devstack@neutron-api.service[87601]: DEBUG neutron_lib.callbacks.manager [None req-9552a9c0-d9a5-4f39-b6d8-fe10448345a4 None None] Subscribe: > router before_delete 55550000, False {{(pid=87601) subscribe /opt/stack/data/venv/lib/python3.12/site-packages/neutron_lib/callbacks/manager.py:52}}
Aug 09 10:32:50.380241 np0000006830 devstack@neutron-api.service[87602]: DEBUG neutron.api.extensions [None req-e8389e2b-2b86-456b-9b9b-1aeb341311ea None None] Ext name="IP Allocation" alias="ip_allocation" description="IP allocation extension." updated="2016-06-10T23:00:00-00:00" {{(pid=87602) _check_extension /opt/stack/neutron/neutron/api/extensions.py:415}}
Aug 09 10:32:50.380288 np0000006830 devstack@neutron-api.service[87601]: DEBUG neutron_lib.callbacks.manager [None req-9552a9c0-d9a5-4f39-b6d8-fe10448345a4 None None] Subscribe: port before_update 55550000, False {{(pid=87601) subscribe /opt/stack/data/venv/lib/python3.12/site-packages/neutron_lib/callbacks/manager.py:52}}
Aug 09 10:32:50.380393 np0000006830 devstack@neutron-api.service[87601]: DEBUG neutron_lib.callbacks.manager [None req-9552a9c0-d9a5-4f39-b6d8-fe10448345a4 None None] Subscribe: port after_update 55550000, False {{(pid=87601) subscribe /opt/stack/data/venv/lib/python3.12/site-packages/neutron_lib/callbacks/manager.py:52}}
Aug 09 10:32:50.380486 np0000006830 devstack@neutron-api.service[87602]: INFO neutron.api.extensions [None req-e8389e2b-2b86-456b-9b9b-1aeb341311ea None None] Extension ip_allocation not supported by any of loaded plugins
Aug 09 10:32:50.380486 np0000006830 devstack@neutron-api.service[87602]: DEBUG neutron.api.extensions [None req-e8389e2b-2b86-456b-9b9b-1aeb341311ea None None] Loading extension file: ip_substring_port_filtering.py {{(pid=87602) _load_all_extensions_from_path /opt/stack/neutron/neutron/api/extensions.py:449}}
Aug 09 10:32:50.380675 np0000006830 devstack@neutron-api.service[87601]: DEBUG neutron_lib.callbacks.manager [None req-9552a9c0-d9a5-4f39-b6d8-fe10448345a4 None None] Subscribe: > port precommit_delete 55550000, False {{(pid=87601) subscribe /opt/stack/data/venv/lib/python3.12/site-packages/neutron_lib/callbacks/manager.py:52}}
Aug 09 10:32:50.380675 np0000006830 devstack@neutron-api.service[87601]: DEBUG neutron_lib.callbacks.manager [None req-9552a9c0-d9a5-4f39-b6d8-fe10448345a4 None None] Subscribe: port before_update 55550000, False {{(pid=87601) subscribe /opt/stack/data/venv/lib/python3.12/site-packages/neutron_lib/callbacks/manager.py:52}}
Aug 09 10:32:50.380675 np0000006830 devstack@neutron-api.service[87601]: DEBUG neutron_lib.callbacks.manager [None req-9552a9c0-d9a5-4f39-b6d8-fe10448345a4 None None] Subscribe: port before_delete 55550000, False {{(pid=87601) subscribe /opt/stack/data/venv/lib/python3.12/site-packages/neutron_lib/callbacks/manager.py:52}}
Aug 09 10:32:50.380828 np0000006830 devstack@neutron-api.service[87602]: DEBUG neutron.api.extensions [None req-e8389e2b-2b86-456b-9b9b-1aeb341311ea None None] Ext name="IP address substring filtering" alias="ip-substring-filtering" description="Provides IP address substring filtering when listing ports" updated="2017-11-28T09:00:00-00:00" {{(pid=87602) _check_extension /opt/stack/neutron/neutron/api/extensions.py:415}}
Aug 09 10:32:50.380873 np0000006830 devstack@neutron-api.service[87601]: DEBUG neutron_lib.callbacks.manager [None req-9552a9c0-d9a5-4f39-b6d8-fe10448345a4 None None] Subscribe: > router precommit_create 55550000, False {{(pid=87601) subscribe /opt/stack/data/venv/lib/python3.12/site-packages/neutron_lib/callbacks/manager.py:52}}
Aug 09 10:32:50.380873 np0000006830 devstack@neutron-api.service[87601]: DEBUG neutron_lib.callbacks.manager [None req-9552a9c0-d9a5-4f39-b6d8-fe10448345a4 None None] Subscribe: > router precommit_create 55550000, False {{(pid=87601) subscribe /opt/stack/data/venv/lib/python3.12/site-packages/neutron_lib/callbacks/manager.py:52}}
Aug 09 10:32:50.380946 np0000006830 devstack@neutron-api.service[87602]: INFO neutron.api.extensions [None req-e8389e2b-2b86-456b-9b9b-1aeb341311ea None None] Extension ip-substring-filtering not supported by any of loaded plugins
Aug 09 10:32:50.381019 np0000006830 devstack@neutron-api.service[87601]: DEBUG neutron_lib.callbacks.manager [None req-9552a9c0-d9a5-4f39-b6d8-fe10448345a4 None None] Subscribe: > router precommit_update 55550000, False {{(pid=87601) subscribe /opt/stack/data/venv/lib/python3.12/site-packages/neutron_lib/callbacks/manager.py:52}}
Aug 09 10:32:50.381057 np0000006830 devstack@neutron-api.service[87602]: DEBUG neutron.api.extensions [None req-e8389e2b-2b86-456b-9b9b-1aeb341311ea None None] Loading extension file: l2_adjacency.py {{(pid=87602) _load_all_extensions_from_path /opt/stack/neutron/neutron/api/extensions.py:449}}
Aug 09 10:32:50.381098 np0000006830 devstack@neutron-api.service[87601]: DEBUG neutron_lib.callbacks.manager [None req-9552a9c0-d9a5-4f39-b6d8-fe10448345a4 None None] Subscribe: subnet after_update 55550000, False {{(pid=87601) subscribe /opt/stack/data/venv/lib/python3.12/site-packages/neutron_lib/callbacks/manager.py:52}}
Aug 09 10:32:50.381410 np0000006830 devstack@neutron-api.service[87602]: DEBUG neutron.api.extensions [None req-e8389e2b-2b86-456b-9b9b-1aeb341311ea None None] Ext name="L2 Adjacency" alias="l2_adjacency" description="Display L2 Adjacency for Neutron Networks." updated="2016-04-12T16:00:00-00:00" {{(pid=87602) _check_extension /opt/stack/neutron/neutron/api/extensions.py:415}}
Aug 09 10:32:50.381488 np0000006830 devstack@neutron-api.service[87601]: DEBUG neutron.quota.resource_registry [None req-9552a9c0-d9a5-4f39-b6d8-fe10448345a4 None None] Tracking information for resource: router configured {{(pid=87601) set_tracked_resource /opt/stack/neutron/neutron/quota/resource_registry.py:203}}
Aug 09 10:32:50.381798 np0000006830 devstack@neutron-api.service[87602]: INFO neutron.api.extensions [None req-e8389e2b-2b86-456b-9b9b-1aeb341311ea None None] Extension l2_adjacency not supported by any of loaded plugins
Aug 09 10:32:50.381798 np0000006830 devstack@neutron-api.service[87602]: DEBUG neutron.api.extensions [None req-e8389e2b-2b86-456b-9b9b-1aeb341311ea None None] Loading extension file: l3.py {{(pid=87602) _load_all_extensions_from_path /opt/stack/neutron/neutron/api/extensions.py:449}}
Aug 09 10:32:50.381955 np0000006830 devstack@neutron-api.service[87601]: DEBUG neutron.quota.resource_registry [None req-9552a9c0-d9a5-4f39-b6d8-fe10448345a4 None None] Tracking information for resource: floatingip configured {{(pid=87601) set_tracked_resource /opt/stack/neutron/neutron/quota/resource_registry.py:203}}
Aug 09 10:32:50.381955 np0000006830 devstack@neutron-api.service[87601]: INFO neutron.services.ovn_l3.plugin [None req-9552a9c0-d9a5-4f39-b6d8-fe10448345a4 None None] Starting OVNL3RouterPlugin
Aug 09 10:32:50.381955 np0000006830 devstack@neutron-api.service[87601]: DEBUG neutron_lib.callbacks.manager [None req-9552a9c0-d9a5-4f39-b6d8-fe10448345a4 None None] Subscribe: > port_forwarding_plugin after_init 55550000, False {{(pid=87601) subscribe /opt/stack/data/venv/lib/python3.12/site-packages/neutron_lib/callbacks/manager.py:52}}
Aug 09 10:32:50.382222 np0000006830 devstack@neutron-api.service[87602]: DEBUG neutron.api.extensions [None req-e8389e2b-2b86-456b-9b9b-1aeb341311ea None None] Ext name="Neutron L3 Router" alias="router" description="Router abstraction for basic L3 forwarding between L2 Neutron networks and access to external networks via a NAT gateway." updated="2012-07-20T10:00:00-00:00" {{(pid=87602) _check_extension /opt/stack/neutron/neutron/api/extensions.py:415}}
Aug 09 10:32:50.382222 np0000006830 devstack@neutron-api.service[87602]: INFO neutron.api.extensions [None req-e8389e2b-2b86-456b-9b9b-1aeb341311ea None None] Loaded extension: router
Aug 09 10:32:50.382367 np0000006830 devstack@neutron-api.service[87601]: DEBUG neutron_lib.callbacks.manager [None req-9552a9c0-d9a5-4f39-b6d8-fe10448345a4 None None] Subscribe: > router before_create 55550100, False {{(pid=87601) subscribe /opt/stack/data/venv/lib/python3.12/site-packages/neutron_lib/callbacks/manager.py:52}}
Aug 09 10:32:50.382427 np0000006830 devstack@neutron-api.service[87602]: DEBUG neutron.api.extensions [None req-e8389e2b-2b86-456b-9b9b-1aeb341311ea None None] Loading extension file: l3_agent_scheduler_ha_chassis_priority.py {{(pid=87602) _load_all_extensions_from_path /opt/stack/neutron/neutron/api/extensions.py:449}}
Aug 09 10:32:50.382455 np0000006830 devstack@neutron-api.service[87601]: DEBUG neutron_lib.callbacks.manager [None req-9552a9c0-d9a5-4f39-b6d8-fe10448345a4 None None] Subscribe: > router precommit_delete 55550100, False {{(pid=87601) subscribe /opt/stack/data/venv/lib/python3.12/site-packages/neutron_lib/callbacks/manager.py:52}}
Aug 09 10:32:50.382455 np0000006830 devstack@neutron-api.service[87601]: DEBUG neutron_lib.callbacks.manager [None req-9552a9c0-d9a5-4f39-b6d8-fe10448345a4 None None] Subscribe: > router precommit_create 55550100, False {{(pid=87601) subscribe /opt/stack/data/venv/lib/python3.12/site-packages/neutron_lib/callbacks/manager.py:52}}
Aug 09 10:32:50.382501 np0000006830 devstack@neutron-api.service[87602]: DEBUG neutron.api.extensions [None req-e8389e2b-2b86-456b-9b9b-1aeb341311ea None None] Ext name="L3 Agent Scheduler HA Chassis Priority" alias="l3-agent-scheduler-ha-chassis-priority" description="Exposes the HA_Chassis priority in the L3 Agent Scheduler API responses and allows setting priority when scheduling a router to a chassis." updated="2026-03-31T00:00:00-00:00" {{(pid=87602) _check_extension /opt/stack/neutron/neutron/api/extensions.py:415}}
Aug 09 10:32:50.382591 np0000006830 devstack@neutron-api.service[87601]: DEBUG neutron_lib.callbacks.manager [None req-9552a9c0-d9a5-4f39-b6d8-fe10448345a4 None None] Subscribe: > router precommit_update 55550100, False {{(pid=87601) subscribe /opt/stack/data/venv/lib/python3.12/site-packages/neutron_lib/callbacks/manager.py:52}}
Aug 09 10:32:50.382696 np0000006830 devstack@neutron-api.service[87602]: INFO neutron.api.extensions [None req-e8389e2b-2b86-456b-9b9b-1aeb341311ea None None] Loaded extension: l3-agent-scheduler-ha-chassis-priority
Aug 09 10:32:50.382696 np0000006830 devstack@neutron-api.service[87602]: DEBUG neutron.api.extensions [None req-e8389e2b-2b86-456b-9b9b-1aeb341311ea None None] Loading extension file: l3_conntrack_helper.py {{(pid=87602) _load_all_extensions_from_path /opt/stack/neutron/neutron/api/extensions.py:449}}
Aug 09 10:32:50.383453 np0000006830 devstack@neutron-api.service[87602]: DEBUG neutron.api.extensions [None req-e8389e2b-2b86-456b-9b9b-1aeb341311ea None None] Ext name="L3 Conntrack helper" alias="l3-conntrack-helper" description="Allow adding CT target rules for conntrack helper" updated="2019-04-04T10:00:00-00:00" {{(pid=87602) _check_extension /opt/stack/neutron/neutron/api/extensions.py:415}}
Aug 09 10:32:50.383639 np0000006830 devstack@neutron-api.service[87602]: INFO neutron.api.extensions [None req-e8389e2b-2b86-456b-9b9b-1aeb341311ea None None] Extension l3-conntrack-helper not supported by any of loaded plugins
Aug 09 10:32:50.383761 np0000006830 devstack@neutron-api.service[87602]: DEBUG neutron.api.extensions [None req-e8389e2b-2b86-456b-9b9b-1aeb341311ea None None] Loading extension file: l3_enable_default_route_bfd.py {{(pid=87602) _load_all_extensions_from_path /opt/stack/neutron/neutron/api/extensions.py:449}}
Aug 09 10:32:50.384067 np0000006830 devstack@neutron-api.service[87602]: DEBUG neutron.api.extensions [None req-e8389e2b-2b86-456b-9b9b-1aeb341311ea None None] Ext name="Enable Default Route BFD" alias="enable-default-route-bfd" description="Enables configurable BFD behavior for default routes" updated="2023-02-27T00:00:00-00:00" {{(pid=87602) _check_extension /opt/stack/neutron/neutron/api/extensions.py:415}}
Aug 09 10:32:50.384196 np0000006830 devstack@neutron-api.service[87602]: INFO neutron.api.extensions [None req-e8389e2b-2b86-456b-9b9b-1aeb341311ea None None] Loaded extension: enable-default-route-bfd
Aug 09 10:32:50.384504 np0000006830 devstack@neutron-api.service[87602]: DEBUG neutron.api.extensions [None req-e8389e2b-2b86-456b-9b9b-1aeb341311ea None None] Loading extension file: l3_enable_default_route_ecmp.py {{(pid=87602) _load_all_extensions_from_path /opt/stack/neutron/neutron/api/extensions.py:449}}
Aug 09 10:32:50.384849 np0000006830 devstack@neutron-api.service[87602]: DEBUG neutron.api.extensions [None req-e8389e2b-2b86-456b-9b9b-1aeb341311ea None None] Ext name="Enable Default Route ECMP" alias="enable-default-route-ecmp" description="Enables configurable ECMP behavior for default routes" updated="2023-02-27T00:00:00-00:00" {{(pid=87602) _check_extension /opt/stack/neutron/neutron/api/extensions.py:415}}
Aug 09 10:32:50.384849 np0000006830 devstack@neutron-api.service[87602]: INFO neutron.api.extensions [None req-e8389e2b-2b86-456b-9b9b-1aeb341311ea None None] Loaded extension: enable-default-route-ecmp
Aug 09 10:32:50.384849 np0000006830 devstack@neutron-api.service[87602]: DEBUG neutron.api.extensions [None req-e8389e2b-2b86-456b-9b9b-1aeb341311ea None None] Loading extension file: l3_ext_gw_mode.py {{(pid=87602) _load_all_extensions_from_path /opt/stack/neutron/neutron/api/extensions.py:449}}
Aug 09 10:32:50.385053 np0000006830 devstack@neutron-api.service[87602]: DEBUG neutron.api.extensions [None req-e8389e2b-2b86-456b-9b9b-1aeb341311ea None None] Ext name="Neutron L3 Configurable external gateway mode" alias="ext-gw-mode" description="Extension of the router abstraction for specifying whether SNAT should occur on the external gateway" updated="2013-03-28T10:00:00-00:00" {{(pid=87602) _check_extension /opt/stack/neutron/neutron/api/extensions.py:415}}
Aug 09 10:32:50.385179 np0000006830 devstack@neutron-api.service[87602]: INFO neutron.api.extensions [None req-e8389e2b-2b86-456b-9b9b-1aeb341311ea None None] Loaded extension: ext-gw-mode
Aug 09 10:32:50.385301 np0000006830 devstack@neutron-api.service[87602]: DEBUG neutron.api.extensions [None req-e8389e2b-2b86-456b-9b9b-1aeb341311ea None None] Loading extension file: l3_ext_ha_mode.py {{(pid=87602) _load_all_extensions_from_path /opt/stack/neutron/neutron/api/extensions.py:449}}
Aug 09 10:32:50.385468 np0000006830 devstack@neutron-api.service[87602]: DEBUG neutron.api.extensions [None req-e8389e2b-2b86-456b-9b9b-1aeb341311ea None None] Ext name="HA Router extension" alias="l3-ha" description="Adds HA capability to routers." updated="2014-04-26T00:00:00-00:00" {{(pid=87602) _check_extension /opt/stack/neutron/neutron/api/extensions.py:415}}
Aug 09 10:32:50.385653 np0000006830 devstack@neutron-api.service[87602]: INFO neutron.api.extensions [None req-e8389e2b-2b86-456b-9b9b-1aeb341311ea None None] Loaded extension: l3-ha
Aug 09 10:32:50.385773 np0000006830 devstack@neutron-api.service[87602]: DEBUG neutron.api.extensions [None req-e8389e2b-2b86-456b-9b9b-1aeb341311ea None None] Loading extension file: l3_ext_ndp_proxy.py {{(pid=87602) _load_all_extensions_from_path /opt/stack/neutron/neutron/api/extensions.py:449}}
Aug 09 10:32:50.386046 np0000006830 devstack@neutron-api.service[87602]: DEBUG neutron.api.extensions [None req-e8389e2b-2b86-456b-9b9b-1aeb341311ea None None] Ext name="Router support to enable NDP proxy" alias="l3-ext-ndp-proxy" description="Router extension to enable ndp proxy" updated="2020-08-25T00:00:00-00:00" {{(pid=87602) _check_extension /opt/stack/neutron/neutron/api/extensions.py:415}}
Aug 09 10:32:50.387271 np0000006830 devstack@neutron-api.service[87601]: DEBUG neutron.services.provider_configuration [None req-9552a9c0-d9a5-4f39-b6d8-fe10448345a4 None None] Service providers = [] {{(pid=87601) parse_service_provider_opt /opt/stack/neutron/neutron/services/provider_configuration.py:170}}
Aug 09 10:32:50.387541 np0000006830 devstack@neutron-api.service[87601]: DEBUG neutron.db.servicetype_db [None req-9552a9c0-d9a5-4f39-b6d8-fe10448345a4 None None] Adding provider configuration for service L3_ROUTER_NAT {{(pid=87601) add_provider_configuration /opt/stack/neutron/neutron/db/servicetype_db.py:45}}
Aug 09 10:32:50.387924 np0000006830 devstack@neutron-api.service[87602]: INFO neutron.api.extensions [None req-e8389e2b-2b86-456b-9b9b-1aeb341311ea None None] Extension l3-ext-ndp-proxy not supported by any of loaded plugins
Aug 09 10:32:50.388028 np0000006830 devstack@neutron-api.service[87602]: DEBUG neutron.api.extensions [None req-e8389e2b-2b86-456b-9b9b-1aeb341311ea None None] Loading extension file: l3_extra_gws.py {{(pid=87602) _load_all_extensions_from_path /opt/stack/neutron/neutron/api/extensions.py:449}}
Aug 09 10:32:50.388396 np0000006830 devstack@neutron-api.service[87602]: DEBUG neutron.api.extensions [None req-e8389e2b-2b86-456b-9b9b-1aeb341311ea None None] Ext name="Neutron L3 External Gateway Multihoming" alias="external-gateway-multihoming" description="Allow multiple external gateway ports per router" updated="2023-01-18T00:00:00-00:00" {{(pid=87602) _check_extension /opt/stack/neutron/neutron/api/extensions.py:415}}
Aug 09 10:32:50.388502 np0000006830 devstack@neutron-api.service[87602]: INFO neutron.api.extensions [None req-e8389e2b-2b86-456b-9b9b-1aeb341311ea None None] Loaded extension: external-gateway-multihoming
Aug 09 10:32:50.388611 np0000006830 devstack@neutron-api.service[87602]: DEBUG neutron.api.extensions [None req-e8389e2b-2b86-456b-9b9b-1aeb341311ea None None] Loading extension file: l3_flavors.py {{(pid=87602) _load_all_extensions_from_path /opt/stack/neutron/neutron/api/extensions.py:449}}
Aug 09 10:32:50.388915 np0000006830 devstack@neutron-api.service[87602]: DEBUG neutron.api.extensions [None req-e8389e2b-2b86-456b-9b9b-1aeb341311ea None None] Ext name="Router Flavor Extension" alias="l3-flavors" description="Flavor support for routers." updated="2016-05-17T00:00:00-00:00" {{(pid=87602) _check_extension /opt/stack/neutron/neutron/api/extensions.py:415}}
Aug 09 10:32:50.389145 np0000006830 devstack@neutron-api.service[87602]: INFO neutron.api.extensions [None req-e8389e2b-2b86-456b-9b9b-1aeb341311ea None None] Loaded extension: l3-flavors
Aug 09 10:32:50.389145 np0000006830 devstack@neutron-api.service[87602]: DEBUG neutron.api.extensions [None req-e8389e2b-2b86-456b-9b9b-1aeb341311ea None None] Loading extension file: l3_ndp_proxy.py {{(pid=87602) _load_all_extensions_from_path /opt/stack/neutron/neutron/api/extensions.py:449}}
Aug 09 10:32:50.389478 np0000006830 devstack@neutron-api.service[87602]: DEBUG neutron.api.extensions [None req-e8389e2b-2b86-456b-9b9b-1aeb341311ea None None] Ext name="name" alias="l3-ndp-proxy" description="description" updated="2021-06-29T10:00:00-00:00" {{(pid=87602) _check_extension /opt/stack/neutron/neutron/api/extensions.py:415}}
Aug 09 10:32:50.389639 np0000006830 devstack@neutron-api.service[87601]: DEBUG neutron_lib.callbacks.manager [None req-9552a9c0-d9a5-4f39-b6d8-fe10448345a4 None None] Subscribe: > router precommit_create 55549900, False {{(pid=87601) subscribe /opt/stack/data/venv/lib/python3.12/site-packages/neutron_lib/callbacks/manager.py:52}}
Aug 09 10:32:50.389739 np0000006830 devstack@neutron-api.service[87602]: INFO neutron.api.extensions [None req-e8389e2b-2b86-456b-9b9b-1aeb341311ea None None] Extension l3-ndp-proxy not supported by any of loaded plugins
Aug 09 10:32:50.390390 np0000006830 devstack@neutron-api.service[87601]: DEBUG neutron_lib.callbacks.manager [None req-9552a9c0-d9a5-4f39-b6d8-fe10448345a4 None None] Subscribe: > router_interface after_create 55550000, False {{(pid=87601) subscribe /opt/stack/data/venv/lib/python3.12/site-packages/neutron_lib/callbacks/manager.py:52}}
