Aug 09 10:35:24.401045 np0000006830 devstack@neutron-api.service[87601]: INFO neutron.db.ovn_revision_numbers_db [None req-9fe34636-ab5b-4da8-8cc4-ff78d4ec80b7 admin admin] Successfully bumped revision number for resource a87abcfd-d6bf-442c-b44c-440c732ffda4 (type: security_group_rules) to 0
Aug 09 10:35:24.403155 np0000006830 devstack@neutron-api.service[87600]: DEBUG neutron_lib.callbacks.manager [None req-96fd49d4-4497-4663-84b9-24d746cec68a admin admin] Publish callbacks ['neutron.plugins.ml2.drivers.ovn.mech_driver.mech_driver.OVNMechanismDriver._validate_allowed_address_pairs-347176'] for allowed_address_pair (1e0de87c-9b00-41bb-a011-50427b8eab6d), before_create {{(pid=87600) _notify_loop /opt/stack/data/venv/lib/python3.12/site-packages/neutron_lib/callbacks/manager.py:184}}
Aug 09 10:35:24.403740 np0000006830 devstack@neutron-api.service[87600]: DEBUG neutron_lib.callbacks.manager [None req-96fd49d4-4497-4663-84b9-24d746cec68a admin admin] Publish callbacks [] for port (1e0de87c-9b00-41bb-a011-50427b8eab6d), precommit_create {{(pid=87600) _notify_loop /opt/stack/data/venv/lib/python3.12/site-packages/neutron_lib/callbacks/manager.py:184}}
Aug 09 10:35:24.403894 np0000006830 devstack@neutron-api.service[87600]: DEBUG neutron.plugins.ml2.drivers.ovn.mech_driver.mech_driver [None req-96fd49d4-4497-4663-84b9-24d746cec68a admin admin] No provisioning block for port 1e0de87c-9b00-41bb-a011-50427b8eab6d since it does not have a host {{(pid=87600) _is_port_provisioning_required /opt/stack/neutron/neutron/plugins/ml2/drivers/ovn/mech_driver/mech_driver.py:899}}
Aug 09 10:35:24.403993 np0000006830 devstack@neutron-api.service[87600]: DEBUG neutron.db.ovn_revision_numbers_db [None req-96fd49d4-4497-4663-84b9-24d746cec68a admin admin] create_initial_revision uuid=1e0de87c-9b00-41bb-a011-50427b8eab6d, type=ports, rev=-1 {{(pid=87600) create_initial_revision /opt/stack/neutron/neutron/db/ovn_revision_numbers_db.py:98}}
Aug 09 10:35:24.420916 np0000006830 devstack@neutron-api.service[87601]: DEBUG neutron.api.rpc.handlers.resources_rpc [None req-9fe34636-ab5b-4da8-8cc4-ff78d4ec80b7 admin admin] Pushing event updated for resources: {'SecurityGroup': ['ID=40a0e884-e9a7-436e-91ea-ffaed64ae2c9,revision_number=1']} {{(pid=87601) push /opt/stack/neutron/neutron/api/rpc/handlers/resources_rpc.py:237}}
Aug 09 10:35:24.425893 np0000006830 devstack@neutron-api.service[87601]: DEBUG neutron.api.rpc.callbacks.version_manager [None req-9fe34636-ab5b-4da8-8cc4-ff78d4ec80b7 admin admin] Tracked resource versions report:
Aug 09 10:35:24.425893 np0000006830 devstack@neutron-api.service[87601]: pushed versions:
Aug 09 10:35:24.425893 np0000006830 devstack@neutron-api.service[87601]: { 'AddressGroup': {'1.2'},
Aug 09 10:35:24.425893 np0000006830 devstack@neutron-api.service[87601]: 'Agent': {'1.1'},
Aug 09 10:35:24.425893 np0000006830 devstack@neutron-api.service[87601]: 'ConntrackHelper': {'1.0'},
Aug 09 10:35:24.425893 np0000006830 devstack@neutron-api.service[87601]: 'LocalIPAssociation': {'1.0'},
Aug 09 10:35:24.425893 np0000006830 devstack@neutron-api.service[87601]: 'Log': {'1.0'},
Aug 09 10:35:24.425893 np0000006830 devstack@neutron-api.service[87601]: 'NDPProxy': {'1.0'},
Aug 09 10:35:24.425893 np0000006830 devstack@neutron-api.service[87601]: 'Network': {'1.3'},
Aug 09 10:35:24.425893 np0000006830 devstack@neutron-api.service[87601]: 'Port': {'1.11'},
Aug 09 10:35:24.425893 np0000006830 devstack@neutron-api.service[87601]: 'PortForwarding': {'1.3'},
Aug 09 10:35:24.425893 np0000006830 devstack@neutron-api.service[87601]: 'QosPolicy': {'1.10'},
Aug 09 10:35:24.425893 np0000006830 devstack@neutron-api.service[87601]: 'SecurityGroup': {'1.6'},
Aug 09 10:35:24.425893 np0000006830 devstack@neutron-api.service[87601]: 'SecurityGroupRule': {'1.3'},
Aug 09 10:35:24.425893 np0000006830 devstack@neutron-api.service[87601]: 'SubPort': {'1.0'},
Aug 09 10:35:24.425893 np0000006830 devstack@neutron-api.service[87601]: 'Subnet': {'1.2'},
Aug 09 10:35:24.425893 np0000006830 devstack@neutron-api.service[87601]: 'Trunk': {'1.1'}}
Aug 09 10:35:24.425893 np0000006830 devstack@neutron-api.service[87601]: consumer versions:
Aug 09 10:35:24.425893 np0000006830 devstack@neutron-api.service[87601]: { OVN Neutron agent@np0000006830: {},
Aug 09 10:35:24.425893 np0000006830 devstack@neutron-api.service[87601]: OVN Controller Gateway agent@np0000006830: {}}
Aug 09 10:35:24.425893 np0000006830 devstack@neutron-api.service[87601]: {{(pid=87601) report /opt/stack/neutron/neutron/api/rpc/callbacks/version_manager.py:183}}
Aug 09 10:35:24.430444 np0000006830 devstack@neutron-api.service[87600]: DEBUG neutron_lib.callbacks.manager [None req-96fd49d4-4497-4663-84b9-24d746cec68a admin admin] Publish callbacks ['neutron.plugins.ml2.ovo_rpc._ObjectChangeHandler.handle_event-3209637'] for port (1e0de87c-9b00-41bb-a011-50427b8eab6d), after_create {{(pid=87600) _notify_loop /opt/stack/data/venv/lib/python3.12/site-packages/neutron_lib/callbacks/manager.py:184}}
Aug 09 10:35:24.451824 np0000006830 devstack@neutron-api.service[87601]: DEBUG neutron.plugins.ml2.drivers.helpers [None req-9fe34636-ab5b-4da8-8cc4-ff78d4ec80b7 admin admin] geneve segment allocate from pool success with {'geneve_vni': 2435} {{(pid=87601) allocate_partially_specified_segment /opt/stack/neutron/neutron/plugins/ml2/drivers/helpers.py:142}}
Aug 09 10:35:24.457055 np0000006830 devstack@neutron-api.service[87601]: DEBUG neutron_lib.callbacks.manager [None req-9fe34636-ab5b-4da8-8cc4-ff78d4ec80b7 admin admin] Publish callbacks ['neutron.plugins.ml2.plugin.Ml2Plugin._handle_segment_change-1651865'] for segment (18814b11-0c00-4887-96fd-c1f8b8ba965a), precommit_create {{(pid=87601) _notify_loop /opt/stack/data/venv/lib/python3.12/site-packages/neutron_lib/callbacks/manager.py:184}}
Aug 09 10:35:24.457249 np0000006830 devstack@neutron-api.service[87601]: INFO neutron.db.segments_db [None req-9fe34636-ab5b-4da8-8cc4-ff78d4ec80b7 admin admin] Added segment 18814b11-0c00-4887-96fd-c1f8b8ba965a of type geneve for network 2dc7d4b1-76b5-47b7-b61d-5365bfba7f7f
Aug 09 10:35:24.458577 np0000006830 devstack@neutron-api.service[87600]: DEBUG neutron.api.rpc.handlers.resources_rpc [None req-96fd49d4-4497-4663-84b9-24d746cec68a admin admin] Pushing event updated for resources: {'Port': ['ID=1e0de87c-9b00-41bb-a011-50427b8eab6d,revision_number=1']} {{(pid=87600) push /opt/stack/neutron/neutron/api/rpc/handlers/resources_rpc.py:237}}
Aug 09 10:35:24.463998 np0000006830 devstack@neutron-api.service[87600]: DEBUG neutron.plugins.ml2.drivers.ovn.mech_driver.ovsdb.commands [None req-96fd49d4-4497-4663-84b9-24d746cec68a admin admin] Converting tag [] to a tag_request {{(pid=87600) _tag_column_to_tag_request /opt/stack/neutron/neutron/plugins/ml2/drivers/ovn/mech_driver/ovsdb/commands.py:227}}
Aug 09 10:35:24.464732 np0000006830 devstack@neutron-api.service[87600]: DEBUG ovsdbapp.backend.ovs_idl.transaction [None req-acfebd7e-5dbd-4e73-b72a-d39c1cecc15b None None] Running txn n=1 command(idx=0): AddLSwitchPortCommand(_result=None, lport=1e0de87c-9b00-41bb-a011-50427b8eab6d, lswitch=neutron-fc13862d-754f-4205-91e3-e4e62d6896bc, may_exist=True, network_uuid=fc13862d-754f-4205-91e3-e4e62d6896bc, columns={'addresses': ['fa:16:3e:82:80:33'], 'external_ids': {'neutron:port_name': '', 'neutron:device_id': 'ovnmeta-fc13862d-754f-4205-91e3-e4e62d6896bc', 'neutron:project_id': '4a06164656d44e8b8486914819c5f169', 'neutron:cidrs': '', 'neutron:device_owner': 'network:distributed', 'neutron:subnet_pool_addr_scope4': '', 'neutron:subnet_pool_addr_scope6': '', 'neutron:network_name': 'neutron-fc13862d-754f-4205-91e3-e4e62d6896bc', 'neutron:security_group_ids': '', 'neutron:revision_number': '1', 'neutron:vnic_type': 'normal', 'neutron:port_capabilities': '', 'neutron:mtu': '1372'}, 'parent_name': [], 'enabled': True, 'options': {}, 'type': 'localport', 'port_security': [], 'dhcpv4_options': [], 'dhcpv6_options': [], 'tag_request': []}) {{(pid=87600) do_commit /opt/stack/data/venv/lib/python3.12/site-packages/ovsdbapp/backend/ovs_idl/transaction.py:89}}
Aug 09 10:35:24.465217 np0000006830 devstack@neutron-api.service[87600]: DEBUG ovsdbapp.backend.ovs_idl.transaction [None req-acfebd7e-5dbd-4e73-b72a-d39c1cecc15b None None] Running txn n=1 command(idx=1): QoSDelCommand(_result=None, switch=neutron-fc13862d-754f-4205-91e3-e4e62d6896bc, conditions=[('direction', '=', 'to-lport'), ('priority', '=', 2002), ('match', '=', 'outport == "1e0de87c-9b00-41bb-a011-50427b8eab6d"')], if_exists=True) {{(pid=87600) do_commit /opt/stack/data/venv/lib/python3.12/site-packages/ovsdbapp/backend/ovs_idl/transaction.py:89}}
Aug 09 10:35:24.465423 np0000006830 devstack@neutron-api.service[87600]: DEBUG ovsdbapp.backend.ovs_idl.transaction [None req-acfebd7e-5dbd-4e73-b72a-d39c1cecc15b None None] Running txn n=1 command(idx=2): QoSDelCommand(_result=None, switch=neutron-fc13862d-754f-4205-91e3-e4e62d6896bc, conditions=[('direction', '=', 'from-lport'), ('priority', '=', 2002), ('match', '=', 'inport == "1e0de87c-9b00-41bb-a011-50427b8eab6d"')], if_exists=True) {{(pid=87600) do_commit /opt/stack/data/venv/lib/python3.12/site-packages/ovsdbapp/backend/ovs_idl/transaction.py:89}}
Aug 09 10:35:24.467693 np0000006830 devstack@neutron-api.service[87601]: DEBUG neutron_lib.callbacks.manager [None req-9fe34636-ab5b-4da8-8cc4-ff78d4ec80b7 admin admin] Publish callbacks ['neutron.services.auto_allocate.db._ensure_external_network_default_value_callback-8583010976598'] for network (2dc7d4b1-76b5-47b7-b61d-5365bfba7f7f), precommit_create {{(pid=87601) _notify_loop /opt/stack/data/venv/lib/python3.12/site-packages/neutron_lib/callbacks/manager.py:184}}
Aug 09 10:35:24.475891 np0000006830 devstack@neutron-api.service[87601]: DEBUG neutron.plugins.ml2.drivers.ovn.mech_driver.mech_driver [None req-9fe34636-ab5b-4da8-8cc4-ff78d4ec80b7 admin admin] Validating network segment with type geneve, segmentation ID 2435, physical network None {{(pid=87601) _validate_network_segments /opt/stack/neutron/neutron/plugins/ml2/drivers/ovn/mech_driver/mech_driver.py:646}}
Aug 09 10:35:24.476018 np0000006830 devstack@neutron-api.service[87601]: DEBUG neutron.db.ovn_revision_numbers_db [None req-9fe34636-ab5b-4da8-8cc4-ff78d4ec80b7 admin admin] create_initial_revision uuid=2dc7d4b1-76b5-47b7-b61d-5365bfba7f7f, type=networks, rev=-1 {{(pid=87601) create_initial_revision /opt/stack/neutron/neutron/db/ovn_revision_numbers_db.py:98}}
Aug 09 10:35:24.480691 np0000006830 devstack@neutron-api.service[87601]: DEBUG neutron.plugins.ml2.drivers.ovn.mech_driver.ovsdb.ovsdb_monitor [None req-280ea739-b907-4bb8-8205-520dbf7ec626 None None] Hash Ring: Node 75f17d85c9835fc3ad54fd45f4015273 (host: np0000006830) handling event "update" for row fc13862d-754f-4205-91e3-e4e62d6896bc (table: Logical_Switch) {{(pid=87601) notify /opt/stack/neutron/neutron/plugins/ml2/drivers/ovn/mech_driver/ovsdb/ovsdb_monitor.py:1099}}
Aug 09 10:35:24.482207 np0000006830 devstack@neutron-api.service[87601]: DEBUG neutron.plugins.ml2.drivers.ovn.mech_driver.ovsdb.ovsdb_monitor [None req-280ea739-b907-4bb8-8205-520dbf7ec626 None None] Hash Ring: Node 75f17d85c9835fc3ad54fd45f4015273 (host: np0000006830) handling event "create" for row f6d91bd2-f9c5-488d-91c6-3e99aa5347d1 (table: Logical_Switch_Port) {{(pid=87601) notify /opt/stack/neutron/neutron/plugins/ml2/drivers/ovn/mech_driver/ovsdb/ovsdb_monitor.py:1099}}
Aug 09 10:35:24.483165 np0000006830 devstack@neutron-api.service[87601]: DEBUG ovsdbapp.backend.ovs_idl.event [None req-280ea739-b907-4bb8-8205-520dbf7ec626 None None] Matched CREATE: LogicalSwitchPortCreateEvent(events=('create',), table='Logical_Switch_Port', conditions=[], old_conditions=None), priority=20 to row=Logical_Switch_Port(uuid=f6d91bd2-f9c5-488d-91c6-3e99aa5347d1, addresses=['fa:16:3e:82:80:33'], dhcpv4_options=[], dhcpv6_options=[], dynamic_addresses=[], enabled=True, external_ids={'neutron:cidrs': '', 'neutron:device_id': 'ovnmeta-fc13862d-754f-4205-91e3-e4e62d6896bc', 'neutron:device_owner': 'network:distributed', 'neutron:mtu': '1372', 'neutron:network_name': 'neutron-fc13862d-754f-4205-91e3-e4e62d6896bc', 'neutron:port_capabilities': '', 'neutron:port_name': '', 'neutron:project_id': '4a06164656d44e8b8486914819c5f169', 'neutron:revision_number': '1', 'neutron:security_group_ids': '', 'neutron:subnet_pool_addr_scope4': '', 'neutron:subnet_pool_addr_scope6': '', 'neutron:vnic_type': 'normal'}, ha_chassis_group=[], mirror_rules=[], name='1e0de87c-9b00-41bb-a011-50427b8eab6d', options={}, parent_name=[], port_security=[], tag=[], tag_request=[], type='localport', up=[]) old= {{(pid=87601) matches /opt/stack/data/venv/lib/python3.12/site-packages/ovsdbapp/backend/ovs_idl/event.py:55}}
Aug 09 10:35:24.485017 np0000006830 devstack@neutron-api.service[87601]: INFO neutron.plugins.ml2.drivers.ovn.mech_driver.mech_driver [None req-daba7925-fba6-4a33-8728-d0b787cb84b2 None None] OVN reports status down for port: 1e0de87c-9b00-41bb-a011-50427b8eab6d
Aug 09 10:35:24.488451 np0000006830 devstack@neutron-api.service[87601]: DEBUG neutron.plugins.ml2.drivers.ovn.mech_driver.ovsdb.ovsdb_monitor [None req-908ccb27-428d-4892-b947-fc4f3e55424a None None] Hash Ring: Node 75f17d85c9835fc3ad54fd45f4015273 (host: np0000006830) handling event "create" for row 11476855-23f9-48f8-a4af-49d8b7e83caa (table: Port_Binding) {{(pid=87601) notify /opt/stack/neutron/neutron/plugins/ml2/drivers/ovn/mech_driver/ovsdb/ovsdb_monitor.py:1099}}
Aug 09 10:35:24.489753 np0000006830 devstack@neutron-api.service[87601]: DEBUG neutron.plugins.ml2.drivers.ovn.mech_driver.ovsdb.ovsdb_monitor [None req-280ea739-b907-4bb8-8205-520dbf7ec626 None None] Hash Ring: Node 75f17d85c9835fc3ad54fd45f4015273 (host: np0000006830) handling event "update" for row f6d91bd2-f9c5-488d-91c6-3e99aa5347d1 (table: Logical_Switch_Port) {{(pid=87601) notify /opt/stack/neutron/neutron/plugins/ml2/drivers/ovn/mech_driver/ovsdb/ovsdb_monitor.py:1099}}
Aug 09 10:35:24.491714 np0000006830 devstack@neutron-api.service[87602]: DEBUG neutron_lib.callbacks.manager [None req-574e6db0-d8fc-4ade-b54d-0d39c87cafe2 admin admin] Publish callbacks ['neutron.plugins.ml2.drivers.ovn.mech_driver.mech_driver.OVNMechanismDriver._validate_allowed_address_pairs-442865'] for allowed_address_pair (4257dcf1-460f-44da-a682-20fc836d17b6), before_create {{(pid=87602) _notify_loop /opt/stack/data/venv/lib/python3.12/site-packages/neutron_lib/callbacks/manager.py:184}}
Aug 09 10:35:24.492288 np0000006830 devstack@neutron-api.service[87601]: DEBUG neutron_lib.callbacks.manager [None req-9fe34636-ab5b-4da8-8cc4-ff78d4ec80b7 admin admin] Publish callbacks ['neutron.plugins.ml2.ovo_rpc._ObjectChangeHandler.handle_event-4031852'] for network (2dc7d4b1-76b5-47b7-b61d-5365bfba7f7f), after_create {{(pid=87601) _notify_loop /opt/stack/data/venv/lib/python3.12/site-packages/neutron_lib/callbacks/manager.py:184}}
Aug 09 10:35:24.492377 np0000006830 devstack@neutron-api.service[87602]: DEBUG neutron_lib.callbacks.manager [None req-574e6db0-d8fc-4ade-b54d-0d39c87cafe2 admin admin] Publish callbacks [] for port (4257dcf1-460f-44da-a682-20fc836d17b6), precommit_create {{(pid=87602) _notify_loop /opt/stack/data/venv/lib/python3.12/site-packages/neutron_lib/callbacks/manager.py:184}}
Aug 09 10:35:24.492581 np0000006830 devstack@neutron-api.service[87602]: DEBUG neutron.plugins.ml2.drivers.ovn.mech_driver.mech_driver [None req-574e6db0-d8fc-4ade-b54d-0d39c87cafe2 admin admin] No provisioning block for port 4257dcf1-460f-44da-a682-20fc836d17b6 since it does not have a host {{(pid=87602) _is_port_provisioning_required /opt/stack/neutron/neutron/plugins/ml2/drivers/ovn/mech_driver/mech_driver.py:899}}
Aug 09 10:35:24.493065 np0000006830 devstack@neutron-api.service[87602]: DEBUG neutron.db.ovn_revision_numbers_db [None req-574e6db0-d8fc-4ade-b54d-0d39c87cafe2 admin admin] create_initial_revision uuid=4257dcf1-460f-44da-a682-20fc836d17b6, type=ports, rev=-1 {{(pid=87602) create_initial_revision /opt/stack/neutron/neutron/db/ovn_revision_numbers_db.py:98}}
Aug 09 10:35:24.522075 np0000006830 devstack@neutron-api.service[87600]: INFO neutron.db.ovn_revision_numbers_db [None req-96fd49d4-4497-4663-84b9-24d746cec68a admin admin] Successfully bumped revision number for resource 1e0de87c-9b00-41bb-a011-50427b8eab6d (type: ports) to 1
Aug 09 10:35:24.522214 np0000006830 devstack@neutron-api.service[87601]: DEBUG neutron.api.rpc.handlers.resources_rpc [None req-9fe34636-ab5b-4da8-8cc4-ff78d4ec80b7 admin admin] Pushing event updated for resources: {'Network': ['ID=2dc7d4b1-76b5-47b7-b61d-5365bfba7f7f,revision_number=1']} {{(pid=87601) push /opt/stack/neutron/neutron/api/rpc/handlers/resources_rpc.py:237}}
Aug 09 10:35:24.527453 np0000006830 devstack@neutron-api.service[87601]: DEBUG neutron.db.provisioning_blocks [None req-daba7925-fba6-4a33-8728-d0b787cb84b2 None None] Transition to ACTIVE for port object 1e0de87c-9b00-41bb-a011-50427b8eab6d will not be triggered until provisioned by entity L2. {{(pid=87601) add_provisioning_component /opt/stack/neutron/neutron/db/provisioning_blocks.py:74}}
Aug 09 10:35:24.530388 np0000006830 devstack@neutron-api.service[87600]: DEBUG neutron.pecan_wsgi.hooks.policy_enforcement [None req-96fd49d4-4497-4663-84b9-24d746cec68a admin admin] Attributes excluded by policy engine: ['standard_attr_id'] {{(pid=87600) _exclude_attributes_by_policy /opt/stack/neutron/neutron/pecan_wsgi/hooks/policy_enforcement.py:259}}
Aug 09 10:35:24.530993 np0000006830 devstack@neutron-api.service[87600]: DEBUG neutron_lib.callbacks.manager [None req-96fd49d4-4497-4663-84b9-24d746cec68a admin admin] Publish callbacks [] for network (None), before_response {{(pid=87600) _notify_loop /opt/stack/data/venv/lib/python3.12/site-packages/neutron_lib/callbacks/manager.py:184}}
Aug 09 10:35:24.534763 np0000006830 devstack@neutron-api.service[87601]: DEBUG ovsdbapp.backend.ovs_idl.transaction [None req-280ea739-b907-4bb8-8205-520dbf7ec626 None None] Running txn n=1 command(idx=0): AddNetworkCommand(_result=None, network_uuid=2dc7d4b1-76b5-47b7-b61d-5365bfba7f7f, may_exist=True, columns={'external_ids': {'neutron:network_name': 'tempest-AttachSCSIVolumeTestJSON-1958045227-network', 'neutron:mtu': '1372', 'neutron:revision_number': '1', 'neutron:availability_zone_hints': '', 'neutron:provnet-network-type': 'geneve'}, 'other_config': {'mcast_snoop': 'false', 'mcast_flood_unregistered': 'false', 'vlan-passthru': 'false'}}) {{(pid=87601) do_commit /opt/stack/data/venv/lib/python3.12/site-packages/ovsdbapp/backend/ovs_idl/transaction.py:89}}
Aug 09 10:35:24.539261 np0000006830 devstack@neutron-api.service[87601]: DEBUG neutron.plugins.ml2.drivers.ovn.mech_driver.ovsdb.ovsdb_monitor [None req-280ea739-b907-4bb8-8205-520dbf7ec626 None None] Hash Ring: Node 75f17d85c9835fc3ad54fd45f4015273 (host: np0000006830) handling event "create" for row 2dc7d4b1-76b5-47b7-b61d-5365bfba7f7f (table: Logical_Switch) {{(pid=87601) notify /opt/stack/neutron/neutron/plugins/ml2/drivers/ovn/mech_driver/ovsdb/ovsdb_monitor.py:1099}}
Aug 09 10:35:24.545539 np0000006830 devstack@neutron-api.service[87600]: [pid: 87600|app: 0|req: 16/44] 10.4.3.250 () {68 vars in 1277 bytes} [Sun Aug 9 10:35:23 2026] POST /networking/v2.0/networks => generated 720 bytes in 1003 msecs (HTTP/1.1 201) 4 headers in 162 bytes (1 switches on core 0)
Aug 09 10:35:24.545643 np0000006830 devstack@neutron-api.service[87602]: DEBUG neutron_lib.callbacks.manager [None req-574e6db0-d8fc-4ade-b54d-0d39c87cafe2 admin admin] Publish callbacks ['neutron.plugins.ml2.ovo_rpc._ObjectChangeHandler.handle_event-2263273'] for port (4257dcf1-460f-44da-a682-20fc836d17b6), after_create {{(pid=87602) _notify_loop /opt/stack/data/venv/lib/python3.12/site-packages/neutron_lib/callbacks/manager.py:184}}
Aug 09 10:35:24.546594 np0000006830 devstack@neutron-api.service[87601]: DEBUG neutron.plugins.ml2.drivers.ovn.mech_driver.ovsdb.ovsdb_monitor [None req-908ccb27-428d-4892-b947-fc4f3e55424a None None] Hash Ring: Node 75f17d85c9835fc3ad54fd45f4015273 (host: np0000006830) handling event "create" for row a4cb8cdf-54f2-44d2-ae5f-687d0539df12 (table: Datapath_Binding) {{(pid=87601) notify /opt/stack/neutron/neutron/plugins/ml2/drivers/ovn/mech_driver/ovsdb/ovsdb_monitor.py:1099}}
Aug 09 10:35:24.594879 np0000006830 devstack@neutron-api.service[87602]: DEBUG neutron.api.rpc.handlers.resources_rpc [None req-574e6db0-d8fc-4ade-b54d-0d39c87cafe2 admin admin] Pushing event updated for resources: {'Port': ['ID=4257dcf1-460f-44da-a682-20fc836d17b6,revision_number=1']} {{(pid=87602) push /opt/stack/neutron/neutron/api/rpc/handlers/resources_rpc.py:237}}
Aug 09 10:35:24.624807 np0000006830 devstack@neutron-api.service[87602]: DEBUG neutron.plugins.ml2.drivers.ovn.mech_driver.ovsdb.commands [None req-574e6db0-d8fc-4ade-b54d-0d39c87cafe2 admin admin] Converting tag [] to a tag_request {{(pid=87602) _tag_column_to_tag_request /opt/stack/neutron/neutron/plugins/ml2/drivers/ovn/mech_driver/ovsdb/commands.py:227}}
Aug 09 10:35:24.625431 np0000006830 devstack@neutron-api.service[87602]: DEBUG ovsdbapp.backend.ovs_idl.transaction [None req-6fb30504-088e-4928-b35e-9d0685f058e1 None None] Running txn n=1 command(idx=0): AddLSwitchPortCommand(_result=None, lport=4257dcf1-460f-44da-a682-20fc836d17b6, lswitch=neutron-b04a509d-9829-4c3e-be07-1e5ba8aa67a2, may_exist=True, network_uuid=b04a509d-9829-4c3e-be07-1e5ba8aa67a2, columns={'addresses': ['fa:16:3e:b7:83:76'], 'external_ids': {'neutron:port_name': '', 'neutron:device_id': 'ovnmeta-b04a509d-9829-4c3e-be07-1e5ba8aa67a2', 'neutron:project_id': '8e63eac4c3574f4db0701a3cd1426746', 'neutron:cidrs': '', 'neutron:device_owner': 'network:distributed', 'neutron:subnet_pool_addr_scope4': '', 'neutron:subnet_pool_addr_scope6': '', 'neutron:network_name': 'neutron-b04a509d-9829-4c3e-be07-1e5ba8aa67a2', 'neutron:security_group_ids': '', 'neutron:revision_number': '1', 'neutron:vnic_type': 'normal', 'neutron:port_capabilities': '', 'neutron:mtu': '1372'}, 'parent_name': [], 'enabled': True, 'options': {}, 'type': 'localport', 'port_security': [], 'dhcpv4_options': [], 'dhcpv6_options': [], 'tag_request': []}) {{(pid=87602) do_commit /opt/stack/data/venv/lib/python3.12/site-packages/ovsdbapp/backend/ovs_idl/transaction.py:89}}
Aug 09 10:35:24.625954 np0000006830 devstack@neutron-api.service[87602]: DEBUG ovsdbapp.backend.ovs_idl.transaction [None req-6fb30504-088e-4928-b35e-9d0685f058e1 None None] Running txn n=1 command(idx=1): QoSDelCommand(_result=None, switch=neutron-b04a509d-9829-4c3e-be07-1e5ba8aa67a2, conditions=[('direction', '=', 'to-lport'), ('priority', '=', 2002), ('match', '=', 'outport == "4257dcf1-460f-44da-a682-20fc836d17b6"')], if_exists=True) {{(pid=87602) do_commit /opt/stack/data/venv/lib/python3.12/site-packages/ovsdbapp/backend/ovs_idl/transaction.py:89}}
Aug 09 10:35:24.626142 np0000006830 devstack@neutron-api.service[87602]: DEBUG ovsdbapp.backend.ovs_idl.transaction [None req-6fb30504-088e-4928-b35e-9d0685f058e1 None None] Running txn n=1 command(idx=2): QoSDelCommand(_result=None, switch=neutron-b04a509d-9829-4c3e-be07-1e5ba8aa67a2, conditions=[('direction', '=', 'from-lport'), ('priority', '=', 2002), ('match', '=', 'inport == "4257dcf1-460f-44da-a682-20fc836d17b6"')], if_exists=True) {{(pid=87602) do_commit /opt/stack/data/venv/lib/python3.12/site-packages/ovsdbapp/backend/ovs_idl/transaction.py:89}}
Aug 09 10:35:24.683792 np0000006830 devstack@neutron-api.service[87602]: INFO neutron.db.ovn_revision_numbers_db [None req-574e6db0-d8fc-4ade-b54d-0d39c87cafe2 admin admin] Successfully bumped revision number for resource 4257dcf1-460f-44da-a682-20fc836d17b6 (type: ports) to 1
Aug 09 10:35:24.688964 np0000006830 devstack@neutron-api.service[87602]: DEBUG neutron.pecan_wsgi.hooks.policy_enforcement [None req-574e6db0-d8fc-4ade-b54d-0d39c87cafe2 admin admin] Attributes excluded by policy engine: ['standard_attr_id'] {{(pid=87602) _exclude_attributes_by_policy /opt/stack/neutron/neutron/pecan_wsgi/hooks/policy_enforcement.py:259}}
Aug 09 10:35:24.689273 np0000006830 devstack@neutron-api.service[87602]: DEBUG neutron_lib.callbacks.manager [None req-574e6db0-d8fc-4ade-b54d-0d39c87cafe2 admin admin] Publish callbacks [] for network (None), before_response {{(pid=87602) _notify_loop /opt/stack/data/venv/lib/python3.12/site-packages/neutron_lib/callbacks/manager.py:184}}
Aug 09 10:35:24.697223 np0000006830 devstack@neutron-api.service[87602]: [pid: 87602|app: 0|req: 15/45] 10.4.3.250 () {68 vars in 1277 bytes} [Sun Aug 9 10:35:23 2026] POST /networking/v2.0/networks => generated 715 bytes in 1111 msecs (HTTP/1.1 201) 4 headers in 162 bytes (1 switches on core 0)
Aug 09 10:35:24.746178 np0000006830 devstack@neutron-api.service[87600]: DEBUG neutron.api.v2.base [None req-6392f2a8-7b43-4fe2-b2bb-f316ecd07f68 admin admin] Request body: {'network': {'name': 'tempest-ServerActionsTestOtherB-1014513182-network', 'project_id': '55ecd5253a264ab2a6666929793bbeae'}} {{(pid=87600) prepare_request_body /opt/stack/neutron/neutron/api/v2/base.py:727}}
Aug 09 10:35:24.756794 np0000006830 devstack@neutron-api.service[87600]: DEBUG neutron.pecan_wsgi.hooks.quota_enforcement [None req-6392f2a8-7b43-4fe2-b2bb-f316ecd07f68 admin admin] Made reservation on behalf of 55ecd5253a264ab2a6666929793bbeae for: {'network': 1} {{(pid=87600) before /opt/stack/neutron/neutron/pecan_wsgi/hooks/quota_enforcement.py:66}}
Aug 09 10:35:24.758940 np0000006830 devstack@neutron-api.service[87600]: DEBUG neutron_lib.callbacks.manager [None req-6392f2a8-7b43-4fe2-b2bb-f316ecd07f68 admin admin] Publish callbacks ['neutron.plugins.ml2.plugin.SecurityGroupDbMixin._ensure_default_security_group_handler-2041141'] for network (None), before_create {{(pid=87600) _notify_loop /opt/stack/data/venv/lib/python3.12/site-packages/neutron_lib/callbacks/manager.py:184}}
Aug 09 10:35:24.762665 np0000006830 devstack@neutron-api.service[87600]: DEBUG neutron_lib.callbacks.manager [None req-6392f2a8-7b43-4fe2-b2bb-f316ecd07f68 admin admin] Publish callbacks [] for security_group (None), before_create {{(pid=87600) _notify_loop /opt/stack/data/venv/lib/python3.12/site-packages/neutron_lib/callbacks/manager.py:184}}
Aug 09 10:35:24.810342 np0000006830 devstack@neutron-api.service[87600]: DEBUG neutron_lib.callbacks.manager [None req-6392f2a8-7b43-4fe2-b2bb-f316ecd07f68 admin admin] Publish callbacks ['neutron.plugins.ml2.drivers.ovn.mech_driver.mech_driver.OVNMechanismDriver._create_security_group_precommit-348080'] for security_group (b099ec59-5b00-4806-ac3f-a90f678f1ba7), precommit_create {{(pid=87600) _notify_loop /opt/stack/data/venv/lib/python3.12/site-packages/neutron_lib/callbacks/manager.py:184}}
Aug 09 10:35:24.810644 np0000006830 devstack@neutron-api.service[87600]: DEBUG neutron.db.ovn_revision_numbers_db [None req-6392f2a8-7b43-4fe2-b2bb-f316ecd07f68 admin admin] create_initial_revision uuid=b099ec59-5b00-4806-ac3f-a90f678f1ba7, type=security_groups, rev=-1 {{(pid=87600) create_initial_revision /opt/stack/neutron/neutron/db/ovn_revision_numbers_db.py:98}}
Aug 09 10:35:24.811714 np0000006830 devstack@neutron-api.service[87600]: DEBUG neutron.db.ovn_revision_numbers_db [None req-6392f2a8-7b43-4fe2-b2bb-f316ecd07f68 admin admin] create_initial_revision uuid=0dba521c-618b-43aa-9f3e-e518747e6b99, type=security_group_rules, rev=-1 {{(pid=87600) create_initial_revision /opt/stack/neutron/neutron/db/ovn_revision_numbers_db.py:98}}
Aug 09 10:35:24.812576 np0000006830 devstack@neutron-api.service[87600]: DEBUG neutron.db.ovn_revision_numbers_db [None req-6392f2a8-7b43-4fe2-b2bb-f316ecd07f68 admin admin] create_initial_revision uuid=66a2d361-19e9-49bf-a8df-1e2bd1dd9826, type=security_group_rules, rev=-1 {{(pid=87600) create_initial_revision /opt/stack/neutron/neutron/db/ovn_revision_numbers_db.py:98}}
Aug 09 10:35:24.813503 np0000006830 devstack@neutron-api.service[87600]: DEBUG neutron.db.ovn_revision_numbers_db [None req-6392f2a8-7b43-4fe2-b2bb-f316ecd07f68 admin admin] create_initial_revision uuid=871d41d1-50d6-4295-80fc-7ec180d726b2, type=security_group_rules, rev=-1 {{(pid=87600) create_initial_revision /opt/stack/neutron/neutron/db/ovn_revision_numbers_db.py:98}}
Aug 09 10:35:24.814419 np0000006830 devstack@neutron-api.service[87600]: DEBUG neutron.db.ovn_revision_numbers_db [None req-6392f2a8-7b43-4fe2-b2bb-f316ecd07f68 admin admin] create_initial_revision uuid=92e20251-5b5d-4f29-a105-1b64e50b0d61, type=security_group_rules, rev=-1 {{(pid=87600) create_initial_revision /opt/stack/neutron/neutron/db/ovn_revision_numbers_db.py:98}}
Aug 09 10:35:24.817914 np0000006830 devstack@neutron-api.service[87600]: DEBUG neutron_lib.callbacks.manager [None req-6392f2a8-7b43-4fe2-b2bb-f316ecd07f68 admin admin] Publish callbacks ['neutron.plugins.ml2.drivers.ovn.mech_driver.mech_driver.OVNMechanismDriver._create_security_group-348090', 'neutron.plugins.ml2.ovo_rpc._ObjectChangeHandler.handle_event-3209641'] for security_group (b099ec59-5b00-4806-ac3f-a90f678f1ba7), after_create {{(pid=87600) _notify_loop /opt/stack/data/venv/lib/python3.12/site-packages/neutron_lib/callbacks/manager.py:184}}
Aug 09 10:35:24.818579 np0000006830 devstack@neutron-api.service[87600]: DEBUG ovsdbapp.backend.ovs_idl.transaction [None req-acfebd7e-5dbd-4e73-b72a-d39c1cecc15b None None] Running txn n=1 command(idx=0): PgAddCommand(_result=None, name=pg_b099ec59_5b00_4806_ac3f_a90f678f1ba7, may_exist=False, columns={'acls': [], 'external_ids': {'neutron:security_group_id': 'b099ec59-5b00-4806-ac3f-a90f678f1ba7'}}) {{(pid=87600) do_commit /opt/stack/data/venv/lib/python3.12/site-packages/ovsdbapp/backend/ovs_idl/transaction.py:89}}
Aug 09 10:35:24.818948 np0000006830 devstack@neutron-api.service[87600]: DEBUG ovsdbapp.backend.ovs_idl.transaction [None req-acfebd7e-5dbd-4e73-b72a-d39c1cecc15b None None] Running txn n=1 command(idx=1): PgAclAddCommand(_result=None, entity=pg_b099ec59_5b00_4806_ac3f_a90f678f1ba7, direction=to-lport, priority=1002, match=outport == @pg_b099ec59_5b00_4806_ac3f_a90f678f1ba7 && ip6 && ip6.src == $pg_b099ec59_5b00_4806_ac3f_a90f678f1ba7_ip6, action=allow-related, log=False, may_exist=True, severity=[], name=[], meter=[], external_ids={'neutron:security_group_rule_id': '0dba521c-618b-43aa-9f3e-e518747e6b99'}) {{(pid=87600) do_commit /opt/stack/data/venv/lib/python3.12/site-packages/ovsdbapp/backend/ovs_idl/transaction.py:89}}
Aug 09 10:35:24.819277 np0000006830 devstack@neutron-api.service[87600]: DEBUG ovsdbapp.backend.ovs_idl.transaction [None req-acfebd7e-5dbd-4e73-b72a-d39c1cecc15b None None] Running txn n=1 command(idx=2): PgAclAddCommand(_result=None, entity=pg_b099ec59_5b00_4806_ac3f_a90f678f1ba7, direction=from-lport, priority=1002, match=inport == @pg_b099ec59_5b00_4806_ac3f_a90f678f1ba7 && ip4, action=allow-related, log=False, may_exist=True, severity=[], name=[], meter=[], external_ids={'neutron:security_group_rule_id': '66a2d361-19e9-49bf-a8df-1e2bd1dd9826'}) {{(pid=87600) do_commit /opt/stack/data/venv/lib/python3.12/site-packages/ovsdbapp/backend/ovs_idl/transaction.py:89}}
Aug 09 10:35:24.819546 np0000006830 devstack@neutron-api.service[87600]: DEBUG ovsdbapp.backend.ovs_idl.transaction [None req-acfebd7e-5dbd-4e73-b72a-d39c1cecc15b None None] Running txn n=1 command(idx=3): PgAclAddCommand(_result=None, entity=pg_b099ec59_5b00_4806_ac3f_a90f678f1ba7, direction=from-lport, priority=1002, match=inport == @pg_b099ec59_5b00_4806_ac3f_a90f678f1ba7 && ip6, action=allow-related, log=False, may_exist=True, severity=[], name=[], meter=[], external_ids={'neutron:security_group_rule_id': '871d41d1-50d6-4295-80fc-7ec180d726b2'}) {{(pid=87600) do_commit /opt/stack/data/venv/lib/python3.12/site-packages/ovsdbapp/backend/ovs_idl/transaction.py:89}}
Aug 09 10:35:24.819843 np0000006830 devstack@neutron-api.service[87600]: DEBUG ovsdbapp.backend.ovs_idl.transaction [None req-acfebd7e-5dbd-4e73-b72a-d39c1cecc15b None None] Running txn n=1 command(idx=4): PgAclAddCommand(_result=None, entity=pg_b099ec59_5b00_4806_ac3f_a90f678f1ba7, direction=to-lport, priority=1002, match=outport == @pg_b099ec59_5b00_4806_ac3f_a90f678f1ba7 && ip4 && ip4.src == $pg_b099ec59_5b00_4806_ac3f_a90f678f1ba7_ip4, action=allow-related, log=False, may_exist=True, severity=[], name=[], meter=[], external_ids={'neutron:security_group_rule_id': '92e20251-5b5d-4f29-a105-1b64e50b0d61'}) {{(pid=87600) do_commit /opt/stack/data/venv/lib/python3.12/site-packages/ovsdbapp/backend/ovs_idl/transaction.py:89}}
Aug 09 10:35:24.824023 np0000006830 devstack@neutron-api.service[87600]: DEBUG neutron.plugins.ml2.drivers.ovn.mech_driver.ovsdb.ovsdb_monitor [None req-acfebd7e-5dbd-4e73-b72a-d39c1cecc15b None None] Hash Ring: Node 5ecfd2b1c8d955d08e19de837295d8c3 (host: np0000006830) handling event "create" for row ff6d7a18-626a-442d-aa67-d49c72e3be36 (table: ACL) {{(pid=87600) notify /opt/stack/neutron/neutron/plugins/ml2/drivers/ovn/mech_driver/ovsdb/ovsdb_monitor.py:1099}}
Aug 09 10:35:24.824023 np0000006830 devstack@neutron-api.service[87600]: DEBUG neutron.plugins.ml2.drivers.ovn.mech_driver.ovsdb.ovsdb_monitor [None req-acfebd7e-5dbd-4e73-b72a-d39c1cecc15b None None] Hash Ring: Node 5ecfd2b1c8d955d08e19de837295d8c3 (host: np0000006830) handling event "create" for row 8bf529b4-d410-4734-a7e4-24eed21d019f (table: Port_Group) {{(pid=87600) notify /opt/stack/neutron/neutron/plugins/ml2/drivers/ovn/mech_driver/ovsdb/ovsdb_monitor.py:1099}}
Aug 09 10:35:24.824192 np0000006830 devstack@neutron-api.service[87601]: DEBUG neutron.plugins.ml2.drivers.ovn.mech_driver.ovsdb.ovsdb_monitor [None req-908ccb27-428d-4892-b947-fc4f3e55424a None None] Hash Ring: Node 75f17d85c9835fc3ad54fd45f4015273 (host: np0000006830) handling event "create" for row 23a8da26-cfc2-445e-b4a3-78e2faeafa51 (table: Port_Binding) {{(pid=87601) notify /opt/stack/neutron/neutron/plugins/ml2/drivers/ovn/mech_driver/ovsdb/ovsdb_monitor.py:1099}}
Aug 09 10:35:24.826836 np0000006830 devstack@neutron-api.service[87601]: DEBUG neutron.plugins.ml2.drivers.ovn.mech_driver.ovsdb.ovsdb_monitor [None req-280ea739-b907-4bb8-8205-520dbf7ec626 None None] Hash Ring: Node 75f17d85c9835fc3ad54fd45f4015273 (host: np0000006830) handling event "update" for row b04a509d-9829-4c3e-be07-1e5ba8aa67a2 (table: Logical_Switch) {{(pid=87601) notify /opt/stack/neutron/neutron/plugins/ml2/drivers/ovn/mech_driver/ovsdb/ovsdb_monitor.py:1099}}
Aug 09 10:35:24.826926 np0000006830 devstack@neutron-api.service[87602]: DEBUG neutron.plugins.ml2.drivers.ovn.mech_driver.ovsdb.ovsdb_monitor [None req-6fb30504-088e-4928-b35e-9d0685f058e1 None None] Hash Ring: Node 789eca27af055b83ab3f8f516ee44bb1 (host: np0000006830) handling event "create" for row 3fa5aa4e-6022-4aa7-b3ec-9c3f0497502b (table: ACL) {{(pid=87602) notify /opt/stack/neutron/neutron/plugins/ml2/drivers/ovn/mech_driver/ovsdb/ovsdb_monitor.py:1099}}
Aug 09 10:35:24.827490 np0000006830 devstack@neutron-api.service[87601]: DEBUG neutron.plugins.ml2.drivers.ovn.mech_driver.ovsdb.ovsdb_monitor [None req-280ea739-b907-4bb8-8205-520dbf7ec626 None None] Hash Ring: Node 75f17d85c9835fc3ad54fd45f4015273 (host: np0000006830) handling event "create" for row efebbc9b-44b3-4aa8-82e6-673810d2d244 (table: Logical_Switch_Port) {{(pid=87601) notify /opt/stack/neutron/neutron/plugins/ml2/drivers/ovn/mech_driver/ovsdb/ovsdb_monitor.py:1099}}
Aug 09 10:35:24.828115 np0000006830 devstack@neutron-api.service[87601]: DEBUG ovsdbapp.backend.ovs_idl.event [None req-280ea739-b907-4bb8-8205-520dbf7ec626 None None] Matched CREATE: LogicalSwitchPortCreateEvent(events=('create',), table='Logical_Switch_Port', conditions=[], old_conditions=None), priority=20 to row=Logical_Switch_Port(uuid=efebbc9b-44b3-4aa8-82e6-673810d2d244, addresses=['fa:16:3e:b7:83:76'], dhcpv4_options=[], dhcpv6_options=[], dynamic_addresses=[], enabled=True, external_ids={'neutron:cidrs': '', 'neutron:device_id': 'ovnmeta-b04a509d-9829-4c3e-be07-1e5ba8aa67a2', 'neutron:device_owner': 'network:distributed', 'neutron:mtu': '1372', 'neutron:network_name': 'neutron-b04a509d-9829-4c3e-be07-1e5ba8aa67a2', 'neutron:port_capabilities': '', 'neutron:port_name': '', 'neutron:project_id': '8e63eac4c3574f4db0701a3cd1426746', 'neutron:revision_number': '1', 'neutron:security_group_ids': '', 'neutron:subnet_pool_addr_scope4': '', 'neutron:subnet_pool_addr_scope6': '', 'neutron:vnic_type': 'normal'}, ha_chassis_group=[], mirror_rules=[], name='4257dcf1-460f-44da-a682-20fc836d17b6', options={}, parent_name=[], port_security=[], tag=[], tag_request=[], type='localport', up=[]) old= {{(pid=87601) matches /opt/stack/data/venv/lib/python3.12/site-packages/ovsdbapp/backend/ovs_idl/event.py:55}}
Aug 09 10:35:24.831740 np0000006830 devstack@neutron-api.service[87601]: DEBUG neutron.plugins.ml2.drivers.ovn.mech_driver.ovsdb.ovsdb_monitor [None req-280ea739-b907-4bb8-8205-520dbf7ec626 None None] Hash Ring: Node 75f17d85c9835fc3ad54fd45f4015273 (host: np0000006830) handling event "update" for row efebbc9b-44b3-4aa8-82e6-673810d2d244 (table: Logical_Switch_Port) {{(pid=87601) notify /opt/stack/neutron/neutron/plugins/ml2/drivers/ovn/mech_driver/ovsdb/ovsdb_monitor.py:1099}}
Aug 09 10:35:24.836426 np0000006830 devstack@neutron-api.service[87600]: INFO neutron.db.ovn_revision_numbers_db [None req-6392f2a8-7b43-4fe2-b2bb-f316ecd07f68 admin admin] Successfully bumped revision number for resource b099ec59-5b00-4806-ac3f-a90f678f1ba7 (type: security_groups) to 1
Aug 09 10:35:24.840130 np0000006830 devstack@neutron-api.service[87601]: DEBUG neutron.plugins.ml2.drivers.ovn.mech_driver.ovsdb.ovsdb_monitor [None req-280ea739-b907-4bb8-8205-520dbf7ec626 None None] Hash Ring: Node 75f17d85c9835fc3ad54fd45f4015273 (host: np0000006830) handling event "create" for row 617cd543-426b-497c-bf74-b0725c3d34a7 (table: ACL) {{(pid=87601) notify /opt/stack/neutron/neutron/plugins/ml2/drivers/ovn/mech_driver/ovsdb/ovsdb_monitor.py:1099}}
Aug 09 10:35:24.840459 np0000006830 devstack@neutron-api.service[87601]: DEBUG neutron.plugins.ml2.drivers.ovn.mech_driver.ovsdb.ovsdb_monitor [None req-280ea739-b907-4bb8-8205-520dbf7ec626 None None] Hash Ring: Node 75f17d85c9835fc3ad54fd45f4015273 (host: np0000006830) handling event "create" for row ffc15317-53a0-432d-9e26-6209d83f928c (table: ACL) {{(pid=87601) notify /opt/stack/neutron/neutron/plugins/ml2/drivers/ovn/mech_driver/ovsdb/ovsdb_monitor.py:1099}}
Aug 09 10:35:24.844727 np0000006830 devstack@neutron-api.service[87602]: DEBUG neutron.api.v2.base [None req-8ca74b99-3162-4b36-8556-8952466adc61 admin admin] Request body: {'network': {'name': 'tempest-TaggedBootDevicesTest_v242-1413089959-network', 'project_id': '14ad02a321fa4cdbb3e13dc89743822e'}} {{(pid=87602) prepare_request_body /opt/stack/neutron/neutron/api/v2/base.py:727}}
Aug 09 10:35:24.845179 np0000006830 devstack@neutron-api.service[87600]: INFO neutron.db.ovn_revision_numbers_db [None req-6392f2a8-7b43-4fe2-b2bb-f316ecd07f68 admin admin] Successfully bumped revision number for resource 0dba521c-618b-43aa-9f3e-e518747e6b99 (type: security_group_rules) to 0
Aug 09 10:35:24.852469 np0000006830 devstack@neutron-api.service[87601]: DEBUG neutron.plugins.ml2.plugin [None req-daba7925-fba6-4a33-8728-d0b787cb84b2 None None] Current status of the port 1e0de87c-9b00-41bb-a011-50427b8eab6d is: DOWN; New status is: DOWN {{(pid=87601) _update_individual_port_db_status /opt/stack/neutron/neutron/plugins/ml2/plugin.py:2473}}
Aug 09 10:35:24.854467 np0000006830 devstack@neutron-api.service[87601]: DEBUG ovsdbapp.backend.ovs_idl.transaction [None req-280ea739-b907-4bb8-8205-520dbf7ec626 None None] Running txn n=1 command(idx=0): DbRemoveCommand(_result=None, table=Logical_Switch_Port, record=1e0de87c-9b00-41bb-a011-50427b8eab6d, column=external_ids, values=('neutron:host_id',), keyvalues={}, if_exists=True) {{(pid=87601) do_commit /opt/stack/data/venv/lib/python3.12/site-packages/ovsdbapp/backend/ovs_idl/transaction.py:89}}
Aug 09 10:35:24.854647 np0000006830 devstack@neutron-api.service[87600]: INFO neutron.db.ovn_revision_numbers_db [None req-6392f2a8-7b43-4fe2-b2bb-f316ecd07f68 admin admin] Successfully bumped revision number for resource 66a2d361-19e9-49bf-a8df-1e2bd1dd9826 (type: security_group_rules) to 0
Aug 09 10:35:24.855778 np0000006830 devstack@neutron-api.service[87602]: DEBUG neutron.pecan_wsgi.hooks.quota_enforcement [None req-8ca74b99-3162-4b36-8556-8952466adc61 admin admin] Made reservation on behalf of 14ad02a321fa4cdbb3e13dc89743822e for: {'network': 1} {{(pid=87602) before /opt/stack/neutron/neutron/pecan_wsgi/hooks/quota_enforcement.py:66}}
Aug 09 10:35:24.856850 np0000006830 devstack@neutron-api.service[87601]: INFO neutron.plugins.ml2.drivers.ovn.mech_driver.mech_driver [None req-daba7925-fba6-4a33-8728-d0b787cb84b2 None None] OVN reports status down for port: 4257dcf1-460f-44da-a682-20fc836d17b6
Aug 09 10:35:24.858102 np0000006830 devstack@neutron-api.service[87602]: DEBUG neutron_lib.callbacks.manager [None req-8ca74b99-3162-4b36-8556-8952466adc61 admin admin] Publish callbacks ['neutron.plugins.ml2.plugin.SecurityGroupDbMixin._ensure_default_security_group_handler-47117'] for network (None), before_create {{(pid=87602) _notify_loop /opt/stack/data/venv/lib/python3.12/site-packages/neutron_lib/callbacks/manager.py:184}}
Aug 09 10:35:24.862173 np0000006830 devstack@neutron-api.service[87602]: DEBUG neutron_lib.callbacks.manager [None req-8ca74b99-3162-4b36-8556-8952466adc61 admin admin] Publish callbacks [] for security_group (None), before_create {{(pid=87602) _notify_loop /opt/stack/data/venv/lib/python3.12/site-packages/neutron_lib/callbacks/manager.py:184}}
Aug 09 10:35:24.864517 np0000006830 devstack@neutron-api.service[87600]: INFO neutron.db.ovn_revision_numbers_db [None req-6392f2a8-7b43-4fe2-b2bb-f316ecd07f68 admin admin] Successfully bumped revision number for resource 871d41d1-50d6-4295-80fc-7ec180d726b2 (type: security_group_rules) to 0
Aug 09 10:35:24.869913 np0000006830 devstack@neutron-api.service[87601]: INFO neutron.db.ovn_revision_numbers_db [None req-9fe34636-ab5b-4da8-8cc4-ff78d4ec80b7 admin admin] Successfully bumped revision number for resource 2dc7d4b1-76b5-47b7-b61d-5365bfba7f7f (type: networks) to 1
Aug 09 10:35:24.874431 np0000006830 devstack@neutron-api.service[87600]: INFO neutron.db.ovn_revision_numbers_db [None req-6392f2a8-7b43-4fe2-b2bb-f316ecd07f68 admin admin] Successfully bumped revision number for resource 92e20251-5b5d-4f29-a105-1b64e50b0d61 (type: security_group_rules) to 0
Aug 09 10:35:24.893112 np0000006830 devstack@neutron-api.service[87601]: DEBUG neutron.db.provisioning_blocks [None req-daba7925-fba6-4a33-8728-d0b787cb84b2 None None] Transition to ACTIVE for port object 4257dcf1-460f-44da-a682-20fc836d17b6 will not be triggered until provisioned by entity L2. {{(pid=87601) add_provisioning_component /opt/stack/neutron/neutron/db/provisioning_blocks.py:74}}
Aug 09 10:35:24.894062 np0000006830 devstack@neutron-api.service[87601]: DEBUG neutron_lib.callbacks.manager [None req-9fe34636-ab5b-4da8-8cc4-ff78d4ec80b7 admin admin] Publish callbacks ['neutron.plugins.ml2.plugin.SecurityGroupDbMixin._ensure_default_security_group_handler-353843'] for port (None), before_create {{(pid=87601) _notify_loop /opt/stack/data/venv/lib/python3.12/site-packages/neutron_lib/callbacks/manager.py:184}}
Aug 09 10:35:24.898276 np0000006830 devstack@neutron-api.service[87600]: DEBUG neutron.api.rpc.handlers.resources_rpc [None req-6392f2a8-7b43-4fe2-b2bb-f316ecd07f68 admin admin] Pushing event updated for resources: {'SecurityGroup': ['ID=b099ec59-5b00-4806-ac3f-a90f678f1ba7,revision_number=1']} {{(pid=87600) push /opt/stack/neutron/neutron/api/rpc/handlers/resources_rpc.py:237}}
Aug 09 10:35:24.912172 np0000006830 devstack@neutron-api.service[87602]: DEBUG neutron_lib.callbacks.manager [None req-8ca74b99-3162-4b36-8556-8952466adc61 admin admin] Publish callbacks ['neutron.plugins.ml2.drivers.ovn.mech_driver.mech_driver.OVNMechanismDriver._create_security_group_precommit-442745'] for security_group (973514f1-a4ef-4e9e-abe0-5f3f4325fd25), precommit_create {{(pid=87602) _notify_loop /opt/stack/data/venv/lib/python3.12/site-packages/neutron_lib/callbacks/manager.py:184}}
Aug 09 10:35:24.912345 np0000006830 devstack@neutron-api.service[87602]: DEBUG neutron.db.ovn_revision_numbers_db [None req-8ca74b99-3162-4b36-8556-8952466adc61 admin admin] create_initial_revision uuid=973514f1-a4ef-4e9e-abe0-5f3f4325fd25, type=security_groups, rev=-1 {{(pid=87602) create_initial_revision /opt/stack/neutron/neutron/db/ovn_revision_numbers_db.py:98}}
Aug 09 10:35:24.913389 np0000006830 devstack@neutron-api.service[87602]: DEBUG neutron.db.ovn_revision_numbers_db [None req-8ca74b99-3162-4b36-8556-8952466adc61 admin admin] create_initial_revision uuid=34d714eb-10c0-4f42-9ea1-ca82cd9d5639, type=security_group_rules, rev=-1 {{(pid=87602) create_initial_revision /opt/stack/neutron/neutron/db/ovn_revision_numbers_db.py:98}}
Aug 09 10:35:24.914242 np0000006830 devstack@neutron-api.service[87602]: DEBUG neutron.db.ovn_revision_numbers_db [None req-8ca74b99-3162-4b36-8556-8952466adc61 admin admin] create_initial_revision uuid=ccc695fd-1eb3-49c1-8407-f413db82f574, type=security_group_rules, rev=-1 {{(pid=87602) create_initial_revision /opt/stack/neutron/neutron/db/ovn_revision_numbers_db.py:98}}
Aug 09 10:35:24.915160 np0000006830 devstack@neutron-api.service[87602]: DEBUG neutron.db.ovn_revision_numbers_db [None req-8ca74b99-3162-4b36-8556-8952466adc61 admin admin] create_initial_revision uuid=f22f10ad-d899-4e73-9a01-e6d4789d1e2a, type=security_group_rules, rev=-1 {{(pid=87602) create_initial_revision /opt/stack/neutron/neutron/db/ovn_revision_numbers_db.py:98}}
Aug 09 10:35:24.916004 np0000006830 devstack@neutron-api.service[87602]: DEBUG neutron.db.ovn_revision_numbers_db [None req-8ca74b99-3162-4b36-8556-8952466adc61 admin admin] create_initial_revision uuid=fe52f807-0b93-4ebb-8ee0-49430ebd682d, type=security_group_rules, rev=-1 {{(pid=87602) create_initial_revision /opt/stack/neutron/neutron/db/ovn_revision_numbers_db.py:98}}
Aug 09 10:35:24.922500 np0000006830 devstack@neutron-api.service[87602]: DEBUG neutron_lib.callbacks.manager [None req-8ca74b99-3162-4b36-8556-8952466adc61 admin admin] Publish callbacks ['neutron.plugins.ml2.drivers.ovn.mech_driver.mech_driver.OVNMechanismDriver._create_security_group-442695', 'neutron.plugins.ml2.ovo_rpc._ObjectChangeHandler.handle_event-2263317'] for security_group (973514f1-a4ef-4e9e-abe0-5f3f4325fd25), after_create {{(pid=87602) _notify_loop /opt/stack/data/venv/lib/python3.12/site-packages/neutron_lib/callbacks/manager.py:184}}
Aug 09 10:35:24.923218 np0000006830 devstack@neutron-api.service[87602]: DEBUG ovsdbapp.backend.ovs_idl.transaction [None req-6fb30504-088e-4928-b35e-9d0685f058e1 None None] Running txn n=1 command(idx=0): PgAddCommand(_result=None, name=pg_973514f1_a4ef_4e9e_abe0_5f3f4325fd25, may_exist=False, columns={'acls': [], 'external_ids': {'neutron:security_group_id': '973514f1-a4ef-4e9e-abe0-5f3f4325fd25'}}) {{(pid=87602) do_commit /opt/stack/data/venv/lib/python3.12/site-packages/ovsdbapp/backend/ovs_idl/transaction.py:89}}
Aug 09 10:35:24.924148 np0000006830 devstack@neutron-api.service[87602]: DEBUG ovsdbapp.backend.ovs_idl.transaction [None req-6fb30504-088e-4928-b35e-9d0685f058e1 None None] Running txn n=1 command(idx=1): PgAclAddCommand(_result=None, entity=pg_973514f1_a4ef_4e9e_abe0_5f3f4325fd25, direction=from-lport, priority=1002, match=inport == @pg_973514f1_a4ef_4e9e_abe0_5f3f4325fd25 && ip4, action=allow-related, log=False, may_exist=True, severity=[], name=[], meter=[], external_ids={'neutron:security_group_rule_id': '34d714eb-10c0-4f42-9ea1-ca82cd9d5639'}) {{(pid=87602) do_commit /opt/stack/data/venv/lib/python3.12/site-packages/ovsdbapp/backend/ovs_idl/transaction.py:89}}
Aug 09 10:35:24.924568 np0000006830 devstack@neutron-api.service[87602]: DEBUG ovsdbapp.backend.ovs_idl.transaction [None req-6fb30504-088e-4928-b35e-9d0685f058e1 None None] Running txn n=1 command(idx=2): PgAclAddCommand(_result=None, entity=pg_973514f1_a4ef_4e9e_abe0_5f3f4325fd25, direction=to-lport, priority=1002, match=outport == @pg_973514f1_a4ef_4e9e_abe0_5f3f4325fd25 && ip4 && ip4.src == $pg_973514f1_a4ef_4e9e_abe0_5f3f4325fd25_ip4, action=allow-related, log=False, may_exist=True, severity=[], name=[], meter=[], external_ids={'neutron:security_group_rule_id': 'ccc695fd-1eb3-49c1-8407-f413db82f574'}) {{(pid=87602) do_commit /opt/stack/data/venv/lib/python3.12/site-packages/ovsdbapp/backend/ovs_idl/transaction.py:89}}
Aug 09 10:35:24.924782 np0000006830 devstack@neutron-api.service[87602]: DEBUG ovsdbapp.backend.ovs_idl.transaction [None req-6fb30504-088e-4928-b35e-9d0685f058e1 None None] Running txn n=1 command(idx=3): PgAclAddCommand(_result=None, entity=pg_973514f1_a4ef_4e9e_abe0_5f3f4325fd25, direction=from-lport, priority=1002, match=inport == @pg_973514f1_a4ef_4e9e_abe0_5f3f4325fd25 && ip6, action=allow-related, log=False, may_exist=True, severity=[], name=[], meter=[], external_ids={'neutron:security_group_rule_id': 'f22f10ad-d899-4e73-9a01-e6d4789d1e2a'}) {{(pid=87602) do_commit /opt/stack/data/venv/lib/python3.12/site-packages/ovsdbapp/backend/ovs_idl/transaction.py:89}}
Aug 09 10:35:24.925033 np0000006830 devstack@neutron-api.service[87602]: DEBUG ovsdbapp.backend.ovs_idl.transaction [None req-6fb30504-088e-4928-b35e-9d0685f058e1 None None] Running txn n=1 command(idx=4): PgAclAddCommand(_result=None, entity=pg_973514f1_a4ef_4e9e_abe0_5f3f4325fd25, direction=to-lport, priority=1002, match=outport == @pg_973514f1_a4ef_4e9e_abe0_5f3f4325fd25 && ip6 && ip6.src == $pg_973514f1_a4ef_4e9e_abe0_5f3f4325fd25_ip6, action=allow-related, log=False, may_exist=True, severity=[], name=[], meter=[], external_ids={'neutron:security_group_rule_id': 'fe52f807-0b93-4ebb-8ee0-49430ebd682d'}) {{(pid=87602) do_commit /opt/stack/data/venv/lib/python3.12/site-packages/ovsdbapp/backend/ovs_idl/transaction.py:89}}
