Aug 09 10:33:00.030571 np0000006830 devstack@neutron-api.service[87600]: DEBUG neutron_lib.callbacks.manager [None req-17362305-9c0b-4862-9e0e-a394667da481 admin admin] Publish callbacks ['neutron.services.ovn_l3.service_providers.driver_controller.DriverController._check_router_request-637077'] for router (a6651098-833e-4db4-a7ce-341ecfc3febf), before_create {{(pid=87600) _notify_loop /opt/stack/data/venv/lib/python3.12/site-packages/neutron_lib/callbacks/manager.py:184}}
Aug 09 10:33:00.031264 np0000006830 devstack@neutron-api.service[87600]: DEBUG neutron_lib.callbacks.manager [None req-17362305-9c0b-4862-9e0e-a394667da481 admin admin] Publish callbacks ['neutron.services.ovn_l3.service_providers.ovn.OVN_L3_HA_db_mixin._precommit_router_create-103369', 'neutron.services.ovn_l3.plugin.RouterAvailabilityZoneMixin._process_az_request-3209764', 'neutron.services.ovn_l3.plugin.ExtraGatewaysDbOnlyMixin._process_bfd_ecmp_create-630858', 'neutron.services.ovn_l3.service_providers.ovn.OvnDriver._process_router_create_precommit-103309', 'neutron.services.ovn_l3.service_providers.driver_controller.DriverController._set_router_provider-637071'] for router (a6651098-833e-4db4-a7ce-341ecfc3febf), precommit_create {{(pid=87600) _notify_loop /opt/stack/data/venv/lib/python3.12/site-packages/neutron_lib/callbacks/manager.py:184}}
Aug 09 10:33:00.043035 np0000006830 devstack@neutron-api.service[87600]: DEBUG neutron.db.ovn_revision_numbers_db [None req-17362305-9c0b-4862-9e0e-a394667da481 admin admin] create_initial_revision uuid=a6651098-833e-4db4-a7ce-341ecfc3febf, type=routers, rev=-1 {{(pid=87600) create_initial_revision /opt/stack/neutron/neutron/db/ovn_revision_numbers_db.py:98}}
Aug 09 10:33:00.107725 np0000006830 devstack@neutron-api.service[87600]: DEBUG neutron_lib.callbacks.manager [None req-17362305-9c0b-4862-9e0e-a394667da481 admin admin] Publish callbacks [] for router_controller (a6651098-833e-4db4-a7ce-341ecfc3febf), precommit_add_association {{(pid=87600) _notify_loop /opt/stack/data/venv/lib/python3.12/site-packages/neutron_lib/callbacks/manager.py:184}}
Aug 09 10:33:00.111291 np0000006830 devstack@neutron-api.service[87600]: DEBUG neutron_lib.callbacks.manager [None req-17362305-9c0b-4862-9e0e-a394667da481 admin admin] Publish callbacks ['neutron.services.ovn_l3.service_providers.ovn.OvnDriver._process_router_create-103389'] for router (a6651098-833e-4db4-a7ce-341ecfc3febf), after_create {{(pid=87600) _notify_loop /opt/stack/data/venv/lib/python3.12/site-packages/neutron_lib/callbacks/manager.py:184}}
Aug 09 10:33:00.111419 np0000006830 devstack@neutron-api.service[87600]: INFO neutron.plugins.ml2.drivers.ovn.mech_driver.ovsdb.extensions.qos [None req-17362305-9c0b-4862-9e0e-a394667da481 admin admin] Starting OVNClientQosExtension
Aug 09 10:33:00.111721 np0000006830 devstack@neutron-api.service[87600]: DEBUG neutron.plugins.ml2.drivers.ovn.mech_driver.ovsdb.extensions.qos [None req-17362305-9c0b-4862-9e0e-a394667da481 admin admin] Router a6651098-833e-4db4-a7ce-341ecfc3febf does not have ID or gateway assigned {{(pid=87600) update_router /opt/stack/neutron/neutron/plugins/ml2/drivers/ovn/mech_driver/ovsdb/extensions/qos.py:527}}
Aug 09 10:33:00.112449 np0000006830 devstack@neutron-api.service[87600]: DEBUG ovsdbapp.backend.ovs_idl.transaction [-] Running txn n=1 command(idx=0): LrAddCommand(_result=None, router=neutron-a6651098-833e-4db4-a7ce-341ecfc3febf, may_exist=True, columns={'external_ids': {'neutron:router_name': 'router1', 'neutron:revision_number': '1', 'neutron:availability_zone_hints': ''}, 'enabled': True, 'options': {'always_learn_from_arp_request': 'false', 'dynamic_neigh_routers': 'true', 'mac_binding_age_threshold': '300'}}) {{(pid=87600) do_commit /opt/stack/data/venv/lib/python3.12/site-packages/ovsdbapp/backend/ovs_idl/transaction.py:89}}
Aug 09 10:33:00.121348 np0000006830 devstack@neutron-api.service[87600]: DEBUG neutron.plugins.ml2.drivers.ovn.mech_driver.ovsdb.ovsdb_monitor [-] Hash Ring: Node 5ecfd2b1c8d955d08e19de837295d8c3 (host: np0000006830) handling event "create" for row 31978feb-70f5-4fe9-aff3-24dd42bfc2f7 (table: Logical_Router) {{(pid=87600) notify /opt/stack/neutron/neutron/plugins/ml2/drivers/ovn/mech_driver/ovsdb/ovsdb_monitor.py:1099}}
Aug 09 10:33:00.142386 np0000006830 devstack@neutron-api.service[87600]: DEBUG neutron.plugins.ml2.drivers.ovn.mech_driver.ovsdb.ovsdb_monitor [-] Hash Ring: Node 5ecfd2b1c8d955d08e19de837295d8c3 (host: np0000006830) handling event "create" for row 9622b0c2-1ff9-4751-bfce-dd127f7953d2 (table: Datapath_Binding) {{(pid=87600) notify /opt/stack/neutron/neutron/plugins/ml2/drivers/ovn/mech_driver/ovsdb/ovsdb_monitor.py:1099}}
Aug 09 10:33:00.209098 np0000006830 devstack@neutron-api.service[87600]: INFO neutron.db.ovn_revision_numbers_db [None req-17362305-9c0b-4862-9e0e-a394667da481 admin admin] Successfully bumped revision number for resource a6651098-833e-4db4-a7ce-341ecfc3febf (type: routers) to 1
Aug 09 10:33:00.220755 np0000006830 devstack@neutron-api.service[87600]: DEBUG neutron_lib.callbacks.manager [None req-17362305-9c0b-4862-9e0e-a394667da481 admin admin] Publish callbacks [] for router (None), before_response {{(pid=87600) _notify_loop /opt/stack/data/venv/lib/python3.12/site-packages/neutron_lib/callbacks/manager.py:184}}
Aug 09 10:33:00.221256 np0000006830 devstack@neutron-api.service[87600]: [pid: 87600|app: 0|req: 6/14] 10.4.3.250 () {68 vars in 1323 bytes} [Sun Aug 9 10:33:00 2026] POST /networking/v2.0/routers => generated 599 bytes in 206 msecs (HTTP/1.1 201) 4 headers in 162 bytes (1 switches on core 0)
Aug 09 10:33:00.466411 np0000006830 devstack@neutron-api.service[87602]: DEBUG neutron.api.wsgi [None req-fd9bf3b0-ec0d-435b-9767-e993b3e49ea6 admin admin] Missing Content-Type {{(pid=87602) get_content_type /opt/stack/neutron/neutron/api/wsgi.py:80}}
Aug 09 10:33:00.466944 np0000006830 devstack@neutron-api.service[87602]: DEBUG neutron.api.wsgi [None req-fd9bf3b0-ec0d-435b-9767-e993b3e49ea6 admin admin] https://10.4.3.250/networking/v2.0/extensions returned with HTTP 200 {{(pid=87602) __call__ /opt/stack/neutron/neutron/api/wsgi.py:540}}
Aug 09 10:33:00.467297 np0000006830 devstack@neutron-api.service[87602]: [pid: 87602|app: 0|req: 5/15] 10.4.3.250 () {64 vars in 1292 bytes} [Sun Aug 9 10:33:00 2026] GET /networking/v2.0/extensions => generated 16171 bytes in 3 msecs (HTTP/1.1 200) 4 headers in 159 bytes (1 switches on core 0)
Aug 09 10:33:00.755875 np0000006830 devstack@neutron-api.service[87601]: DEBUG neutron.api.v2.base [None req-67855763-c901-4134-b649-54e471aa8a14 admin admin] Request body: {'network': {'is_default': True, 'name': 'public', 'admin_state_up': True, 'router:external': True, 'provider:network_type': 'flat', 'provider:physical_network': 'public'}} {{(pid=87601) prepare_request_body /opt/stack/neutron/neutron/api/v2/base.py:727}}
Aug 09 10:33:00.778703 np0000006830 devstack@neutron-api.service[87601]: DEBUG neutron.pecan_wsgi.hooks.quota_enforcement [None req-67855763-c901-4134-b649-54e471aa8a14 admin admin] Made reservation on behalf of e52a91939dd1461082a03a78d0c7aa5c for: {'network': 1} {{(pid=87601) before /opt/stack/neutron/neutron/pecan_wsgi/hooks/quota_enforcement.py:66}}
Aug 09 10:33:00.782174 np0000006830 devstack@neutron-api.service[87601]: DEBUG neutron_lib.callbacks.manager [None req-67855763-c901-4134-b649-54e471aa8a14 admin admin] Publish callbacks ['neutron.plugins.ml2.plugin.SecurityGroupDbMixin._ensure_default_security_group_handler-353843'] for network (None), before_create {{(pid=87601) _notify_loop /opt/stack/data/venv/lib/python3.12/site-packages/neutron_lib/callbacks/manager.py:184}}
Aug 09 10:33:00.818649 np0000006830 devstack@neutron-api.service[87601]: DEBUG neutron.plugins.ml2.drivers.type_flat [None req-67855763-c901-4134-b649-54e471aa8a14 admin admin] Reserving flat network on physical network public {{(pid=87601) reserve_provider_segment /opt/stack/neutron/neutron/plugins/ml2/drivers/type_flat.py:100}}
Aug 09 10:33:00.829993 np0000006830 devstack@neutron-api.service[87601]: DEBUG neutron_lib.callbacks.manager [None req-67855763-c901-4134-b649-54e471aa8a14 admin admin] Publish callbacks ['neutron.services.segments.db._add_segment_host_mapping_for_segment-8583012938766', 'neutron.plugins.ml2.plugin.Ml2Plugin._handle_segment_change-1651865'] for segment (17e912fe-5b31-45dc-8fcd-fd22a24df813), precommit_create {{(pid=87601) _notify_loop /opt/stack/data/venv/lib/python3.12/site-packages/neutron_lib/callbacks/manager.py:184}}
Aug 09 10:33:00.830232 np0000006830 devstack@neutron-api.service[87601]: DEBUG neutron_lib.callbacks.manager [None req-67855763-c901-4134-b649-54e471aa8a14 admin admin] Unsubscribe: segment precommit_create {{(pid=87601) unsubscribe /opt/stack/data/venv/lib/python3.12/site-packages/neutron_lib/callbacks/manager.py:90}}
Aug 09 10:33:00.830422 np0000006830 devstack@neutron-api.service[87601]: INFO neutron.db.segments_db [None req-67855763-c901-4134-b649-54e471aa8a14 admin admin] Added segment 17e912fe-5b31-45dc-8fcd-fd22a24df813 of type flat for network 6fb85bc9-11fc-4b2d-bfae-6977a9aa4575
Aug 09 10:33:00.868010 np0000006830 devstack@neutron-api.service[87601]: DEBUG neutron_lib.callbacks.manager [None req-67855763-c901-4134-b649-54e471aa8a14 admin admin] Publish callbacks ['neutron.services.auto_allocate.db._ensure_external_network_default_value_callback-8583010976598'] for network (6fb85bc9-11fc-4b2d-bfae-6977a9aa4575), precommit_create {{(pid=87601) _notify_loop /opt/stack/data/venv/lib/python3.12/site-packages/neutron_lib/callbacks/manager.py:184}}
Aug 09 10:33:00.891010 np0000006830 devstack@neutron-api.service[87601]: DEBUG neutron.plugins.ml2.drivers.ovn.mech_driver.mech_driver [None req-67855763-c901-4134-b649-54e471aa8a14 admin admin] Validating network segment with type flat, segmentation ID None, physical network public {{(pid=87601) _validate_network_segments /opt/stack/neutron/neutron/plugins/ml2/drivers/ovn/mech_driver/mech_driver.py:646}}
Aug 09 10:33:00.891209 np0000006830 devstack@neutron-api.service[87601]: DEBUG neutron.db.ovn_revision_numbers_db [None req-67855763-c901-4134-b649-54e471aa8a14 admin admin] create_initial_revision uuid=6fb85bc9-11fc-4b2d-bfae-6977a9aa4575, type=networks, rev=-1 {{(pid=87601) create_initial_revision /opt/stack/neutron/neutron/db/ovn_revision_numbers_db.py:98}}
Aug 09 10:33:00.911248 np0000006830 devstack@neutron-api.service[87601]: DEBUG neutron_lib.callbacks.manager [None req-67855763-c901-4134-b649-54e471aa8a14 admin admin] Publish callbacks ['neutron.plugins.ml2.ovo_rpc._ObjectChangeHandler.handle_event-4031852'] for network (6fb85bc9-11fc-4b2d-bfae-6977a9aa4575), after_create {{(pid=87601) _notify_loop /opt/stack/data/venv/lib/python3.12/site-packages/neutron_lib/callbacks/manager.py:184}}
Aug 09 10:33:00.964213 np0000006830 devstack@neutron-api.service[87601]: DEBUG neutron.api.rpc.handlers.resources_rpc [None req-67855763-c901-4134-b649-54e471aa8a14 admin admin] Pushing event updated for resources: {'Network': ['ID=6fb85bc9-11fc-4b2d-bfae-6977a9aa4575,revision_number=1']} {{(pid=87601) push /opt/stack/neutron/neutron/api/rpc/handlers/resources_rpc.py:237}}
Aug 09 10:33:00.969806 np0000006830 devstack@neutron-api.service[87601]: DEBUG neutron.api.rpc.callbacks.version_manager [None req-67855763-c901-4134-b649-54e471aa8a14 admin admin] Tracked resource versions report:
Aug 09 10:33:00.969806 np0000006830 devstack@neutron-api.service[87601]: pushed versions:
Aug 09 10:33:00.969806 np0000006830 devstack@neutron-api.service[87601]: { 'AddressGroup': {'1.2'},
Aug 09 10:33:00.969806 np0000006830 devstack@neutron-api.service[87601]: 'Agent': {'1.1'},
Aug 09 10:33:00.969806 np0000006830 devstack@neutron-api.service[87601]: 'ConntrackHelper': {'1.0'},
Aug 09 10:33:00.969806 np0000006830 devstack@neutron-api.service[87601]: 'LocalIPAssociation': {'1.0'},
Aug 09 10:33:00.969806 np0000006830 devstack@neutron-api.service[87601]: 'Log': {'1.0'},
Aug 09 10:33:00.969806 np0000006830 devstack@neutron-api.service[87601]: 'NDPProxy': {'1.0'},
Aug 09 10:33:00.969806 np0000006830 devstack@neutron-api.service[87601]: 'Network': {'1.3'},
Aug 09 10:33:00.969806 np0000006830 devstack@neutron-api.service[87601]: 'Port': {'1.11'},
Aug 09 10:33:00.969806 np0000006830 devstack@neutron-api.service[87601]: 'PortForwarding': {'1.3'},
Aug 09 10:33:00.969806 np0000006830 devstack@neutron-api.service[87601]: 'QosPolicy': {'1.10'},
Aug 09 10:33:00.969806 np0000006830 devstack@neutron-api.service[87601]: 'SecurityGroup': {'1.6'},
Aug 09 10:33:00.969806 np0000006830 devstack@neutron-api.service[87601]: 'SecurityGroupRule': {'1.3'},
Aug 09 10:33:00.969806 np0000006830 devstack@neutron-api.service[87601]: 'SubPort': {'1.0'},
Aug 09 10:33:00.969806 np0000006830 devstack@neutron-api.service[87601]: 'Subnet': {'1.2'},
Aug 09 10:33:00.969806 np0000006830 devstack@neutron-api.service[87601]: 'Trunk': {'1.1'}}
Aug 09 10:33:00.969806 np0000006830 devstack@neutron-api.service[87601]: consumer versions:
Aug 09 10:33:00.969806 np0000006830 devstack@neutron-api.service[87601]: { OVN Controller Gateway agent@np0000006830: {},
Aug 09 10:33:00.969806 np0000006830 devstack@neutron-api.service[87601]: OVN Neutron agent@np0000006830: {}}
Aug 09 10:33:00.969806 np0000006830 devstack@neutron-api.service[87601]: {{(pid=87601) report /opt/stack/neutron/neutron/api/rpc/callbacks/version_manager.py:183}}
Aug 09 10:33:00.981265 np0000006830 devstack@neutron-api.service[87601]: INFO neutron.plugins.ml2.drivers.ovn.mech_driver.ovsdb.extensions.qos [None req-67855763-c901-4134-b649-54e471aa8a14 admin admin] Starting OVNClientQosExtension
Aug 09 10:33:00.981400 np0000006830 devstack@neutron-api.service[87601]: INFO neutron.plugins.ml2.drivers.ovn.mech_driver.ovsdb.extensions.placement [None req-67855763-c901-4134-b649-54e471aa8a14 admin admin] Starting OVNClientPlacementExtension
Aug 09 10:33:00.987868 np0000006830 devstack@neutron-api.service[87601]: DEBUG ovsdbapp.backend.ovs_idl.transaction [-] Running txn n=1 command(idx=0): AddNetworkCommand(_result=None, network_uuid=6fb85bc9-11fc-4b2d-bfae-6977a9aa4575, may_exist=True, columns={'external_ids': {'neutron:network_name': 'public', 'neutron:mtu': '1430', 'neutron:revision_number': '1', 'neutron:availability_zone_hints': '', 'neutron:provnet-network-type': 'flat', 'neutron:provnet-physical-network': 'public'}, 'other_config': {'mcast_snoop': 'false', 'mcast_flood_unregistered': 'false', 'vlan-passthru': 'false', 'fdb_age_threshold': '300', 'broadcast-arps-to-all-routers': 'true'}}) {{(pid=87601) do_commit /opt/stack/data/venv/lib/python3.12/site-packages/ovsdbapp/backend/ovs_idl/transaction.py:89}}
Aug 09 10:33:00.988212 np0000006830 devstack@neutron-api.service[87601]: DEBUG neutron.common.ovn.utils [-] OVS persist_uuid supported=True {{(pid=87601) ovs_persist_uuid_supported /opt/stack/neutron/neutron/common/ovn/utils.py:1565}}
Aug 09 10:33:00.988557 np0000006830 devstack@neutron-api.service[87601]: DEBUG ovsdbapp.backend.ovs_idl.transaction [-] Running txn n=1 command(idx=1): AddLSwitchPortCommand(_result=None, lport=provnet-17e912fe-5b31-45dc-8fcd-fd22a24df813, lswitch=neutron-6fb85bc9-11fc-4b2d-bfae-6977a9aa4575, may_exist=True, network_uuid=6fb85bc9-11fc-4b2d-bfae-6977a9aa4575, columns={'addresses': ['unknown'], 'external_ids': {'neutron:provnet-physical-network': 'public'}, 'type': 'localnet', 'tag_request': [], 'options': {'network_name': 'public', 'mcast_flood_reports': 'true', 'mcast_flood': 'false', 'localnet_learn_fdb': 'false'}}) {{(pid=87601) do_commit /opt/stack/data/venv/lib/python3.12/site-packages/ovsdbapp/backend/ovs_idl/transaction.py:89}}
Aug 09 10:33:00.991809 np0000006830 devstack@neutron-api.service[87601]: DEBUG neutron.plugins.ml2.drivers.ovn.mech_driver.ovsdb.ovsdb_monitor [-] Hash Ring: Node 75f17d85c9835fc3ad54fd45f4015273 (host: np0000006830) handling event "create" for row 6fb85bc9-11fc-4b2d-bfae-6977a9aa4575 (table: Logical_Switch) {{(pid=87601) notify /opt/stack/neutron/neutron/plugins/ml2/drivers/ovn/mech_driver/ovsdb/ovsdb_monitor.py:1099}}
Aug 09 10:33:00.992199 np0000006830 devstack@neutron-api.service[87600]: DEBUG neutron.plugins.ml2.drivers.ovn.mech_driver.ovsdb.ovsdb_monitor [-] Hash Ring: Node 5ecfd2b1c8d955d08e19de837295d8c3 (host: np0000006830) handling event "create" for row 6fb85bc9-11fc-4b2d-bfae-6977a9aa4575 (table: Logical_Switch) {{(pid=87600) notify /opt/stack/neutron/neutron/plugins/ml2/drivers/ovn/mech_driver/ovsdb/ovsdb_monitor.py:1099}}
Aug 09 10:33:00.992380 np0000006830 devstack@neutron-api.service[87602]: DEBUG neutron.plugins.ml2.drivers.ovn.mech_driver.ovsdb.ovsdb_monitor [-] Hash Ring: Node 789eca27af055b83ab3f8f516ee44bb1 (host: np0000006830) handling event "create" for row 78480417-1abe-4b22-b48d-b9d1a1f0a798 (table: Logical_Switch_Port) {{(pid=87602) notify /opt/stack/neutron/neutron/plugins/ml2/drivers/ovn/mech_driver/ovsdb/ovsdb_monitor.py:1099}}
Aug 09 10:33:00.993775 np0000006830 devstack@neutron-api.service[87600]: DEBUG neutron.plugins.ml2.drivers.ovn.mech_driver.ovsdb.ovsdb_monitor [-] Hash Ring: Node 5ecfd2b1c8d955d08e19de837295d8c3 (host: np0000006830) handling event "create" for row 78480417-1abe-4b22-b48d-b9d1a1f0a798 (table: Logical_Switch_Port) {{(pid=87600) notify /opt/stack/neutron/neutron/plugins/ml2/drivers/ovn/mech_driver/ovsdb/ovsdb_monitor.py:1099}}
Aug 09 10:33:00.993878 np0000006830 devstack@neutron-api.service[87602]: DEBUG neutron.plugins.ml2.drivers.ovn.mech_driver.ovsdb.ovsdb_monitor [-] Hash Ring: Node 789eca27af055b83ab3f8f516ee44bb1 (host: np0000006830) handling event "update" for row 78480417-1abe-4b22-b48d-b9d1a1f0a798 (table: Logical_Switch_Port) {{(pid=87602) notify /opt/stack/neutron/neutron/plugins/ml2/drivers/ovn/mech_driver/ovsdb/ovsdb_monitor.py:1099}}
Aug 09 10:33:00.993997 np0000006830 devstack@neutron-api.service[87600]: DEBUG neutron.plugins.ml2.drivers.ovn.mech_driver.ovsdb.ovsdb_monitor [-] Hash Ring: Node 5ecfd2b1c8d955d08e19de837295d8c3 (host: np0000006830) handling event "update" for row 78480417-1abe-4b22-b48d-b9d1a1f0a798 (table: Logical_Switch_Port) {{(pid=87600) notify /opt/stack/neutron/neutron/plugins/ml2/drivers/ovn/mech_driver/ovsdb/ovsdb_monitor.py:1099}}
Aug 09 10:33:01.002050 np0000006830 devstack@neutron-api.service[87600]: DEBUG neutron.plugins.ml2.drivers.ovn.mech_driver.ovsdb.ovsdb_monitor [-] Hash Ring: Node 5ecfd2b1c8d955d08e19de837295d8c3 (host: np0000006830) handling event "create" for row 0c93d5ab-6961-4a07-9732-392a309df35a (table: Datapath_Binding) {{(pid=87600) notify /opt/stack/neutron/neutron/plugins/ml2/drivers/ovn/mech_driver/ovsdb/ovsdb_monitor.py:1099}}
Aug 09 10:33:01.002235 np0000006830 devstack@neutron-api.service[87600]: DEBUG neutron.plugins.ml2.drivers.ovn.mech_driver.ovsdb.ovsdb_monitor [-] Hash Ring: Node 5ecfd2b1c8d955d08e19de837295d8c3 (host: np0000006830) handling event "create" for row 9e912f44-2136-46b9-9574-b0233781216c (table: Port_Binding) {{(pid=87600) notify /opt/stack/neutron/neutron/plugins/ml2/drivers/ovn/mech_driver/ovsdb/ovsdb_monitor.py:1099}}
Aug 09 10:33:01.003000 np0000006830 devstack@neutron-api.service[87602]: DEBUG neutron.plugins.ml2.drivers.ovn.mech_driver.ovsdb.ovsdb_monitor [-] Hash Ring: Node 789eca27af055b83ab3f8f516ee44bb1 (host: np0000006830) handling event "create" for row 0c93d5ab-6961-4a07-9732-392a309df35a (table: Datapath_Binding) {{(pid=87602) notify /opt/stack/neutron/neutron/plugins/ml2/drivers/ovn/mech_driver/ovsdb/ovsdb_monitor.py:1099}}
Aug 09 10:33:01.003168 np0000006830 devstack@neutron-api.service[87602]: DEBUG neutron.plugins.ml2.drivers.ovn.mech_driver.ovsdb.ovsdb_monitor [-] Hash Ring: Node 789eca27af055b83ab3f8f516ee44bb1 (host: np0000006830) handling event "create" for row 9e912f44-2136-46b9-9574-b0233781216c (table: Port_Binding) {{(pid=87602) notify /opt/stack/neutron/neutron/plugins/ml2/drivers/ovn/mech_driver/ovsdb/ovsdb_monitor.py:1099}}
Aug 09 10:33:01.029466 np0000006830 devstack@neutron-api.service[87601]: INFO neutron.db.ovn_revision_numbers_db [None req-67855763-c901-4134-b649-54e471aa8a14 admin admin] Successfully bumped revision number for resource 6fb85bc9-11fc-4b2d-bfae-6977a9aa4575 (type: networks) to 1
Aug 09 10:33:01.079246 np0000006830 devstack@neutron-api.service[87601]: DEBUG neutron_lib.callbacks.manager [None req-67855763-c901-4134-b649-54e471aa8a14 admin admin] Publish callbacks ['neutron.plugins.ml2.plugin.SecurityGroupDbMixin._ensure_default_security_group_handler-353843'] for port (None), before_create {{(pid=87601) _notify_loop /opt/stack/data/venv/lib/python3.12/site-packages/neutron_lib/callbacks/manager.py:184}}
Aug 09 10:33:01.173315 np0000006830 devstack@neutron-api.service[87601]: DEBUG neutron_lib.callbacks.manager [None req-67855763-c901-4134-b649-54e471aa8a14 admin admin] Publish callbacks ['neutron.plugins.ml2.drivers.ovn.mech_driver.mech_driver.OVNMechanismDriver._validate_allowed_address_pairs-440824'] for allowed_address_pair (184782b6-ec36-4181-ab0f-7fe0ab96f1dc), before_create {{(pid=87601) _notify_loop /opt/stack/data/venv/lib/python3.12/site-packages/neutron_lib/callbacks/manager.py:184}}
Aug 09 10:33:01.173935 np0000006830 devstack@neutron-api.service[87601]: DEBUG neutron_lib.callbacks.manager [None req-67855763-c901-4134-b649-54e471aa8a14 admin admin] Publish callbacks [] for port (184782b6-ec36-4181-ab0f-7fe0ab96f1dc), precommit_create {{(pid=87601) _notify_loop /opt/stack/data/venv/lib/python3.12/site-packages/neutron_lib/callbacks/manager.py:184}}
Aug 09 10:33:01.174141 np0000006830 devstack@neutron-api.service[87601]: DEBUG neutron.plugins.ml2.drivers.ovn.mech_driver.mech_driver [None req-67855763-c901-4134-b649-54e471aa8a14 admin admin] No provisioning block for port 184782b6-ec36-4181-ab0f-7fe0ab96f1dc since it does not have a host {{(pid=87601) _is_port_provisioning_required /opt/stack/neutron/neutron/plugins/ml2/drivers/ovn/mech_driver/mech_driver.py:899}}
Aug 09 10:33:01.174264 np0000006830 devstack@neutron-api.service[87601]: DEBUG neutron.db.ovn_revision_numbers_db [None req-67855763-c901-4134-b649-54e471aa8a14 admin admin] create_initial_revision uuid=184782b6-ec36-4181-ab0f-7fe0ab96f1dc, type=ports, rev=-1 {{(pid=87601) create_initial_revision /opt/stack/neutron/neutron/db/ovn_revision_numbers_db.py:98}}
Aug 09 10:33:01.419330 np0000006830 devstack@neutron-api.service[87601]: DEBUG neutron_lib.callbacks.manager [None req-67855763-c901-4134-b649-54e471aa8a14 admin admin] Publish callbacks ['neutron.plugins.ml2.ovo_rpc._ObjectChangeHandler.handle_event-4031637'] for port (184782b6-ec36-4181-ab0f-7fe0ab96f1dc), after_create {{(pid=87601) _notify_loop /opt/stack/data/venv/lib/python3.12/site-packages/neutron_lib/callbacks/manager.py:184}}
Aug 09 10:33:01.471961 np0000006830 devstack@neutron-api.service[87601]: DEBUG neutron.api.rpc.handlers.resources_rpc [None req-67855763-c901-4134-b649-54e471aa8a14 admin admin] Pushing event updated for resources: {'Port': ['ID=184782b6-ec36-4181-ab0f-7fe0ab96f1dc,revision_number=1']} {{(pid=87601) push /opt/stack/neutron/neutron/api/rpc/handlers/resources_rpc.py:237}}
Aug 09 10:33:01.501702 np0000006830 devstack@neutron-api.service[87601]: DEBUG neutron.plugins.ml2.drivers.ovn.mech_driver.ovsdb.commands [None req-67855763-c901-4134-b649-54e471aa8a14 admin admin] Converting tag [] to a tag_request {{(pid=87601) _tag_column_to_tag_request /opt/stack/neutron/neutron/plugins/ml2/drivers/ovn/mech_driver/ovsdb/commands.py:227}}
Aug 09 10:33:01.502222 np0000006830 devstack@neutron-api.service[87601]: DEBUG ovsdbapp.backend.ovs_idl.transaction [-] Running txn n=1 command(idx=0): AddLSwitchPortCommand(_result=None, lport=184782b6-ec36-4181-ab0f-7fe0ab96f1dc, lswitch=neutron-6fb85bc9-11fc-4b2d-bfae-6977a9aa4575, may_exist=True, network_uuid=6fb85bc9-11fc-4b2d-bfae-6977a9aa4575, columns={'addresses': ['fa:16:3e:a6:16:c7'], 'external_ids': {'neutron:port_name': '', 'neutron:device_id': 'ovnmeta-6fb85bc9-11fc-4b2d-bfae-6977a9aa4575', 'neutron:project_id': 'e52a91939dd1461082a03a78d0c7aa5c', 'neutron:cidrs': '', 'neutron:device_owner': 'network:distributed', 'neutron:subnet_pool_addr_scope4': '', 'neutron:subnet_pool_addr_scope6': '', 'neutron:network_name': 'neutron-6fb85bc9-11fc-4b2d-bfae-6977a9aa4575', 'neutron:security_group_ids': '', 'neutron:revision_number': '1', 'neutron:vnic_type': 'normal', 'neutron:port_capabilities': '', 'neutron:mtu': '1430'}, 'parent_name': [], 'enabled': True, 'options': {}, 'type': 'localport', 'port_security': [], 'dhcpv4_options': [], 'dhcpv6_options': [], 'tag_request': []}) {{(pid=87601) do_commit /opt/stack/data/venv/lib/python3.12/site-packages/ovsdbapp/backend/ovs_idl/transaction.py:89}}
Aug 09 10:33:01.502706 np0000006830 devstack@neutron-api.service[87601]: DEBUG ovsdbapp.backend.ovs_idl.transaction [-] Running txn n=1 command(idx=1): QoSDelCommand(_result=None, switch=neutron-6fb85bc9-11fc-4b2d-bfae-6977a9aa4575, conditions=[('direction', '=', 'to-lport'), ('priority', '=', 2002), ('match', '=', 'outport == "184782b6-ec36-4181-ab0f-7fe0ab96f1dc"')], if_exists=True) {{(pid=87601) do_commit /opt/stack/data/venv/lib/python3.12/site-packages/ovsdbapp/backend/ovs_idl/transaction.py:89}}
Aug 09 10:33:01.502880 np0000006830 devstack@neutron-api.service[87601]: DEBUG ovsdbapp.backend.ovs_idl.transaction [-] Running txn n=1 command(idx=2): QoSDelCommand(_result=None, switch=neutron-6fb85bc9-11fc-4b2d-bfae-6977a9aa4575, conditions=[('direction', '=', 'from-lport'), ('priority', '=', 2002), ('match', '=', 'inport == "184782b6-ec36-4181-ab0f-7fe0ab96f1dc"')], if_exists=True) {{(pid=87601) do_commit /opt/stack/data/venv/lib/python3.12/site-packages/ovsdbapp/backend/ovs_idl/transaction.py:89}}
Aug 09 10:33:01.503052 np0000006830 devstack@neutron-api.service[87601]: DEBUG ovsdbapp.backend.ovs_idl.transaction [-] Running txn n=1 command(idx=3): UpdateLSwitchPortQosOptionsCommand(_result=None, lport=AddLSwitchPortCommand(_result=21b91872-3655-454e-8f3c-e5e134554a53, lport=184782b6-ec36-4181-ab0f-7fe0ab96f1dc, lswitch=neutron-6fb85bc9-11fc-4b2d-bfae-6977a9aa4575, may_exist=True, network_uuid=6fb85bc9-11fc-4b2d-bfae-6977a9aa4575, columns={'addresses': ['fa:16:3e:a6:16:c7'], 'external_ids': {'neutron:port_name': '', 'neutron:device_id': 'ovnmeta-6fb85bc9-11fc-4b2d-bfae-6977a9aa4575', 'neutron:project_id': 'e52a91939dd1461082a03a78d0c7aa5c', 'neutron:cidrs': '', 'neutron:device_owner': 'network:distributed', 'neutron:subnet_pool_addr_scope4': '', 'neutron:subnet_pool_addr_scope6': '', 'neutron:network_name': 'neutron-6fb85bc9-11fc-4b2d-bfae-6977a9aa4575', 'neutron:security_group_ids': '', 'neutron:revision_number': '1', 'neutron:vnic_type': 'normal', 'neutron:port_capabilities': '', 'neutron:mtu': '1430'}, 'parent_name': [], 'enabled': True, 'options': {}, 'type': 'localport', 'port_security': [], 'tag_request': []}), if_exists=True, qos={'qos_max_rate': None, 'qos_burst': None, 'qos_min_rate': None}) {{(pid=87601) do_commit /opt/stack/data/venv/lib/python3.12/site-packages/ovsdbapp/backend/ovs_idl/transaction.py:89}}
Aug 09 10:33:01.505878 np0000006830 devstack@neutron-api.service[87601]: DEBUG neutron.plugins.ml2.drivers.ovn.mech_driver.ovsdb.ovsdb_monitor [-] Hash Ring: Node 75f17d85c9835fc3ad54fd45f4015273 (host: np0000006830) handling event "update" for row 6fb85bc9-11fc-4b2d-bfae-6977a9aa4575 (table: Logical_Switch) {{(pid=87601) notify /opt/stack/neutron/neutron/plugins/ml2/drivers/ovn/mech_driver/ovsdb/ovsdb_monitor.py:1099}}
Aug 09 10:33:01.507086 np0000006830 devstack@neutron-api.service[87600]: DEBUG neutron.plugins.ml2.drivers.ovn.mech_driver.ovsdb.ovsdb_monitor [-] Hash Ring: Node 5ecfd2b1c8d955d08e19de837295d8c3 (host: np0000006830) handling event "update" for row 6fb85bc9-11fc-4b2d-bfae-6977a9aa4575 (table: Logical_Switch) {{(pid=87600) notify /opt/stack/neutron/neutron/plugins/ml2/drivers/ovn/mech_driver/ovsdb/ovsdb_monitor.py:1099}}
Aug 09 10:33:01.507086 np0000006830 devstack@neutron-api.service[87600]: DEBUG neutron.plugins.ml2.drivers.ovn.mech_driver.ovsdb.ovsdb_monitor [-] Hash Ring: Node 5ecfd2b1c8d955d08e19de837295d8c3 (host: np0000006830) handling event "create" for row 23c9de88-0229-46a2-a400-78bb9dbf1551 (table: Logical_Switch_Port) {{(pid=87600) notify /opt/stack/neutron/neutron/plugins/ml2/drivers/ovn/mech_driver/ovsdb/ovsdb_monitor.py:1099}}
Aug 09 10:33:01.508118 np0000006830 devstack@neutron-api.service[87602]: DEBUG neutron.plugins.ml2.drivers.ovn.mech_driver.ovsdb.ovsdb_monitor [-] Hash Ring: Node 789eca27af055b83ab3f8f516ee44bb1 (host: np0000006830) handling event "create" for row 23c9de88-0229-46a2-a400-78bb9dbf1551 (table: Logical_Switch_Port) {{(pid=87602) notify /opt/stack/neutron/neutron/plugins/ml2/drivers/ovn/mech_driver/ovsdb/ovsdb_monitor.py:1099}}
Aug 09 10:33:01.508239 np0000006830 devstack@neutron-api.service[87600]: DEBUG ovsdbapp.backend.ovs_idl.event [-] Matched CREATE: LogicalSwitchPortCreateEvent(events=('create',), table='Logical_Switch_Port', conditions=[], old_conditions=None), priority=20 to row=Logical_Switch_Port(uuid=23c9de88-0229-46a2-a400-78bb9dbf1551, addresses=['fa:16:3e:a6:16:c7'], dhcpv4_options=[], dhcpv6_options=[], dynamic_addresses=[], enabled=True, external_ids={'neutron:cidrs': '', 'neutron:device_id': 'ovnmeta-6fb85bc9-11fc-4b2d-bfae-6977a9aa4575', 'neutron:device_owner': 'network:distributed', 'neutron:mtu': '1430', 'neutron:network_name': 'neutron-6fb85bc9-11fc-4b2d-bfae-6977a9aa4575', 'neutron:port_capabilities': '', 'neutron:port_name': '', 'neutron:project_id': 'e52a91939dd1461082a03a78d0c7aa5c', 'neutron:revision_number': '1', 'neutron:security_group_ids': '', 'neutron:subnet_pool_addr_scope4': '', 'neutron:subnet_pool_addr_scope6': '', 'neutron:vnic_type': 'normal'}, ha_chassis_group=[], mirror_rules=[], name='184782b6-ec36-4181-ab0f-7fe0ab96f1dc', options={}, parent_name=[], port_security=[], tag=[], tag_request=[], type='localport', up=[]) old= {{(pid=87600) matches /opt/stack/data/venv/lib/python3.12/site-packages/ovsdbapp/backend/ovs_idl/event.py:55}}
Aug 09 10:33:01.509407 np0000006830 devstack@neutron-api.service[87602]: DEBUG ovsdbapp.backend.ovs_idl.event [-] Matched CREATE: LogicalSwitchPortCreateEvent(events=('create',), table='Logical_Switch_Port', conditions=[], old_conditions=None), priority=20 to row=Logical_Switch_Port(uuid=23c9de88-0229-46a2-a400-78bb9dbf1551, addresses=['fa:16:3e:a6:16:c7'], dhcpv4_options=[], dhcpv6_options=[], dynamic_addresses=[], enabled=True, external_ids={'neutron:cidrs': '', 'neutron:device_id': 'ovnmeta-6fb85bc9-11fc-4b2d-bfae-6977a9aa4575', 'neutron:device_owner': 'network:distributed', 'neutron:mtu': '1430', 'neutron:network_name': 'neutron-6fb85bc9-11fc-4b2d-bfae-6977a9aa4575', 'neutron:port_capabilities': '', 'neutron:port_name': '', 'neutron:project_id': 'e52a91939dd1461082a03a78d0c7aa5c', 'neutron:revision_number': '1', 'neutron:security_group_ids': '', 'neutron:subnet_pool_addr_scope4': '', 'neutron:subnet_pool_addr_scope6': '', 'neutron:vnic_type': 'normal'}, ha_chassis_group=[], mirror_rules=[], name='184782b6-ec36-4181-ab0f-7fe0ab96f1dc', options={}, parent_name=[], port_security=[], tag=[], tag_request=[], type='localport', up=[]) old= {{(pid=87602) matches /opt/stack/data/venv/lib/python3.12/site-packages/ovsdbapp/backend/ovs_idl/event.py:55}}
Aug 09 10:33:01.509541 np0000006830 devstack@neutron-api.service[87600]: INFO neutron.plugins.ml2.drivers.ovn.mech_driver.mech_driver [None req-12b76c4e-afb8-4e95-846b-782d505c4fc2 None None] OVN reports status down for port: 184782b6-ec36-4181-ab0f-7fe0ab96f1dc
Aug 09 10:33:01.509730 np0000006830 devstack@neutron-api.service[87602]: INFO neutron.plugins.ml2.drivers.ovn.mech_driver.mech_driver [None req-65bbbc02-e39b-4a82-b926-42c4f690638b None None] OVN reports status down for port: 184782b6-ec36-4181-ab0f-7fe0ab96f1dc
Aug 09 10:33:01.510701 np0000006830 devstack@neutron-api.service[87600]: DEBUG neutron.plugins.ml2.drivers.ovn.mech_driver.ovsdb.ovsdb_monitor [-] Hash Ring: Node 5ecfd2b1c8d955d08e19de837295d8c3 (host: np0000006830) handling event "update" for row 23c9de88-0229-46a2-a400-78bb9dbf1551 (table: Logical_Switch_Port) {{(pid=87600) notify /opt/stack/neutron/neutron/plugins/ml2/drivers/ovn/mech_driver/ovsdb/ovsdb_monitor.py:1099}}
Aug 09 10:33:01.510817 np0000006830 devstack@neutron-api.service[87602]: DEBUG neutron.plugins.ml2.drivers.ovn.mech_driver.ovsdb.ovsdb_monitor [-] Hash Ring: Node 789eca27af055b83ab3f8f516ee44bb1 (host: np0000006830) handling event "update" for row 23c9de88-0229-46a2-a400-78bb9dbf1551 (table: Logical_Switch_Port) {{(pid=87602) notify /opt/stack/neutron/neutron/plugins/ml2/drivers/ovn/mech_driver/ovsdb/ovsdb_monitor.py:1099}}
Aug 09 10:33:01.515750 np0000006830 devstack@neutron-api.service[87600]: DEBUG neutron.plugins.ml2.drivers.ovn.mech_driver.ovsdb.ovsdb_monitor [-] Hash Ring: Node 5ecfd2b1c8d955d08e19de837295d8c3 (host: np0000006830) handling event "create" for row d3bbe7ac-9229-4802-a1aa-facbfb02ee4d (table: Port_Binding) {{(pid=87600) notify /opt/stack/neutron/neutron/plugins/ml2/drivers/ovn/mech_driver/ovsdb/ovsdb_monitor.py:1099}}
Aug 09 10:33:01.526426 np0000006830 devstack@neutron-api.service[87601]: DEBUG neutron.plugins.ml2.drivers.ovn.mech_driver.ovsdb.ovsdb_monitor [-] Hash Ring: Node 75f17d85c9835fc3ad54fd45f4015273 (host: np0000006830) handling event "create" for row d3bbe7ac-9229-4802-a1aa-facbfb02ee4d (table: Port_Binding) {{(pid=87601) notify /opt/stack/neutron/neutron/plugins/ml2/drivers/ovn/mech_driver/ovsdb/ovsdb_monitor.py:1099}}
Aug 09 10:33:01.533070 np0000006830 devstack@neutron-api.service[87602]: DEBUG neutron.db.provisioning_blocks [None req-65bbbc02-e39b-4a82-b926-42c4f690638b None None] Transition to ACTIVE for port object 184782b6-ec36-4181-ab0f-7fe0ab96f1dc will not be triggered until provisioned by entity L2. {{(pid=87602) add_provisioning_component /opt/stack/neutron/neutron/db/provisioning_blocks.py:74}}
Aug 09 10:33:01.540033 np0000006830 devstack@neutron-api.service[87600]: DEBUG neutron_lib.db.api [None req-12b76c4e-afb8-4e95-846b-782d505c4fc2 None None] Retry wrapper got retriable exception: Failed to create a duplicate ProvisioningBlock: for attribute(s) ['provisioningblocks.PRIMARY'] with value(s) 20-L2 {{(pid=87600) wrapped /opt/stack/data/venv/lib/python3.12/site-packages/neutron_lib/db/api.py:185}}
Aug 09 10:33:01.540181 np0000006830 devstack@neutron-api.service[87600]: DEBUG oslo_db.api [None req-12b76c4e-afb8-4e95-846b-782d505c4fc2 None None] Performing DB retry for function neutron.db.provisioning_blocks.add_provisioning_component {{(pid=87600) wrapper /opt/stack/data/venv/lib/python3.12/site-packages/oslo_db/api.py:155}}
Aug 09 10:33:01.555709 np0000006830 devstack@neutron-api.service[87602]: DEBUG neutron.plugins.ml2.plugin [None req-65bbbc02-e39b-4a82-b926-42c4f690638b None None] Current status of the port 184782b6-ec36-4181-ab0f-7fe0ab96f1dc is: DOWN; New status is: DOWN {{(pid=87602) _update_individual_port_db_status /opt/stack/neutron/neutron/plugins/ml2/plugin.py:2473}}
Aug 09 10:33:01.556949 np0000006830 devstack@neutron-api.service[87602]: DEBUG ovsdbapp.backend.ovs_idl.transaction [-] Running txn n=1 command(idx=0): DbRemoveCommand(_result=None, table=Logical_Switch_Port, record=184782b6-ec36-4181-ab0f-7fe0ab96f1dc, column=external_ids, values=('neutron:host_id',), keyvalues={}, if_exists=True) {{(pid=87602) do_commit /opt/stack/data/venv/lib/python3.12/site-packages/ovsdbapp/backend/ovs_idl/transaction.py:89}}
Aug 09 10:33:01.560689 np0000006830 devstack@neutron-api.service[87601]: INFO neutron.db.ovn_revision_numbers_db [None req-67855763-c901-4134-b649-54e471aa8a14 admin admin] Successfully bumped revision number for resource 184782b6-ec36-4181-ab0f-7fe0ab96f1dc (type: ports) to 1
Aug 09 10:33:01.572986 np0000006830 devstack@neutron-api.service[87601]: DEBUG neutron.pecan_wsgi.hooks.policy_enforcement [None req-67855763-c901-4134-b649-54e471aa8a14 admin admin] Attributes excluded by policy engine: ['standard_attr_id'] {{(pid=87601) _exclude_attributes_by_policy /opt/stack/neutron/neutron/pecan_wsgi/hooks/policy_enforcement.py:259}}
Aug 09 10:33:01.573330 np0000006830 devstack@neutron-api.service[87601]: DEBUG neutron_lib.callbacks.manager [None req-67855763-c901-4134-b649-54e471aa8a14 admin admin] Publish callbacks [] for network (None), before_response {{(pid=87601) _notify_loop /opt/stack/data/venv/lib/python3.12/site-packages/neutron_lib/callbacks/manager.py:184}}
Aug 09 10:33:01.584579 np0000006830 devstack@neutron-api.service[87601]: [pid: 87601|app: 0|req: 5/16] 10.4.3.250 () {68 vars in 1327 bytes} [Sun Aug 9 10:33:00 2026] POST /networking/v2.0/networks => generated 679 bytes in 831 msecs (HTTP/1.1 201) 4 headers in 162 bytes (1 switches on core 0)
Aug 09 10:33:01.831900 np0000006830 devstack@neutron-api.service[87600]: DEBUG neutron.pecan_wsgi.hooks.policy_enforcement [None req-720a0cf9-36e9-4c44-a3a0-f3edb11b0d82 admin admin] Attributes excluded by policy engine: ['standard_attr_id', 'shared'] {{(pid=87600) _exclude_attributes_by_policy /opt/stack/neutron/neutron/pecan_wsgi/hooks/policy_enforcement.py:259}}
Aug 09 10:33:01.833031 np0000006830 devstack@neutron-api.service[87600]: [pid: 87600|app: 0|req: 7/17] 10.4.3.250 () {64 vars in 1381 bytes} [Sun Aug 9 10:33:01 2026] GET /networking/v2.0/subnets/ee911b42-02a2-458d-9c40-9fa7bbb8b57a => generated 666 bytes in 20 msecs (HTTP/1.1 200) 4 headers in 157 bytes (1 switches on core 0)
Aug 09 10:33:01.843726 np0000006830 devstack@neutron-api.service[87602]: DEBUG neutron.api.wsgi [None req-6a3c4cfa-e0e8-49de-afd1-cb057a2d4f06 admin admin] Missing Content-Type {{(pid=87602) get_content_type /opt/stack/neutron/neutron/api/wsgi.py:80}}
Aug 09 10:33:02.044141 np0000006830 devstack@neutron-api.service[87600]: DEBUG neutron.db.provisioning_blocks [None req-12b76c4e-afb8-4e95-846b-782d505c4fc2 None None] Ignored duplicate provisioning block setup for port 184782b6-ec36-4181-ab0f-7fe0ab96f1dc by entity L2. {{(pid=87600) add_provisioning_component /opt/stack/neutron/neutron/db/provisioning_blocks.py:69}}
Aug 09 10:33:02.061042 np0000006830 devstack@neutron-api.service[87600]: DEBUG neutron.plugins.ml2.plugin [None req-12b76c4e-afb8-4e95-846b-782d505c4fc2 None None] Current status of the port 184782b6-ec36-4181-ab0f-7fe0ab96f1dc is: DOWN; New status is: DOWN {{(pid=87600) _update_individual_port_db_status /opt/stack/neutron/neutron/plugins/ml2/plugin.py:2473}}
Aug 09 10:33:02.062160 np0000006830 devstack@neutron-api.service[87600]: DEBUG ovsdbapp.backend.ovs_idl.transaction [-] Running txn n=1 command(idx=0): DbRemoveCommand(_result=None, table=Logical_Switch_Port, record=184782b6-ec36-4181-ab0f-7fe0ab96f1dc, column=external_ids, values=('neutron:host_id',), keyvalues={}, if_exists=True) {{(pid=87600) do_commit /opt/stack/data/venv/lib/python3.12/site-packages/ovsdbapp/backend/ovs_idl/transaction.py:89}}
Aug 09 10:33:02.119117 np0000006830 devstack@neutron-api.service[87602]: [pid: 87602|app: 0|req: 6/18] 10.4.3.250 () {64 vars in 1381 bytes} [Sun Aug 9 10:33:01 2026] GET /networking/v2.0/routers/a6651098-833e-4db4-a7ce-341ecfc3febf => generated 599 bytes in 278 msecs (HTTP/1.1 200) 4 headers in 157 bytes (1 switches on core 0)
Aug 09 10:33:02.250082 np0000006830 devstack@neutron-api.service[87601]: DEBUG neutron_lib.callbacks.manager [None req-50112767-baad-463e-a9e3-30313ed43673 admin admin] Publish callbacks ['neutron.plugins.ml2.plugin.SecurityGroupDbMixin._ensure_default_security_group_handler-353843'] for port (None), before_create {{(pid=87601) _notify_loop /opt/stack/data/venv/lib/python3.12/site-packages/neutron_lib/callbacks/manager.py:184}}
Aug 09 10:33:02.346713 np0000006830 devstack@neutron-api.service[87601]: DEBUG neutron.db.db_base_plugin_common [None req-50112767-baad-463e-a9e3-30313ed43673 admin admin] Allocated IP 10.1.0.1 (73905e4d-d7cb-46b0-b8e2-06a70f4cdf62/ee911b42-02a2-458d-9c40-9fa7bbb8b57a/c72722a5-9a65-459c-ae04-5831ca976240) {{(pid=87601) _store_ip_allocation /opt/stack/neutron/neutron/db/db_base_plugin_common.py:131}}
Aug 09 10:33:02.404748 np0000006830 devstack@neutron-api.service[87601]: DEBUG neutron_lib.callbacks.manager [None req-50112767-baad-463e-a9e3-30313ed43673 admin admin] Publish callbacks ['neutron.plugins.ml2.drivers.ovn.mech_driver.mech_driver.OVNMechanismDriver._validate_allowed_address_pairs-440824'] for allowed_address_pair (c72722a5-9a65-459c-ae04-5831ca976240), before_create {{(pid=87601) _notify_loop /opt/stack/data/venv/lib/python3.12/site-packages/neutron_lib/callbacks/manager.py:184}}
Aug 09 10:33:02.405278 np0000006830 devstack@neutron-api.service[87601]: DEBUG neutron_lib.callbacks.manager [None req-50112767-baad-463e-a9e3-30313ed43673 admin admin] Publish callbacks [] for port (c72722a5-9a65-459c-ae04-5831ca976240), precommit_create {{(pid=87601) _notify_loop /opt/stack/data/venv/lib/python3.12/site-packages/neutron_lib/callbacks/manager.py:184}}
Aug 09 10:33:02.405446 np0000006830 devstack@neutron-api.service[87601]: DEBUG neutron.plugins.ml2.drivers.ovn.mech_driver.mech_driver [None req-50112767-baad-463e-a9e3-30313ed43673 admin admin] No provisioning block for port c72722a5-9a65-459c-ae04-5831ca976240 since it does not have a host {{(pid=87601) _is_port_provisioning_required /opt/stack/neutron/neutron/plugins/ml2/drivers/ovn/mech_driver/mech_driver.py:899}}
Aug 09 10:33:02.405560 np0000006830 devstack@neutron-api.service[87601]: DEBUG neutron.db.ovn_revision_numbers_db [None req-50112767-baad-463e-a9e3-30313ed43673 admin admin] create_initial_revision uuid=c72722a5-9a65-459c-ae04-5831ca976240, type=ports, rev=-1 {{(pid=87601) create_initial_revision /opt/stack/neutron/neutron/db/ovn_revision_numbers_db.py:98}}
Aug 09 10:33:02.471077 np0000006830 devstack@neutron-api.service[87601]: DEBUG neutron.db.ovn_revision_numbers_db [None req-50112767-baad-463e-a9e3-30313ed43673 admin admin] create_initial_revision uuid=c72722a5-9a65-459c-ae04-5831ca976240, type=router_ports, rev=-1 {{(pid=87601) create_initial_revision /opt/stack/neutron/neutron/db/ovn_revision_numbers_db.py:98}}
Aug 09 10:33:02.496557 np0000006830 devstack@neutron-api.service[87601]: DEBUG neutron_lib.callbacks.manager [None req-50112767-baad-463e-a9e3-30313ed43673 admin admin] Publish callbacks ['neutron.plugins.ml2.ovo_rpc._ObjectChangeHandler.handle_event-4031637'] for port (c72722a5-9a65-459c-ae04-5831ca976240), after_create {{(pid=87601) _notify_loop /opt/stack/data/venv/lib/python3.12/site-packages/neutron_lib/callbacks/manager.py:184}}
Aug 09 10:33:02.520120 np0000006830 devstack@neutron-api.service[87601]: DEBUG neutron.api.rpc.handlers.resources_rpc [None req-50112767-baad-463e-a9e3-30313ed43673 admin admin] Pushing event updated for resources: {'Port': ['ID=c72722a5-9a65-459c-ae04-5831ca976240,revision_number=1']} {{(pid=87601) push /opt/stack/neutron/neutron/api/rpc/handlers/resources_rpc.py:237}}
Aug 09 10:33:02.582115 np0000006830 devstack@neutron-api.service[87601]: DEBUG neutron.plugins.ml2.drivers.ovn.mech_driver.ovsdb.commands [None req-50112767-baad-463e-a9e3-30313ed43673 admin admin] Converting tag [] to a tag_request {{(pid=87601) _tag_column_to_tag_request /opt/stack/neutron/neutron/plugins/ml2/drivers/ovn/mech_driver/ovsdb/commands.py:227}}
Aug 09 10:33:02.582875 np0000006830 devstack@neutron-api.service[87601]: DEBUG ovsdbapp.backend.ovs_idl.transaction [-] Running txn n=1 command(idx=0): AddLSwitchPortCommand(_result=None, lport=c72722a5-9a65-459c-ae04-5831ca976240, lswitch=neutron-73905e4d-d7cb-46b0-b8e2-06a70f4cdf62, may_exist=True, network_uuid=73905e4d-d7cb-46b0-b8e2-06a70f4cdf62, columns={'addresses': ['unknown'], 'external_ids': {'neutron:port_name': '', 'neutron:device_id': 'a6651098-833e-4db4-a7ce-341ecfc3febf', 'neutron:project_id': 'e52a91939dd1461082a03a78d0c7aa5c', 'neutron:cidrs': '10.1.0.1/26', 'neutron:device_owner': 'network:router_interface', 'neutron:subnet_pool_addr_scope4': '', 'neutron:subnet_pool_addr_scope6': '', 'neutron:network_name': 'neutron-73905e4d-d7cb-46b0-b8e2-06a70f4cdf62', 'neutron:security_group_ids': '', 'neutron:revision_number': '1', 'neutron:vnic_type': 'normal', 'neutron:port_capabilities': '', 'neutron:mtu': ''}, 'parent_name': [], 'enabled': True, 'options': {}, 'type': '', 'port_security': [], 'dhcpv4_options': [], 'dhcpv6_options': [], 'tag_request': []}) {{(pid=87601) do_commit /opt/stack/data/venv/lib/python3.12/site-packages/ovsdbapp/backend/ovs_idl/transaction.py:89}}
Aug 09 10:33:02.583325 np0000006830 devstack@neutron-api.service[87601]: DEBUG ovsdbapp.backend.ovs_idl.transaction [-] Running txn n=1 command(idx=1): QoSDelCommand(_result=None, switch=neutron-73905e4d-d7cb-46b0-b8e2-06a70f4cdf62, conditions=[('direction', '=', 'to-lport'), ('priority', '=', 2002), ('match', '=', 'outport == "c72722a5-9a65-459c-ae04-5831ca976240"')], if_exists=True) {{(pid=87601) do_commit /opt/stack/data/venv/lib/python3.12/site-packages/ovsdbapp/backend/ovs_idl/transaction.py:89}}
Aug 09 10:33:02.583482 np0000006830 devstack@neutron-api.service[87601]: DEBUG ovsdbapp.backend.ovs_idl.transaction [-] Running txn n=1 command(idx=2): QoSDelCommand(_result=None, switch=neutron-73905e4d-d7cb-46b0-b8e2-06a70f4cdf62, conditions=[('direction', '=', 'from-lport'), ('priority', '=', 2002), ('match', '=', 'inport == "c72722a5-9a65-459c-ae04-5831ca976240"')], if_exists=True) {{(pid=87601) do_commit /opt/stack/data/venv/lib/python3.12/site-packages/ovsdbapp/backend/ovs_idl/transaction.py:89}}
Aug 09 10:33:02.598745 np0000006830 devstack@neutron-api.service[87601]: DEBUG neutron.plugins.ml2.drivers.ovn.mech_driver.ovsdb.ovsdb_monitor [-] Hash Ring: Node 75f17d85c9835fc3ad54fd45f4015273 (host: np0000006830) handling event "update" for row 73905e4d-d7cb-46b0-b8e2-06a70f4cdf62 (table: Logical_Switch) {{(pid=87601) notify /opt/stack/neutron/neutron/plugins/ml2/drivers/ovn/mech_driver/ovsdb/ovsdb_monitor.py:1099}}
Aug 09 10:33:02.599604 np0000006830 devstack@neutron-api.service[87600]: DEBUG neutron.plugins.ml2.drivers.ovn.mech_driver.ovsdb.ovsdb_monitor [-] Hash Ring: Node 5ecfd2b1c8d955d08e19de837295d8c3 (host: np0000006830) handling event "update" for row 73905e4d-d7cb-46b0-b8e2-06a70f4cdf62 (table: Logical_Switch) {{(pid=87600) notify /opt/stack/neutron/neutron/plugins/ml2/drivers/ovn/mech_driver/ovsdb/ovsdb_monitor.py:1099}}
Aug 09 10:33:02.600822 np0000006830 devstack@neutron-api.service[87600]: DEBUG neutron.plugins.ml2.drivers.ovn.mech_driver.ovsdb.ovsdb_monitor [-] Hash Ring: Node 5ecfd2b1c8d955d08e19de837295d8c3 (host: np0000006830) handling event "create" for row 6ea8b099-7276-4380-82bd-5763c6d2ba72 (table: Logical_Switch_Port) {{(pid=87600) notify /opt/stack/neutron/neutron/plugins/ml2/drivers/ovn/mech_driver/ovsdb/ovsdb_monitor.py:1099}}
Aug 09 10:33:02.600897 np0000006830 devstack@neutron-api.service[87602]: DEBUG neutron.plugins.ml2.drivers.ovn.mech_driver.ovsdb.ovsdb_monitor [-] Hash Ring: Node 789eca27af055b83ab3f8f516ee44bb1 (host: np0000006830) handling event "create" for row 6ea8b099-7276-4380-82bd-5763c6d2ba72 (table: Logical_Switch_Port) {{(pid=87602) notify /opt/stack/neutron/neutron/plugins/ml2/drivers/ovn/mech_driver/ovsdb/ovsdb_monitor.py:1099}}
Aug 09 10:33:02.601293 np0000006830 devstack@neutron-api.service[87600]: DEBUG ovsdbapp.backend.ovs_idl.event [-] Matched CREATE: LogicalSwitchPortCreateEvent(events=('create',), table='Logical_Switch_Port', conditions=[], old_conditions=None), priority=20 to row=Logical_Switch_Port(uuid=6ea8b099-7276-4380-82bd-5763c6d2ba72, addresses=['unknown'], dhcpv4_options=[], dhcpv6_options=[], dynamic_addresses=[], enabled=True, external_ids={'neutron:cidrs': '10.1.0.1/26', 'neutron:device_id': 'a6651098-833e-4db4-a7ce-341ecfc3febf', 'neutron:device_owner': 'network:router_interface', 'neutron:mtu': '', 'neutron:network_name': 'neutron-73905e4d-d7cb-46b0-b8e2-06a70f4cdf62', 'neutron:port_capabilities': '', 'neutron:port_name': '', 'neutron:project_id': 'e52a91939dd1461082a03a78d0c7aa5c', 'neutron:revision_number': '1', 'neutron:security_group_ids': '', 'neutron:subnet_pool_addr_scope4': '', 'neutron:subnet_pool_addr_scope6': '', 'neutron:vnic_type': 'normal'}, ha_chassis_group=[], mirror_rules=[], name='c72722a5-9a65-459c-ae04-5831ca976240', options={}, parent_name=[], port_security=[], tag=[], tag_request=[], type='', up=[]) old= {{(pid=87600) matches /opt/stack/data/venv/lib/python3.12/site-packages/ovsdbapp/backend/ovs_idl/event.py:55}}
Aug 09 10:33:02.601489 np0000006830 devstack@neutron-api.service[87602]: DEBUG ovsdbapp.backend.ovs_idl.event [-] Matched CREATE: LogicalSwitchPortCreateEvent(events=('create',), table='Logical_Switch_Port', conditions=[], old_conditions=None), priority=20 to row=Logical_Switch_Port(uuid=6ea8b099-7276-4380-82bd-5763c6d2ba72, addresses=['unknown'], dhcpv4_options=[], dhcpv6_options=[], dynamic_addresses=[], enabled=True, external_ids={'neutron:cidrs': '10.1.0.1/26', 'neutron:device_id': 'a6651098-833e-4db4-a7ce-341ecfc3febf', 'neutron:device_owner': 'network:router_interface', 'neutron:mtu': '', 'neutron:network_name': 'neutron-73905e4d-d7cb-46b0-b8e2-06a70f4cdf62', 'neutron:port_capabilities': '', 'neutron:port_name': '', 'neutron:project_id': 'e52a91939dd1461082a03a78d0c7aa5c', 'neutron:revision_number': '1', 'neutron:security_group_ids': '', 'neutron:subnet_pool_addr_scope4': '', 'neutron:subnet_pool_addr_scope6': '', 'neutron:vnic_type': 'normal'}, ha_chassis_group=[], mirror_rules=[], name='c72722a5-9a65-459c-ae04-5831ca976240', options={}, parent_name=[], port_security=[], tag=[], tag_request=[], type='', up=[]) old= {{(pid=87602) matches /opt/stack/data/venv/lib/python3.12/site-packages/ovsdbapp/backend/ovs_idl/event.py:55}}
Aug 09 10:33:02.601840 np0000006830 devstack@neutron-api.service[87600]: INFO neutron.plugins.ml2.drivers.ovn.mech_driver.mech_driver [None req-12b76c4e-afb8-4e95-846b-782d505c4fc2 None None] OVN reports status down for port: c72722a5-9a65-459c-ae04-5831ca976240
