Jun 01 14:38:30.056471 np0000001856 devstack@neutron-api.service[89885]: DEBUG neutron.plugins.ml2.drivers.ovn.mech_driver.ovsdb.ovsdb_monitor [-] Hash Ring: Node e3e2adb151805528b2697631749e86d2 (host: np0000001856) handling event "create" for row 78dadf72-2de4-4edf-8955-1e356b28577e (table: Logical_Router_Port) {{(pid=89885) notify /opt/stack/neutron/neutron/plugins/ml2/drivers/ovn/mech_driver/ovsdb/ovsdb_monitor.py:986}}
Jun 01 14:38:30.057485 np0000001856 devstack@neutron-api.service[89885]: DEBUG ovsdbapp.backend.ovs_idl.event [-] Matched CREATE: LogicalRouterPortEvent(events=('create', 'delete'), table='Logical_Router_Port', conditions=None, old_conditions=None), priority=20 to row=Logical_Router_Port(uuid=78dadf72-2de4-4edf-8955-1e356b28577e, enabled=[], external_ids={'neutron:is_ext_gw': 'False', 'neutron:network_name': 'neutron-1a3822e6-7f19-48ee-bf3f-30f83b9e1df2', 'neutron:revision_number': '1', 'neutron:router_name': 'neutron-03008940-fac7-4714-8416-82fe44f2e25c', 'neutron:subnet_ids': 'e1eeacc6-2ad3-4ed4-bab0-e22b23db7fa9'}, gateway_chassis=[], ha_chassis_group=[], ipv6_prefix=[], ipv6_ra_configs={}, mac='fa:16:3e:28:1a:45', name='lrp-5bd041dc-fab9-431a-a992-83a776ade157', networks=['10.1.0.1/26'], options={}, peer=[], status={}) old= {{(pid=89885) matches /opt/stack/data/venv/lib/python3.12/site-packages/ovsdbapp/backend/ovs_idl/event.py:55}}
Jun 01 14:38:30.058200 np0000001856 devstack@neutron-api.service[89885]: INFO neutron.plugins.ml2.drivers.ovn.mech_driver.ovsdb.extensions.qos [None req-dcfe428f-ec4e-4b18-a509-021a8c9bc017 None None] Starting OVNClientQosExtension
Jun 01 14:38:30.058275 np0000001856 devstack@neutron-api.service[89884]: DEBUG neutron.plugins.ml2.drivers.ovn.mech_driver.ovsdb.ovsdb_monitor [-] Hash Ring: Node 2665939ff94f5ce087cf2826581fe1e4 (host: np0000001856) handling event "update" for row 6ad3ca9b-43cf-4ada-a16c-d01d38896737 (table: Logical_Router) {{(pid=89884) notify /opt/stack/neutron/neutron/plugins/ml2/drivers/ovn/mech_driver/ovsdb/ovsdb_monitor.py:986}}
Jun 01 14:38:30.058388 np0000001856 devstack@neutron-api.service[89884]: DEBUG neutron.plugins.ml2.drivers.ovn.mech_driver.ovsdb.ovsdb_monitor [-] Hash Ring: Node 2665939ff94f5ce087cf2826581fe1e4 (host: np0000001856) handling event "update" for row 630420db-fc39-48e2-ba5f-0eb699f58800 (table: Logical_Switch_Port) {{(pid=89884) notify /opt/stack/neutron/neutron/plugins/ml2/drivers/ovn/mech_driver/ovsdb/ovsdb_monitor.py:986}}
Jun 01 14:38:30.060678 np0000001856 devstack@neutron-api.service[89886]: DEBUG neutron.plugins.ml2.drivers.ovn.mech_driver.ovsdb.ovsdb_monitor [-] Hash Ring: Node 70391837fdc75b32a0c09f1b9a574d00 (host: np0000001856) handling event "update" for row 6ad3ca9b-43cf-4ada-a16c-d01d38896737 (table: Logical_Router) {{(pid=89886) notify /opt/stack/neutron/neutron/plugins/ml2/drivers/ovn/mech_driver/ovsdb/ovsdb_monitor.py:986}}
Jun 01 14:38:30.061251 np0000001856 devstack@neutron-api.service[89886]: DEBUG neutron.plugins.ml2.drivers.ovn.mech_driver.ovsdb.ovsdb_monitor [-] Hash Ring: Node 70391837fdc75b32a0c09f1b9a574d00 (host: np0000001856) handling event "create" for row 2a284549-836e-47a0-928e-d6ad3516b3aa (table: Port_Binding) {{(pid=89886) notify /opt/stack/neutron/neutron/plugins/ml2/drivers/ovn/mech_driver/ovsdb/ovsdb_monitor.py:986}}
Jun 01 14:38:30.061837 np0000001856 devstack@neutron-api.service[89885]: DEBUG neutron.plugins.ml2.drivers.ovn.mech_driver.ovsdb.ovsdb_monitor [-] Hash Ring: Node e3e2adb151805528b2697631749e86d2 (host: np0000001856) handling event "update" for row 86178787-281b-47b1-a5d9-9ef81dd0be72 (table: Port_Binding) {{(pid=89885) notify /opt/stack/neutron/neutron/plugins/ml2/drivers/ovn/mech_driver/ovsdb/ovsdb_monitor.py:986}}
Jun 01 14:38:30.062450 np0000001856 devstack@neutron-api.service[89886]: DEBUG neutron.plugins.ml2.drivers.ovn.mech_driver.ovsdb.ovsdb_monitor [-] Hash Ring: Node 70391837fdc75b32a0c09f1b9a574d00 (host: np0000001856) handling event "create" for row 78dadf72-2de4-4edf-8955-1e356b28577e (table: Logical_Router_Port) {{(pid=89886) notify /opt/stack/neutron/neutron/plugins/ml2/drivers/ovn/mech_driver/ovsdb/ovsdb_monitor.py:986}}
Jun 01 14:38:30.063450 np0000001856 devstack@neutron-api.service[89886]: DEBUG neutron.plugins.ml2.drivers.ovn.mech_driver.ovsdb.ovsdb_monitor [-] Hash Ring: Node 70391837fdc75b32a0c09f1b9a574d00 (host: np0000001856) handling event "update" for row 86178787-281b-47b1-a5d9-9ef81dd0be72 (table: Port_Binding) {{(pid=89886) notify /opt/stack/neutron/neutron/plugins/ml2/drivers/ovn/mech_driver/ovsdb/ovsdb_monitor.py:986}}
Jun 01 14:38:30.064109 np0000001856 devstack@neutron-api.service[89886]: DEBUG ovsdbapp.backend.ovs_idl.event [-] Matched CREATE: LogicalRouterPortEvent(events=('create', 'delete'), table='Logical_Router_Port', conditions=None, old_conditions=None), priority=20 to row=Logical_Router_Port(uuid=78dadf72-2de4-4edf-8955-1e356b28577e, enabled=[], external_ids={'neutron:is_ext_gw': 'False', 'neutron:network_name': 'neutron-1a3822e6-7f19-48ee-bf3f-30f83b9e1df2', 'neutron:revision_number': '1', 'neutron:router_name': 'neutron-03008940-fac7-4714-8416-82fe44f2e25c', 'neutron:subnet_ids': 'e1eeacc6-2ad3-4ed4-bab0-e22b23db7fa9'}, gateway_chassis=[], ha_chassis_group=[], ipv6_prefix=[], ipv6_ra_configs={}, mac='fa:16:3e:28:1a:45', name='lrp-5bd041dc-fab9-431a-a992-83a776ade157', networks=['10.1.0.1/26'], options={}, peer=[], status={}) old= {{(pid=89886) matches /opt/stack/data/venv/lib/python3.12/site-packages/ovsdbapp/backend/ovs_idl/event.py:55}}
Jun 01 14:38:30.065020 np0000001856 devstack@neutron-api.service[89886]: DEBUG neutron.plugins.ml2.drivers.ovn.mech_driver.ovsdb.ovsdb_monitor [-] Hash Ring: Node 70391837fdc75b32a0c09f1b9a574d00 (host: np0000001856) handling event "update" for row 630420db-fc39-48e2-ba5f-0eb699f58800 (table: Logical_Switch_Port) {{(pid=89886) notify /opt/stack/neutron/neutron/plugins/ml2/drivers/ovn/mech_driver/ovsdb/ovsdb_monitor.py:986}}
Jun 01 14:38:30.065094 np0000001856 devstack@neutron-api.service[89884]: DEBUG neutron.plugins.ml2.drivers.ovn.mech_driver.ovsdb.ovsdb_monitor [-] Hash Ring: Node 2665939ff94f5ce087cf2826581fe1e4 (host: np0000001856) handling event "create" for row 2a284549-836e-47a0-928e-d6ad3516b3aa (table: Port_Binding) {{(pid=89884) notify /opt/stack/neutron/neutron/plugins/ml2/drivers/ovn/mech_driver/ovsdb/ovsdb_monitor.py:986}}
Jun 01 14:38:30.070927 np0000001856 devstack@neutron-api.service[89886]: INFO neutron.db.ovn_revision_numbers_db [None req-13bad606-c1c9-487f-b507-2cb91797e95a None None] Successfully bumped revision number for resource 5bd041dc-fab9-431a-a992-83a776ade157 (type: ports) to 2
Jun 01 14:38:30.077722 np0000001856 devstack@neutron-api.service[89884]: DEBUG neutron_lib.db.api [None req-7d8c0897-24ba-4695-86e2-815572971ea5 None None] Retry wrapper got retriable exception: UPDATE statement on table 'standardattributes' expected to update 1 row(s); 0 were matched. {{(pid=89884) wrapped /opt/stack/data/venv/lib/python3.12/site-packages/neutron_lib/db/api.py:185}}
Jun 01 14:38:30.077907 np0000001856 devstack@neutron-api.service[89884]: DEBUG oslo_db.api [None req-7d8c0897-24ba-4695-86e2-815572971ea5 None None] Performing DB retry for function neutron.plugins.ml2.plugin.Ml2Plugin.update_port_statuses {{(pid=89884) wrapper /opt/stack/data/venv/lib/python3.12/site-packages/oslo_db/api.py:155}}
Jun 01 14:38:30.084333 np0000001856 devstack@neutron-api.service[89886]: DEBUG neutron_lib.callbacks.manager [None req-13bad606-c1c9-487f-b507-2cb91797e95a None None] Publish callbacks ['neutron.plugins.ml2.ovo_rpc._ObjectChangeHandler.handle_event-3381135', 'neutron.services.ovn_l3.plugin.OVNL3RouterPlugin._port_update-8202101653818'] for port (5bd041dc-fab9-431a-a992-83a776ade157), after_update {{(pid=89886) _notify_loop /opt/stack/data/venv/lib/python3.12/site-packages/neutron_lib/callbacks/manager.py:184}}
Jun 01 14:38:30.100147 np0000001856 devstack@neutron-api.service[89884]: DEBUG ovsdbapp.backend.ovs_idl.event [None req-e615fc10-48e0-4b6f-87c8-663468d497b2 None None] Matched UPDATE: LogicalSwitchPortUpdateLogicalRouterPortEvent(events=('update',), table='Logical_Switch_Port', conditions=None, old_conditions=None), priority=20 to row=Logical_Switch_Port(uuid=630420db-fc39-48e2-ba5f-0eb699f58800, addresses=['router'], dhcpv4_options=[], dhcpv6_options=[], dynamic_addresses=[], enabled=True, external_ids={'neutron:cidrs': '10.1.0.1/26', 'neutron:device_id': '03008940-fac7-4714-8416-82fe44f2e25c', 'neutron:device_owner': 'network:router_interface', 'neutron:mtu': '', 'neutron:network_name': 'neutron-1a3822e6-7f19-48ee-bf3f-30f83b9e1df2', 'neutron:port_capabilities': '', 'neutron:port_name': '', 'neutron:project_id': 'cb5020b001c341a998e3dbb14026014c', 'neutron:revision_number': '2', 'neutron:security_group_ids': '', 'neutron:subnet_pool_addr_scope4': '', 'neutron:subnet_pool_addr_scope6': '', 'neutron:vnic_type': 'normal'}, ha_chassis_group=[], mirror_rules=[], name='5bd041dc-fab9-431a-a992-83a776ade157', options={'router-port': 'lrp-5bd041dc-fab9-431a-a992-83a776ade157'}, parent_name=[], port_security=[], tag=[], tag_request=[], type='router', up=True) old=Logical_Switch_Port(uuid=630420db-fc39-48e2-ba5f-0eb699f58800, addresses=['unknown'], options={}) {{(pid=89884) matches /opt/stack/data/venv/lib/python3.12/site-packages/ovsdbapp/backend/ovs_idl/event.py:55}}
Jun 01 14:38:30.129205 np0000001856 devstack@neutron-api.service[89886]: DEBUG ovsdbapp.backend.ovs_idl.event [None req-1168570f-a593-4801-bcab-834397ea8b28 None None] Matched UPDATE: LogicalSwitchPortUpdateLogicalRouterPortEvent(events=('update',), table='Logical_Switch_Port', conditions=None, old_conditions=None), priority=20 to row=Logical_Switch_Port(uuid=630420db-fc39-48e2-ba5f-0eb699f58800, addresses=['router'], dhcpv4_options=[], dhcpv6_options=[], dynamic_addresses=[], enabled=True, external_ids={'neutron:cidrs': '10.1.0.1/26', 'neutron:device_id': '03008940-fac7-4714-8416-82fe44f2e25c', 'neutron:device_owner': 'network:router_interface', 'neutron:mtu': '', 'neutron:network_name': 'neutron-1a3822e6-7f19-48ee-bf3f-30f83b9e1df2', 'neutron:port_capabilities': '', 'neutron:port_name': '', 'neutron:project_id': 'cb5020b001c341a998e3dbb14026014c', 'neutron:revision_number': '2', 'neutron:security_group_ids': '', 'neutron:subnet_pool_addr_scope4': '', 'neutron:subnet_pool_addr_scope6': '', 'neutron:vnic_type': 'normal'}, ha_chassis_group=[], mirror_rules=[], name='5bd041dc-fab9-431a-a992-83a776ade157', options={'router-port': 'lrp-5bd041dc-fab9-431a-a992-83a776ade157'}, parent_name=[], port_security=[], tag=[], tag_request=[], type='router', up=True) old=Logical_Switch_Port(uuid=630420db-fc39-48e2-ba5f-0eb699f58800, addresses=['unknown'], options={}) {{(pid=89886) matches /opt/stack/data/venv/lib/python3.12/site-packages/ovsdbapp/backend/ovs_idl/event.py:55}}
Jun 01 14:38:30.130270 np0000001856 devstack@neutron-api.service[89886]: DEBUG neutron.api.rpc.handlers.resources_rpc [None req-3be3c9e7-f282-4e4d-be08-b1f53eac1c12 None None] Pushing event updated for resources: {'Port': ['ID=5bd041dc-fab9-431a-a992-83a776ade157,revision_number=2']} {{(pid=89886) push /opt/stack/neutron/neutron/api/rpc/handlers/resources_rpc.py:237}}
Jun 01 14:38:30.348608 np0000001856 devstack@neutron-api.service[89884]: INFO neutron.db.ovn_revision_numbers_db [None req-9ddceb77-0b40-4aab-802f-495215494774 admin admin] Successfully bumped revision number for resource 5bd041dc-fab9-431a-a992-83a776ade157 (type: router_ports) to 1
Jun 01 14:38:30.350612 np0000001856 devstack@neutron-api.service[89884]: [pid: 89884|app: 0|req: 6/19] 10.4.3.166 () {68 vars in 1496 bytes} [Mon Jun 1 14:38:28 2026] PUT /networking/v2.0/routers/03008940-fac7-4714-8416-82fe44f2e25c/add_router_interface => generated 310 bytes in 1639 msecs (HTTP/1.1 200) 4 headers in 157 bytes (1 switches on core 0)
Jun 01 14:38:30.596018 np0000001856 devstack@neutron-api.service[89884]: DEBUG neutron.plugins.ml2.plugin [None req-7d8c0897-24ba-4695-86e2-815572971ea5 None None] Current status of the port 5bd041dc-fab9-431a-a992-83a776ade157 is: ACTIVE; New status is: ACTIVE {{(pid=89884) _update_individual_port_db_status /opt/stack/neutron/neutron/plugins/ml2/plugin.py:2469}}
Jun 01 14:38:30.597340 np0000001856 devstack@neutron-api.service[89886]: DEBUG neutron.pecan_wsgi.hooks.policy_enforcement [None req-ec8b3223-edda-446c-ae65-72127addc081 admin admin] Attributes excluded by policy engine: ['standard_attr_id'] {{(pid=89886) _exclude_attributes_by_policy /opt/stack/neutron/neutron/pecan_wsgi/hooks/policy_enforcement.py:256}}
Jun 01 14:38:30.598209 np0000001856 devstack@neutron-api.service[89886]: [pid: 89886|app: 0|req: 8/20] 10.4.3.166 () {64 vars in 1384 bytes} [Mon Jun 1 14:38:30 2026] GET /networking/v2.0/networks/41c76b9d-5352-41c9-bfa9-826a0ca78b81 => generated 679 bytes in 23 msecs (HTTP/1.1 200) 4 headers in 157 bytes (1 switches on core 0)
Jun 01 14:38:30.609336 np0000001856 devstack@neutron-api.service[89885]: DEBUG neutron.api.v2.base [None req-0c51c194-f10f-4407-a497-763b195726e4 admin admin] Request body: {'subnet': {'gateway_ip': '172.24.5.1', 'enable_dhcp': False, 'cidr': '172.24.5.0/24', 'name': 'public-subnet', 'ip_version': 4, 'network_id': '41c76b9d-5352-41c9-bfa9-826a0ca78b81'}} {{(pid=89885) prepare_request_body /opt/stack/neutron/neutron/api/v2/base.py:727}}
Jun 01 14:38:30.811302 np0000001856 devstack@neutron-api.service[89885]: DEBUG neutron.pecan_wsgi.hooks.quota_enforcement [None req-0c51c194-f10f-4407-a497-763b195726e4 admin admin] Made reservation on behalf of cb5020b001c341a998e3dbb14026014c for: {'subnet': 1} {{(pid=89885) before /opt/stack/neutron/neutron/pecan_wsgi/hooks/quota_enforcement.py:66}}
Jun 01 14:38:30.813986 np0000001856 devstack@neutron-api.service[89885]: DEBUG neutron_lib.callbacks.manager [None req-0c51c194-f10f-4407-a497-763b195726e4 admin admin] Publish callbacks [] for subnet (None), before_create {{(pid=89885) _notify_loop /opt/stack/data/venv/lib/python3.12/site-packages/neutron_lib/callbacks/manager.py:184}}
Jun 01 14:38:30.934228 np0000001856 devstack@neutron-api.service[89885]: DEBUG neutron.db.ovn_revision_numbers_db [None req-0c51c194-f10f-4407-a497-763b195726e4 admin admin] create_initial_revision uuid=a8a346b0-e6f8-41e5-88a4-aff4dbd9a9d7, type=subnets, rev=-1 {{(pid=89885) create_initial_revision /opt/stack/neutron/neutron/db/ovn_revision_numbers_db.py:98}}
Jun 01 14:38:30.992408 np0000001856 devstack@neutron-api.service[89885]: DEBUG neutron.objects.ports [None req-0c51c194-f10f-4407-a497-763b195726e4 admin admin] Time-cost: Fetching 0 ports in 0 security groups {{(pid=89885) get_objects /opt/stack/neutron/neutron/objects/ports.py:506}}
Jun 01 14:38:30.992614 np0000001856 devstack@neutron-api.service[89885]: DEBUG neutron_lib.callbacks.manager [None req-0c51c194-f10f-4407-a497-763b195726e4 admin admin] Publish callbacks ['neutron.plugins.ml2.ovo_rpc._ObjectChangeHandler.handle_event-2789935'] for subnet (a8a346b0-e6f8-41e5-88a4-aff4dbd9a9d7), after_create {{(pid=89885) _notify_loop /opt/stack/data/venv/lib/python3.12/site-packages/neutron_lib/callbacks/manager.py:184}}
Jun 01 14:38:31.003150 np0000001856 devstack@neutron-api.service[89886]: DEBUG futurist.periodics [-] Submitting periodic callback 'neutron.plugins.ml2.drivers.ovn.mech_driver.ovsdb.maintenance.HashRingHealthCheckPeriodics.touch_hash_ring_node' {{(pid=89886) _process_scheduled /opt/stack/data/venv/lib/python3.12/site-packages/futurist/periodics.py:784}}
Jun 01 14:38:31.004138 np0000001856 devstack@neutron-api.service[89886]: DEBUG neutron.plugins.ml2.drivers.ovn.mech_driver.ovsdb.maintenance [-] Touching Hash Ring node "70391837fdc75b32a0c09f1b9a574d00" from periodic health check thread {{(pid=89886) touch_hash_ring_node /opt/stack/neutron/neutron/plugins/ml2/drivers/ovn/mech_driver/ovsdb/maintenance.py:1466}}
Jun 01 14:38:31.005012 np0000001856 devstack@neutron-api.service[89885]: DEBUG neutron.api.rpc.handlers.resources_rpc [None req-0c51c194-f10f-4407-a497-763b195726e4 admin admin] Pushing event updated for resources: {'Subnet': ['ID=a8a346b0-e6f8-41e5-88a4-aff4dbd9a9d7,revision_number=0']} {{(pid=89885) push /opt/stack/neutron/neutron/api/rpc/handlers/resources_rpc.py:237}}
Jun 01 14:38:31.011574 np0000001856 devstack@neutron-api.service[89885]: DEBUG neutron.api.rpc.callbacks.version_manager [None req-0c51c194-f10f-4407-a497-763b195726e4 admin admin] Tracked resource versions report:
Jun 01 14:38:31.011574 np0000001856 devstack@neutron-api.service[89885]: pushed versions:
Jun 01 14:38:31.011574 np0000001856 devstack@neutron-api.service[89885]: { 'AddressGroup': {'1.2'},
Jun 01 14:38:31.011574 np0000001856 devstack@neutron-api.service[89885]: 'Agent': {'1.1'},
Jun 01 14:38:31.011574 np0000001856 devstack@neutron-api.service[89885]: 'ConntrackHelper': {'1.0'},
Jun 01 14:38:31.011574 np0000001856 devstack@neutron-api.service[89885]: 'LocalIPAssociation': {'1.0'},
Jun 01 14:38:31.011574 np0000001856 devstack@neutron-api.service[89885]: 'Log': {'1.0'},
Jun 01 14:38:31.011574 np0000001856 devstack@neutron-api.service[89885]: 'NDPProxy': {'1.0'},
Jun 01 14:38:31.011574 np0000001856 devstack@neutron-api.service[89885]: 'Network': {'1.3'},
Jun 01 14:38:31.011574 np0000001856 devstack@neutron-api.service[89885]: 'Port': {'1.11'},
Jun 01 14:38:31.011574 np0000001856 devstack@neutron-api.service[89885]: 'PortForwarding': {'1.3'},
Jun 01 14:38:31.011574 np0000001856 devstack@neutron-api.service[89885]: 'QosPolicy': {'1.10'},
Jun 01 14:38:31.011574 np0000001856 devstack@neutron-api.service[89885]: 'SecurityGroup': {'1.6'},
Jun 01 14:38:31.011574 np0000001856 devstack@neutron-api.service[89885]: 'SecurityGroupRule': {'1.3'},
Jun 01 14:38:31.011574 np0000001856 devstack@neutron-api.service[89885]: 'SubPort': {'1.0'},
Jun 01 14:38:31.011574 np0000001856 devstack@neutron-api.service[89885]: 'Subnet': {'1.2'},
Jun 01 14:38:31.011574 np0000001856 devstack@neutron-api.service[89885]: 'Trunk': {'1.1'}}
Jun 01 14:38:31.011574 np0000001856 devstack@neutron-api.service[89885]: consumer versions:
Jun 01 14:38:31.011574 np0000001856 devstack@neutron-api.service[89885]: { OVN Controller Gateway agent@np0000001856: {},
Jun 01 14:38:31.011574 np0000001856 devstack@neutron-api.service[89885]: OVN Neutron agent@np0000001856: {}}
Jun 01 14:38:31.011574 np0000001856 devstack@neutron-api.service[89885]: {{(pid=89885) report /opt/stack/neutron/neutron/api/rpc/callbacks/version_manager.py:183}}
Jun 01 14:38:31.049221 np0000001856 devstack@neutron-api.service[89885]: INFO neutron.db.ovn_revision_numbers_db [None req-0c51c194-f10f-4407-a497-763b195726e4 admin admin] Successfully bumped revision number for resource a8a346b0-e6f8-41e5-88a4-aff4dbd9a9d7 (type: subnets) to 0
Jun 01 14:38:31.050330 np0000001856 devstack@neutron-api.service[89885]: DEBUG neutron.pecan_wsgi.hooks.policy_enforcement [None req-0c51c194-f10f-4407-a497-763b195726e4 admin admin] Attributes excluded by policy engine: ['standard_attr_id', 'shared', 'network'] {{(pid=89885) _exclude_attributes_by_policy /opt/stack/neutron/neutron/pecan_wsgi/hooks/policy_enforcement.py:256}}
Jun 01 14:38:31.050634 np0000001856 devstack@neutron-api.service[89885]: DEBUG neutron_lib.callbacks.manager [None req-0c51c194-f10f-4407-a497-763b195726e4 admin admin] Publish callbacks [] for subnet (None), before_response {{(pid=89885) _notify_loop /opt/stack/data/venv/lib/python3.12/site-packages/neutron_lib/callbacks/manager.py:184}}
Jun 01 14:38:31.058845 np0000001856 devstack@neutron-api.service[89885]: [pid: 89885|app: 0|req: 7/21] 10.4.3.166 () {68 vars in 1324 bytes} [Mon Jun 1 14:38:30 2026] POST /networking/v2.0/subnets => generated 640 bytes in 452 msecs (HTTP/1.1 201) 4 headers in 162 bytes (1 switches on core 0)
Jun 01 14:38:31.327436 np0000001856 devstack@neutron-api.service[89884]: DEBUG neutron.api.wsgi [None req-943a41f5-f570-4b4b-9355-a5186f893c3c admin admin] Missing Content-Type {{(pid=89884) get_content_type /opt/stack/neutron/neutron/api/wsgi.py:80}}
Jun 01 14:38:31.364156 np0000001856 devstack@neutron-api.service[89884]: [pid: 89884|app: 0|req: 7/22] 10.4.3.166 () {64 vars in 1381 bytes} [Mon Jun 1 14:38:31 2026] GET /networking/v2.0/routers/03008940-fac7-4714-8416-82fe44f2e25c => generated 599 bytes in 39 msecs (HTTP/1.1 200) 4 headers in 157 bytes (1 switches on core 0)
Jun 01 14:38:31.399462 np0000001856 devstack@neutron-api.service[89886]: DEBUG neutron.pecan_wsgi.hooks.policy_enforcement [None req-c55fd53e-6a80-4230-9dcf-3003a6d72ac3 admin admin] Attributes excluded by policy engine: ['standard_attr_id'] {{(pid=89886) _exclude_attributes_by_policy /opt/stack/neutron/neutron/pecan_wsgi/hooks/policy_enforcement.py:256}}
Jun 01 14:38:31.400124 np0000001856 devstack@neutron-api.service[89886]: [pid: 89886|app: 0|req: 9/23] 10.4.3.166 () {64 vars in 1384 bytes} [Mon Jun 1 14:38:31 2026] GET /networking/v2.0/networks/41c76b9d-5352-41c9-bfa9-826a0ca78b81 => generated 717 bytes in 28 msecs (HTTP/1.1 200) 4 headers in 157 bytes (1 switches on core 0)
Jun 01 14:38:31.411759 np0000001856 devstack@neutron-api.service[89885]: DEBUG neutron.api.wsgi [None req-46f47bc4-10fb-4947-bcc0-1e213f421b0b admin admin] Missing Content-Type {{(pid=89885) get_content_type /opt/stack/neutron/neutron/api/wsgi.py:80}}
Jun 01 14:38:31.412082 np0000001856 devstack@neutron-api.service[89885]: DEBUG neutron.api.wsgi [None req-46f47bc4-10fb-4947-bcc0-1e213f421b0b admin admin] https://10.4.3.166/networking/v2.0/extensions/external-gateway-multihoming returned with HTTP 200 {{(pid=89885) __call__ /opt/stack/neutron/neutron/api/wsgi.py:540}}
Jun 01 14:38:31.412462 np0000001856 devstack@neutron-api.service[89885]: [pid: 89885|app: 0|req: 8/24] 10.4.3.166 () {64 vars in 1366 bytes} [Mon Jun 1 14:38:31 2026] GET /networking/v2.0/extensions/external-gateway-multihoming => generated 227 bytes in 3 msecs (HTTP/1.1 200) 4 headers in 157 bytes (1 switches on core 0)
Jun 01 14:38:31.604288 np0000001856 devstack@neutron-api.service[89884]: DEBUG neutron_lib.callbacks.manager [None req-1b10a37e-5e95-423a-808b-4ce76e7c382b admin admin] Publish callbacks [] for router_gateway (03008940-fac7-4714-8416-82fe44f2e25c), precommit_update {{(pid=89884) _notify_loop /opt/stack/data/venv/lib/python3.12/site-packages/neutron_lib/callbacks/manager.py:184}}
Jun 01 14:38:31.675159 np0000001856 devstack@neutron-api.service[89884]: DEBUG neutron_lib.callbacks.manager [None req-1b10a37e-5e95-423a-808b-4ce76e7c382b admin admin] Publish callbacks [] for router_gateway (03008940-fac7-4714-8416-82fe44f2e25c), before_create {{(pid=89884) _notify_loop /opt/stack/data/venv/lib/python3.12/site-packages/neutron_lib/callbacks/manager.py:184}}
Jun 01 14:38:31.703251 np0000001856 devstack@neutron-api.service[89884]: DEBUG neutron_lib.callbacks.manager [None req-1b10a37e-5e95-423a-808b-4ce76e7c382b admin admin] Publish callbacks ['neutron.plugins.ml2.plugin.SecurityGroupDbMixin._ensure_default_security_group_handler-808794'] for port (None), before_create {{(pid=89884) _notify_loop /opt/stack/data/venv/lib/python3.12/site-packages/neutron_lib/callbacks/manager.py:184}}
Jun 01 14:38:31.753809 np0000001856 devstack@neutron-api.service[89884]: DEBUG neutron.db.db_base_plugin_common [None req-1b10a37e-5e95-423a-808b-4ce76e7c382b admin admin] Allocated IP 172.24.5.37 (41c76b9d-5352-41c9-bfa9-826a0ca78b81/a8a346b0-e6f8-41e5-88a4-aff4dbd9a9d7/60f44eba-2763-4571-93d5-464974016507) {{(pid=89884) _store_ip_allocation /opt/stack/neutron/neutron/db/db_base_plugin_common.py:131}}
Jun 01 14:38:31.797324 np0000001856 devstack@neutron-api.service[89884]: DEBUG neutron_lib.callbacks.manager [None req-1b10a37e-5e95-423a-808b-4ce76e7c382b admin admin] Publish callbacks ['neutron.plugins.ml2.drivers.ovn.mech_driver.mech_driver.OVNMechanismDriver._validate_allowed_address_pairs-375594'] for allowed_address_pair (60f44eba-2763-4571-93d5-464974016507), before_create {{(pid=89884) _notify_loop /opt/stack/data/venv/lib/python3.12/site-packages/neutron_lib/callbacks/manager.py:184}}
Jun 01 14:38:31.798081 np0000001856 devstack@neutron-api.service[89884]: DEBUG neutron_lib.callbacks.manager [None req-1b10a37e-5e95-423a-808b-4ce76e7c382b admin admin] Publish callbacks [] for port (60f44eba-2763-4571-93d5-464974016507), precommit_create {{(pid=89884) _notify_loop /opt/stack/data/venv/lib/python3.12/site-packages/neutron_lib/callbacks/manager.py:184}}
Jun 01 14:38:31.798250 np0000001856 devstack@neutron-api.service[89884]: DEBUG neutron.plugins.ml2.drivers.ovn.mech_driver.mech_driver [None req-1b10a37e-5e95-423a-808b-4ce76e7c382b admin admin] No provisioning block for port 60f44eba-2763-4571-93d5-464974016507 since it does not have a host {{(pid=89884) _is_port_provisioning_required /opt/stack/neutron/neutron/plugins/ml2/drivers/ovn/mech_driver/mech_driver.py:896}}
Jun 01 14:38:31.798365 np0000001856 devstack@neutron-api.service[89884]: DEBUG neutron.db.ovn_revision_numbers_db [None req-1b10a37e-5e95-423a-808b-4ce76e7c382b admin admin] create_initial_revision uuid=60f44eba-2763-4571-93d5-464974016507, type=ports, rev=-1 {{(pid=89884) create_initial_revision /opt/stack/neutron/neutron/db/ovn_revision_numbers_db.py:98}}
Jun 01 14:38:31.846286 np0000001856 devstack@neutron-api.service[89884]: DEBUG neutron.db.ovn_revision_numbers_db [None req-1b10a37e-5e95-423a-808b-4ce76e7c382b admin admin] create_initial_revision uuid=60f44eba-2763-4571-93d5-464974016507, type=router_ports, rev=-1 {{(pid=89884) create_initial_revision /opt/stack/neutron/neutron/db/ovn_revision_numbers_db.py:98}}
Jun 01 14:38:31.868277 np0000001856 devstack@neutron-api.service[89884]: DEBUG neutron_lib.callbacks.manager [None req-1b10a37e-5e95-423a-808b-4ce76e7c382b admin admin] Publish callbacks ['neutron.plugins.ml2.ovo_rpc._ObjectChangeHandler.handle_event-2777347'] for port (60f44eba-2763-4571-93d5-464974016507), after_create {{(pid=89884) _notify_loop /opt/stack/data/venv/lib/python3.12/site-packages/neutron_lib/callbacks/manager.py:184}}
Jun 01 14:38:31.875508 np0000001856 devstack@neutron-api.service[89885]: DEBUG futurist.periodics [-] Submitting periodic callback 'neutron.plugins.ml2.drivers.ovn.mech_driver.ovsdb.maintenance.HashRingHealthCheckPeriodics.touch_hash_ring_node' {{(pid=89885) _process_scheduled /opt/stack/data/venv/lib/python3.12/site-packages/futurist/periodics.py:784}}
Jun 01 14:38:31.876149 np0000001856 devstack@neutron-api.service[89885]: DEBUG neutron.plugins.ml2.drivers.ovn.mech_driver.ovsdb.maintenance [-] Touching Hash Ring node "e3e2adb151805528b2697631749e86d2" from periodic health check thread {{(pid=89885) touch_hash_ring_node /opt/stack/neutron/neutron/plugins/ml2/drivers/ovn/mech_driver/ovsdb/maintenance.py:1466}}
Jun 01 14:38:31.897034 np0000001856 devstack@neutron-api.service[89884]: DEBUG futurist.periodics [-] Submitting periodic callback 'neutron.plugins.ml2.drivers.ovn.mech_driver.ovsdb.maintenance.HashRingHealthCheckPeriodics.touch_hash_ring_node' {{(pid=89884) _process_scheduled /opt/stack/data/venv/lib/python3.12/site-packages/futurist/periodics.py:784}}
Jun 01 14:38:31.899235 np0000001856 devstack@neutron-api.service[89884]: DEBUG neutron.plugins.ml2.drivers.ovn.mech_driver.ovsdb.maintenance [-] Touching Hash Ring node "2665939ff94f5ce087cf2826581fe1e4" from periodic health check thread {{(pid=89884) touch_hash_ring_node /opt/stack/neutron/neutron/plugins/ml2/drivers/ovn/mech_driver/ovsdb/maintenance.py:1466}}
Jun 01 14:38:31.900546 np0000001856 devstack@neutron-api.service[89884]: DEBUG neutron.api.rpc.handlers.resources_rpc [None req-1b10a37e-5e95-423a-808b-4ce76e7c382b admin admin] Pushing event updated for resources: {'Port': ['ID=60f44eba-2763-4571-93d5-464974016507,revision_number=1']} {{(pid=89884) push /opt/stack/neutron/neutron/api/rpc/handlers/resources_rpc.py:237}}
Jun 01 14:38:31.933844 np0000001856 devstack@neutron-api.service[89884]: DEBUG ovsdbapp.backend.ovs_idl.transaction [None req-e615fc10-48e0-4b6f-87c8-663468d497b2 None None] Running txn n=1 command(idx=0): AddLSwitchPortCommand(_result=None, lport=60f44eba-2763-4571-93d5-464974016507, lswitch=neutron-41c76b9d-5352-41c9-bfa9-826a0ca78b81, may_exist=True, network_uuid=41c76b9d-5352-41c9-bfa9-826a0ca78b81, columns={'addresses': ['unknown'], 'external_ids': {'neutron:port_name': '', 'neutron:device_id': '03008940-fac7-4714-8416-82fe44f2e25c', 'neutron:project_id': '', 'neutron:cidrs': '172.24.5.37/24', 'neutron:device_owner': 'network:router_gateway', 'neutron:subnet_pool_addr_scope4': '', 'neutron:subnet_pool_addr_scope6': '', 'neutron:network_name': 'neutron-41c76b9d-5352-41c9-bfa9-826a0ca78b81', 'neutron:security_group_ids': '', 'neutron:revision_number': '1', 'neutron:vnic_type': 'normal', 'neutron:port_capabilities': '', 'neutron:mtu': ''}, 'parent_name': [], 'tag': [], 'enabled': True, 'options': {}, 'type': '', 'port_security': [], 'dhcpv4_options': [], 'dhcpv6_options': []}) {{(pid=89884) do_commit /opt/stack/data/venv/lib/python3.12/site-packages/ovsdbapp/backend/ovs_idl/transaction.py:89}}
Jun 01 14:38:31.934289 np0000001856 devstack@neutron-api.service[89884]: DEBUG ovsdbapp.backend.ovs_idl.transaction [None req-e615fc10-48e0-4b6f-87c8-663468d497b2 None None] Running txn n=1 command(idx=1): QoSDelCommand(_result=None, switch=neutron-41c76b9d-5352-41c9-bfa9-826a0ca78b81, conditions=[('direction', '=', 'to-lport'), ('priority', '=', 2002), ('match', '=', 'outport == "60f44eba-2763-4571-93d5-464974016507"')], if_exists=True) {{(pid=89884) do_commit /opt/stack/data/venv/lib/python3.12/site-packages/ovsdbapp/backend/ovs_idl/transaction.py:89}}
Jun 01 14:38:31.934429 np0000001856 devstack@neutron-api.service[89884]: DEBUG ovsdbapp.backend.ovs_idl.transaction [None req-e615fc10-48e0-4b6f-87c8-663468d497b2 None None] Running txn n=1 command(idx=2): QoSDelCommand(_result=None, switch=neutron-41c76b9d-5352-41c9-bfa9-826a0ca78b81, conditions=[('direction', '=', 'from-lport'), ('priority', '=', 2002), ('match', '=', 'inport == "60f44eba-2763-4571-93d5-464974016507"')], if_exists=True) {{(pid=89884) do_commit /opt/stack/data/venv/lib/python3.12/site-packages/ovsdbapp/backend/ovs_idl/transaction.py:89}}
Jun 01 14:38:31.934657 np0000001856 devstack@neutron-api.service[89884]: DEBUG ovsdbapp.backend.ovs_idl.transaction [None req-e615fc10-48e0-4b6f-87c8-663468d497b2 None None] Running txn n=1 command(idx=3): UpdateLSwitchPortQosOptionsCommand(_result=None, lport=AddLSwitchPortCommand(_result=dcb04d6d-984b-4135-b43b-b255a9608e62, lport=60f44eba-2763-4571-93d5-464974016507, lswitch=neutron-41c76b9d-5352-41c9-bfa9-826a0ca78b81, may_exist=True, network_uuid=41c76b9d-5352-41c9-bfa9-826a0ca78b81, columns={'addresses': ['unknown'], 'external_ids': {'neutron:port_name': '', 'neutron:device_id': '03008940-fac7-4714-8416-82fe44f2e25c', 'neutron:project_id': '', 'neutron:cidrs': '172.24.5.37/24', 'neutron:device_owner': 'network:router_gateway', 'neutron:subnet_pool_addr_scope4': '', 'neutron:subnet_pool_addr_scope6': '', 'neutron:network_name': 'neutron-41c76b9d-5352-41c9-bfa9-826a0ca78b81', 'neutron:security_group_ids': '', 'neutron:revision_number': '1', 'neutron:vnic_type': 'normal', 'neutron:port_capabilities': '', 'neutron:mtu': ''}, 'parent_name': [], 'enabled': True, 'options': {}, 'type': '', 'port_security': []}), if_exists=True, qos={'qos_max_rate': None, 'qos_burst': None, 'qos_min_rate': None}) {{(pid=89884) do_commit /opt/stack/data/venv/lib/python3.12/site-packages/ovsdbapp/backend/ovs_idl/transaction.py:89}}
Jun 01 14:38:31.937822 np0000001856 devstack@neutron-api.service[89885]: DEBUG neutron.plugins.ml2.drivers.ovn.mech_driver.ovsdb.ovsdb_monitor [-] Hash Ring: Node e3e2adb151805528b2697631749e86d2 (host: np0000001856) handling event "update" for row 41c76b9d-5352-41c9-bfa9-826a0ca78b81 (table: Logical_Switch) {{(pid=89885) notify /opt/stack/neutron/neutron/plugins/ml2/drivers/ovn/mech_driver/ovsdb/ovsdb_monitor.py:986}}
Jun 01 14:38:31.938239 np0000001856 devstack@neutron-api.service[89886]: DEBUG neutron.plugins.ml2.drivers.ovn.mech_driver.ovsdb.ovsdb_monitor [None req-1168570f-a593-4801-bcab-834397ea8b28 None None] Touching Hash Ring node "70391837fdc75b32a0c09f1b9a574d00" from IDL notify handler {{(pid=89886) notify /opt/stack/neutron/neutron/plugins/ml2/drivers/ovn/mech_driver/ovsdb/ovsdb_monitor.py:978}}
Jun 01 14:38:31.942989 np0000001856 devstack@neutron-api.service[89886]: DEBUG neutron.plugins.ml2.drivers.ovn.mech_driver.ovsdb.ovsdb_monitor [None req-7020e520-8edf-4a26-a879-73f083f917b9 None None] Touching Hash Ring node "70391837fdc75b32a0c09f1b9a574d00" from IDL notify handler {{(pid=89886) notify /opt/stack/neutron/neutron/plugins/ml2/drivers/ovn/mech_driver/ovsdb/ovsdb_monitor.py:978}}
Jun 01 14:38:31.943750 np0000001856 devstack@neutron-api.service[89884]: DEBUG neutron.plugins.ml2.drivers.ovn.mech_driver.ovsdb.ovsdb_monitor [-] Hash Ring: Node 2665939ff94f5ce087cf2826581fe1e4 (host: np0000001856) handling event "create" for row c9643b77-eb02-429d-8fb0-cbc9c09c4848 (table: Port_Binding) {{(pid=89884) notify /opt/stack/neutron/neutron/plugins/ml2/drivers/ovn/mech_driver/ovsdb/ovsdb_monitor.py:986}}
Jun 01 14:38:31.945881 np0000001856 devstack@neutron-api.service[89886]: DEBUG neutron.plugins.ml2.drivers.ovn.mech_driver.ovsdb.ovsdb_monitor [None req-1168570f-a593-4801-bcab-834397ea8b28 None None] Hash Ring: Node 70391837fdc75b32a0c09f1b9a574d00 (host: np0000001856) handling event "update" for row 41c76b9d-5352-41c9-bfa9-826a0ca78b81 (table: Logical_Switch) {{(pid=89886) notify /opt/stack/neutron/neutron/plugins/ml2/drivers/ovn/mech_driver/ovsdb/ovsdb_monitor.py:986}}
Jun 01 14:38:31.946977 np0000001856 devstack@neutron-api.service[89886]: DEBUG neutron.plugins.ml2.drivers.ovn.mech_driver.ovsdb.ovsdb_monitor [None req-1168570f-a593-4801-bcab-834397ea8b28 None None] Touching Hash Ring node "70391837fdc75b32a0c09f1b9a574d00" from IDL notify handler {{(pid=89886) notify /opt/stack/neutron/neutron/plugins/ml2/drivers/ovn/mech_driver/ovsdb/ovsdb_monitor.py:978}}
Jun 01 14:38:31.948609 np0000001856 devstack@neutron-api.service[89886]: DEBUG neutron.plugins.ml2.drivers.ovn.mech_driver.ovsdb.ovsdb_monitor [None req-7020e520-8edf-4a26-a879-73f083f917b9 None None] Hash Ring: Node 70391837fdc75b32a0c09f1b9a574d00 (host: np0000001856) handling event "create" for row c9643b77-eb02-429d-8fb0-cbc9c09c4848 (table: Port_Binding) {{(pid=89886) notify /opt/stack/neutron/neutron/plugins/ml2/drivers/ovn/mech_driver/ovsdb/ovsdb_monitor.py:986}}
Jun 01 14:38:31.949954 np0000001856 devstack@neutron-api.service[89886]: DEBUG neutron.plugins.ml2.drivers.ovn.mech_driver.ovsdb.ovsdb_monitor [None req-1168570f-a593-4801-bcab-834397ea8b28 None None] Hash Ring: Node 70391837fdc75b32a0c09f1b9a574d00 (host: np0000001856) handling event "create" for row 5bebd52f-0a82-4dba-b396-5113758963dc (table: Logical_Switch_Port) {{(pid=89886) notify /opt/stack/neutron/neutron/plugins/ml2/drivers/ovn/mech_driver/ovsdb/ovsdb_monitor.py:986}}
Jun 01 14:38:31.950814 np0000001856 devstack@neutron-api.service[89886]: DEBUG ovsdbapp.backend.ovs_idl.event [None req-1168570f-a593-4801-bcab-834397ea8b28 None None] Matched CREATE: LogicalSwitchPortCreateEvent(events=('create',), table='Logical_Switch_Port', conditions=[], old_conditions=None), priority=20 to row=Logical_Switch_Port(uuid=5bebd52f-0a82-4dba-b396-5113758963dc, addresses=['unknown'], dhcpv4_options=[], dhcpv6_options=[], dynamic_addresses=[], enabled=True, external_ids={'neutron:cidrs': '172.24.5.37/24', 'neutron:device_id': '03008940-fac7-4714-8416-82fe44f2e25c', 'neutron:device_owner': 'network:router_gateway', 'neutron:mtu': '', 'neutron:network_name': 'neutron-41c76b9d-5352-41c9-bfa9-826a0ca78b81', 'neutron:port_capabilities': '', 'neutron:port_name': '', 'neutron:project_id': '', 'neutron:revision_number': '1', 'neutron:security_group_ids': '', 'neutron:subnet_pool_addr_scope4': '', 'neutron:subnet_pool_addr_scope6': '', 'neutron:vnic_type': 'normal'}, ha_chassis_group=[], mirror_rules=[], name='60f44eba-2763-4571-93d5-464974016507', options={}, parent_name=[], port_security=[], tag=[], tag_request=[], type='', up=[]) old= {{(pid=89886) matches /opt/stack/data/venv/lib/python3.12/site-packages/ovsdbapp/backend/ovs_idl/event.py:55}}
Jun 01 14:38:31.952153 np0000001856 devstack@neutron-api.service[89886]: DEBUG neutron.plugins.ml2.drivers.ovn.mech_driver.ovsdb.ovsdb_monitor [None req-1168570f-a593-4801-bcab-834397ea8b28 None None] Touching Hash Ring node "70391837fdc75b32a0c09f1b9a574d00" from IDL notify handler {{(pid=89886) notify /opt/stack/neutron/neutron/plugins/ml2/drivers/ovn/mech_driver/ovsdb/ovsdb_monitor.py:978}}
Jun 01 14:38:31.954281 np0000001856 devstack@neutron-api.service[89886]: DEBUG neutron.plugins.ml2.drivers.ovn.mech_driver.ovsdb.ovsdb_monitor [None req-1168570f-a593-4801-bcab-834397ea8b28 None None] Hash Ring: Node 70391837fdc75b32a0c09f1b9a574d00 (host: np0000001856) handling event "update" for row 5bebd52f-0a82-4dba-b396-5113758963dc (table: Logical_Switch_Port) {{(pid=89886) notify /opt/stack/neutron/neutron/plugins/ml2/drivers/ovn/mech_driver/ovsdb/ovsdb_monitor.py:986}}
Jun 01 14:38:31.964966 np0000001856 devstack@neutron-api.service[89884]: INFO neutron.db.ovn_revision_numbers_db [None req-1b10a37e-5e95-423a-808b-4ce76e7c382b admin admin] Successfully bumped revision number for resource 60f44eba-2763-4571-93d5-464974016507 (type: ports) to 1
Jun 01 14:38:32.084761 np0000001856 devstack@neutron-api.service[89884]: DEBUG neutron_lib.callbacks.manager [None req-1b10a37e-5e95-423a-808b-4ce76e7c382b admin admin] Publish callbacks [] for router_gateway (03008940-fac7-4714-8416-82fe44f2e25c), after_create {{(pid=89884) _notify_loop /opt/stack/data/venv/lib/python3.12/site-packages/neutron_lib/callbacks/manager.py:184}}
Jun 01 14:38:32.270927 np0000001856 devstack@neutron-api.service[89884]: DEBUG neutron_lib.callbacks.manager [None req-1b10a37e-5e95-423a-808b-4ce76e7c382b admin admin] Publish callbacks ['neutron.services.ovn_l3.plugin.ExtraGatewaysDbOnlyMixin._process_bfd_ecmp_update-110997', 'neutron.services.ovn_l3.service_providers.driver_controller.DriverController._update_router_provider-33665'] for router (03008940-fac7-4714-8416-82fe44f2e25c), precommit_update {{(pid=89884) _notify_loop /opt/stack/data/venv/lib/python3.12/site-packages/neutron_lib/callbacks/manager.py:184}}
Jun 01 14:38:32.273788 np0000001856 devstack@neutron-api.service[89884]: DEBUG neutron_lib.callbacks.manager [None req-1b10a37e-5e95-423a-808b-4ce76e7c382b admin admin] Publish callbacks ['neutron.services.ovn_l3.service_providers.ovn.OvnDriver._process_router_update-42791'] for router (03008940-fac7-4714-8416-82fe44f2e25c), after_update {{(pid=89884) _notify_loop /opt/stack/data/venv/lib/python3.12/site-packages/neutron_lib/callbacks/manager.py:184}}
Jun 01 14:38:32.659626 np0000001856 devstack@neutron-api.service[89884]: DEBUG ovsdbapp.backend.ovs_idl.transaction [None req-e615fc10-48e0-4b6f-87c8-663468d497b2 None None] Running txn n=1 command(idx=0): CheckRevisionNumberCommand(_result=None, name=neutron-03008940-fac7-4714-8416-82fe44f2e25c, resource={'id': '03008940-fac7-4714-8416-82fe44f2e25c', 'name': 'router1', 'project_id': 'cb5020b001c341a998e3dbb14026014c', 'admin_state_up': True, 'status': 'ACTIVE', 'enable_snat': True, 'external_gateway_info': {'network_id': '41c76b9d-5352-41c9-bfa9-826a0ca78b81', 'external_fixed_ips': [{'subnet_id': 'a8a346b0-e6f8-41e5-88a4-aff4dbd9a9d7', 'ip_address': '172.24.5.37'}], 'enable_snat': True}, 'gw_port_id': '60f44eba-2763-4571-93d5-464974016507', 'description': '', 'availability_zones': [], 'distributed': False, 'ha': True, 'ha_vr_id': 0, 'availability_zone_hints': [], 'enable_default_route_ecmp': False, 'enable_default_route_bfd': False, 'external_gateways': [{'network_id': '41c76b9d-5352-41c9-bfa9-826a0ca78b81', 'external_fixed_ips': [{'ip_address': '172.24.5.37', 'subnet_id': 'a8a346b0-e6f8-41e5-88a4-aff4dbd9a9d7'}]}], 'routes': [], 'flavor_id': None, 'tags': [], 'created_at': '2026-06-01T14:38:26Z', 'updated_at': '2026-06-01T14:38:32Z', 'revision_number': 3, 'tenant_id': 'cb5020b001c341a998e3dbb14026014c'}, resource_type=routers, if_exists=True) {{(pid=89884) do_commit /opt/stack/data/venv/lib/python3.12/site-packages/ovsdbapp/backend/ovs_idl/transaction.py:89}}
Jun 01 14:38:32.660196 np0000001856 devstack@neutron-api.service[89884]: DEBUG ovsdbapp.backend.ovs_idl.transaction [None req-e615fc10-48e0-4b6f-87c8-663468d497b2 None None] Running txn n=1 command(idx=1): DeleteLRouterExtGwCommand(_result=None, lrouter=neutron-03008940-fac7-4714-8416-82fe44f2e25c, if_exists=True, maintain_bfd=True) {{(pid=89884) do_commit /opt/stack/data/venv/lib/python3.12/site-packages/ovsdbapp/backend/ovs_idl/transaction.py:89}}
Jun 01 14:38:32.660306 np0000001856 devstack@neutron-api.service[89884]: DEBUG ovsdbapp.backend.ovs_idl.transaction [None req-e615fc10-48e0-4b6f-87c8-663468d497b2 None None] Running txn n=1 command(idx=2): DeleteNATRuleInLRouterCommand(_result=None, lrouter=neutron-03008940-fac7-4714-8416-82fe44f2e25c, type=snat, logical_ip=10.1.0.0/26, external_ip=172.24.5.37, if_exists=True) {{(pid=89884) do_commit /opt/stack/data/venv/lib/python3.12/site-packages/ovsdbapp/backend/ovs_idl/transaction.py:89}}
Jun 01 14:38:32.660466 np0000001856 devstack@neutron-api.service[89884]: DEBUG ovsdbapp.backend.ovs_idl.transaction [None req-e615fc10-48e0-4b6f-87c8-663468d497b2 None None] Running txn n=1 command(idx=3): DelStaticRoutesCommand(_result=None, lrouter=neutron-03008940-fac7-4714-8416-82fe44f2e25c, routes=[('0.0.0.0/0', '172.24.5.1')], if_exists=True) {{(pid=89884) do_commit /opt/stack/data/venv/lib/python3.12/site-packages/ovsdbapp/backend/ovs_idl/transaction.py:89}}
Jun 01 14:38:32.660631 np0000001856 devstack@neutron-api.service[89884]: DEBUG ovsdbapp.backend.ovs_idl.transaction [None req-e615fc10-48e0-4b6f-87c8-663468d497b2 None None] Running txn n=1 command(idx=4): DelLRouterPortCommand(_result=None, name=lrp-60f44eba-2763-4571-93d5-464974016507, lrouter=neutron-03008940-fac7-4714-8416-82fe44f2e25c, if_exists=True) {{(pid=89884) do_commit /opt/stack/data/venv/lib/python3.12/site-packages/ovsdbapp/backend/ovs_idl/transaction.py:89}}
Jun 01 14:38:32.660780 np0000001856 devstack@neutron-api.service[89884]: DEBUG ovsdbapp.backend.ovs_idl.transaction [None req-e615fc10-48e0-4b6f-87c8-663468d497b2 None None] Running txn n=1 command(idx=5): AddLRouterPortCommand(_result=None, name=lrp-60f44eba-2763-4571-93d5-464974016507, lrouter=neutron-03008940-fac7-4714-8416-82fe44f2e25c, may_exist=True, columns={'mac': 'fa:16:3e:23:1c:30', 'networks': ['172.24.5.37/24'], 'external_ids': {'neutron:revision_number': '1', 'neutron:subnet_ids': 'a8a346b0-e6f8-41e5-88a4-aff4dbd9a9d7', 'neutron:network_name': 'neutron-41c76b9d-5352-41c9-bfa9-826a0ca78b81', 'neutron:is_ext_gw': 'True', 'neutron:router_name': 'neutron-03008940-fac7-4714-8416-82fe44f2e25c'}, 'options': {'reside-on-redirect-chassis': 'true', 'gateway_mtu': '1372'}}) {{(pid=89884) do_commit /opt/stack/data/venv/lib/python3.12/site-packages/ovsdbapp/backend/ovs_idl/transaction.py:89}}
Jun 01 14:38:32.661140 np0000001856 devstack@neutron-api.service[89884]: DEBUG ovsdbapp.backend.ovs_idl.transaction [None req-e615fc10-48e0-4b6f-87c8-663468d497b2 None None] Running txn n=1 command(idx=6): ScheduleNewGatewayCommand(_result=None, g_name=lrp-60f44eba-2763-4571-93d5-464974016507, sb_api=, lrouter_name=neutron-03008940-fac7-4714-8416-82fe44f2e25c, ovn_client=, scheduler=, physnet=public, az_hints=[]) {{(pid=89884) do_commit /opt/stack/data/venv/lib/python3.12/site-packages/ovsdbapp/backend/ovs_idl/transaction.py:89}}
Jun 01 14:38:32.661636 np0000001856 devstack@neutron-api.service[89884]: DEBUG neutron.plugins.ml2.drivers.ovn.mech_driver.ovsdb.ovn_client [None req-e615fc10-48e0-4b6f-87c8-663468d497b2 None None] Chassis candidates for scheduling gateway router ports for "public" physical network: ['818e33b4-84cc-4b85-823c-3537f47ead53'] {{(pid=89884) get_candidates_for_scheduling /opt/stack/neutron/neutron/plugins/ml2/drivers/ovn/mech_driver/ovsdb/ovn_client.py:1717}}
Jun 01 14:38:32.662005 np0000001856 devstack@neutron-api.service[89884]: DEBUG neutron.scheduler.l3_ovn_scheduler [None req-e615fc10-48e0-4b6f-87c8-663468d497b2 None None] Gateway lrp-60f44eba-2763-4571-93d5-464974016507 scheduled on chassis ['818e33b4-84cc-4b85-823c-3537f47ead53'] {{(pid=89884) _schedule_gateway /opt/stack/neutron/neutron/scheduler/l3_ovn_scheduler.py:88}}
Jun 01 14:38:32.662334 np0000001856 devstack@neutron-api.service[89884]: DEBUG ovsdbapp.backend.ovs_idl.transaction [None req-e615fc10-48e0-4b6f-87c8-663468d497b2 None None] Running txn n=1 command(idx=7): SetLRouterPortInLSwitchPortCommand(_result=None, lswitch_port=60f44eba-2763-4571-93d5-464974016507, lrouter_port=lrp-60f44eba-2763-4571-93d5-464974016507, is_gw_port=True, if_exists=True, lsp_address=router) {{(pid=89884) do_commit /opt/stack/data/venv/lib/python3.12/site-packages/ovsdbapp/backend/ovs_idl/transaction.py:89}}
Jun 01 14:38:32.662572 np0000001856 devstack@neutron-api.service[89884]: DEBUG ovsdbapp.backend.ovs_idl.transaction [None req-e615fc10-48e0-4b6f-87c8-663468d497b2 None None] Running txn n=1 command(idx=8): AddStaticRouteCommand(_result=None, lrouter=neutron-03008940-fac7-4714-8416-82fe44f2e25c, maintain_bfd=False, columns={'ip_prefix': '0.0.0.0/0', 'nexthop': '172.24.5.1', 'external_ids': {'neutron:is_ext_gw': 'true', 'neutron:subnet_id': 'a8a346b0-e6f8-41e5-88a4-aff4dbd9a9d7', 'neutron:is_static_route': 'true'}}) {{(pid=89884) do_commit /opt/stack/data/venv/lib/python3.12/site-packages/ovsdbapp/backend/ovs_idl/transaction.py:89}}
Jun 01 14:38:32.662787 np0000001856 devstack@neutron-api.service[89884]: DEBUG ovsdbapp.backend.ovs_idl.transaction [None req-e615fc10-48e0-4b6f-87c8-663468d497b2 None None] Running txn n=1 command(idx=9): AddNATRuleInLRouterCommand(_result=None, lrouter=neutron-03008940-fac7-4714-8416-82fe44f2e25c, columns={'type': 'snat', 'logical_ip': '10.1.0.0/26', 'external_ip': '172.24.5.37'}) {{(pid=89884) do_commit /opt/stack/data/venv/lib/python3.12/site-packages/ovsdbapp/backend/ovs_idl/transaction.py:89}}
Jun 01 14:38:32.663003 np0000001856 devstack@neutron-api.service[89884]: DEBUG ovsdbapp.backend.ovs_idl.transaction [None req-e615fc10-48e0-4b6f-87c8-663468d497b2 None None] Running txn n=1 command(idx=10): UpdateLRouterCommand(_result=None, name=neutron-03008940-fac7-4714-8416-82fe44f2e25c, columns={'external_ids': {'neutron:router_name': 'router1', 'neutron:revision_number': '3', 'neutron:availability_zone_hints': ''}, 'enabled': True}, if_exists=True) {{(pid=89884) do_commit /opt/stack/data/venv/lib/python3.12/site-packages/ovsdbapp/backend/ovs_idl/transaction.py:89}}
Jun 01 14:38:32.663217 np0000001856 devstack@neutron-api.service[89884]: DEBUG ovsdbapp.backend.ovs_idl.transaction [None req-e615fc10-48e0-4b6f-87c8-663468d497b2 None None] Running txn n=1 command(idx=11): QoSDelCommand(_result=None, switch=neutron-41c76b9d-5352-41c9-bfa9-826a0ca78b81, conditions=[('direction', '=', 'from-lport'), ('priority', '=', 2002), ('match', '=', 'inport == "60f44eba-2763-4571-93d5-464974016507"')], if_exists=True) {{(pid=89884) do_commit /opt/stack/data/venv/lib/python3.12/site-packages/ovsdbapp/backend/ovs_idl/transaction.py:89}}
Jun 01 14:38:32.663379 np0000001856 devstack@neutron-api.service[89884]: DEBUG ovsdbapp.backend.ovs_idl.transaction [None req-e615fc10-48e0-4b6f-87c8-663468d497b2 None None] Running txn n=1 command(idx=12): QoSDelCommand(_result=None, switch=neutron-41c76b9d-5352-41c9-bfa9-826a0ca78b81, conditions=[('direction', '=', 'to-lport'), ('priority', '=', 2002), ('match', '=', 'outport == "60f44eba-2763-4571-93d5-464974016507"')], if_exists=True) {{(pid=89884) do_commit /opt/stack/data/venv/lib/python3.12/site-packages/ovsdbapp/backend/ovs_idl/transaction.py:89}}
Jun 01 14:38:32.667829 np0000001856 devstack@neutron-api.service[89884]: DEBUG neutron.plugins.ml2.drivers.ovn.mech_driver.ovsdb.ovsdb_monitor [None req-e615fc10-48e0-4b6f-87c8-663468d497b2 None None] Touching Hash Ring node "2665939ff94f5ce087cf2826581fe1e4" from IDL notify handler {{(pid=89884) notify /opt/stack/neutron/neutron/plugins/ml2/drivers/ovn/mech_driver/ovsdb/ovsdb_monitor.py:978}}
Jun 01 14:38:32.668483 np0000001856 devstack@neutron-api.service[89886]: DEBUG neutron.plugins.ml2.drivers.ovn.mech_driver.ovsdb.ovsdb_monitor [None req-1168570f-a593-4801-bcab-834397ea8b28 None None] Touching Hash Ring node "70391837fdc75b32a0c09f1b9a574d00" from IDL notify handler {{(pid=89886) notify /opt/stack/neutron/neutron/plugins/ml2/drivers/ovn/mech_driver/ovsdb/ovsdb_monitor.py:978}}
Jun 01 14:38:32.671118 np0000001856 devstack@neutron-api.service[89885]: DEBUG neutron.plugins.ml2.drivers.ovn.mech_driver.ovsdb.ovsdb_monitor [None req-524aed2f-f23d-452b-8676-4a6ebd0733f5 None None] Touching Hash Ring node "e3e2adb151805528b2697631749e86d2" from IDL notify handler {{(pid=89885) notify /opt/stack/neutron/neutron/plugins/ml2/drivers/ovn/mech_driver/ovsdb/ovsdb_monitor.py:978}}
Jun 01 14:38:32.675384 np0000001856 devstack@neutron-api.service[89886]: DEBUG neutron.plugins.ml2.drivers.ovn.mech_driver.ovsdb.ovsdb_monitor [None req-7020e520-8edf-4a26-a879-73f083f917b9 None None] Touching Hash Ring node "70391837fdc75b32a0c09f1b9a574d00" from IDL notify handler {{(pid=89886) notify /opt/stack/neutron/neutron/plugins/ml2/drivers/ovn/mech_driver/ovsdb/ovsdb_monitor.py:978}}
Jun 01 14:38:32.675811 np0000001856 devstack@neutron-api.service[89884]: DEBUG neutron.plugins.ml2.drivers.ovn.mech_driver.ovsdb.ovsdb_monitor [None req-4588cc0e-09b4-47c3-b093-7902a40e43ec None None] Touching Hash Ring node "2665939ff94f5ce087cf2826581fe1e4" from IDL notify handler {{(pid=89884) notify /opt/stack/neutron/neutron/plugins/ml2/drivers/ovn/mech_driver/ovsdb/ovsdb_monitor.py:978}}
