Jul 27 10:25:28.250792 np0000005891 devstack@g-api.service[100228]: DEBUG glance.api.middleware.version_negotiation [None req-5c5ebc65-dcce-495d-8e1b-f86036a53b6c tempest-ServerBootFromVolumeStableRescueTest-1428797883 tempest-ServerBootFromVolumeStableRescueTest-1428797883-project-member] new path /v2/images/a316e209-724b-4c6e-acac-547977fcacb0 {{(pid=100228) process_request /opt/stack/glance/glance/api/middleware/version_negotiation.py:70}}
Jul 27 10:25:28.280270 np0000005891 devstack@g-api.service[100228]: [pid: 100228|app: 0|req: 89/260] 127.0.0.1 () {40 vars in 838 bytes} [Mon Jul 27 10:25:28 2026] GET /v2/images/a316e209-724b-4c6e-acac-547977fcacb0 => generated 1470 bytes in 31 msecs (HTTP/1.1 200) 4 headers in 158 bytes (1 switches on core 0)
Jul 27 10:25:28.463474 np0000005891 devstack@g-api.service[100226]: DEBUG glance.location [None req-8889175d-b0d6-459a-84a9-e7b369262ee2 tempest-ServerBootFromVolumeStableRescueTest-1428797883 tempest-ServerBootFromVolumeStableRescueTest-1428797883-project-member] Enabling in-flight format inspection for qcow2 {{(pid=100226) set_data /opt/stack/glance/glance/location.py:596}}
Jul 27 10:25:28.463876 np0000005891 devstack@g-api.service[100226]: DEBUG glance_store.backend [None req-8889175d-b0d6-459a-84a9-e7b369262ee2 tempest-ServerBootFromVolumeStableRescueTest-1428797883 tempest-ServerBootFromVolumeStableRescueTest-1428797883-project-member] Attempting to import store swift {{(pid=100226) _load_store /opt/stack/data/venv/lib/python3.12/site-packages/glance_store/backend.py:215}}
Jul 27 10:25:28.465914 np0000005891 devstack@g-api.service[100226]: DEBUG glance_store.capabilities [None req-8889175d-b0d6-459a-84a9-e7b369262ee2 tempest-ServerBootFromVolumeStableRescueTest-1428797883 tempest-ServerBootFromVolumeStableRescueTest-1428797883-project-member] Store glance_store._drivers.swift.store.SingleTenantStore doesn't support updating dynamic storage capabilities. Please overwrite 'update_capabilities' method of the store to implement updating logics if needed. {{(pid=100226) update_capabilities /opt/stack/data/venv/lib/python3.12/site-packages/glance_store/capabilities.py:91}}
Jul 27 10:25:28.465914 np0000005891 devstack@g-api.service[100226]: DEBUG glance_store.driver [None req-8889175d-b0d6-459a-84a9-e7b369262ee2 tempest-ServerBootFromVolumeStableRescueTest-1428797883 tempest-ServerBootFromVolumeStableRescueTest-1428797883-project-member] Late loading location class glance_store._drivers.swift.store.StoreLocation {{(pid=100226) get_store_location_class /opt/stack/data/venv/lib/python3.12/site-packages/glance_store/driver.py:134}}
Jul 27 10:25:28.465914 np0000005891 devstack@g-api.service[100226]: DEBUG glance_store.location [None req-8889175d-b0d6-459a-84a9-e7b369262ee2 tempest-ServerBootFromVolumeStableRescueTest-1428797883 tempest-ServerBootFromVolumeStableRescueTest-1428797883-project-member] Registering scheme swift+https with {'store': , 'location_class': , 'store_entry': 'swift'} {{(pid=100226) register_scheme_map /opt/stack/data/venv/lib/python3.12/site-packages/glance_store/location.py:146}}
Jul 27 10:25:28.465914 np0000005891 devstack@g-api.service[100226]: DEBUG glance_store.location [None req-8889175d-b0d6-459a-84a9-e7b369262ee2 tempest-ServerBootFromVolumeStableRescueTest-1428797883 tempest-ServerBootFromVolumeStableRescueTest-1428797883-project-member] Registering scheme swift+https with {'store': , 'location_class': , 'store_entry': 'swift'} {{(pid=100226) register_scheme_map /opt/stack/data/venv/lib/python3.12/site-packages/glance_store/location.py:146}}
Jul 27 10:25:28.465914 np0000005891 devstack@g-api.service[100226]: DEBUG glance_store.location [None req-8889175d-b0d6-459a-84a9-e7b369262ee2 tempest-ServerBootFromVolumeStableRescueTest-1428797883 tempest-ServerBootFromVolumeStableRescueTest-1428797883-project-member] Registering scheme swift with {'store': , 'location_class': , 'store_entry': 'swift'} {{(pid=100226) register_scheme_map /opt/stack/data/venv/lib/python3.12/site-packages/glance_store/location.py:146}}
Jul 27 10:25:28.466276 np0000005891 devstack@g-api.service[100226]: DEBUG glance_store.location [None req-8889175d-b0d6-459a-84a9-e7b369262ee2 tempest-ServerBootFromVolumeStableRescueTest-1428797883 tempest-ServerBootFromVolumeStableRescueTest-1428797883-project-member] Registering scheme swift+https with {'store': , 'location_class': , 'store_entry': 'swift'} {{(pid=100226) register_scheme_map /opt/stack/data/venv/lib/python3.12/site-packages/glance_store/location.py:146}}
Jul 27 10:25:28.466276 np0000005891 devstack@g-api.service[100226]: DEBUG glance_store.location [None req-8889175d-b0d6-459a-84a9-e7b369262ee2 tempest-ServerBootFromVolumeStableRescueTest-1428797883 tempest-ServerBootFromVolumeStableRescueTest-1428797883-project-member] Registering scheme swift with {'store': , 'location_class': , 'store_entry': 'swift'} {{(pid=100226) register_scheme_map /opt/stack/data/venv/lib/python3.12/site-packages/glance_store/location.py:146}}
Jul 27 10:25:28.466276 np0000005891 devstack@g-api.service[100226]: DEBUG glance_store.location [None req-8889175d-b0d6-459a-84a9-e7b369262ee2 tempest-ServerBootFromVolumeStableRescueTest-1428797883 tempest-ServerBootFromVolumeStableRescueTest-1428797883-project-member] Registering scheme swift+http with {'store': , 'location_class': , 'store_entry': 'swift'} {{(pid=100226) register_scheme_map /opt/stack/data/venv/lib/python3.12/site-packages/glance_store/location.py:146}}
Jul 27 10:25:28.466460 np0000005891 devstack@g-api.service[100226]: DEBUG glance_store.location [None req-8889175d-b0d6-459a-84a9-e7b369262ee2 tempest-ServerBootFromVolumeStableRescueTest-1428797883 tempest-ServerBootFromVolumeStableRescueTest-1428797883-project-member] Registering scheme swift+https with {'store': , 'location_class': , 'store_entry': 'swift'} {{(pid=100226) register_scheme_map /opt/stack/data/venv/lib/python3.12/site-packages/glance_store/location.py:146}}
Jul 27 10:25:28.466460 np0000005891 devstack@g-api.service[100226]: DEBUG glance_store.location [None req-8889175d-b0d6-459a-84a9-e7b369262ee2 tempest-ServerBootFromVolumeStableRescueTest-1428797883 tempest-ServerBootFromVolumeStableRescueTest-1428797883-project-member] Registering scheme swift with {'store': , 'location_class': , 'store_entry': 'swift'} {{(pid=100226) register_scheme_map /opt/stack/data/venv/lib/python3.12/site-packages/glance_store/location.py:146}}
Jul 27 10:25:28.466554 np0000005891 devstack@g-api.service[100226]: DEBUG glance_store.location [None req-8889175d-b0d6-459a-84a9-e7b369262ee2 tempest-ServerBootFromVolumeStableRescueTest-1428797883 tempest-ServerBootFromVolumeStableRescueTest-1428797883-project-member] Registering scheme swift+http with {'store': , 'location_class': , 'store_entry': 'swift'} {{(pid=100226) register_scheme_map /opt/stack/data/venv/lib/python3.12/site-packages/glance_store/location.py:146}}
Jul 27 10:25:28.467105 np0000005891 devstack@g-api.service[100226]: DEBUG glance_store.location [None req-8889175d-b0d6-459a-84a9-e7b369262ee2 tempest-ServerBootFromVolumeStableRescueTest-1428797883 tempest-ServerBootFromVolumeStableRescueTest-1428797883-project-member] Registering scheme swift+config with {'store': , 'location_class': , 'store_entry': 'swift'} {{(pid=100226) register_scheme_map /opt/stack/data/venv/lib/python3.12/site-packages/glance_store/location.py:146}}
Jul 27 10:25:28.578886 np0000005891 devstack@g-api.service[100227]: DEBUG glance.api.middleware.version_negotiation [None req-b5056fc2-29f5-46b7-83d2-ad1afabbd711 tempest-ServerActionsV293TestJSON-1754641374 tempest-ServerActionsV293TestJSON-1754641374-project-member] Determining version of request: GET /v2/images/1fc0888f-9257-4183-a87c-50e71b81a5cd Accept: */* {{(pid=100227) process_request /opt/stack/glance/glance/api/middleware/version_negotiation.py:44}}
Jul 27 10:25:28.580641 np0000005891 devstack@g-api.service[100227]: DEBUG glance.api.middleware.version_negotiation [None req-b5056fc2-29f5-46b7-83d2-ad1afabbd711 tempest-ServerActionsV293TestJSON-1754641374 tempest-ServerActionsV293TestJSON-1754641374-project-member] Using url versioning {{(pid=100227) process_request /opt/stack/glance/glance/api/middleware/version_negotiation.py:57}}
Jul 27 10:25:28.580641 np0000005891 devstack@g-api.service[100227]: DEBUG glance.api.middleware.version_negotiation [None req-b5056fc2-29f5-46b7-83d2-ad1afabbd711 tempest-ServerActionsV293TestJSON-1754641374 tempest-ServerActionsV293TestJSON-1754641374-project-member] Matched version: v2 {{(pid=100227) process_request /opt/stack/glance/glance/api/middleware/version_negotiation.py:69}}
Jul 27 10:25:28.580641 np0000005891 devstack@g-api.service[100227]: DEBUG glance.api.middleware.version_negotiation [None req-b5056fc2-29f5-46b7-83d2-ad1afabbd711 tempest-ServerActionsV293TestJSON-1754641374 tempest-ServerActionsV293TestJSON-1754641374-project-member] new path /v2/images/1fc0888f-9257-4183-a87c-50e71b81a5cd {{(pid=100227) process_request /opt/stack/glance/glance/api/middleware/version_negotiation.py:70}}
Jul 27 10:25:28.607424 np0000005891 devstack@g-api.service[100227]: [pid: 100227|app: 0|req: 91/261] 127.0.0.1 () {44 vars in 1115 bytes} [Mon Jul 27 10:25:28 2026] GET /v2/images/1fc0888f-9257-4183-a87c-50e71b81a5cd => generated 1044 bytes in 29 msecs (HTTP/1.1 200) 4 headers in 158 bytes (1 switches on core 0)
Jul 27 10:25:28.645045 np0000005891 devstack@g-api.service[100226]: DEBUG swiftclient [None req-8889175d-b0d6-459a-84a9-e7b369262ee2 tempest-ServerBootFromVolumeStableRescueTest-1428797883 tempest-ServerBootFromVolumeStableRescueTest-1428797883-project-member] REQ: curl -i https://10.4.3.207:8080/v1/AUTH_e16320a74ac64effb3f0093bc01dfe32/glance -I -H "X-Auth-Token: gAAAAABqZzIYxoPC..." {{(pid=100226) http_log /opt/stack/data/venv/lib/python3.12/site-packages/swiftclient/client.py:160}}
Jul 27 10:25:28.645045 np0000005891 devstack@g-api.service[100226]: DEBUG swiftclient [None req-8889175d-b0d6-459a-84a9-e7b369262ee2 tempest-ServerBootFromVolumeStableRescueTest-1428797883 tempest-ServerBootFromVolumeStableRescueTest-1428797883-project-member] RESP STATUS: 204 No Content {{(pid=100226) http_log /opt/stack/data/venv/lib/python3.12/site-packages/swiftclient/client.py:161}}
Jul 27 10:25:28.645045 np0000005891 devstack@g-api.service[100226]: DEBUG swiftclient [None req-8889175d-b0d6-459a-84a9-e7b369262ee2 tempest-ServerBootFromVolumeStableRescueTest-1428797883 tempest-ServerBootFromVolumeStableRescueTest-1428797883-project-member] RESP HEADERS: {'Date': 'Mon, 27 Jul 2026 10:25:28 GMT', 'Server': 'Apache/2.4.58 (Ubuntu)', 'Content-Type': 'text/plain; charset=utf-8', 'X-Container-Object-Count': '6', 'X-Container-Bytes-Used': '87884800', 'X-Timestamp': '1785147632.79978', 'Last-Modified': 'Mon, 27 Jul 2026 10:20:33 GMT', 'Accept-Ranges': 'bytes', 'X-Storage-Policy': 'Policy-0', 'X-Container-Sharding': 'False', 'Vary': 'Accept', 'X-Trans-Id': 'txbf32a11065174dd79a6a1-006a673218', 'X-Openstack-Request-Id': 'txbf32a11065174dd79a6a1-006a673218', 'Connection': 'close'} {{(pid=100226) http_log /opt/stack/data/venv/lib/python3.12/site-packages/swiftclient/client.py:162}}
Jul 27 10:25:28.645045 np0000005891 devstack@g-api.service[100226]: DEBUG glance_store._drivers.swift.store [None req-8889175d-b0d6-459a-84a9-e7b369262ee2 tempest-ServerBootFromVolumeStableRescueTest-1428797883 tempest-ServerBootFromVolumeStableRescueTest-1428797883-project-member] Adding image object 'a316e209-724b-4c6e-acac-547977fcacb0' to Swift {{(pid=100226) add /opt/stack/data/venv/lib/python3.12/site-packages/glance_store/_drivers/swift/store.py:970}}
Jul 27 10:25:28.645045 np0000005891 devstack@g-api.service[100226]: DEBUG glance_store._drivers.swift.store [None req-8889175d-b0d6-459a-84a9-e7b369262ee2 tempest-ServerBootFromVolumeStableRescueTest-1428797883 tempest-ServerBootFromVolumeStableRescueTest-1428797883-project-member] Cannot determine image size because it is either not provided in the request or chunked-transfer encoding is used. Adding image as a segmented object to Swift. {{(pid=100226) add /opt/stack/data/venv/lib/python3.12/site-packages/glance_store/_drivers/swift/store.py:994}}
Jul 27 10:25:28.659465 np0000005891 devstack@g-api.service[100228]: DEBUG glance.api.middleware.version_negotiation [None req-c3995490-0e62-4bca-8edf-f8fd77481e12 tempest-ServerBootFromVolumeStableRescueTest-1428797883 tempest-ServerBootFromVolumeStableRescueTest-1428797883-project-member] Determining version of request: GET /v2/schemas/image Accept: */* {{(pid=100228) process_request /opt/stack/glance/glance/api/middleware/version_negotiation.py:44}}
Jul 27 10:25:28.659465 np0000005891 devstack@g-api.service[100228]: DEBUG glance.api.middleware.version_negotiation [None req-c3995490-0e62-4bca-8edf-f8fd77481e12 tempest-ServerBootFromVolumeStableRescueTest-1428797883 tempest-ServerBootFromVolumeStableRescueTest-1428797883-project-member] Using url versioning {{(pid=100228) process_request /opt/stack/glance/glance/api/middleware/version_negotiation.py:57}}
Jul 27 10:25:28.659465 np0000005891 devstack@g-api.service[100228]: DEBUG glance.api.middleware.version_negotiation [None req-c3995490-0e62-4bca-8edf-f8fd77481e12 tempest-ServerBootFromVolumeStableRescueTest-1428797883 tempest-ServerBootFromVolumeStableRescueTest-1428797883-project-member] Matched version: v2 {{(pid=100228) process_request /opt/stack/glance/glance/api/middleware/version_negotiation.py:69}}
Jul 27 10:25:28.659465 np0000005891 devstack@g-api.service[100228]: DEBUG glance.api.middleware.version_negotiation [None req-c3995490-0e62-4bca-8edf-f8fd77481e12 tempest-ServerBootFromVolumeStableRescueTest-1428797883 tempest-ServerBootFromVolumeStableRescueTest-1428797883-project-member] new path /v2/schemas/image {{(pid=100228) process_request /opt/stack/glance/glance/api/middleware/version_negotiation.py:70}}
Jul 27 10:25:28.664869 np0000005891 devstack@g-api.service[100228]: [pid: 100228|app: 0|req: 90/262] 127.0.0.1 () {44 vars in 1055 bytes} [Mon Jul 27 10:25:28 2026] GET /v2/schemas/image => generated 6083 bytes in 9 msecs (HTTP/1.1 200) 4 headers in 158 bytes (1 switches on core 0)
Jul 27 10:25:28.665894 np0000005891 devstack@g-api.service[100226]: DEBUG oslo_utils.imageutils.format_inspector [None req-8889175d-b0d6-459a-84a9-e7b369262ee2 tempest-ServerBootFromVolumeStableRescueTest-1428797883 tempest-ServerBootFromVolumeStableRescueTest-1428797883-project-member] Format inspector for vmdk does not match, excluding from consideration (Signature KDMV not found: b'QFI\xfb') {{(pid=100226) _process_chunk /opt/stack/data/venv/lib/python3.12/site-packages/oslo_utils/imageutils/format_inspector.py:1758}}
Jul 27 10:25:28.679570 np0000005891 devstack@g-api.service[100226]: DEBUG oslo_utils.imageutils.format_inspector [None req-8889175d-b0d6-459a-84a9-e7b369262ee2 tempest-ServerBootFromVolumeStableRescueTest-1428797883 tempest-ServerBootFromVolumeStableRescueTest-1428797883-project-member] Format inspector for vhdx does not match, excluding from consideration (Region signature not found at 30000) {{(pid=100226) _process_chunk /opt/stack/data/venv/lib/python3.12/site-packages/oslo_utils/imageutils/format_inspector.py:1758}}
Jul 27 10:25:28.765631 np0000005891 devstack@g-api.service[100227]: DEBUG glance.api.middleware.version_negotiation [None req-dd728df2-b41c-49b1-a827-78776dfd09d1 tempest-ServerRescueNegativeTestJSON-2095521940 tempest-ServerRescueNegativeTestJSON-2095521940-project-member] Determining version of request: GET /v2/images/1c248947-2020-4cdc-9403-d56a43b3f119 Accept: */* {{(pid=100227) process_request /opt/stack/glance/glance/api/middleware/version_negotiation.py:44}}
Jul 27 10:25:28.766655 np0000005891 devstack@g-api.service[100227]: DEBUG glance.api.middleware.version_negotiation [None req-dd728df2-b41c-49b1-a827-78776dfd09d1 tempest-ServerRescueNegativeTestJSON-2095521940 tempest-ServerRescueNegativeTestJSON-2095521940-project-member] Using url versioning {{(pid=100227) process_request /opt/stack/glance/glance/api/middleware/version_negotiation.py:57}}
Jul 27 10:25:28.766655 np0000005891 devstack@g-api.service[100227]: DEBUG glance.api.middleware.version_negotiation [None req-dd728df2-b41c-49b1-a827-78776dfd09d1 tempest-ServerRescueNegativeTestJSON-2095521940 tempest-ServerRescueNegativeTestJSON-2095521940-project-member] Matched version: v2 {{(pid=100227) process_request /opt/stack/glance/glance/api/middleware/version_negotiation.py:69}}
Jul 27 10:25:28.766655 np0000005891 devstack@g-api.service[100227]: DEBUG glance.api.middleware.version_negotiation [None req-dd728df2-b41c-49b1-a827-78776dfd09d1 tempest-ServerRescueNegativeTestJSON-2095521940 tempest-ServerRescueNegativeTestJSON-2095521940-project-member] new path /v2/images/1c248947-2020-4cdc-9403-d56a43b3f119 {{(pid=100227) process_request /opt/stack/glance/glance/api/middleware/version_negotiation.py:70}}
Jul 27 10:25:28.799086 np0000005891 devstack@g-api.service[100227]: [pid: 100227|app: 0|req: 92/263] 127.0.0.1 () {44 vars in 1115 bytes} [Mon Jul 27 10:25:28 2026] GET /v2/images/1c248947-2020-4cdc-9403-d56a43b3f119 => generated 1044 bytes in 33 msecs (HTTP/1.1 200) 4 headers in 158 bytes (1 switches on core 0)
Jul 27 10:25:28.842531 np0000005891 devstack@g-api.service[100228]: DEBUG glance.api.middleware.version_negotiation [None req-dd728df2-b41c-49b1-a827-78776dfd09d1 tempest-ServerRescueNegativeTestJSON-2095521940 tempest-ServerRescueNegativeTestJSON-2095521940-project-member] Determining version of request: GET /v2/schemas/image Accept: */* {{(pid=100228) process_request /opt/stack/glance/glance/api/middleware/version_negotiation.py:44}}
Jul 27 10:25:28.842531 np0000005891 devstack@g-api.service[100228]: DEBUG glance.api.middleware.version_negotiation [None req-dd728df2-b41c-49b1-a827-78776dfd09d1 tempest-ServerRescueNegativeTestJSON-2095521940 tempest-ServerRescueNegativeTestJSON-2095521940-project-member] Using url versioning {{(pid=100228) process_request /opt/stack/glance/glance/api/middleware/version_negotiation.py:57}}
Jul 27 10:25:28.842741 np0000005891 devstack@g-api.service[100228]: DEBUG glance.api.middleware.version_negotiation [None req-dd728df2-b41c-49b1-a827-78776dfd09d1 tempest-ServerRescueNegativeTestJSON-2095521940 tempest-ServerRescueNegativeTestJSON-2095521940-project-member] Matched version: v2 {{(pid=100228) process_request /opt/stack/glance/glance/api/middleware/version_negotiation.py:69}}
Jul 27 10:25:28.842939 np0000005891 devstack@g-api.service[100228]: DEBUG glance.api.middleware.version_negotiation [None req-dd728df2-b41c-49b1-a827-78776dfd09d1 tempest-ServerRescueNegativeTestJSON-2095521940 tempest-ServerRescueNegativeTestJSON-2095521940-project-member] new path /v2/schemas/image {{(pid=100228) process_request /opt/stack/glance/glance/api/middleware/version_negotiation.py:70}}
Jul 27 10:25:28.849755 np0000005891 devstack@g-api.service[100228]: [pid: 100228|app: 0|req: 91/264] 127.0.0.1 () {44 vars in 1055 bytes} [Mon Jul 27 10:25:28 2026] GET /v2/schemas/image => generated 6083 bytes in 8 msecs (HTTP/1.1 200) 4 headers in 158 bytes (1 switches on core 0)
Jul 27 10:25:29.066476 np0000005891 devstack@g-api.service[100227]: DEBUG glance.api.middleware.version_negotiation [None req-b5056fc2-29f5-46b7-83d2-ad1afabbd711 tempest-ServerActionsV293TestJSON-1754641374 tempest-ServerActionsV293TestJSON-1754641374-project-member] Determining version of request: GET /v2/images/1c248947-2020-4cdc-9403-d56a43b3f119 Accept: */* {{(pid=100227) process_request /opt/stack/glance/glance/api/middleware/version_negotiation.py:44}}
Jul 27 10:25:29.068821 np0000005891 devstack@g-api.service[100227]: DEBUG glance.api.middleware.version_negotiation [None req-b5056fc2-29f5-46b7-83d2-ad1afabbd711 tempest-ServerActionsV293TestJSON-1754641374 tempest-ServerActionsV293TestJSON-1754641374-project-member] Using url versioning {{(pid=100227) process_request /opt/stack/glance/glance/api/middleware/version_negotiation.py:57}}
Jul 27 10:25:29.069235 np0000005891 devstack@g-api.service[100227]: DEBUG glance.api.middleware.version_negotiation [None req-b5056fc2-29f5-46b7-83d2-ad1afabbd711 tempest-ServerActionsV293TestJSON-1754641374 tempest-ServerActionsV293TestJSON-1754641374-project-member] Matched version: v2 {{(pid=100227) process_request /opt/stack/glance/glance/api/middleware/version_negotiation.py:69}}
Jul 27 10:25:29.069513 np0000005891 devstack@g-api.service[100227]: DEBUG glance.api.middleware.version_negotiation [None req-b5056fc2-29f5-46b7-83d2-ad1afabbd711 tempest-ServerActionsV293TestJSON-1754641374 tempest-ServerActionsV293TestJSON-1754641374-project-member] new path /v2/images/1c248947-2020-4cdc-9403-d56a43b3f119 {{(pid=100227) process_request /opt/stack/glance/glance/api/middleware/version_negotiation.py:70}}
Jul 27 10:25:29.164192 np0000005891 devstack@g-api.service[100227]: [pid: 100227|app: 0|req: 93/265] 127.0.0.1 () {44 vars in 1115 bytes} [Mon Jul 27 10:25:29 2026] GET /v2/images/1c248947-2020-4cdc-9403-d56a43b3f119 => generated 1044 bytes in 98 msecs (HTTP/1.1 200) 4 headers in 158 bytes (1 switches on core 0)
Jul 27 10:25:29.180144 np0000005891 devstack@g-api.service[100226]: DEBUG swiftclient [None req-8889175d-b0d6-459a-84a9-e7b369262ee2 tempest-ServerBootFromVolumeStableRescueTest-1428797883 tempest-ServerBootFromVolumeStableRescueTest-1428797883-project-member] REQ: curl -i https://10.4.3.207:8080/v1/AUTH_e16320a74ac64effb3f0093bc01dfe32/glance/a316e209-724b-4c6e-acac-547977fcacb0-00001 -X PUT -H "X-Auth-Token: gAAAAABqZzIYxoPC..." {{(pid=100226) http_log /opt/stack/data/venv/lib/python3.12/site-packages/swiftclient/client.py:160}}
Jul 27 10:25:29.180144 np0000005891 devstack@g-api.service[100226]: DEBUG swiftclient [None req-8889175d-b0d6-459a-84a9-e7b369262ee2 tempest-ServerBootFromVolumeStableRescueTest-1428797883 tempest-ServerBootFromVolumeStableRescueTest-1428797883-project-member] RESP STATUS: 201 Created {{(pid=100226) http_log /opt/stack/data/venv/lib/python3.12/site-packages/swiftclient/client.py:161}}
Jul 27 10:25:29.180144 np0000005891 devstack@g-api.service[100226]: DEBUG swiftclient [None req-8889175d-b0d6-459a-84a9-e7b369262ee2 tempest-ServerBootFromVolumeStableRescueTest-1428797883 tempest-ServerBootFromVolumeStableRescueTest-1428797883-project-member] RESP HEADERS: {'Date': 'Mon, 27 Jul 2026 10:25:29 GMT', 'Server': 'Apache/2.4.58 (Ubuntu)', 'Content-Type': 'text/html; charset=UTF-8', 'Content-Length': '0', 'Etag': '4fa343ee581d8d2e78533191fd1ac3e1', 'Last-Modified': 'Mon, 27 Jul 2026 10:25:29 GMT', 'X-Trans-Id': 'tx5a44d504a72f4508a355e-006a673218', 'X-Openstack-Request-Id': 'tx5a44d504a72f4508a355e-006a673218', 'Connection': 'close'} {{(pid=100226) http_log /opt/stack/data/venv/lib/python3.12/site-packages/swiftclient/client.py:162}}
Jul 27 10:25:29.180800 np0000005891 devstack@g-api.service[100226]: DEBUG glance_store._drivers.swift.store [None req-8889175d-b0d6-459a-84a9-e7b369262ee2 tempest-ServerBootFromVolumeStableRescueTest-1428797883 tempest-ServerBootFromVolumeStableRescueTest-1428797883-project-member] Wrote chunk a316e209-724b-4c6e-acac-547977fcacb0-00001 (1/?) of length 23527424 to Swift returning MD5 of content: 4fa343ee581d8d2e78533191fd1ac3e1 {{(pid=100226) add /opt/stack/data/venv/lib/python3.12/site-packages/glance_store/_drivers/swift/store.py:1059}}
Jul 27 10:25:29.180800 np0000005891 devstack@g-api.service[100226]: DEBUG glance_store._drivers.swift.store [None req-8889175d-b0d6-459a-84a9-e7b369262ee2 tempest-ServerBootFromVolumeStableRescueTest-1428797883 tempest-ServerBootFromVolumeStableRescueTest-1428797883-project-member] Not writing zero-length chunk. {{(pid=100226) add /opt/stack/data/venv/lib/python3.12/site-packages/glance_store/_drivers/swift/store.py:1028}}
Jul 27 10:25:29.192788 np0000005891 devstack@g-api.service[100228]: DEBUG glance.api.middleware.version_negotiation [None req-b5056fc2-29f5-46b7-83d2-ad1afabbd711 tempest-ServerActionsV293TestJSON-1754641374 tempest-ServerActionsV293TestJSON-1754641374-project-member] Determining version of request: GET /v2/schemas/image Accept: */* {{(pid=100228) process_request /opt/stack/glance/glance/api/middleware/version_negotiation.py:44}}
Jul 27 10:25:29.192788 np0000005891 devstack@g-api.service[100228]: DEBUG glance.api.middleware.version_negotiation [None req-b5056fc2-29f5-46b7-83d2-ad1afabbd711 tempest-ServerActionsV293TestJSON-1754641374 tempest-ServerActionsV293TestJSON-1754641374-project-member] Using url versioning {{(pid=100228) process_request /opt/stack/glance/glance/api/middleware/version_negotiation.py:57}}
Jul 27 10:25:29.192788 np0000005891 devstack@g-api.service[100228]: DEBUG glance.api.middleware.version_negotiation [None req-b5056fc2-29f5-46b7-83d2-ad1afabbd711 tempest-ServerActionsV293TestJSON-1754641374 tempest-ServerActionsV293TestJSON-1754641374-project-member] Matched version: v2 {{(pid=100228) process_request /opt/stack/glance/glance/api/middleware/version_negotiation.py:69}}
Jul 27 10:25:29.192788 np0000005891 devstack@g-api.service[100228]: DEBUG glance.api.middleware.version_negotiation [None req-b5056fc2-29f5-46b7-83d2-ad1afabbd711 tempest-ServerActionsV293TestJSON-1754641374 tempest-ServerActionsV293TestJSON-1754641374-project-member] new path /v2/schemas/image {{(pid=100228) process_request /opt/stack/glance/glance/api/middleware/version_negotiation.py:70}}
Jul 27 10:25:29.193470 np0000005891 devstack@g-api.service[100228]: [pid: 100228|app: 0|req: 92/266] 127.0.0.1 () {44 vars in 1055 bytes} [Mon Jul 27 10:25:29 2026] GET /v2/schemas/image => generated 6083 bytes in 4 msecs (HTTP/1.1 200) 4 headers in 158 bytes (1 switches on core 0)
Jul 27 10:25:29.209488 np0000005891 devstack@g-api.service[100227]: DEBUG glance.api.middleware.version_negotiation [None req-b5056fc2-29f5-46b7-83d2-ad1afabbd711 tempest-ServerActionsV293TestJSON-1754641374 tempest-ServerActionsV293TestJSON-1754641374-project-member] Determining version of request: GET /v2/schemas/image Accept: */* {{(pid=100227) process_request /opt/stack/glance/glance/api/middleware/version_negotiation.py:44}}
Jul 27 10:25:29.211335 np0000005891 devstack@g-api.service[100227]: DEBUG glance.api.middleware.version_negotiation [None req-b5056fc2-29f5-46b7-83d2-ad1afabbd711 tempest-ServerActionsV293TestJSON-1754641374 tempest-ServerActionsV293TestJSON-1754641374-project-member] Using url versioning {{(pid=100227) process_request /opt/stack/glance/glance/api/middleware/version_negotiation.py:57}}
Jul 27 10:25:29.211605 np0000005891 devstack@g-api.service[100227]: DEBUG glance.api.middleware.version_negotiation [None req-b5056fc2-29f5-46b7-83d2-ad1afabbd711 tempest-ServerActionsV293TestJSON-1754641374 tempest-ServerActionsV293TestJSON-1754641374-project-member] Matched version: v2 {{(pid=100227) process_request /opt/stack/glance/glance/api/middleware/version_negotiation.py:69}}
Jul 27 10:25:29.211875 np0000005891 devstack@g-api.service[100227]: DEBUG glance.api.middleware.version_negotiation [None req-b5056fc2-29f5-46b7-83d2-ad1afabbd711 tempest-ServerActionsV293TestJSON-1754641374 tempest-ServerActionsV293TestJSON-1754641374-project-member] new path /v2/schemas/image {{(pid=100227) process_request /opt/stack/glance/glance/api/middleware/version_negotiation.py:70}}
Jul 27 10:25:29.219119 np0000005891 devstack@g-api.service[100227]: [pid: 100227|app: 0|req: 94/267] 127.0.0.1 () {44 vars in 1055 bytes} [Mon Jul 27 10:25:29 2026] GET /v2/schemas/image => generated 6083 bytes in 11 msecs (HTTP/1.1 200) 4 headers in 158 bytes (1 switches on core 0)
Jul 27 10:25:29.221714 np0000005891 devstack@g-api.service[100226]: DEBUG swiftclient [None req-8889175d-b0d6-459a-84a9-e7b369262ee2 tempest-ServerBootFromVolumeStableRescueTest-1428797883 tempest-ServerBootFromVolumeStableRescueTest-1428797883-project-member] REQ: curl -i https://10.4.3.207:8080/v1/AUTH_e16320a74ac64effb3f0093bc01dfe32/glance/a316e209-724b-4c6e-acac-547977fcacb0 -X PUT -H "X-Object-Manifest: glance/a316e209-724b-4c6e-acac-547977fcacb0-" -H "X-Auth-Token: gAAAAABqZzIYxoPC..." -H "Content-Length: 0" {{(pid=100226) http_log /opt/stack/data/venv/lib/python3.12/site-packages/swiftclient/client.py:160}}
Jul 27 10:25:29.221714 np0000005891 devstack@g-api.service[100226]: DEBUG swiftclient [None req-8889175d-b0d6-459a-84a9-e7b369262ee2 tempest-ServerBootFromVolumeStableRescueTest-1428797883 tempest-ServerBootFromVolumeStableRescueTest-1428797883-project-member] RESP STATUS: 201 Created {{(pid=100226) http_log /opt/stack/data/venv/lib/python3.12/site-packages/swiftclient/client.py:161}}
Jul 27 10:25:29.225656 np0000005891 devstack@g-api.service[100226]: DEBUG swiftclient [None req-8889175d-b0d6-459a-84a9-e7b369262ee2 tempest-ServerBootFromVolumeStableRescueTest-1428797883 tempest-ServerBootFromVolumeStableRescueTest-1428797883-project-member] RESP HEADERS: {'Date': 'Mon, 27 Jul 2026 10:25:29 GMT', 'Server': 'Apache/2.4.58 (Ubuntu)', 'Content-Type': 'text/html; charset=UTF-8', 'Content-Length': '0', 'Etag': 'd41d8cd98f00b204e9800998ecf8427e', 'Last-Modified': 'Mon, 27 Jul 2026 10:25:30 GMT', 'X-Trans-Id': 'txbe1bd667ab034b30867c4-006a673219', 'X-Openstack-Request-Id': 'txbe1bd667ab034b30867c4-006a673219', 'Connection': 'close'} {{(pid=100226) http_log /opt/stack/data/venv/lib/python3.12/site-packages/swiftclient/client.py:162}}
Jul 27 10:25:29.228972 np0000005891 devstack@g-api.service[100226]: INFO glance.location [None req-8889175d-b0d6-459a-84a9-e7b369262ee2 tempest-ServerBootFromVolumeStableRescueTest-1428797883 tempest-ServerBootFromVolumeStableRescueTest-1428797883-project-member] Image format matched and virtual size computed: 1073741824
Jul 27 10:25:29.292524 np0000005891 devstack@g-api.service[100228]: DEBUG glance.api.middleware.version_negotiation [None req-b5056fc2-29f5-46b7-83d2-ad1afabbd711 tempest-ServerActionsV293TestJSON-1754641374 tempest-ServerActionsV293TestJSON-1754641374-project-member] Determining version of request: GET /v2/images/a316e209-724b-4c6e-acac-547977fcacb0 Accept: application/json {{(pid=100228) process_request /opt/stack/glance/glance/api/middleware/version_negotiation.py:44}}
Jul 27 10:25:29.292524 np0000005891 devstack@g-api.service[100228]: DEBUG glance.api.middleware.version_negotiation [None req-b5056fc2-29f5-46b7-83d2-ad1afabbd711 tempest-ServerActionsV293TestJSON-1754641374 tempest-ServerActionsV293TestJSON-1754641374-project-member] Using url versioning {{(pid=100228) process_request /opt/stack/glance/glance/api/middleware/version_negotiation.py:57}}
Jul 27 10:25:29.293203 np0000005891 devstack@g-api.service[100228]: DEBUG glance.api.middleware.version_negotiation [None req-b5056fc2-29f5-46b7-83d2-ad1afabbd711 tempest-ServerActionsV293TestJSON-1754641374 tempest-ServerActionsV293TestJSON-1754641374-project-member] Matched version: v2 {{(pid=100228) process_request /opt/stack/glance/glance/api/middleware/version_negotiation.py:69}}
Jul 27 10:25:29.293203 np0000005891 devstack@g-api.service[100228]: DEBUG glance.api.middleware.version_negotiation [None req-b5056fc2-29f5-46b7-83d2-ad1afabbd711 tempest-ServerActionsV293TestJSON-1754641374 tempest-ServerActionsV293TestJSON-1754641374-project-member] new path /v2/images/a316e209-724b-4c6e-acac-547977fcacb0 {{(pid=100228) process_request /opt/stack/glance/glance/api/middleware/version_negotiation.py:70}}
Jul 27 10:25:29.296116 np0000005891 devstack@g-api.service[100227]: DEBUG glance.api.middleware.version_negotiation [None req-b5056fc2-29f5-46b7-83d2-ad1afabbd711 tempest-ServerActionsV293TestJSON-1754641374 tempest-ServerActionsV293TestJSON-1754641374-project-member] Determining version of request: GET /v2/images/1c248947-2020-4cdc-9403-d56a43b3f119 Accept: */* {{(pid=100227) process_request /opt/stack/glance/glance/api/middleware/version_negotiation.py:44}}
Jul 27 10:25:29.296390 np0000005891 devstack@g-api.service[100227]: DEBUG glance.api.middleware.version_negotiation [None req-b5056fc2-29f5-46b7-83d2-ad1afabbd711 tempest-ServerActionsV293TestJSON-1754641374 tempest-ServerActionsV293TestJSON-1754641374-project-member] Using url versioning {{(pid=100227) process_request /opt/stack/glance/glance/api/middleware/version_negotiation.py:57}}
Jul 27 10:25:29.296541 np0000005891 devstack@g-api.service[100227]: DEBUG glance.api.middleware.version_negotiation [None req-b5056fc2-29f5-46b7-83d2-ad1afabbd711 tempest-ServerActionsV293TestJSON-1754641374 tempest-ServerActionsV293TestJSON-1754641374-project-member] Matched version: v2 {{(pid=100227) process_request /opt/stack/glance/glance/api/middleware/version_negotiation.py:69}}
Jul 27 10:25:29.297626 np0000005891 devstack@g-api.service[100227]: DEBUG glance.api.middleware.version_negotiation [None req-b5056fc2-29f5-46b7-83d2-ad1afabbd711 tempest-ServerActionsV293TestJSON-1754641374 tempest-ServerActionsV293TestJSON-1754641374-project-member] new path /v2/images/1c248947-2020-4cdc-9403-d56a43b3f119 {{(pid=100227) process_request /opt/stack/glance/glance/api/middleware/version_negotiation.py:70}}
Jul 27 10:25:29.316602 np0000005891 devstack@g-api.service[100228]: [pid: 100228|app: 0|req: 93/268] 127.0.0.1 () {40 vars in 838 bytes} [Mon Jul 27 10:25:29 2026] GET /v2/images/a316e209-724b-4c6e-acac-547977fcacb0 => generated 1470 bytes in 24 msecs (HTTP/1.1 200) 4 headers in 158 bytes (1 switches on core 0)
Jul 27 10:25:29.323932 np0000005891 devstack@g-api.service[100227]: [pid: 100227|app: 0|req: 95/269] 127.0.0.1 () {44 vars in 1115 bytes} [Mon Jul 27 10:25:29 2026] GET /v2/images/1c248947-2020-4cdc-9403-d56a43b3f119 => generated 1044 bytes in 29 msecs (HTTP/1.1 200) 4 headers in 158 bytes (1 switches on core 0)
Jul 27 10:25:29.334627 np0000005891 devstack@g-api.service[100226]: DEBUG glance_store.backend [None req-8889175d-b0d6-459a-84a9-e7b369262ee2 tempest-ServerBootFromVolumeStableRescueTest-1428797883 tempest-ServerBootFromVolumeStableRescueTest-1428797883-project-member] Attempting to import store swift {{(pid=100226) _load_store /opt/stack/data/venv/lib/python3.12/site-packages/glance_store/backend.py:215}}
Jul 27 10:25:29.337280 np0000005891 devstack@g-api.service[100228]: DEBUG glance.api.middleware.version_negotiation [None req-7306fd06-48a2-4a72-b498-51d10d40fee9 tempest-ServerBootFromVolumeStableRescueTest-1428797883 tempest-ServerBootFromVolumeStableRescueTest-1428797883-project-member] Determining version of request: GET /v2/schemas/image Accept: */* {{(pid=100228) process_request /opt/stack/glance/glance/api/middleware/version_negotiation.py:44}}
Jul 27 10:25:29.337389 np0000005891 devstack@g-api.service[100226]: DEBUG glance_store.capabilities [None req-8889175d-b0d6-459a-84a9-e7b369262ee2 tempest-ServerBootFromVolumeStableRescueTest-1428797883 tempest-ServerBootFromVolumeStableRescueTest-1428797883-project-member] Store glance_store._drivers.swift.store.SingleTenantStore doesn't support updating dynamic storage capabilities. Please overwrite 'update_capabilities' method of the store to implement updating logics if needed. {{(pid=100226) update_capabilities /opt/stack/data/venv/lib/python3.12/site-packages/glance_store/capabilities.py:91}}
Jul 27 10:25:29.337389 np0000005891 devstack@g-api.service[100226]: DEBUG glance_store.driver [None req-8889175d-b0d6-459a-84a9-e7b369262ee2 tempest-ServerBootFromVolumeStableRescueTest-1428797883 tempest-ServerBootFromVolumeStableRescueTest-1428797883-project-member] Late loading location class glance_store._drivers.swift.store.StoreLocation {{(pid=100226) get_store_location_class /opt/stack/data/venv/lib/python3.12/site-packages/glance_store/driver.py:134}}
Jul 27 10:25:29.337546 np0000005891 devstack@g-api.service[100226]: DEBUG glance_store.location [None req-8889175d-b0d6-459a-84a9-e7b369262ee2 tempest-ServerBootFromVolumeStableRescueTest-1428797883 tempest-ServerBootFromVolumeStableRescueTest-1428797883-project-member] Registering scheme swift+https with {'store': , 'location_class': , 'store_entry': 'swift'} {{(pid=100226) register_scheme_map /opt/stack/data/venv/lib/python3.12/site-packages/glance_store/location.py:146}}
Jul 27 10:25:29.337715 np0000005891 devstack@g-api.service[100228]: DEBUG glance.api.middleware.version_negotiation [None req-7306fd06-48a2-4a72-b498-51d10d40fee9 tempest-ServerBootFromVolumeStableRescueTest-1428797883 tempest-ServerBootFromVolumeStableRescueTest-1428797883-project-member] Using url versioning {{(pid=100228) process_request /opt/stack/glance/glance/api/middleware/version_negotiation.py:57}}
Jul 27 10:25:29.337762 np0000005891 devstack@g-api.service[100226]: DEBUG glance_store.location [None req-8889175d-b0d6-459a-84a9-e7b369262ee2 tempest-ServerBootFromVolumeStableRescueTest-1428797883 tempest-ServerBootFromVolumeStableRescueTest-1428797883-project-member] Registering scheme swift+https with {'store': , 'location_class': , 'store_entry': 'swift'} {{(pid=100226) register_scheme_map /opt/stack/data/venv/lib/python3.12/site-packages/glance_store/location.py:146}}
Jul 27 10:25:29.337762 np0000005891 devstack@g-api.service[100226]: DEBUG glance_store.location [None req-8889175d-b0d6-459a-84a9-e7b369262ee2 tempest-ServerBootFromVolumeStableRescueTest-1428797883 tempest-ServerBootFromVolumeStableRescueTest-1428797883-project-member] Registering scheme swift with {'store': , 'location_class': , 'store_entry': 'swift'} {{(pid=100226) register_scheme_map /opt/stack/data/venv/lib/python3.12/site-packages/glance_store/location.py:146}}
Jul 27 10:25:29.337959 np0000005891 devstack@g-api.service[100228]: DEBUG glance.api.middleware.version_negotiation [None req-7306fd06-48a2-4a72-b498-51d10d40fee9 tempest-ServerBootFromVolumeStableRescueTest-1428797883 tempest-ServerBootFromVolumeStableRescueTest-1428797883-project-member] Matched version: v2 {{(pid=100228) process_request /opt/stack/glance/glance/api/middleware/version_negotiation.py:69}}
Jul 27 10:25:29.338017 np0000005891 devstack@g-api.service[100226]: DEBUG glance_store.location [None req-8889175d-b0d6-459a-84a9-e7b369262ee2 tempest-ServerBootFromVolumeStableRescueTest-1428797883 tempest-ServerBootFromVolumeStableRescueTest-1428797883-project-member] Registering scheme swift+https with {'store': , 'location_class': , 'store_entry': 'swift'} {{(pid=100226) register_scheme_map /opt/stack/data/venv/lib/python3.12/site-packages/glance_store/location.py:146}}
Jul 27 10:25:29.338069 np0000005891 devstack@g-api.service[100228]: DEBUG glance.api.middleware.version_negotiation [None req-7306fd06-48a2-4a72-b498-51d10d40fee9 tempest-ServerBootFromVolumeStableRescueTest-1428797883 tempest-ServerBootFromVolumeStableRescueTest-1428797883-project-member] new path /v2/schemas/image {{(pid=100228) process_request /opt/stack/glance/glance/api/middleware/version_negotiation.py:70}}
Jul 27 10:25:29.338117 np0000005891 devstack@g-api.service[100226]: DEBUG glance_store.location [None req-8889175d-b0d6-459a-84a9-e7b369262ee2 tempest-ServerBootFromVolumeStableRescueTest-1428797883 tempest-ServerBootFromVolumeStableRescueTest-1428797883-project-member] Registering scheme swift with {'store': , 'location_class': , 'store_entry': 'swift'} {{(pid=100226) register_scheme_map /opt/stack/data/venv/lib/python3.12/site-packages/glance_store/location.py:146}}
Jul 27 10:25:29.338117 np0000005891 devstack@g-api.service[100226]: DEBUG glance_store.location [None req-8889175d-b0d6-459a-84a9-e7b369262ee2 tempest-ServerBootFromVolumeStableRescueTest-1428797883 tempest-ServerBootFromVolumeStableRescueTest-1428797883-project-member] Registering scheme swift+http with {'store': , 'location_class': , 'store_entry': 'swift'} {{(pid=100226) register_scheme_map /opt/stack/data/venv/lib/python3.12/site-packages/glance_store/location.py:146}}
Jul 27 10:25:29.338229 np0000005891 devstack@g-api.service[100226]: DEBUG glance_store.location [None req-8889175d-b0d6-459a-84a9-e7b369262ee2 tempest-ServerBootFromVolumeStableRescueTest-1428797883 tempest-ServerBootFromVolumeStableRescueTest-1428797883-project-member] Registering scheme swift+https with {'store': , 'location_class': , 'store_entry': 'swift'} {{(pid=100226) register_scheme_map /opt/stack/data/venv/lib/python3.12/site-packages/glance_store/location.py:146}}
Jul 27 10:25:29.338570 np0000005891 devstack@g-api.service[100226]: DEBUG glance_store.location [None req-8889175d-b0d6-459a-84a9-e7b369262ee2 tempest-ServerBootFromVolumeStableRescueTest-1428797883 tempest-ServerBootFromVolumeStableRescueTest-1428797883-project-member] Registering scheme swift with {'store': , 'location_class': , 'store_entry': 'swift'} {{(pid=100226) register_scheme_map /opt/stack/data/venv/lib/python3.12/site-packages/glance_store/location.py:146}}
Jul 27 10:25:29.338709 np0000005891 devstack@g-api.service[100226]: DEBUG glance_store.location [None req-8889175d-b0d6-459a-84a9-e7b369262ee2 tempest-ServerBootFromVolumeStableRescueTest-1428797883 tempest-ServerBootFromVolumeStableRescueTest-1428797883-project-member] Registering scheme swift+http with {'store': , 'location_class': , 'store_entry': 'swift'} {{(pid=100226) register_scheme_map /opt/stack/data/venv/lib/python3.12/site-packages/glance_store/location.py:146}}
Jul 27 10:25:29.338862 np0000005891 devstack@g-api.service[100226]: DEBUG glance_store.location [None req-8889175d-b0d6-459a-84a9-e7b369262ee2 tempest-ServerBootFromVolumeStableRescueTest-1428797883 tempest-ServerBootFromVolumeStableRescueTest-1428797883-project-member] Registering scheme swift+config with {'store': , 'location_class': , 'store_entry': 'swift'} {{(pid=100226) register_scheme_map /opt/stack/data/venv/lib/python3.12/site-packages/glance_store/location.py:146}}
Jul 27 10:25:29.338956 np0000005891 devstack@g-api.service[100226]: DEBUG glance_store.backend [None req-8889175d-b0d6-459a-84a9-e7b369262ee2 tempest-ServerBootFromVolumeStableRescueTest-1428797883 tempest-ServerBootFromVolumeStableRescueTest-1428797883-project-member] Skipping store.set_acls... not implemented. {{(pid=100226) set_acls /opt/stack/data/venv/lib/python3.12/site-packages/glance_store/backend.py:507}}
Jul 27 10:25:29.343347 np0000005891 devstack@g-api.service[100226]: [pid: 100226|app: 0|req: 82/270] 127.0.0.1 () {46 vars in 1158 bytes} [Mon Jul 27 10:25:26 2026] PUT /v2/images/a316e209-724b-4c6e-acac-547977fcacb0/file => generated 0 bytes in 2616 msecs (HTTP/1.1 204) 4 headers in 171 bytes (1 switches on core 0)
Jul 27 10:25:29.343867 np0000005891 devstack@g-api.service[100228]: [pid: 100228|app: 0|req: 94/271] 127.0.0.1 () {44 vars in 1055 bytes} [Mon Jul 27 10:25:29 2026] GET /v2/schemas/image => generated 6083 bytes in 7 msecs (HTTP/1.1 200) 4 headers in 158 bytes (1 switches on core 0)
Jul 27 10:25:29.357243 np0000005891 devstack@g-api.service[100227]: DEBUG glance.api.middleware.version_negotiation [None req-b5056fc2-29f5-46b7-83d2-ad1afabbd711 tempest-ServerActionsV293TestJSON-1754641374 tempest-ServerActionsV293TestJSON-1754641374-project-member] Determining version of request: GET /v2/schemas/image Accept: */* {{(pid=100227) process_request /opt/stack/glance/glance/api/middleware/version_negotiation.py:44}}
Jul 27 10:25:29.357478 np0000005891 devstack@g-api.service[100227]: DEBUG glance.api.middleware.version_negotiation [None req-b5056fc2-29f5-46b7-83d2-ad1afabbd711 tempest-ServerActionsV293TestJSON-1754641374 tempest-ServerActionsV293TestJSON-1754641374-project-member] Using url versioning {{(pid=100227) process_request /opt/stack/glance/glance/api/middleware/version_negotiation.py:57}}
Jul 27 10:25:29.358898 np0000005891 devstack@g-api.service[100227]: DEBUG glance.api.middleware.version_negotiation [None req-b5056fc2-29f5-46b7-83d2-ad1afabbd711 tempest-ServerActionsV293TestJSON-1754641374 tempest-ServerActionsV293TestJSON-1754641374-project-member] Matched version: v2 {{(pid=100227) process_request /opt/stack/glance/glance/api/middleware/version_negotiation.py:69}}
Jul 27 10:25:29.359166 np0000005891 devstack@g-api.service[100227]: DEBUG glance.api.middleware.version_negotiation [None req-b5056fc2-29f5-46b7-83d2-ad1afabbd711 tempest-ServerActionsV293TestJSON-1754641374 tempest-ServerActionsV293TestJSON-1754641374-project-member] new path /v2/schemas/image {{(pid=100227) process_request /opt/stack/glance/glance/api/middleware/version_negotiation.py:70}}
Jul 27 10:25:29.366493 np0000005891 devstack@g-api.service[100227]: [pid: 100227|app: 0|req: 96/272] 127.0.0.1 () {44 vars in 1055 bytes} [Mon Jul 27 10:25:29 2026] GET /v2/schemas/image => generated 6083 bytes in 7 msecs (HTTP/1.1 200) 4 headers in 158 bytes (1 switches on core 0)
Jul 27 10:25:29.462308 np0000005891 devstack@g-api.service[100226]: DEBUG glance.api.middleware.version_negotiation [None req-8889175d-b0d6-459a-84a9-e7b369262ee2 tempest-ServerBootFromVolumeStableRescueTest-1428797883 tempest-ServerBootFromVolumeStableRescueTest-1428797883-project-member] Determining version of request: GET /versions Accept: */* {{(pid=100226) process_request /opt/stack/glance/glance/api/middleware/version_negotiation.py:44}}
Jul 27 10:25:29.463246 np0000005891 devstack@g-api.service[100226]: [pid: 100226|app: 0|req: 83/273] 127.0.0.1 () {44 vars in 1039 bytes} [Mon Jul 27 10:25:29 2026] GET /versions => generated 1515 bytes in 1 msecs (HTTP/1.1 200) 3 headers in 92 bytes (1 switches on core 0)
Jul 27 10:25:29.473167 np0000005891 devstack@g-api.service[100228]: DEBUG glance.api.middleware.version_negotiation [None req-b5056fc2-29f5-46b7-83d2-ad1afabbd711 tempest-ServerActionsV293TestJSON-1754641374 tempest-ServerActionsV293TestJSON-1754641374-project-member] Determining version of request: GET /v2/images/1c248947-2020-4cdc-9403-d56a43b3f119/locations Accept: */* {{(pid=100228) process_request /opt/stack/glance/glance/api/middleware/version_negotiation.py:44}}
Jul 27 10:25:29.473693 np0000005891 devstack@g-api.service[100228]: DEBUG glance.api.middleware.version_negotiation [None req-b5056fc2-29f5-46b7-83d2-ad1afabbd711 tempest-ServerActionsV293TestJSON-1754641374 tempest-ServerActionsV293TestJSON-1754641374-project-member] Using url versioning {{(pid=100228) process_request /opt/stack/glance/glance/api/middleware/version_negotiation.py:57}}
Jul 27 10:25:29.474573 np0000005891 devstack@g-api.service[100228]: DEBUG glance.api.middleware.version_negotiation [None req-b5056fc2-29f5-46b7-83d2-ad1afabbd711 tempest-ServerActionsV293TestJSON-1754641374 tempest-ServerActionsV293TestJSON-1754641374-project-member] Matched version: v2 {{(pid=100228) process_request /opt/stack/glance/glance/api/middleware/version_negotiation.py:69}}
Jul 27 10:25:29.474573 np0000005891 devstack@g-api.service[100228]: DEBUG glance.api.middleware.version_negotiation [None req-b5056fc2-29f5-46b7-83d2-ad1afabbd711 tempest-ServerActionsV293TestJSON-1754641374 tempest-ServerActionsV293TestJSON-1754641374-project-member] new path /v2/images/1c248947-2020-4cdc-9403-d56a43b3f119/locations {{(pid=100228) process_request /opt/stack/glance/glance/api/middleware/version_negotiation.py:70}}
Jul 27 10:25:29.478811 np0000005891 devstack@g-api.service[100227]: DEBUG glance.api.middleware.version_negotiation [None req-b5056fc2-29f5-46b7-83d2-ad1afabbd711 tempest-ServerActionsV293TestJSON-1754641374 tempest-ServerActionsV293TestJSON-1754641374-project-member] Determining version of request: GET /v2/images/a316e209-724b-4c6e-acac-547977fcacb0 Accept: */* {{(pid=100227) process_request /opt/stack/glance/glance/api/middleware/version_negotiation.py:44}}
Jul 27 10:25:29.478979 np0000005891 devstack@g-api.service[100227]: DEBUG glance.api.middleware.version_negotiation [None req-b5056fc2-29f5-46b7-83d2-ad1afabbd711 tempest-ServerActionsV293TestJSON-1754641374 tempest-ServerActionsV293TestJSON-1754641374-project-member] Using url versioning {{(pid=100227) process_request /opt/stack/glance/glance/api/middleware/version_negotiation.py:57}}
Jul 27 10:25:29.479110 np0000005891 devstack@g-api.service[100227]: DEBUG glance.api.middleware.version_negotiation [None req-b5056fc2-29f5-46b7-83d2-ad1afabbd711 tempest-ServerActionsV293TestJSON-1754641374 tempest-ServerActionsV293TestJSON-1754641374-project-member] Matched version: v2 {{(pid=100227) process_request /opt/stack/glance/glance/api/middleware/version_negotiation.py:69}}
Jul 27 10:25:29.479208 np0000005891 devstack@g-api.service[100227]: DEBUG glance.api.middleware.version_negotiation [None req-b5056fc2-29f5-46b7-83d2-ad1afabbd711 tempest-ServerActionsV293TestJSON-1754641374 tempest-ServerActionsV293TestJSON-1754641374-project-member] new path /v2/images/a316e209-724b-4c6e-acac-547977fcacb0 {{(pid=100227) process_request /opt/stack/glance/glance/api/middleware/version_negotiation.py:70}}
Jul 27 10:25:29.493314 np0000005891 devstack@g-api.service[100227]: [pid: 100227|app: 0|req: 97/274] 127.0.0.1 () {44 vars in 1115 bytes} [Mon Jul 27 10:25:29 2026] GET /v2/images/a316e209-724b-4c6e-acac-547977fcacb0 => generated 1640 bytes in 15 msecs (HTTP/1.1 200) 4 headers in 158 bytes (1 switches on core 0)
Jul 27 10:25:29.554239 np0000005891 devstack@g-api.service[100228]: [pid: 100228|app: 0|req: 95/275] 127.0.0.1 () {44 vars in 1135 bytes} [Mon Jul 27 10:25:29 2026] GET /v2/images/1c248947-2020-4cdc-9403-d56a43b3f119/locations => generated 92 bytes in 81 msecs (HTTP/1.1 200) 4 headers in 156 bytes (1 switches on core 0)
Jul 27 10:25:29.569515 np0000005891 devstack@g-api.service[100226]: DEBUG glance.api.middleware.version_negotiation [None req-8889175d-b0d6-459a-84a9-e7b369262ee2 tempest-ServerBootFromVolumeStableRescueTest-1428797883 tempest-ServerBootFromVolumeStableRescueTest-1428797883-project-member] Determining version of request: GET /v2/schemas/image Accept: */* {{(pid=100226) process_request /opt/stack/glance/glance/api/middleware/version_negotiation.py:44}}
