Jun 24 02:16:34.266972 np0000003506 devstack@neutron-api.service[90425]: DEBUG neutron.api.wsgi [None req-b23ad526-d58b-4561-b204-29010f63fc9e admin admin] Missing Content-Type {{(pid=90425) get_content_type /opt/stack/neutron/neutron/api/wsgi.py:80}}
Jun 24 02:16:34.267341 np0000003506 devstack@neutron-api.service[90425]: DEBUG neutron.api.wsgi [None req-b23ad526-d58b-4561-b204-29010f63fc9e admin admin] https://10.4.3.62/networking/v2.0/extensions returned with HTTP 200 {{(pid=90425) __call__ /opt/stack/neutron/neutron/api/wsgi.py:540}}
Jun 24 02:16:34.267943 np0000003506 devstack@neutron-api.service[90425]: [pid: 90425|app: 0|req: 2/2] 10.4.3.62 () {64 vars in 1285 bytes} [Wed Jun 24 02:16:33 2026] GET /networking/v2.0/extensions => generated 16171 bytes in 559 msecs (HTTP/1.1 200) 4 headers in 159 bytes (1 switches on core 0)
Jun 24 02:16:34.621769 np0000003506 devstack@neutron-api.service[90423]: DEBUG neutron.api.v2.base [None req-36ddb4cb-c966-480e-a4c0-966eeea24758 admin admin] Request body: {'subnetpool': {'name': 'shared-default-subnetpool-v4', 'prefixes': ['10.1.0.0/20'], 'shared': True, 'default_prefixlen': 26, 'is_default': True}} {{(pid=90423) prepare_request_body /opt/stack/neutron/neutron/api/v2/base.py:727}}
Jun 24 02:16:34.819720 np0000003506 devstack@neutron-api.service[90423]: DEBUG neutron.policy [None req-36ddb4cb-c966-480e-a4c0-966eeea24758 admin admin] Loaded default policies from ['neutron'] under neutron.policies entry points {{(pid=90423) register_rules /opt/stack/neutron/neutron/policy.py:65}}
Jun 24 02:16:34.955977 np0000003506 devstack@neutron-api.service[90423]: DEBUG neutron_lib.callbacks.manager [None req-36ddb4cb-c966-480e-a4c0-966eeea24758 admin admin] Publish callbacks ['neutron.objects.securitygroup.RbacNeutronDbObjectMixin.validate_rbac_policy_change-2267575917729', 'neutron.objects.address_group.RbacNeutronDbObjectMixin.validate_rbac_policy_change-2267575927722', 'neutron.objects.network.RbacNeutronDbObjectMixin.validate_rbac_policy_change-2267574972545', 'neutron.objects.qos.policy.RbacNeutronDbObjectMixin.validate_rbac_policy_change-2267574981504', 'neutron.objects.subnetpool.RbacNeutronDbObjectMixin.validate_rbac_policy_change-2267574980826', 'neutron.objects.address_scope.RbacNeutronDbObjectMixin.validate_rbac_policy_change-2267575194015', 'neutron.plugins.ml2.plugin.External_net_db_mixin._process_ext_policy_create-2243880', 'neutron.plugins.ml2.plugin.NeutronDbPluginV2.validate_network_rbac_policy_change-2295040'] for rbac-policy (None), before_create {{(pid=90423) _notify_loop /opt/stack/data/venv/lib/python3.12/site-packages/neutron_lib/callbacks/manager.py:184}}
Jun 24 02:16:34.999073 np0000003506 devstack@neutron-api.service[90423]: DEBUG neutron_lib.callbacks.manager [None req-36ddb4cb-c966-480e-a4c0-966eeea24758 admin admin] Publish callbacks [] for subnetpool (None), before_response {{(pid=90423) _notify_loop /opt/stack/data/venv/lib/python3.12/site-packages/neutron_lib/callbacks/manager.py:184}}
Jun 24 02:16:34.999568 np0000003506 devstack@neutron-api.service[90423]: [pid: 90423|app: 0|req: 1/3] 10.4.3.62 () {68 vars in 1329 bytes} [Wed Jun 24 02:16:34 2026] POST /networking/v2.0/subnetpools => generated 533 bytes in 463 msecs (HTTP/1.1 201) 4 headers in 162 bytes (1 switches on core 0)
Jun 24 02:16:35.306467 np0000003506 devstack@neutron-api.service[90422]: DEBUG neutron.api.v2.base [None req-88f59843-8b60-4dd8-ae8c-1fab84c592ff admin admin] Request body: {'subnetpool': {'name': 'shared-default-subnetpool-v6', 'prefixes': ['fd93:7ab4:3ec8::/56'], 'shared': True, 'default_prefixlen': 64, 'is_default': True}} {{(pid=90422) prepare_request_body /opt/stack/neutron/neutron/api/v2/base.py:727}}
Jun 24 02:16:35.467961 np0000003506 devstack@neutron-api.service[90422]: DEBUG neutron.policy [None req-88f59843-8b60-4dd8-ae8c-1fab84c592ff admin admin] Loaded default policies from ['neutron'] under neutron.policies entry points {{(pid=90422) register_rules /opt/stack/neutron/neutron/policy.py:65}}
Jun 24 02:16:35.592809 np0000003506 devstack@neutron-api.service[90422]: DEBUG neutron_lib.callbacks.manager [None req-88f59843-8b60-4dd8-ae8c-1fab84c592ff admin admin] Publish callbacks ['neutron.objects.securitygroup.RbacNeutronDbObjectMixin.validate_rbac_policy_change-2267575918247', 'neutron.objects.address_group.RbacNeutronDbObjectMixin.validate_rbac_policy_change-2267575891355', 'neutron.objects.network.RbacNeutronDbObjectMixin.validate_rbac_policy_change-2267574969493', 'neutron.objects.qos.policy.RbacNeutronDbObjectMixin.validate_rbac_policy_change-2267574970593', 'neutron.objects.subnetpool.RbacNeutronDbObjectMixin.validate_rbac_policy_change-2267574978807', 'neutron.objects.address_scope.RbacNeutronDbObjectMixin.validate_rbac_policy_change-2267575204951', 'neutron.plugins.ml2.plugin.External_net_db_mixin._process_ext_policy_create-96084', 'neutron.plugins.ml2.plugin.NeutronDbPluginV2.validate_network_rbac_policy_change-12088'] for rbac-policy (None), before_create {{(pid=90422) _notify_loop /opt/stack/data/venv/lib/python3.12/site-packages/neutron_lib/callbacks/manager.py:184}}
Jun 24 02:16:35.629525 np0000003506 devstack@neutron-api.service[90422]: DEBUG neutron_lib.callbacks.manager [None req-88f59843-8b60-4dd8-ae8c-1fab84c592ff admin admin] Publish callbacks [] for subnetpool (None), before_response {{(pid=90422) _notify_loop /opt/stack/data/venv/lib/python3.12/site-packages/neutron_lib/callbacks/manager.py:184}}
Jun 24 02:16:35.630022 np0000003506 devstack@neutron-api.service[90422]: [pid: 90422|app: 0|req: 1/4] 10.4.3.62 () {68 vars in 1329 bytes} [Wed Jun 24 02:16:35 2026] POST /networking/v2.0/subnetpools => generated 543 bytes in 420 msecs (HTTP/1.1 201) 4 headers in 162 bytes (1 switches on core 0)
Jun 24 02:16:35.936331 np0000003506 devstack@neutron-api.service[90424]: DEBUG neutron.api.v2.base [None req-bc0e9818-ee66-40e8-a812-e318b9ddbf46 admin admin] Request body: {'network': {'admin_state_up': True, 'name': 'private'}} {{(pid=90424) prepare_request_body /opt/stack/neutron/neutron/api/v2/base.py:727}}
Jun 24 02:16:35.962689 np0000003506 devstack@neutron-api.service[90424]: DEBUG neutron.pecan_wsgi.hooks.quota_enforcement [None req-bc0e9818-ee66-40e8-a812-e318b9ddbf46 admin admin] Made reservation on behalf of 9e9227d2ca35492385298a80609e817e for: {'network': 1} {{(pid=90424) before /opt/stack/neutron/neutron/pecan_wsgi/hooks/quota_enforcement.py:66}}
Jun 24 02:16:36.124427 np0000003506 devstack@neutron-api.service[90424]: DEBUG neutron.policy [None req-bc0e9818-ee66-40e8-a812-e318b9ddbf46 admin admin] Loaded default policies from ['neutron'] under neutron.policies entry points {{(pid=90424) register_rules /opt/stack/neutron/neutron/policy.py:65}}
Jun 24 02:16:36.209123 np0000003506 devstack@neutron-api.service[90424]: DEBUG neutron_lib.callbacks.manager [None req-bc0e9818-ee66-40e8-a812-e318b9ddbf46 admin admin] Publish callbacks ['neutron.plugins.ml2.plugin.SecurityGroupDbMixin._ensure_default_security_group_handler-1535392'] for network (None), before_create {{(pid=90424) _notify_loop /opt/stack/data/venv/lib/python3.12/site-packages/neutron_lib/callbacks/manager.py:184}}
Jun 24 02:16:36.229771 np0000003506 devstack@neutron-api.service[90424]: DEBUG neutron_lib.callbacks.manager [None req-bc0e9818-ee66-40e8-a812-e318b9ddbf46 admin admin] Publish callbacks [] for security_group (None), before_create {{(pid=90424) _notify_loop /opt/stack/data/venv/lib/python3.12/site-packages/neutron_lib/callbacks/manager.py:184}}
Jun 24 02:16:36.313566 np0000003506 devstack@neutron-api.service[90424]: DEBUG neutron_lib.callbacks.manager [None req-bc0e9818-ee66-40e8-a812-e318b9ddbf46 admin admin] Publish callbacks ['neutron.plugins.ml2.drivers.ovn.mech_driver.mech_driver.OVNMechanismDriver._create_security_group_precommit-886375'] for security_group (0e48d143-d8a2-425d-bcbd-cdb58d0fb10d), precommit_create {{(pid=90424) _notify_loop /opt/stack/data/venv/lib/python3.12/site-packages/neutron_lib/callbacks/manager.py:184}}
Jun 24 02:16:36.313710 np0000003506 devstack@neutron-api.service[90424]: DEBUG neutron.db.ovn_revision_numbers_db [None req-bc0e9818-ee66-40e8-a812-e318b9ddbf46 admin admin] create_initial_revision uuid=0e48d143-d8a2-425d-bcbd-cdb58d0fb10d, type=security_groups, rev=-1 {{(pid=90424) create_initial_revision /opt/stack/neutron/neutron/db/ovn_revision_numbers_db.py:98}}
Jun 24 02:16:36.317760 np0000003506 devstack@neutron-api.service[90424]: DEBUG neutron.db.ovn_revision_numbers_db [None req-bc0e9818-ee66-40e8-a812-e318b9ddbf46 admin admin] create_initial_revision uuid=3437f81a-2f4d-489f-a25a-bacb30bed55b, type=security_group_rules, rev=-1 {{(pid=90424) create_initial_revision /opt/stack/neutron/neutron/db/ovn_revision_numbers_db.py:98}}
Jun 24 02:16:36.318827 np0000003506 devstack@neutron-api.service[90424]: DEBUG neutron.db.ovn_revision_numbers_db [None req-bc0e9818-ee66-40e8-a812-e318b9ddbf46 admin admin] create_initial_revision uuid=3fe67c99-782d-4d87-b89a-a219db947497, type=security_group_rules, rev=-1 {{(pid=90424) create_initial_revision /opt/stack/neutron/neutron/db/ovn_revision_numbers_db.py:98}}
Jun 24 02:16:36.319754 np0000003506 devstack@neutron-api.service[90424]: DEBUG neutron.db.ovn_revision_numbers_db [None req-bc0e9818-ee66-40e8-a812-e318b9ddbf46 admin admin] create_initial_revision uuid=7aeb3455-0901-40b2-b482-5d20ccd7426b, type=security_group_rules, rev=-1 {{(pid=90424) create_initial_revision /opt/stack/neutron/neutron/db/ovn_revision_numbers_db.py:98}}
Jun 24 02:16:36.320621 np0000003506 devstack@neutron-api.service[90424]: DEBUG neutron.db.ovn_revision_numbers_db [None req-bc0e9818-ee66-40e8-a812-e318b9ddbf46 admin admin] create_initial_revision uuid=b68e1ca8-1d9a-4940-87c3-6eec505a65e1, type=security_group_rules, rev=-1 {{(pid=90424) create_initial_revision /opt/stack/neutron/neutron/db/ovn_revision_numbers_db.py:98}}
Jun 24 02:16:36.329051 np0000003506 devstack@neutron-api.service[90424]: DEBUG neutron_lib.callbacks.manager [None req-bc0e9818-ee66-40e8-a812-e318b9ddbf46 admin admin] Publish callbacks ['neutron.plugins.ml2.drivers.ovn.mech_driver.mech_driver.OVNMechanismDriver._create_security_group-886381', 'neutron.plugins.ml2.ovo_rpc._ObjectChangeHandler.handle_event-8022965'] for security_group (0e48d143-d8a2-425d-bcbd-cdb58d0fb10d), after_create {{(pid=90424) _notify_loop /opt/stack/data/venv/lib/python3.12/site-packages/neutron_lib/callbacks/manager.py:184}}
Jun 24 02:16:36.330072 np0000003506 devstack@neutron-api.service[90424]: DEBUG ovsdbapp.backend.ovs_idl.transaction [-] Running txn n=1 command(idx=0): PgAddCommand(_result=None, name=pg_0e48d143_d8a2_425d_bcbd_cdb58d0fb10d, may_exist=False, columns={'acls': [], 'external_ids': {'neutron:security_group_id': '0e48d143-d8a2-425d-bcbd-cdb58d0fb10d'}}) {{(pid=90424) do_commit /opt/stack/data/venv/lib/python3.12/site-packages/ovsdbapp/backend/ovs_idl/transaction.py:89}}
Jun 24 02:16:36.333716 np0000003506 devstack@neutron-api.service[90424]: DEBUG ovsdbapp.backend.ovs_idl.transaction [-] Running txn n=1 command(idx=1): PgAclAddCommand(_result=None, entity=pg_0e48d143_d8a2_425d_bcbd_cdb58d0fb10d, direction=from-lport, priority=1002, match=inport == @pg_0e48d143_d8a2_425d_bcbd_cdb58d0fb10d && ip4, action=allow-related, log=False, may_exist=True, severity=[], name=[], meter=[], external_ids={'neutron:security_group_rule_id': '3437f81a-2f4d-489f-a25a-bacb30bed55b'}) {{(pid=90424) do_commit /opt/stack/data/venv/lib/python3.12/site-packages/ovsdbapp/backend/ovs_idl/transaction.py:89}}
Jun 24 02:16:36.334132 np0000003506 devstack@neutron-api.service[90424]: DEBUG ovsdbapp.backend.ovs_idl.transaction [-] Running txn n=1 command(idx=2): PgAclAddCommand(_result=None, entity=pg_0e48d143_d8a2_425d_bcbd_cdb58d0fb10d, direction=to-lport, priority=1002, match=outport == @pg_0e48d143_d8a2_425d_bcbd_cdb58d0fb10d && ip4 && ip4.src == $pg_0e48d143_d8a2_425d_bcbd_cdb58d0fb10d_ip4, action=allow-related, log=False, may_exist=True, severity=[], name=[], meter=[], external_ids={'neutron:security_group_rule_id': '3fe67c99-782d-4d87-b89a-a219db947497'}) {{(pid=90424) do_commit /opt/stack/data/venv/lib/python3.12/site-packages/ovsdbapp/backend/ovs_idl/transaction.py:89}}
Jun 24 02:16:36.334415 np0000003506 devstack@neutron-api.service[90424]: DEBUG ovsdbapp.backend.ovs_idl.transaction [-] Running txn n=1 command(idx=3): PgAclAddCommand(_result=None, entity=pg_0e48d143_d8a2_425d_bcbd_cdb58d0fb10d, direction=to-lport, priority=1002, match=outport == @pg_0e48d143_d8a2_425d_bcbd_cdb58d0fb10d && ip6 && ip6.src == $pg_0e48d143_d8a2_425d_bcbd_cdb58d0fb10d_ip6, action=allow-related, log=False, may_exist=True, severity=[], name=[], meter=[], external_ids={'neutron:security_group_rule_id': '7aeb3455-0901-40b2-b482-5d20ccd7426b'}) {{(pid=90424) do_commit /opt/stack/data/venv/lib/python3.12/site-packages/ovsdbapp/backend/ovs_idl/transaction.py:89}}
Jun 24 02:16:36.334660 np0000003506 devstack@neutron-api.service[90424]: DEBUG ovsdbapp.backend.ovs_idl.transaction [-] Running txn n=1 command(idx=4): PgAclAddCommand(_result=None, entity=pg_0e48d143_d8a2_425d_bcbd_cdb58d0fb10d, direction=from-lport, priority=1002, match=inport == @pg_0e48d143_d8a2_425d_bcbd_cdb58d0fb10d && ip6, action=allow-related, log=False, may_exist=True, severity=[], name=[], meter=[], external_ids={'neutron:security_group_rule_id': 'b68e1ca8-1d9a-4940-87c3-6eec505a65e1'}) {{(pid=90424) do_commit /opt/stack/data/venv/lib/python3.12/site-packages/ovsdbapp/backend/ovs_idl/transaction.py:89}}
Jun 24 02:16:36.339746 np0000003506 devstack@neutron-api.service[90424]: DEBUG neutron.plugins.ml2.drivers.ovn.mech_driver.ovsdb.ovsdb_monitor [-] Hash Ring: Node 5e8e71e50e56547f97b2bb43987e7455 (host: np0000003506) handling event "create" for row db170cdd-e683-45ea-b5b7-4c8d3ee2eb32 (table: ACL) {{(pid=90424) notify /opt/stack/neutron/neutron/plugins/ml2/drivers/ovn/mech_driver/ovsdb/ovsdb_monitor.py:1015}}
Jun 24 02:16:36.340171 np0000003506 devstack@neutron-api.service[90425]: DEBUG neutron.plugins.ml2.drivers.ovn.mech_driver.ovsdb.ovsdb_monitor [-] Hash Ring: Node cbb0a6f1590e570cb740250339990850 (host: np0000003506) handling event "create" for row 3e8680e3-cd8c-4f32-a416-08fbd6093a72 (table: ACL) {{(pid=90425) notify /opt/stack/neutron/neutron/plugins/ml2/drivers/ovn/mech_driver/ovsdb/ovsdb_monitor.py:1015}}
Jun 24 02:16:36.340171 np0000003506 devstack@neutron-api.service[90425]: DEBUG neutron.plugins.ml2.drivers.ovn.mech_driver.ovsdb.ovsdb_monitor [-] Hash Ring: Node cbb0a6f1590e570cb740250339990850 (host: np0000003506) handling event "create" for row 6fd3fc96-d936-4724-b907-bed11113aaf8 (table: ACL) {{(pid=90425) notify /opt/stack/neutron/neutron/plugins/ml2/drivers/ovn/mech_driver/ovsdb/ovsdb_monitor.py:1015}}
Jun 24 02:16:36.340171 np0000003506 devstack@neutron-api.service[90425]: DEBUG neutron.plugins.ml2.drivers.ovn.mech_driver.ovsdb.ovsdb_monitor [-] Hash Ring: Node cbb0a6f1590e570cb740250339990850 (host: np0000003506) handling event "create" for row db170cdd-e683-45ea-b5b7-4c8d3ee2eb32 (table: ACL) {{(pid=90425) notify /opt/stack/neutron/neutron/plugins/ml2/drivers/ovn/mech_driver/ovsdb/ovsdb_monitor.py:1015}}
Jun 24 02:16:36.340171 np0000003506 devstack@neutron-api.service[90425]: DEBUG neutron.plugins.ml2.drivers.ovn.mech_driver.ovsdb.ovsdb_monitor [-] Hash Ring: Node cbb0a6f1590e570cb740250339990850 (host: np0000003506) handling event "create" for row edd4312d-e762-4e60-970e-7187cea85f91 (table: ACL) {{(pid=90425) notify /opt/stack/neutron/neutron/plugins/ml2/drivers/ovn/mech_driver/ovsdb/ovsdb_monitor.py:1015}}
Jun 24 02:16:36.341393 np0000003506 devstack@neutron-api.service[90425]: DEBUG neutron.plugins.ml2.drivers.ovn.mech_driver.ovsdb.ovsdb_monitor [-] Hash Ring: Node cbb0a6f1590e570cb740250339990850 (host: np0000003506) handling event "create" for row df7da3e5-758b-46fa-b753-b82c01f2fd64 (table: Port_Group) {{(pid=90425) notify /opt/stack/neutron/neutron/plugins/ml2/drivers/ovn/mech_driver/ovsdb/ovsdb_monitor.py:1015}}
Jun 24 02:16:36.341514 np0000003506 devstack@neutron-api.service[90422]: DEBUG neutron.plugins.ml2.drivers.ovn.mech_driver.ovsdb.ovsdb_monitor [-] Hash Ring: Node 59e18b397674579bbef09ce8225774b7 (host: np0000003506) handling event "create" for row 3e8680e3-cd8c-4f32-a416-08fbd6093a72 (table: ACL) {{(pid=90422) notify /opt/stack/neutron/neutron/plugins/ml2/drivers/ovn/mech_driver/ovsdb/ovsdb_monitor.py:1015}}
Jun 24 02:16:36.341514 np0000003506 devstack@neutron-api.service[90422]: DEBUG neutron.plugins.ml2.drivers.ovn.mech_driver.ovsdb.ovsdb_monitor [-] Hash Ring: Node 59e18b397674579bbef09ce8225774b7 (host: np0000003506) handling event "create" for row df7da3e5-758b-46fa-b753-b82c01f2fd64 (table: Port_Group) {{(pid=90422) notify /opt/stack/neutron/neutron/plugins/ml2/drivers/ovn/mech_driver/ovsdb/ovsdb_monitor.py:1015}}
Jun 24 02:16:36.368790 np0000003506 devstack@neutron-api.service[90424]: INFO neutron.db.ovn_revision_numbers_db [None req-bc0e9818-ee66-40e8-a812-e318b9ddbf46 admin admin] Successfully bumped revision number for resource 0e48d143-d8a2-425d-bcbd-cdb58d0fb10d (type: security_groups) to 1
Jun 24 02:16:36.392413 np0000003506 devstack@neutron-api.service[90424]: INFO neutron.db.ovn_revision_numbers_db [None req-bc0e9818-ee66-40e8-a812-e318b9ddbf46 admin admin] Successfully bumped revision number for resource 3437f81a-2f4d-489f-a25a-bacb30bed55b (type: security_group_rules) to 0
Jun 24 02:16:36.404755 np0000003506 devstack@neutron-api.service[90424]: INFO neutron.db.ovn_revision_numbers_db [None req-bc0e9818-ee66-40e8-a812-e318b9ddbf46 admin admin] Successfully bumped revision number for resource 3fe67c99-782d-4d87-b89a-a219db947497 (type: security_group_rules) to 0
Jun 24 02:16:36.419184 np0000003506 devstack@neutron-api.service[90424]: INFO neutron.db.ovn_revision_numbers_db [None req-bc0e9818-ee66-40e8-a812-e318b9ddbf46 admin admin] Successfully bumped revision number for resource 7aeb3455-0901-40b2-b482-5d20ccd7426b (type: security_group_rules) to 0
Jun 24 02:16:36.435574 np0000003506 devstack@neutron-api.service[90424]: INFO neutron.db.ovn_revision_numbers_db [None req-bc0e9818-ee66-40e8-a812-e318b9ddbf46 admin admin] Successfully bumped revision number for resource b68e1ca8-1d9a-4940-87c3-6eec505a65e1 (type: security_group_rules) to 0
Jun 24 02:16:36.458210 np0000003506 devstack@neutron-api.service[90424]: DEBUG neutron.api.rpc.handlers.resources_rpc [None req-bc0e9818-ee66-40e8-a812-e318b9ddbf46 admin admin] Pushing event updated for resources: {'SecurityGroup': ['ID=0e48d143-d8a2-425d-bcbd-cdb58d0fb10d,revision_number=1']} {{(pid=90424) push /opt/stack/neutron/neutron/api/rpc/handlers/resources_rpc.py:237}}
Jun 24 02:16:36.464873 np0000003506 devstack@neutron-api.service[90424]: DEBUG ovsdbapp.backend.ovs_idl.transaction [-] Running txn n=1 command(idx=0): CheckLivenessCommand(_result=None) {{(pid=90424) do_commit /opt/stack/data/venv/lib/python3.12/site-packages/ovsdbapp/backend/ovs_idl/transaction.py:89}}
Jun 24 02:16:36.467415 np0000003506 devstack@neutron-api.service[90425]: DEBUG neutron.plugins.ml2.drivers.ovn.mech_driver.ovsdb.ovsdb_monitor [-] Hash Ring: Node cbb0a6f1590e570cb740250339990850 (host: np0000003506) handling event "update" for row 12b82c35-3358-4a13-8e22-6c3dcc1658f9 (table: NB_Global) {{(pid=90425) notify /opt/stack/neutron/neutron/plugins/ml2/drivers/ovn/mech_driver/ovsdb/ovsdb_monitor.py:1015}}
Jun 24 02:16:36.467529 np0000003506 devstack@neutron-api.service[90422]: DEBUG neutron.plugins.ml2.drivers.ovn.mech_driver.ovsdb.ovsdb_monitor [-] Hash Ring: Node 59e18b397674579bbef09ce8225774b7 (host: np0000003506) handling event "update" for row 12b82c35-3358-4a13-8e22-6c3dcc1658f9 (table: NB_Global) {{(pid=90422) notify /opt/stack/neutron/neutron/plugins/ml2/drivers/ovn/mech_driver/ovsdb/ovsdb_monitor.py:1015}}
Jun 24 02:16:36.469055 np0000003506 devstack@neutron-api.service[90425]: DEBUG neutron.plugins.ml2.drivers.ovn.mech_driver.ovsdb.ovsdb_monitor [-] Hash Ring: Node cbb0a6f1590e570cb740250339990850 (host: np0000003506) handling event "update" for row 12b82c35-3358-4a13-8e22-6c3dcc1658f9 (table: NB_Global) {{(pid=90425) notify /opt/stack/neutron/neutron/plugins/ml2/drivers/ovn/mech_driver/ovsdb/ovsdb_monitor.py:1015}}
Jun 24 02:16:36.469167 np0000003506 devstack@neutron-api.service[90424]: DEBUG neutron.api.rpc.callbacks.version_manager [None req-bc0e9818-ee66-40e8-a812-e318b9ddbf46 admin admin] Tracked resource versions report:
Jun 24 02:16:36.469167 np0000003506 devstack@neutron-api.service[90424]: pushed versions:
Jun 24 02:16:36.469167 np0000003506 devstack@neutron-api.service[90424]: { 'AddressGroup': {'1.2'},
Jun 24 02:16:36.469167 np0000003506 devstack@neutron-api.service[90424]: 'Agent': {'1.1'},
Jun 24 02:16:36.469167 np0000003506 devstack@neutron-api.service[90424]: 'ConntrackHelper': {'1.0'},
Jun 24 02:16:36.469167 np0000003506 devstack@neutron-api.service[90424]: 'LocalIPAssociation': {'1.0'},
Jun 24 02:16:36.469167 np0000003506 devstack@neutron-api.service[90424]: 'Log': {'1.0'},
Jun 24 02:16:36.469167 np0000003506 devstack@neutron-api.service[90424]: 'NDPProxy': {'1.0'},
Jun 24 02:16:36.469167 np0000003506 devstack@neutron-api.service[90424]: 'Network': {'1.3'},
Jun 24 02:16:36.469167 np0000003506 devstack@neutron-api.service[90424]: 'Port': {'1.11'},
Jun 24 02:16:36.469167 np0000003506 devstack@neutron-api.service[90424]: 'PortForwarding': {'1.3'},
Jun 24 02:16:36.469167 np0000003506 devstack@neutron-api.service[90424]: 'QosPolicy': {'1.10'},
Jun 24 02:16:36.469167 np0000003506 devstack@neutron-api.service[90424]: 'SecurityGroup': {'1.6'},
Jun 24 02:16:36.469167 np0000003506 devstack@neutron-api.service[90424]: 'SecurityGroupRule': {'1.3'},
Jun 24 02:16:36.469167 np0000003506 devstack@neutron-api.service[90424]: 'SubPort': {'1.0'},
Jun 24 02:16:36.469167 np0000003506 devstack@neutron-api.service[90424]: 'Subnet': {'1.2'},
Jun 24 02:16:36.469167 np0000003506 devstack@neutron-api.service[90424]: 'Trunk': {'1.1'}}
Jun 24 02:16:36.469167 np0000003506 devstack@neutron-api.service[90424]: consumer versions:
Jun 24 02:16:36.469167 np0000003506 devstack@neutron-api.service[90424]: {}
Jun 24 02:16:36.469167 np0000003506 devstack@neutron-api.service[90424]: {{(pid=90424) report /opt/stack/neutron/neutron/api/rpc/callbacks/version_manager.py:183}}
Jun 24 02:16:36.470286 np0000003506 devstack@neutron-api.service[90422]: DEBUG neutron.plugins.ml2.drivers.ovn.mech_driver.ovsdb.ovsdb_monitor [-] Hash Ring: Node 59e18b397674579bbef09ce8225774b7 (host: np0000003506) handling event "update" for row 12b82c35-3358-4a13-8e22-6c3dcc1658f9 (table: NB_Global) {{(pid=90422) notify /opt/stack/neutron/neutron/plugins/ml2/drivers/ovn/mech_driver/ovsdb/ovsdb_monitor.py:1015}}
Jun 24 02:16:36.470602 np0000003506 devstack@neutron-api.service[90425]: DEBUG neutron.plugins.ml2.drivers.ovn.mech_driver.ovsdb.ovsdb_monitor [-] Hash Ring: Node cbb0a6f1590e570cb740250339990850 (host: np0000003506) handling event "update" for row 12b82c35-3358-4a13-8e22-6c3dcc1658f9 (table: NB_Global) {{(pid=90425) notify /opt/stack/neutron/neutron/plugins/ml2/drivers/ovn/mech_driver/ovsdb/ovsdb_monitor.py:1015}}
Jun 24 02:16:36.470736 np0000003506 devstack@neutron-api.service[90422]: DEBUG neutron.plugins.ml2.drivers.ovn.mech_driver.ovsdb.ovsdb_monitor [-] Hash Ring: Node 59e18b397674579bbef09ce8225774b7 (host: np0000003506) handling event "update" for row 12b82c35-3358-4a13-8e22-6c3dcc1658f9 (table: NB_Global) {{(pid=90422) notify /opt/stack/neutron/neutron/plugins/ml2/drivers/ovn/mech_driver/ovsdb/ovsdb_monitor.py:1015}}
Jun 24 02:16:36.471143 np0000003506 devstack@neutron-api.service[90425]: DEBUG neutron.plugins.ml2.drivers.ovn.mech_driver.ovsdb.ovsdb_monitor [-] ChassisAgentWriteEvent : Matched Chassis_Private, update, None None {{(pid=90425) matches /opt/stack/neutron/neutron/plugins/ml2/drivers/ovn/mech_driver/ovsdb/ovsdb_monitor.py:64}}
Jun 24 02:16:36.471434 np0000003506 devstack@neutron-api.service[90423]: DEBUG neutron.plugins.ml2.drivers.ovn.mech_driver.ovsdb.ovsdb_monitor [-] ChassisAgentWriteEvent : Matched Chassis_Private, update, None None {{(pid=90423) matches /opt/stack/neutron/neutron/plugins/ml2/drivers/ovn/mech_driver/ovsdb/ovsdb_monitor.py:64}}
Jun 24 02:16:36.471968 np0000003506 devstack@neutron-api.service[90422]: DEBUG neutron.plugins.ml2.drivers.ovn.mech_driver.ovsdb.ovsdb_monitor [-] ChassisAgentWriteEvent : Matched Chassis_Private, update, None None {{(pid=90422) matches /opt/stack/neutron/neutron/plugins/ml2/drivers/ovn/mech_driver/ovsdb/ovsdb_monitor.py:64}}
Jun 24 02:16:36.471968 np0000003506 devstack@neutron-api.service[90422]: DEBUG neutron.plugins.ml2.drivers.ovn.mech_driver.ovsdb.ovsdb_monitor [-] Hash Ring: Node 59e18b397674579bbef09ce8225774b7 (host: np0000003506) handling event "update" for row 7f233368-bb1f-4165-a496-c8b1abc573b8 (table: Chassis_Private) {{(pid=90422) notify /opt/stack/neutron/neutron/plugins/ml2/drivers/ovn/mech_driver/ovsdb/ovsdb_monitor.py:1015}}
Jun 24 02:16:36.474212 np0000003506 devstack@neutron-api.service[90425]: DEBUG neutron.plugins.ml2.drivers.ovn.mech_driver.ovsdb.ovsdb_monitor [-] Hash Ring: Node cbb0a6f1590e570cb740250339990850 (host: np0000003506) handling event "update" for row 12b82c35-3358-4a13-8e22-6c3dcc1658f9 (table: NB_Global) {{(pid=90425) notify /opt/stack/neutron/neutron/plugins/ml2/drivers/ovn/mech_driver/ovsdb/ovsdb_monitor.py:1015}}
Jun 24 02:16:36.474506 np0000003506 devstack@neutron-api.service[90422]: DEBUG neutron.plugins.ml2.drivers.ovn.mech_driver.ovsdb.ovsdb_monitor [-] Hash Ring: Node 59e18b397674579bbef09ce8225774b7 (host: np0000003506) handling event "update" for row 12b82c35-3358-4a13-8e22-6c3dcc1658f9 (table: NB_Global) {{(pid=90422) notify /opt/stack/neutron/neutron/plugins/ml2/drivers/ovn/mech_driver/ovsdb/ovsdb_monitor.py:1015}}
Jun 24 02:16:36.474692 np0000003506 devstack@neutron-api.service[90423]: DEBUG neutron.plugins.ml2.drivers.ovn.mech_driver.ovsdb.ovsdb_monitor [-] ChassisOVNAgentWriteEvent : Matched Chassis_Private, update, None None {{(pid=90423) matches /opt/stack/neutron/neutron/plugins/ml2/drivers/ovn/mech_driver/ovsdb/ovsdb_monitor.py:64}}
Jun 24 02:16:36.475788 np0000003506 devstack@neutron-api.service[90422]: DEBUG neutron.plugins.ml2.drivers.ovn.mech_driver.ovsdb.ovsdb_monitor [-] ChassisOVNAgentWriteEvent : Matched Chassis_Private, update, None None {{(pid=90422) matches /opt/stack/neutron/neutron/plugins/ml2/drivers/ovn/mech_driver/ovsdb/ovsdb_monitor.py:64}}
Jun 24 02:16:36.475788 np0000003506 devstack@neutron-api.service[90422]: DEBUG neutron.plugins.ml2.drivers.ovn.mech_driver.ovsdb.ovsdb_monitor [-] Hash Ring: Node 59e18b397674579bbef09ce8225774b7 (host: np0000003506) handling event "update" for row 7f233368-bb1f-4165-a496-c8b1abc573b8 (table: Chassis_Private) {{(pid=90422) notify /opt/stack/neutron/neutron/plugins/ml2/drivers/ovn/mech_driver/ovsdb/ovsdb_monitor.py:1015}}
Jun 24 02:16:36.476204 np0000003506 devstack@neutron-api.service[90424]: DEBUG neutron.plugins.ml2.drivers.ovn.mech_driver.ovsdb.ovsdb_monitor [-] ChassisAgentWriteEvent : Matched Chassis_Private, update, None None {{(pid=90424) matches /opt/stack/neutron/neutron/plugins/ml2/drivers/ovn/mech_driver/ovsdb/ovsdb_monitor.py:64}}
Jun 24 02:16:36.478217 np0000003506 devstack@neutron-api.service[90424]: DEBUG neutron.plugins.ml2.drivers.ovn.mech_driver.ovsdb.ovsdb_monitor [-] ChassisOVNAgentWriteEvent : Matched Chassis_Private, update, None None {{(pid=90424) matches /opt/stack/neutron/neutron/plugins/ml2/drivers/ovn/mech_driver/ovsdb/ovsdb_monitor.py:64}}
Jun 24 02:16:36.478494 np0000003506 devstack@neutron-api.service[90425]: DEBUG neutron.common.ovn.hash_ring_manager [-] Allow caching, nodes 4>=4 {{(pid=90425) _wait_startup_before_caching /opt/stack/neutron/neutron/common/ovn/hash_ring_manager.py:71}}
Jun 24 02:16:36.478864 np0000003506 devstack@neutron-api.service[90425]: DEBUG neutron.plugins.ml2.drivers.ovn.mech_driver.ovsdb.ovsdb_monitor [-] Hash Ring: Node cbb0a6f1590e570cb740250339990850 (host: np0000003506) handling event "update" for row 7f233368-bb1f-4165-a496-c8b1abc573b8 (table: Chassis_Private) {{(pid=90425) notify /opt/stack/neutron/neutron/plugins/ml2/drivers/ovn/mech_driver/ovsdb/ovsdb_monitor.py:1015}}
Jun 24 02:16:36.479467 np0000003506 devstack@neutron-api.service[90425]: DEBUG neutron.plugins.ml2.drivers.ovn.mech_driver.ovsdb.ovsdb_monitor [-] ChassisOVNAgentWriteEvent : Matched Chassis_Private, update, None None {{(pid=90425) matches /opt/stack/neutron/neutron/plugins/ml2/drivers/ovn/mech_driver/ovsdb/ovsdb_monitor.py:64}}
Jun 24 02:16:36.479908 np0000003506 devstack@neutron-api.service[90425]: DEBUG neutron.plugins.ml2.drivers.ovn.mech_driver.ovsdb.ovsdb_monitor [-] Hash Ring: Node cbb0a6f1590e570cb740250339990850 (host: np0000003506) handling event "update" for row 7f233368-bb1f-4165-a496-c8b1abc573b8 (table: Chassis_Private) {{(pid=90425) notify /opt/stack/neutron/neutron/plugins/ml2/drivers/ovn/mech_driver/ovsdb/ovsdb_monitor.py:1015}}
Jun 24 02:16:36.517099 np0000003506 devstack@neutron-api.service[90424]: DEBUG neutron.plugins.ml2.drivers.helpers [None req-bc0e9818-ee66-40e8-a812-e318b9ddbf46 admin admin] geneve segment allocate from pool success with {'geneve_vni': 1949} {{(pid=90424) allocate_partially_specified_segment /opt/stack/neutron/neutron/plugins/ml2/drivers/helpers.py:142}}
Jun 24 02:16:36.527989 np0000003506 devstack@neutron-api.service[90424]: DEBUG neutron_lib.callbacks.manager [None req-bc0e9818-ee66-40e8-a812-e318b9ddbf46 admin admin] Publish callbacks ['neutron.services.segments.db._add_segment_host_mapping_for_segment-8042708621606', 'neutron.plugins.ml2.plugin.Ml2Plugin._handle_segment_change-1778532'] for segment (489a084a-40a2-4484-b1b3-a48c414cab69), precommit_create {{(pid=90424) _notify_loop /opt/stack/data/venv/lib/python3.12/site-packages/neutron_lib/callbacks/manager.py:184}}
Jun 24 02:16:36.528200 np0000003506 devstack@neutron-api.service[90424]: INFO neutron.db.segments_db [None req-bc0e9818-ee66-40e8-a812-e318b9ddbf46 admin admin] Added segment 489a084a-40a2-4484-b1b3-a48c414cab69 of type geneve for network c084dcf7-534e-4ffd-a1be-d4f081e575a4
Jun 24 02:16:36.567706 np0000003506 devstack@neutron-api.service[90424]: DEBUG neutron_lib.callbacks.manager [None req-bc0e9818-ee66-40e8-a812-e318b9ddbf46 admin admin] Publish callbacks ['neutron.services.auto_allocate.db._ensure_external_network_default_value_callback-8042707345572'] for network (c084dcf7-534e-4ffd-a1be-d4f081e575a4), precommit_create {{(pid=90424) _notify_loop /opt/stack/data/venv/lib/python3.12/site-packages/neutron_lib/callbacks/manager.py:184}}
Jun 24 02:16:36.582484 np0000003506 devstack@neutron-api.service[90424]: DEBUG neutron.plugins.ml2.drivers.ovn.mech_driver.mech_driver [None req-bc0e9818-ee66-40e8-a812-e318b9ddbf46 admin admin] Validating network segment with type geneve, segmentation ID 1949, physical network None {{(pid=90424) _validate_network_segments /opt/stack/neutron/neutron/plugins/ml2/drivers/ovn/mech_driver/mech_driver.py:646}}
Jun 24 02:16:36.582606 np0000003506 devstack@neutron-api.service[90424]: DEBUG neutron.db.ovn_revision_numbers_db [None req-bc0e9818-ee66-40e8-a812-e318b9ddbf46 admin admin] create_initial_revision uuid=c084dcf7-534e-4ffd-a1be-d4f081e575a4, type=networks, rev=-1 {{(pid=90424) create_initial_revision /opt/stack/neutron/neutron/db/ovn_revision_numbers_db.py:98}}
Jun 24 02:16:36.595297 np0000003506 devstack@neutron-api.service[90424]: DEBUG neutron_lib.callbacks.manager [None req-bc0e9818-ee66-40e8-a812-e318b9ddbf46 admin admin] Publish callbacks ['neutron.plugins.ml2.ovo_rpc._ObjectChangeHandler.handle_event-8022970'] for network (c084dcf7-534e-4ffd-a1be-d4f081e575a4), after_create {{(pid=90424) _notify_loop /opt/stack/data/venv/lib/python3.12/site-packages/neutron_lib/callbacks/manager.py:184}}
Jun 24 02:16:36.642241 np0000003506 devstack@neutron-api.service[90424]: DEBUG neutron.api.rpc.handlers.resources_rpc [None req-bc0e9818-ee66-40e8-a812-e318b9ddbf46 admin admin] Pushing event updated for resources: {'Network': ['ID=c084dcf7-534e-4ffd-a1be-d4f081e575a4,revision_number=1']} {{(pid=90424) push /opt/stack/neutron/neutron/api/rpc/handlers/resources_rpc.py:237}}
Jun 24 02:16:36.649094 np0000003506 devstack@neutron-api.service[90424]: DEBUG ovsdbapp.backend.ovs_idl.transaction [-] Running txn n=1 command(idx=0): AddNetworkCommand(_result=None, network_uuid=c084dcf7-534e-4ffd-a1be-d4f081e575a4, may_exist=True, columns={'external_ids': {'neutron:network_name': 'private', 'neutron:mtu': '1372', 'neutron:revision_number': '1', 'neutron:availability_zone_hints': '', 'neutron:provnet-network-type': 'geneve'}, 'other_config': {'mcast_snoop': 'false', 'mcast_flood_unregistered': 'false', 'vlan-passthru': 'false'}}) {{(pid=90424) do_commit /opt/stack/data/venv/lib/python3.12/site-packages/ovsdbapp/backend/ovs_idl/transaction.py:89}}
Jun 24 02:16:36.649478 np0000003506 devstack@neutron-api.service[90424]: DEBUG neutron.common.ovn.utils [-] OVS persist_uuid supported=True {{(pid=90424) ovs_persist_uuid_supported /opt/stack/neutron/neutron/common/ovn/utils.py:1544}}
Jun 24 02:16:36.651225 np0000003506 devstack@neutron-api.service[90424]: DEBUG neutron.plugins.ml2.drivers.ovn.mech_driver.ovsdb.ovsdb_monitor [-] Hash Ring: Node 5e8e71e50e56547f97b2bb43987e7455 (host: np0000003506) handling event "create" for row c084dcf7-534e-4ffd-a1be-d4f081e575a4 (table: Logical_Switch) {{(pid=90424) notify /opt/stack/neutron/neutron/plugins/ml2/drivers/ovn/mech_driver/ovsdb/ovsdb_monitor.py:1015}}
Jun 24 02:16:36.652070 np0000003506 devstack@neutron-api.service[90425]: DEBUG neutron.plugins.ml2.drivers.ovn.mech_driver.ovsdb.ovsdb_monitor [-] Hash Ring: Node cbb0a6f1590e570cb740250339990850 (host: np0000003506) handling event "create" for row c084dcf7-534e-4ffd-a1be-d4f081e575a4 (table: Logical_Switch) {{(pid=90425) notify /opt/stack/neutron/neutron/plugins/ml2/drivers/ovn/mech_driver/ovsdb/ovsdb_monitor.py:1015}}
Jun 24 02:16:36.655296 np0000003506 devstack@neutron-api.service[90425]: DEBUG neutron.plugins.ml2.drivers.ovn.mech_driver.ovsdb.ovsdb_monitor [-] Hash Ring: Node cbb0a6f1590e570cb740250339990850 (host: np0000003506) handling event "create" for row 4574a2b9-df39-487c-b81a-396988f5eaf2 (table: Datapath_Binding) {{(pid=90425) notify /opt/stack/neutron/neutron/plugins/ml2/drivers/ovn/mech_driver/ovsdb/ovsdb_monitor.py:1015}}
Jun 24 02:16:36.656543 np0000003506 devstack@neutron-api.service[90423]: DEBUG neutron.plugins.ml2.drivers.ovn.mech_driver.ovsdb.ovsdb_monitor [-] Hash Ring: Node 945c210906985dcca8151f17c3695f9d (host: np0000003506) handling event "create" for row 4574a2b9-df39-487c-b81a-396988f5eaf2 (table: Datapath_Binding) {{(pid=90423) notify /opt/stack/neutron/neutron/plugins/ml2/drivers/ovn/mech_driver/ovsdb/ovsdb_monitor.py:1015}}
Jun 24 02:16:36.676513 np0000003506 devstack@neutron-api.service[90424]: INFO neutron.db.ovn_revision_numbers_db [None req-bc0e9818-ee66-40e8-a812-e318b9ddbf46 admin admin] Successfully bumped revision number for resource c084dcf7-534e-4ffd-a1be-d4f081e575a4 (type: networks) to 1
Jun 24 02:16:36.727514 np0000003506 devstack@neutron-api.service[90424]: DEBUG neutron_lib.callbacks.manager [None req-bc0e9818-ee66-40e8-a812-e318b9ddbf46 admin admin] Publish callbacks ['neutron.plugins.ml2.plugin.SecurityGroupDbMixin._ensure_default_security_group_handler-1535392'] for port (None), before_create {{(pid=90424) _notify_loop /opt/stack/data/venv/lib/python3.12/site-packages/neutron_lib/callbacks/manager.py:184}}
Jun 24 02:16:36.997598 np0000003506 devstack@neutron-api.service[90424]: DEBUG neutron_lib.callbacks.manager [None req-bc0e9818-ee66-40e8-a812-e318b9ddbf46 admin admin] Publish callbacks ['neutron.plugins.ml2.drivers.ovn.mech_driver.mech_driver.OVNMechanismDriver._validate_allowed_address_pairs-886495'] for allowed_address_pair (c212dd84-d175-4429-872a-fecc2a1a81d2), before_create {{(pid=90424) _notify_loop /opt/stack/data/venv/lib/python3.12/site-packages/neutron_lib/callbacks/manager.py:184}}
Jun 24 02:16:36.998097 np0000003506 devstack@neutron-api.service[90424]: DEBUG neutron_lib.callbacks.manager [None req-bc0e9818-ee66-40e8-a812-e318b9ddbf46 admin admin] Publish callbacks [] for port (c212dd84-d175-4429-872a-fecc2a1a81d2), precommit_create {{(pid=90424) _notify_loop /opt/stack/data/venv/lib/python3.12/site-packages/neutron_lib/callbacks/manager.py:184}}
Jun 24 02:16:36.998279 np0000003506 devstack@neutron-api.service[90424]: DEBUG neutron.plugins.ml2.drivers.ovn.mech_driver.mech_driver [None req-bc0e9818-ee66-40e8-a812-e318b9ddbf46 admin admin] No provisioning block for port c212dd84-d175-4429-872a-fecc2a1a81d2 since it does not have a host {{(pid=90424) _is_port_provisioning_required /opt/stack/neutron/neutron/plugins/ml2/drivers/ovn/mech_driver/mech_driver.py:899}}
Jun 24 02:16:36.998388 np0000003506 devstack@neutron-api.service[90424]: DEBUG neutron.db.ovn_revision_numbers_db [None req-bc0e9818-ee66-40e8-a812-e318b9ddbf46 admin admin] create_initial_revision uuid=c212dd84-d175-4429-872a-fecc2a1a81d2, type=ports, rev=-1 {{(pid=90424) create_initial_revision /opt/stack/neutron/neutron/db/ovn_revision_numbers_db.py:98}}
Jun 24 02:16:37.046630 np0000003506 devstack@neutron-api.service[90424]: DEBUG neutron_lib.callbacks.manager [None req-bc0e9818-ee66-40e8-a812-e318b9ddbf46 admin admin] Publish callbacks ['neutron.plugins.ml2.ovo_rpc._ObjectChangeHandler.handle_event-8022921'] for port (c212dd84-d175-4429-872a-fecc2a1a81d2), after_create {{(pid=90424) _notify_loop /opt/stack/data/venv/lib/python3.12/site-packages/neutron_lib/callbacks/manager.py:184}}
Jun 24 02:16:37.097289 np0000003506 devstack@neutron-api.service[90424]: DEBUG neutron.api.rpc.handlers.resources_rpc [None req-bc0e9818-ee66-40e8-a812-e318b9ddbf46 admin admin] Pushing event updated for resources: {'Port': ['ID=c212dd84-d175-4429-872a-fecc2a1a81d2,revision_number=1']} {{(pid=90424) push /opt/stack/neutron/neutron/api/rpc/handlers/resources_rpc.py:237}}
Jun 24 02:16:37.127070 np0000003506 devstack@neutron-api.service[90424]: DEBUG neutron.plugins.ml2.drivers.ovn.mech_driver.ovsdb.commands [None req-bc0e9818-ee66-40e8-a812-e318b9ddbf46 admin admin] Converting tag [] to a tag_request {{(pid=90424) _tag_column_to_tag_request /opt/stack/neutron/neutron/plugins/ml2/drivers/ovn/mech_driver/ovsdb/commands.py:205}}
Jun 24 02:16:37.127997 np0000003506 devstack@neutron-api.service[90424]: DEBUG ovsdbapp.backend.ovs_idl.transaction [-] Running txn n=1 command(idx=0): AddLSwitchPortCommand(_result=None, lport=c212dd84-d175-4429-872a-fecc2a1a81d2, lswitch=neutron-c084dcf7-534e-4ffd-a1be-d4f081e575a4, may_exist=True, network_uuid=c084dcf7-534e-4ffd-a1be-d4f081e575a4, columns={'addresses': ['fa:16:3e:ce:38:75'], 'external_ids': {'neutron:port_name': '', 'neutron:device_id': 'ovnmeta-c084dcf7-534e-4ffd-a1be-d4f081e575a4', 'neutron:project_id': '9e9227d2ca35492385298a80609e817e', 'neutron:cidrs': '', 'neutron:device_owner': 'network:distributed', 'neutron:subnet_pool_addr_scope4': '', 'neutron:subnet_pool_addr_scope6': '', 'neutron:network_name': 'neutron-c084dcf7-534e-4ffd-a1be-d4f081e575a4', 'neutron:security_group_ids': '', 'neutron:revision_number': '1', 'neutron:vnic_type': 'normal', 'neutron:port_capabilities': '', 'neutron:mtu': '1372'}, 'parent_name': [], 'enabled': True, 'options': {}, 'type': 'localport', 'port_security': [], 'dhcpv4_options': [], 'dhcpv6_options': [], 'tag_request': []}) {{(pid=90424) do_commit /opt/stack/data/venv/lib/python3.12/site-packages/ovsdbapp/backend/ovs_idl/transaction.py:89}}
Jun 24 02:16:37.128705 np0000003506 devstack@neutron-api.service[90424]: DEBUG ovsdbapp.backend.ovs_idl.transaction [-] Running txn n=1 command(idx=1): QoSDelCommand(_result=None, switch=neutron-c084dcf7-534e-4ffd-a1be-d4f081e575a4, conditions=[('direction', '=', 'to-lport'), ('priority', '=', 2002), ('match', '=', 'outport == "c212dd84-d175-4429-872a-fecc2a1a81d2"')], if_exists=True) {{(pid=90424) do_commit /opt/stack/data/venv/lib/python3.12/site-packages/ovsdbapp/backend/ovs_idl/transaction.py:89}}
Jun 24 02:16:37.128966 np0000003506 devstack@neutron-api.service[90424]: DEBUG ovsdbapp.backend.ovs_idl.transaction [-] Running txn n=1 command(idx=2): QoSDelCommand(_result=None, switch=neutron-c084dcf7-534e-4ffd-a1be-d4f081e575a4, conditions=[('direction', '=', 'from-lport'), ('priority', '=', 2002), ('match', '=', 'inport == "c212dd84-d175-4429-872a-fecc2a1a81d2"')], if_exists=True) {{(pid=90424) do_commit /opt/stack/data/venv/lib/python3.12/site-packages/ovsdbapp/backend/ovs_idl/transaction.py:89}}
Jun 24 02:16:37.132274 np0000003506 devstack@neutron-api.service[90424]: DEBUG neutron.plugins.ml2.drivers.ovn.mech_driver.ovsdb.ovsdb_monitor [-] Hash Ring: Node 5e8e71e50e56547f97b2bb43987e7455 (host: np0000003506) handling event "update" for row c084dcf7-534e-4ffd-a1be-d4f081e575a4 (table: Logical_Switch) {{(pid=90424) notify /opt/stack/neutron/neutron/plugins/ml2/drivers/ovn/mech_driver/ovsdb/ovsdb_monitor.py:1015}}
Jun 24 02:16:37.133040 np0000003506 devstack@neutron-api.service[90425]: DEBUG neutron.plugins.ml2.drivers.ovn.mech_driver.ovsdb.ovsdb_monitor [-] Hash Ring: Node cbb0a6f1590e570cb740250339990850 (host: np0000003506) handling event "update" for row c084dcf7-534e-4ffd-a1be-d4f081e575a4 (table: Logical_Switch) {{(pid=90425) notify /opt/stack/neutron/neutron/plugins/ml2/drivers/ovn/mech_driver/ovsdb/ovsdb_monitor.py:1015}}
Jun 24 02:16:37.133516 np0000003506 devstack@neutron-api.service[90422]: DEBUG neutron.plugins.ml2.drivers.ovn.mech_driver.ovsdb.ovsdb_monitor [-] Hash Ring: Node 59e18b397674579bbef09ce8225774b7 (host: np0000003506) handling event "create" for row 133f234c-2b7b-4eff-8369-34bd3a9e29d1 (table: Logical_Switch_Port) {{(pid=90422) notify /opt/stack/neutron/neutron/plugins/ml2/drivers/ovn/mech_driver/ovsdb/ovsdb_monitor.py:1015}}
Jun 24 02:16:37.133657 np0000003506 devstack@neutron-api.service[90425]: DEBUG neutron.plugins.ml2.drivers.ovn.mech_driver.ovsdb.ovsdb_monitor [-] Hash Ring: Node cbb0a6f1590e570cb740250339990850 (host: np0000003506) handling event "create" for row 133f234c-2b7b-4eff-8369-34bd3a9e29d1 (table: Logical_Switch_Port) {{(pid=90425) notify /opt/stack/neutron/neutron/plugins/ml2/drivers/ovn/mech_driver/ovsdb/ovsdb_monitor.py:1015}}
Jun 24 02:16:37.134407 np0000003506 devstack@neutron-api.service[90422]: DEBUG ovsdbapp.backend.ovs_idl.event [-] Matched CREATE: LogicalSwitchPortCreateEvent(events=('create',), table='Logical_Switch_Port', conditions=[], old_conditions=None), priority=20 to row=Logical_Switch_Port(uuid=133f234c-2b7b-4eff-8369-34bd3a9e29d1, addresses=['fa:16:3e:ce:38:75'], dhcpv4_options=[], dhcpv6_options=[], dynamic_addresses=[], enabled=True, external_ids={'neutron:cidrs': '', 'neutron:device_id': 'ovnmeta-c084dcf7-534e-4ffd-a1be-d4f081e575a4', 'neutron:device_owner': 'network:distributed', 'neutron:mtu': '1372', 'neutron:network_name': 'neutron-c084dcf7-534e-4ffd-a1be-d4f081e575a4', 'neutron:port_capabilities': '', 'neutron:port_name': '', 'neutron:project_id': '9e9227d2ca35492385298a80609e817e', 'neutron:revision_number': '1', 'neutron:security_group_ids': '', 'neutron:subnet_pool_addr_scope4': '', 'neutron:subnet_pool_addr_scope6': '', 'neutron:vnic_type': 'normal'}, ha_chassis_group=[], mirror_rules=[], name='c212dd84-d175-4429-872a-fecc2a1a81d2', options={}, parent_name=[], port_security=[], tag=[], tag_request=[], type='localport', up=[]) old= {{(pid=90422) matches /opt/stack/data/venv/lib/python3.12/site-packages/ovsdbapp/backend/ovs_idl/event.py:55}}
Jun 24 02:16:37.134528 np0000003506 devstack@neutron-api.service[90425]: DEBUG ovsdbapp.backend.ovs_idl.event [-] Matched CREATE: LogicalSwitchPortCreateEvent(events=('create',), table='Logical_Switch_Port', conditions=[], old_conditions=None), priority=20 to row=Logical_Switch_Port(uuid=133f234c-2b7b-4eff-8369-34bd3a9e29d1, addresses=['fa:16:3e:ce:38:75'], dhcpv4_options=[], dhcpv6_options=[], dynamic_addresses=[], enabled=True, external_ids={'neutron:cidrs': '', 'neutron:device_id': 'ovnmeta-c084dcf7-534e-4ffd-a1be-d4f081e575a4', 'neutron:device_owner': 'network:distributed', 'neutron:mtu': '1372', 'neutron:network_name': 'neutron-c084dcf7-534e-4ffd-a1be-d4f081e575a4', 'neutron:port_capabilities': '', 'neutron:port_name': '', 'neutron:project_id': '9e9227d2ca35492385298a80609e817e', 'neutron:revision_number': '1', 'neutron:security_group_ids': '', 'neutron:subnet_pool_addr_scope4': '', 'neutron:subnet_pool_addr_scope6': '', 'neutron:vnic_type': 'normal'}, ha_chassis_group=[], mirror_rules=[], name='c212dd84-d175-4429-872a-fecc2a1a81d2', options={}, parent_name=[], port_security=[], tag=[], tag_request=[], type='localport', up=[]) old= {{(pid=90425) matches /opt/stack/data/venv/lib/python3.12/site-packages/ovsdbapp/backend/ovs_idl/event.py:55}}
Jun 24 02:16:37.135693 np0000003506 devstack@neutron-api.service[90425]: INFO neutron.plugins.ml2.drivers.ovn.mech_driver.mech_driver [-] OVN reports status down for port: c212dd84-d175-4429-872a-fecc2a1a81d2
Jun 24 02:16:37.136668 np0000003506 devstack@neutron-api.service[90423]: DEBUG neutron.plugins.ml2.drivers.ovn.mech_driver.ovsdb.ovsdb_monitor [-] Hash Ring: Node 945c210906985dcca8151f17c3695f9d (host: np0000003506) handling event "create" for row 391d3875-982e-460e-bee1-cff95e4addd2 (table: Port_Binding) {{(pid=90423) notify /opt/stack/neutron/neutron/plugins/ml2/drivers/ovn/mech_driver/ovsdb/ovsdb_monitor.py:1015}}
Jun 24 02:16:37.136848 np0000003506 devstack@neutron-api.service[90425]: DEBUG neutron.plugins.ml2.drivers.ovn.mech_driver.ovsdb.ovsdb_monitor [-] Hash Ring: Node cbb0a6f1590e570cb740250339990850 (host: np0000003506) handling event "update" for row 133f234c-2b7b-4eff-8369-34bd3a9e29d1 (table: Logical_Switch_Port) {{(pid=90425) notify /opt/stack/neutron/neutron/plugins/ml2/drivers/ovn/mech_driver/ovsdb/ovsdb_monitor.py:1015}}
Jun 24 02:16:37.137147 np0000003506 devstack@neutron-api.service[90422]: INFO neutron.plugins.ml2.drivers.ovn.mech_driver.mech_driver [-] OVN reports status down for port: c212dd84-d175-4429-872a-fecc2a1a81d2
Jun 24 02:16:37.137975 np0000003506 devstack@neutron-api.service[90425]: DEBUG neutron.plugins.ml2.drivers.ovn.mech_driver.ovsdb.ovsdb_monitor [-] Hash Ring: Node cbb0a6f1590e570cb740250339990850 (host: np0000003506) handling event "create" for row 391d3875-982e-460e-bee1-cff95e4addd2 (table: Port_Binding) {{(pid=90425) notify /opt/stack/neutron/neutron/plugins/ml2/drivers/ovn/mech_driver/ovsdb/ovsdb_monitor.py:1015}}
Jun 24 02:16:37.138876 np0000003506 devstack@neutron-api.service[90422]: DEBUG neutron.plugins.ml2.drivers.ovn.mech_driver.ovsdb.ovsdb_monitor [-] Hash Ring: Node 59e18b397674579bbef09ce8225774b7 (host: np0000003506) handling event "update" for row 133f234c-2b7b-4eff-8369-34bd3a9e29d1 (table: Logical_Switch_Port) {{(pid=90422) notify /opt/stack/neutron/neutron/plugins/ml2/drivers/ovn/mech_driver/ovsdb/ovsdb_monitor.py:1015}}
Jun 24 02:16:37.176207 np0000003506 devstack@neutron-api.service[90424]: INFO neutron.db.ovn_revision_numbers_db [None req-bc0e9818-ee66-40e8-a812-e318b9ddbf46 admin admin] Successfully bumped revision number for resource c212dd84-d175-4429-872a-fecc2a1a81d2 (type: ports) to 1
Jun 24 02:16:37.182820 np0000003506 devstack@neutron-api.service[90424]: DEBUG neutron.pecan_wsgi.hooks.policy_enforcement [None req-bc0e9818-ee66-40e8-a812-e318b9ddbf46 admin admin] Attributes excluded by policy engine: ['standard_attr_id'] {{(pid=90424) _exclude_attributes_by_policy /opt/stack/neutron/neutron/pecan_wsgi/hooks/policy_enforcement.py:259}}
Jun 24 02:16:37.183103 np0000003506 devstack@neutron-api.service[90424]: DEBUG neutron_lib.callbacks.manager [None req-bc0e9818-ee66-40e8-a812-e318b9ddbf46 admin admin] Publish callbacks [] for network (None), before_response {{(pid=90424) _notify_loop /opt/stack/data/venv/lib/python3.12/site-packages/neutron_lib/callbacks/manager.py:184}}
Jun 24 02:16:37.196162 np0000003506 devstack@neutron-api.service[90424]: [pid: 90424|app: 0|req: 1/5] 10.4.3.62 () {68 vars in 1319 bytes} [Wed Jun 24 02:16:35 2026] POST /networking/v2.0/networks => generated 680 bytes in 1347 msecs (HTTP/1.1 201) 4 headers in 162 bytes (1 switches on core 0)
Jun 24 02:16:37.198673 np0000003506 devstack@neutron-api.service[90425]: DEBUG neutron.db.provisioning_blocks [None req-613d6a6c-c08a-4911-aa87-d5b6183f52b9 None None] Transition to ACTIVE for port object c212dd84-d175-4429-872a-fecc2a1a81d2 will not be triggered until provisioned by entity L2. {{(pid=90425) add_provisioning_component /opt/stack/neutron/neutron/db/provisioning_blocks.py:74}}
Jun 24 02:16:37.202471 np0000003506 devstack@neutron-api.service[90422]: DEBUG neutron_lib.db.api [None req-a0c40597-2448-47e9-86d0-01ca5e271661 None None] Retry wrapper got retriable exception: Failed to create a duplicate ProvisioningBlock: for attribute(s) ['provisioningblocks.PRIMARY'] with value(s) 14-L2 {{(pid=90422) wrapped /opt/stack/data/venv/lib/python3.12/site-packages/neutron_lib/db/api.py:185}}
Jun 24 02:16:37.202762 np0000003506 devstack@neutron-api.service[90422]: DEBUG oslo_db.api [None req-a0c40597-2448-47e9-86d0-01ca5e271661 None None] Performing DB retry for function neutron.db.provisioning_blocks.add_provisioning_component {{(pid=90422) wrapper /opt/stack/data/venv/lib/python3.12/site-packages/oslo_db/api.py:155}}
Jun 24 02:16:37.231804 np0000003506 devstack@neutron-api.service[90425]: DEBUG neutron.plugins.ml2.plugin [None req-613d6a6c-c08a-4911-aa87-d5b6183f52b9 None None] Current status of the port c212dd84-d175-4429-872a-fecc2a1a81d2 is: DOWN; New status is: DOWN {{(pid=90425) _update_individual_port_db_status /opt/stack/neutron/neutron/plugins/ml2/plugin.py:2473}}
