Jun 24 02:16:30.026606 np0000003506 devstack@neutron-api.service[90424]: DEBUG neutron_lib.callbacks.manager [None req-749bc74f-f0b0-4785-bd96-efb96e902145 None None] Subscribe: > floatingip precommit_create 55550000, False {{(pid=90424) subscribe /opt/stack/data/venv/lib/python3.12/site-packages/neutron_lib/callbacks/manager.py:52}}
Jun 24 02:16:30.026708 np0000003506 devstack@neutron-api.service[90423]: DEBUG neutron.api.extensions [None req-40ef86ec-e32f-4582-8024-1ee2359ea427 None None] Loading extension file: stdattrs_common.py {{(pid=90423) _load_all_extensions_from_path /opt/stack/neutron/neutron/api/extensions.py:449}}
Jun 24 02:16:30.026788 np0000003506 devstack@neutron-api.service[90422]: INFO neutron.api.extensions [None req-3d60a3bb-c19f-4a98-bf21-537960af8be5 None None] Extension expose-l3-conntrack-helper not supported by any of loaded plugins
Jun 24 02:16:30.026874 np0000003506 devstack@neutron-api.service[90424]: DEBUG neutron_lib.callbacks.manager [None req-749bc74f-f0b0-4785-bd96-efb96e902145 None None] Subscribe: > floatingip precommit_update 55550000, False {{(pid=90424) subscribe /opt/stack/data/venv/lib/python3.12/site-packages/neutron_lib/callbacks/manager.py:52}}
Jun 24 02:16:30.026990 np0000003506 devstack@neutron-api.service[90422]: DEBUG neutron.api.extensions [None req-3d60a3bb-c19f-4a98-bf21-537960af8be5 None None] Loading extension file: expose_port_forwarding_in_fip.py {{(pid=90422) _load_all_extensions_from_path /opt/stack/neutron/neutron/api/extensions.py:449}}
Jun 24 02:16:30.027066 np0000003506 devstack@neutron-api.service[90423]: WARNING neutron.api.extensions [None req-40ef86ec-e32f-4582-8024-1ee2359ea427 None None] Did not find expected name "Stdattrs_common" in /opt/stack/neutron/neutron/extensions/stdattrs_common.py
Jun 24 02:16:30.027146 np0000003506 devstack@neutron-api.service[90424]: DEBUG neutron_lib.callbacks.manager [None req-749bc74f-f0b0-4785-bd96-efb96e902145 None None] Subscribe: > floatingip after_delete 55550000, False {{(pid=90424) subscribe /opt/stack/data/venv/lib/python3.12/site-packages/neutron_lib/callbacks/manager.py:52}}
Jun 24 02:16:30.027217 np0000003506 devstack@neutron-api.service[90423]: DEBUG neutron.api.extensions [None req-40ef86ec-e32f-4582-8024-1ee2359ea427 None None] Loading extension file: subnet_dns_publish_fixed_ip.py {{(pid=90423) _load_all_extensions_from_path /opt/stack/neutron/neutron/api/extensions.py:449}}
Jun 24 02:16:30.027296 np0000003506 devstack@neutron-api.service[90424]: DEBUG neutron_lib.callbacks.manager [None req-749bc74f-f0b0-4785-bd96-efb96e902145 None None] Subscribe: > floatingip after_status_update 55550000, False {{(pid=90424) subscribe /opt/stack/data/venv/lib/python3.12/site-packages/neutron_lib/callbacks/manager.py:52}}
Jun 24 02:16:30.027395 np0000003506 devstack@neutron-api.service[90422]: DEBUG neutron.api.extensions [None req-3d60a3bb-c19f-4a98-bf21-537960af8be5 None None] Ext name="Expose Floating IP port forwardings" alias="expose-port-forwarding-in-fip" description="Expose port forwarding fields in floating IP response" updated="2018-06-28T16:00:00-00:00" {{(pid=90422) _check_extension /opt/stack/neutron/neutron/api/extensions.py:415}}
Jun 24 02:16:30.027494 np0000003506 devstack@neutron-api.service[90424]: DEBUG neutron_lib.callbacks.manager [None req-749bc74f-f0b0-4785-bd96-efb96e902145 None None] Subscribe: > floatingip after_update 55550000, False {{(pid=90424) subscribe /opt/stack/data/venv/lib/python3.12/site-packages/neutron_lib/callbacks/manager.py:52}}
Jun 24 02:16:30.027581 np0000003506 devstack@neutron-api.service[90423]: DEBUG neutron.api.extensions [None req-40ef86ec-e32f-4582-8024-1ee2359ea427 None None] Ext name="Subnet DNS publish fixed IP" alias="subnet-dns-publish-fixed-ip" description="Support choosing to publish DNS records for IPs from a subnet" updated="2019-05-24T10:00:00-00:00" {{(pid=90423) _check_extension /opt/stack/neutron/neutron/api/extensions.py:415}}
Jun 24 02:16:30.027671 np0000003506 devstack@neutron-api.service[90424]: DEBUG neutron_lib.callbacks.manager [None req-749bc74f-f0b0-4785-bd96-efb96e902145 None None] Subscribe: > port_forwarding after_create 55550000, False {{(pid=90424) subscribe /opt/stack/data/venv/lib/python3.12/site-packages/neutron_lib/callbacks/manager.py:52}}
Jun 24 02:16:30.027756 np0000003506 devstack@neutron-api.service[90422]: INFO neutron.api.extensions [None req-3d60a3bb-c19f-4a98-bf21-537960af8be5 None None] Extension expose-port-forwarding-in-fip not supported by any of loaded plugins
Jun 24 02:16:30.027838 np0000003506 devstack@neutron-api.service[90424]: DEBUG neutron_lib.callbacks.manager [None req-749bc74f-f0b0-4785-bd96-efb96e902145 None None] Subscribe: > router_interface after_delete 55550000, False {{(pid=90424) subscribe /opt/stack/data/venv/lib/python3.12/site-packages/neutron_lib/callbacks/manager.py:52}}
Jun 24 02:16:30.028006 np0000003506 devstack@neutron-api.service[90423]: INFO neutron.api.extensions [None req-40ef86ec-e32f-4582-8024-1ee2359ea427 None None] Loaded extension: subnet-dns-publish-fixed-ip
Jun 24 02:16:30.028091 np0000003506 devstack@neutron-api.service[90422]: DEBUG neutron.api.extensions [None req-3d60a3bb-c19f-4a98-bf21-537960af8be5 None None] Loading extension file: external_net.py {{(pid=90422) _load_all_extensions_from_path /opt/stack/neutron/neutron/api/extensions.py:449}}
Jun 24 02:16:30.028210 np0000003506 devstack@neutron-api.service[90423]: DEBUG neutron.api.extensions [None req-40ef86ec-e32f-4582-8024-1ee2359ea427 None None] Loading extension file: subnet_external_network.py {{(pid=90423) _load_all_extensions_from_path /opt/stack/neutron/neutron/api/extensions.py:449}}
Jun 24 02:16:30.028292 np0000003506 devstack@neutron-api.service[90424]: DEBUG neutron_lib.callbacks.manager [None req-749bc74f-f0b0-4785-bd96-efb96e902145 None None] Subscribe: > router after_create 55550000, False {{(pid=90424) subscribe /opt/stack/data/venv/lib/python3.12/site-packages/neutron_lib/callbacks/manager.py:52}}
Jun 24 02:16:30.028292 np0000003506 devstack@neutron-api.service[90424]: DEBUG neutron_lib.callbacks.manager [None req-749bc74f-f0b0-4785-bd96-efb96e902145 None None] Subscribe: > router precommit_create 55550000, False {{(pid=90424) subscribe /opt/stack/data/venv/lib/python3.12/site-packages/neutron_lib/callbacks/manager.py:52}}
Jun 24 02:16:30.028438 np0000003506 devstack@neutron-api.service[90423]: DEBUG neutron.api.extensions [None req-40ef86ec-e32f-4582-8024-1ee2359ea427 None None] Ext name="Subnet belongs to an external network" alias="subnet-external-network" description="Informs if the subnet belongs to an external network" updated="2024-02-05T18:00:00-00:00" {{(pid=90423) _check_extension /opt/stack/neutron/neutron/api/extensions.py:415}}
Jun 24 02:16:30.028525 np0000003506 devstack@neutron-api.service[90422]: DEBUG neutron.api.extensions [None req-3d60a3bb-c19f-4a98-bf21-537960af8be5 None None] Ext name="Neutron external network" alias="external-net" description="Adds external network attribute to network resource." updated="2013-01-14T10:00:00-00:00" {{(pid=90422) _check_extension /opt/stack/neutron/neutron/api/extensions.py:415}}
Jun 24 02:16:30.028738 np0000003506 devstack@neutron-api.service[90424]: DEBUG neutron_lib.callbacks.manager [None req-749bc74f-f0b0-4785-bd96-efb96e902145 None None] Subscribe: > router after_delete 55550000, False {{(pid=90424) subscribe /opt/stack/data/venv/lib/python3.12/site-packages/neutron_lib/callbacks/manager.py:52}}
Jun 24 02:16:30.028816 np0000003506 devstack@neutron-api.service[90423]: INFO neutron.api.extensions [None req-40ef86ec-e32f-4582-8024-1ee2359ea427 None None] Loaded extension: subnet-external-network
Jun 24 02:16:30.028975 np0000003506 devstack@neutron-api.service[90424]: DEBUG neutron_lib.callbacks.manager [None req-749bc74f-f0b0-4785-bd96-efb96e902145 None None] Subscribe: > router after_update 55550000, False {{(pid=90424) subscribe /opt/stack/data/venv/lib/python3.12/site-packages/neutron_lib/callbacks/manager.py:52}}
Jun 24 02:16:30.029070 np0000003506 devstack@neutron-api.service[90423]: DEBUG neutron.api.extensions [None req-40ef86ec-e32f-4582-8024-1ee2359ea427 None None] Loading extension file: subnet_onboard.py {{(pid=90423) _load_all_extensions_from_path /opt/stack/neutron/neutron/api/extensions.py:449}}
Jun 24 02:16:30.029177 np0000003506 devstack@neutron-api.service[90422]: INFO neutron.api.extensions [None req-3d60a3bb-c19f-4a98-bf21-537960af8be5 None None] Loaded extension: external-net
Jun 24 02:16:30.029177 np0000003506 devstack@neutron-api.service[90422]: DEBUG neutron.api.extensions [None req-3d60a3bb-c19f-4a98-bf21-537960af8be5 None None] Loading extension file: extra_dhcp_opt.py {{(pid=90422) _load_all_extensions_from_path /opt/stack/neutron/neutron/api/extensions.py:449}}
Jun 24 02:16:30.029273 np0000003506 devstack@neutron-api.service[90424]: DEBUG neutron.services.service_base [None req-749bc74f-f0b0-4785-bd96-efb96e902145 None None] Loaded 'neutron.services.ovn_l3.service_providers.ovn.OvnDriver' provider for service L3_ROUTER_NAT {{(pid=90424) load_drivers /opt/stack/neutron/neutron/services/service_base.py:49}}
Jun 24 02:16:30.029370 np0000003506 devstack@neutron-api.service[90423]: DEBUG neutron.api.extensions [None req-40ef86ec-e32f-4582-8024-1ee2359ea427 None None] Ext name="Subnet Onboard" alias="subnet_onboard" description="Provides support for onboarding subnets into subnet pools" updated="2018-12-18T09:00:00-00:00" {{(pid=90423) _check_extension /opt/stack/neutron/neutron/api/extensions.py:415}}
Jun 24 02:16:30.029482 np0000003506 devstack@neutron-api.service[90424]: DEBUG neutron_lib.callbacks.manager [None req-749bc74f-f0b0-4785-bd96-efb96e902145 None None] Subscribe: > process after_init 55550001, True {{(pid=90424) subscribe /opt/stack/data/venv/lib/python3.12/site-packages/neutron_lib/callbacks/manager.py:52}}
Jun 24 02:16:30.029654 np0000003506 devstack@neutron-api.service[90422]: DEBUG neutron.api.extensions [None req-3d60a3bb-c19f-4a98-bf21-537960af8be5 None None] Ext name="Neutron Extra DHCP options" alias="extra_dhcp_opt" description="Extra options configuration for DHCP. For example PXE boot options to DHCP clients can be specified (e.g. tftp-server, server-ip-address, bootfile-name)" updated="2013-03-17T12:00:00-00:00" {{(pid=90422) _check_extension /opt/stack/neutron/neutron/api/extensions.py:415}}
Jun 24 02:16:30.029728 np0000003506 devstack@neutron-api.service[90423]: INFO neutron.api.extensions [None req-40ef86ec-e32f-4582-8024-1ee2359ea427 None None] Loaded extension: subnet_onboard
Jun 24 02:16:30.029838 np0000003506 devstack@neutron-api.service[90424]: DEBUG neutron.manager [None req-749bc74f-f0b0-4785-bd96-efb96e902145 None None] Successfully loaded L3_ROUTER_NAT plugin. Description: L3 Router Service Plugin for basic L3 forwarding using OVN {{(pid=90424) _create_and_add_service_plugin /opt/stack/neutron/neutron/manager.py:236}}
Jun 24 02:16:30.029949 np0000003506 devstack@neutron-api.service[90423]: DEBUG neutron.api.extensions [None req-40ef86ec-e32f-4582-8024-1ee2359ea427 None None] Loading extension file: subnet_segmentid_writable.py {{(pid=90423) _load_all_extensions_from_path /opt/stack/neutron/neutron/api/extensions.py:449}}
Jun 24 02:16:30.030084 np0000003506 devstack@neutron-api.service[90424]: INFO neutron.manager [None req-749bc74f-f0b0-4785-bd96-efb96e902145 None None] Loading Plugin: auto_allocate
Jun 24 02:16:30.030164 np0000003506 devstack@neutron-api.service[90422]: INFO neutron.api.extensions [None req-3d60a3bb-c19f-4a98-bf21-537960af8be5 None None] Loaded extension: extra_dhcp_opt
Jun 24 02:16:30.030238 np0000003506 devstack@neutron-api.service[90423]: DEBUG neutron.api.extensions [None req-40ef86ec-e32f-4582-8024-1ee2359ea427 None None] Ext name="Subnet SegmentID (writable)" alias="subnet-segmentid-writable" description="Provides a writable segment_id attribute for a subnet resource." updated="2018-03-12T00:00:00-00:00" {{(pid=90423) _check_extension /opt/stack/neutron/neutron/api/extensions.py:415}}
Jun 24 02:16:30.030349 np0000003506 devstack@neutron-api.service[90422]: DEBUG neutron.api.extensions [None req-3d60a3bb-c19f-4a98-bf21-537960af8be5 None None] Loading extension file: extraroute.py {{(pid=90422) _load_all_extensions_from_path /opt/stack/neutron/neutron/api/extensions.py:449}}
Jun 24 02:16:30.030466 np0000003506 devstack@neutron-api.service[90423]: INFO neutron.api.extensions [None req-40ef86ec-e32f-4582-8024-1ee2359ea427 None None] Extension subnet-segmentid-writable not supported by any of loaded plugins
Jun 24 02:16:30.030466 np0000003506 devstack@neutron-api.service[90423]: DEBUG neutron.api.extensions [None req-40ef86ec-e32f-4582-8024-1ee2359ea427 None None] Loading extension file: subnet_service_types.py {{(pid=90423) _load_all_extensions_from_path /opt/stack/neutron/neutron/api/extensions.py:449}}
Jun 24 02:16:30.030565 np0000003506 devstack@neutron-api.service[90422]: DEBUG neutron.api.extensions [None req-3d60a3bb-c19f-4a98-bf21-537960af8be5 None None] Ext name="Neutron Extra Route" alias="extraroute" description="Extra routes configuration for L3 router" updated="2013-02-01T10:00:00-00:00" {{(pid=90422) _check_extension /opt/stack/neutron/neutron/api/extensions.py:415}}
Jun 24 02:16:30.030658 np0000003506 devstack@neutron-api.service[90423]: DEBUG neutron.api.extensions [None req-40ef86ec-e32f-4582-8024-1ee2359ea427 None None] Ext name="Subnet service types" alias="subnet-service-types" description="Provides ability to set the subnet service_types field" updated="2016-03-15T18:00:00-00:00" {{(pid=90423) _check_extension /opt/stack/neutron/neutron/api/extensions.py:415}}
Jun 24 02:16:30.030736 np0000003506 devstack@neutron-api.service[90422]: INFO neutron.api.extensions [None req-3d60a3bb-c19f-4a98-bf21-537960af8be5 None None] Loaded extension: extraroute
Jun 24 02:16:30.030919 np0000003506 devstack@neutron-api.service[90423]: INFO neutron.api.extensions [None req-40ef86ec-e32f-4582-8024-1ee2359ea427 None None] Loaded extension: subnet-service-types
Jun 24 02:16:30.030919 np0000003506 devstack@neutron-api.service[90423]: DEBUG neutron.api.extensions [None req-40ef86ec-e32f-4582-8024-1ee2359ea427 None None] Loading extension file: subnetallocation.py {{(pid=90423) _load_all_extensions_from_path /opt/stack/neutron/neutron/api/extensions.py:449}}
Jun 24 02:16:30.031060 np0000003506 devstack@neutron-api.service[90422]: DEBUG neutron.api.extensions [None req-3d60a3bb-c19f-4a98-bf21-537960af8be5 None None] Loading extension file: extraroute_atomic.py {{(pid=90422) _load_all_extensions_from_path /opt/stack/neutron/neutron/api/extensions.py:449}}
Jun 24 02:16:30.031172 np0000003506 devstack@neutron-api.service[90423]: DEBUG neutron.api.extensions [None req-40ef86ec-e32f-4582-8024-1ee2359ea427 None None] Ext name="Subnet Allocation" alias="subnet_allocation" description="Enables allocation of subnets from a subnet pool" updated="2015-03-30T10:00:00-00:00" {{(pid=90423) _check_extension /opt/stack/neutron/neutron/api/extensions.py:415}}
Jun 24 02:16:30.031172 np0000003506 devstack@neutron-api.service[90423]: INFO neutron.api.extensions [None req-40ef86ec-e32f-4582-8024-1ee2359ea427 None None] Loaded extension: subnet_allocation
Jun 24 02:16:30.031273 np0000003506 devstack@neutron-api.service[90422]: DEBUG neutron.api.extensions [None req-3d60a3bb-c19f-4a98-bf21-537960af8be5 None None] Ext name="Atomically add/remove extra routes" alias="extraroute-atomic" description="Edit extra routes of a router on server side by atomically adding/removing extra routes" updated="2019-07-10T00:00:00+00:00" {{(pid=90422) _check_extension /opt/stack/neutron/neutron/api/extensions.py:415}}
Jun 24 02:16:30.031371 np0000003506 devstack@neutron-api.service[90423]: DEBUG neutron.api.extensions [None req-40ef86ec-e32f-4582-8024-1ee2359ea427 None None] Loading extension file: subnetpool_prefix_ops.py {{(pid=90423) _load_all_extensions_from_path /opt/stack/neutron/neutron/api/extensions.py:449}}
Jun 24 02:16:30.031466 np0000003506 devstack@neutron-api.service[90424]: DEBUG neutron_lib.callbacks.manager [None req-749bc74f-f0b0-4785-bd96-efb96e902145 None None] Subscribe: network precommit_update 55550000, False {{(pid=90424) subscribe /opt/stack/data/venv/lib/python3.12/site-packages/neutron_lib/callbacks/manager.py:52}}
Jun 24 02:16:30.031562 np0000003506 devstack@neutron-api.service[90422]: INFO neutron.api.extensions [None req-3d60a3bb-c19f-4a98-bf21-537960af8be5 None None] Loaded extension: extraroute-atomic
Jun 24 02:16:30.031646 np0000003506 devstack@neutron-api.service[90424]: DEBUG neutron_lib.callbacks.manager [None req-749bc74f-f0b0-4785-bd96-efb96e902145 None None] Subscribe: network precommit_create 55550000, False {{(pid=90424) subscribe /opt/stack/data/venv/lib/python3.12/site-packages/neutron_lib/callbacks/manager.py:52}}
Jun 24 02:16:30.031750 np0000003506 devstack@neutron-api.service[90423]: DEBUG neutron.api.extensions [None req-40ef86ec-e32f-4582-8024-1ee2359ea427 None None] Ext name="Subnet Pool Prefix Operations" alias="subnetpool-prefix-ops" description="Provides support for adjusting the prefix list of subnet pools" updated="2019-02-08T10:00:00-00:00" {{(pid=90423) _check_extension /opt/stack/neutron/neutron/api/extensions.py:415}}
Jun 24 02:16:30.031834 np0000003506 devstack@neutron-api.service[90422]: DEBUG neutron.api.extensions [None req-3d60a3bb-c19f-4a98-bf21-537960af8be5 None None] Loading extension file: filter_validation.py {{(pid=90422) _load_all_extensions_from_path /opt/stack/neutron/neutron/api/extensions.py:449}}
Jun 24 02:16:30.031958 np0000003506 devstack@neutron-api.service[90423]: INFO neutron.api.extensions [None req-40ef86ec-e32f-4582-8024-1ee2359ea427 None None] Loaded extension: subnetpool-prefix-ops
Jun 24 02:16:30.032046 np0000003506 devstack@neutron-api.service[90424]: DEBUG neutron.manager [None req-749bc74f-f0b0-4785-bd96-efb96e902145 None None] Successfully loaded auto-allocated-topology plugin. Description: Auto Allocated Topology - aka get me a network. {{(pid=90424) _create_and_add_service_plugin /opt/stack/neutron/neutron/manager.py:236}}
Jun 24 02:16:30.032269 np0000003506 devstack@neutron-api.service[90423]: DEBUG neutron.api.extensions [None req-40ef86ec-e32f-4582-8024-1ee2359ea427 None None] Loading extension file: tag_creation.py {{(pid=90423) _load_all_extensions_from_path /opt/stack/neutron/neutron/api/extensions.py:449}}
Jun 24 02:16:30.032349 np0000003506 devstack@neutron-api.service[90424]: INFO neutron.manager [None req-749bc74f-f0b0-4785-bd96-efb96e902145 None None] Loading Plugin: tag
Jun 24 02:16:30.032591 np0000003506 devstack@neutron-api.service[90422]: DEBUG neutron.api.extensions [None req-3d60a3bb-c19f-4a98-bf21-537960af8be5 None None] Ext name="Filter parameters validation" alias="filter-validation" description="Provides validation on filter parameters." updated="2018-07-04T10:00:00-00:00" {{(pid=90422) _check_extension /opt/stack/neutron/neutron/api/extensions.py:415}}
Jun 24 02:16:30.032828 np0000003506 devstack@neutron-api.service[90423]: DEBUG neutron.api.extensions [None req-40ef86ec-e32f-4582-8024-1ee2359ea427 None None] Ext name="Tag creation extension" alias="tag-creation" description="Allow to create multiple tags for a resource" updated="2024-23-07T10:00:00-00:00" {{(pid=90423) _check_extension /opt/stack/neutron/neutron/api/extensions.py:415}}
Jun 24 02:16:30.032828 np0000003506 devstack@neutron-api.service[90423]: INFO neutron.api.extensions [None req-40ef86ec-e32f-4582-8024-1ee2359ea427 None None] Loaded extension: tag-creation
Jun 24 02:16:30.033052 np0000003506 devstack@neutron-api.service[90422]: INFO neutron.api.extensions [None req-3d60a3bb-c19f-4a98-bf21-537960af8be5 None None] Loaded extension: filter-validation
Jun 24 02:16:30.033125 np0000003506 devstack@neutron-api.service[90423]: DEBUG neutron.api.extensions [None req-40ef86ec-e32f-4582-8024-1ee2359ea427 None None] Loading extension file: tag_ports_during_bulk_creation.py {{(pid=90423) _load_all_extensions_from_path /opt/stack/neutron/neutron/api/extensions.py:449}}
Jun 24 02:16:30.033237 np0000003506 devstack@neutron-api.service[90422]: DEBUG neutron.api.extensions [None req-3d60a3bb-c19f-4a98-bf21-537960af8be5 None None] Loading extension file: fip_pf_description.py {{(pid=90422) _load_all_extensions_from_path /opt/stack/neutron/neutron/api/extensions.py:449}}
Jun 24 02:16:30.033318 np0000003506 devstack@neutron-api.service[90423]: DEBUG neutron.api.extensions [None req-40ef86ec-e32f-4582-8024-1ee2359ea427 None None] Ext name="Tag Ports During Bulk Creation" alias="tag-ports-during-bulk-creation" description="Allow to tag ports during bulk creation" updated="2019-12-29T19:00:00-00:00" {{(pid=90423) _check_extension /opt/stack/neutron/neutron/api/extensions.py:415}}
Jun 24 02:16:30.033318 np0000003506 devstack@neutron-api.service[90423]: INFO neutron.api.extensions [None req-40ef86ec-e32f-4582-8024-1ee2359ea427 None None] Extension tag-ports-during-bulk-creation not supported by any of loaded plugins
Jun 24 02:16:30.033459 np0000003506 devstack@neutron-api.service[90422]: DEBUG neutron.api.extensions [None req-3d60a3bb-c19f-4a98-bf21-537960af8be5 None None] Ext name="Floating IP Port Forwarding new attribute description" alias="floating-ip-port-forwarding-description" description="Add a description field to Port Forwarding rules" updated="2019-11-01T10:00:00-00:00" {{(pid=90422) _check_extension /opt/stack/neutron/neutron/api/extensions.py:415}}
Jun 24 02:16:30.033556 np0000003506 devstack@neutron-api.service[90423]: DEBUG neutron.api.extensions [None req-40ef86ec-e32f-4582-8024-1ee2359ea427 None None] Loading extension file: tagging.py {{(pid=90423) _load_all_extensions_from_path /opt/stack/neutron/neutron/api/extensions.py:449}}
Jun 24 02:16:30.033643 np0000003506 devstack@neutron-api.service[90422]: INFO neutron.api.extensions [None req-3d60a3bb-c19f-4a98-bf21-537960af8be5 None None] Extension floating-ip-port-forwarding-description not supported by any of loaded plugins
Jun 24 02:16:30.033643 np0000003506 devstack@neutron-api.service[90422]: DEBUG neutron.api.extensions [None req-3d60a3bb-c19f-4a98-bf21-537960af8be5 None None] Loading extension file: fip_pf_detail.py {{(pid=90422) _load_all_extensions_from_path /opt/stack/neutron/neutron/api/extensions.py:449}}
Jun 24 02:16:30.033643 np0000003506 devstack@neutron-api.service[90422]: DEBUG neutron.api.extensions [None req-3d60a3bb-c19f-4a98-bf21-537960af8be5 None None] Ext name="Floating IP port forwarding detail" alias="floating-ip-port-forwarding-detail" description="Allow list floating ip return more port forwarding data, include'id' and 'internal_port_id'" updated="2022-05-06T10:00:00-00:00" {{(pid=90422) _check_extension /opt/stack/neutron/neutron/api/extensions.py:415}}
Jun 24 02:16:30.033747 np0000003506 devstack@neutron-api.service[90423]: DEBUG neutron.api.extensions [None req-40ef86ec-e32f-4582-8024-1ee2359ea427 None None] Ext name="Tag support for resources with standard attribute: port, subnet, subnetpool, network, security_group, router, floatingip, policy, trunk, network_segment_range" alias="standard-attr-tag" description="Enables to set tag on resources with standard attribute." updated="2017-01-01T00:00:00-00:00" {{(pid=90423) _check_extension /opt/stack/neutron/neutron/api/extensions.py:415}}
Jun 24 02:16:30.033847 np0000003506 devstack@neutron-api.service[90422]: INFO neutron.api.extensions [None req-3d60a3bb-c19f-4a98-bf21-537960af8be5 None None] Loaded extension: floating-ip-port-forwarding-detail
Jun 24 02:16:30.033937 np0000003506 devstack@neutron-api.service[90423]: INFO neutron.api.extensions [None req-40ef86ec-e32f-4582-8024-1ee2359ea427 None None] Loaded extension: standard-attr-tag
Jun 24 02:16:30.034045 np0000003506 devstack@neutron-api.service[90422]: DEBUG neutron.api.extensions [None req-3d60a3bb-c19f-4a98-bf21-537960af8be5 None None] Loading extension file: fip_pf_port_range.py {{(pid=90422) _load_all_extensions_from_path /opt/stack/neutron/neutron/api/extensions.py:449}}
Jun 24 02:16:30.034128 np0000003506 devstack@neutron-api.service[90423]: DEBUG neutron.api.extensions [None req-40ef86ec-e32f-4582-8024-1ee2359ea427 None None] Loading extension file: timestamp.py {{(pid=90423) _load_all_extensions_from_path /opt/stack/neutron/neutron/api/extensions.py:449}}
Jun 24 02:16:30.034310 np0000003506 devstack@neutron-api.service[90422]: DEBUG neutron.api.extensions [None req-3d60a3bb-c19f-4a98-bf21-537960af8be5 None None] Ext name="Floating IP Port Forwarding support port ranges" alias="floating-ip-port-forwarding-port-ranges" description="Add support to port ranges" updated="2020-07-01T10:00:00-00:00" {{(pid=90422) _check_extension /opt/stack/neutron/neutron/api/extensions.py:415}}
Jun 24 02:16:30.034428 np0000003506 devstack@neutron-api.service[90423]: DEBUG neutron.api.extensions [None req-40ef86ec-e32f-4582-8024-1ee2359ea427 None None] Ext name="Resource timestamps" alias="standard-attr-timestamp" description="Adds created_at and updated_at fields to all Neutron resources that have Neutron standard attributes." updated="2016-09-12T10:00:00-00:00" {{(pid=90423) _check_extension /opt/stack/neutron/neutron/api/extensions.py:415}}
Jun 24 02:16:30.034590 np0000003506 devstack@neutron-api.service[90422]: INFO neutron.api.extensions [None req-3d60a3bb-c19f-4a98-bf21-537960af8be5 None None] Extension floating-ip-port-forwarding-port-ranges not supported by any of loaded plugins
Jun 24 02:16:30.034713 np0000003506 devstack@neutron-api.service[90423]: INFO neutron.api.extensions [None req-40ef86ec-e32f-4582-8024-1ee2359ea427 None None] Loaded extension: standard-attr-timestamp
Jun 24 02:16:30.034996 np0000003506 devstack@neutron-api.service[90422]: DEBUG neutron.api.extensions [None req-3d60a3bb-c19f-4a98-bf21-537960af8be5 None None] Loading extension file: fip_port_details.py {{(pid=90422) _load_all_extensions_from_path /opt/stack/neutron/neutron/api/extensions.py:449}}
Jun 24 02:16:30.035133 np0000003506 devstack@neutron-api.service[90423]: DEBUG neutron.api.extensions [None req-40ef86ec-e32f-4582-8024-1ee2359ea427 None None] Loading extension file: trunk.py {{(pid=90423) _load_all_extensions_from_path /opt/stack/neutron/neutron/api/extensions.py:449}}
Jun 24 02:16:30.035341 np0000003506 devstack@neutron-api.service[90422]: DEBUG neutron.api.extensions [None req-3d60a3bb-c19f-4a98-bf21-537960af8be5 None None] Ext name="Floating IP Port Details Extension" alias="fip-port-details" description="Add port_details attribute to Floating IP resource" updated="2018-04-09T10:00:00-00:00" {{(pid=90422) _check_extension /opt/stack/neutron/neutron/api/extensions.py:415}}
Jun 24 02:16:30.035475 np0000003506 devstack@neutron-api.service[90423]: DEBUG neutron.api.extensions [None req-40ef86ec-e32f-4582-8024-1ee2359ea427 None None] Ext name="Trunk Extension" alias="trunk" description="Provides support for trunk ports" updated="2016-01-01T10:00:00-00:00" {{(pid=90423) _check_extension /opt/stack/neutron/neutron/api/extensions.py:415}}
Jun 24 02:16:30.035610 np0000003506 devstack@neutron-api.service[90422]: INFO neutron.api.extensions [None req-3d60a3bb-c19f-4a98-bf21-537960af8be5 None None] Loaded extension: fip-port-details
Jun 24 02:16:30.035761 np0000003506 devstack@neutron-api.service[90423]: INFO neutron.api.extensions [None req-40ef86ec-e32f-4582-8024-1ee2359ea427 None None] Extension trunk not supported by any of loaded plugins
Jun 24 02:16:30.036050 np0000003506 devstack@neutron-api.service[90422]: DEBUG neutron.api.extensions [None req-3d60a3bb-c19f-4a98-bf21-537960af8be5 None None] Loading extension file: flavors.py {{(pid=90422) _load_all_extensions_from_path /opt/stack/neutron/neutron/api/extensions.py:449}}
Jun 24 02:16:30.036277 np0000003506 devstack@neutron-api.service[90423]: DEBUG neutron.api.extensions [None req-40ef86ec-e32f-4582-8024-1ee2359ea427 None None] Loading extension file: trunk_details.py {{(pid=90423) _load_all_extensions_from_path /opt/stack/neutron/neutron/api/extensions.py:449}}
Jun 24 02:16:30.036277 np0000003506 devstack@neutron-api.service[90423]: DEBUG neutron.api.extensions [None req-40ef86ec-e32f-4582-8024-1ee2359ea427 None None] Ext name="Trunk port details" alias="trunk-details" description="Expose trunk port details" updated="2016-01-01T10:00:00-00:00" {{(pid=90423) _check_extension /opt/stack/neutron/neutron/api/extensions.py:415}}
Jun 24 02:16:30.036533 np0000003506 devstack@neutron-api.service[90422]: DEBUG neutron.api.extensions [None req-3d60a3bb-c19f-4a98-bf21-537960af8be5 None None] Ext name="Neutron Service Flavors" alias="flavors" description="Flavor specification for Neutron advanced services." updated="2015-09-17T10:00:00-00:00" {{(pid=90422) _check_extension /opt/stack/neutron/neutron/api/extensions.py:415}}
Jun 24 02:16:30.036672 np0000003506 devstack@neutron-api.service[90424]: DEBUG neutron.manager [None req-749bc74f-f0b0-4785-bd96-efb96e902145 None None] Successfully loaded TAG plugin. Description: Tag support {{(pid=90424) _create_and_add_service_plugin /opt/stack/neutron/neutron/manager.py:236}}
Jun 24 02:16:30.036776 np0000003506 devstack@neutron-api.service[90422]: INFO neutron.api.extensions [None req-3d60a3bb-c19f-4a98-bf21-537960af8be5 None None] Loaded extension: flavors
Jun 24 02:16:30.036857 np0000003506 devstack@neutron-api.service[90423]: INFO neutron.api.extensions [None req-40ef86ec-e32f-4582-8024-1ee2359ea427 None None] Extension trunk-details not supported by any of loaded plugins
Jun 24 02:16:30.036998 np0000003506 devstack@neutron-api.service[90424]: INFO neutron.manager [None req-749bc74f-f0b0-4785-bd96-efb96e902145 None None] Loading Plugin: timestamp
Jun 24 02:16:30.037092 np0000003506 devstack@neutron-api.service[90422]: DEBUG neutron.api.extensions [None req-3d60a3bb-c19f-4a98-bf21-537960af8be5 None None] Loading extension file: floating_ip_port_forwarding.py {{(pid=90422) _load_all_extensions_from_path /opt/stack/neutron/neutron/api/extensions.py:449}}
Jun 24 02:16:30.037171 np0000003506 devstack@neutron-api.service[90423]: DEBUG neutron.api.extensions [None req-40ef86ec-e32f-4582-8024-1ee2359ea427 None None] Loading extension file: uplink_status_propagation.py {{(pid=90423) _load_all_extensions_from_path /opt/stack/neutron/neutron/api/extensions.py:449}}
Jun 24 02:16:30.037171 np0000003506 devstack@neutron-api.service[90423]: DEBUG neutron.api.extensions [None req-40ef86ec-e32f-4582-8024-1ee2359ea427 None None] Ext name="Uplink status propagation extension" alias="uplink-status-propagation" description="Provides ability to propagate port uplink status." updated="2018-05-31T18:00:00-00:00" {{(pid=90423) _check_extension /opt/stack/neutron/neutron/api/extensions.py:415}}
Jun 24 02:16:30.037277 np0000003506 devstack@neutron-api.service[90422]: DEBUG neutron.api.extensions [None req-3d60a3bb-c19f-4a98-bf21-537960af8be5 None None] Ext name="Floating IP Port Forwarding" alias="floating-ip-port-forwarding" description="Allow port forwarding from floating IP port to an internal port" updated="2018-01-19T10:00:00-00:00" {{(pid=90422) _check_extension /opt/stack/neutron/neutron/api/extensions.py:415}}
Jun 24 02:16:30.037351 np0000003506 devstack@neutron-api.service[90423]: INFO neutron.api.extensions [None req-40ef86ec-e32f-4582-8024-1ee2359ea427 None None] Extension uplink-status-propagation not supported by any of loaded plugins
Jun 24 02:16:30.037424 np0000003506 devstack@neutron-api.service[90422]: INFO neutron.api.extensions [None req-3d60a3bb-c19f-4a98-bf21-537960af8be5 None None] Extension floating-ip-port-forwarding not supported by any of loaded plugins
Jun 24 02:16:30.037532 np0000003506 devstack@neutron-api.service[90423]: DEBUG neutron.api.extensions [None req-40ef86ec-e32f-4582-8024-1ee2359ea427 None None] Loading extension file: uplink_status_propagation_updatable.py {{(pid=90423) _load_all_extensions_from_path /opt/stack/neutron/neutron/api/extensions.py:449}}
Jun 24 02:16:30.037607 np0000003506 devstack@neutron-api.service[90422]: DEBUG neutron.api.extensions [None req-3d60a3bb-c19f-4a98-bf21-537960af8be5 None None] Loading extension file: floatingip_pools.py {{(pid=90422) _load_all_extensions_from_path /opt/stack/neutron/neutron/api/extensions.py:449}}
Jun 24 02:16:30.037607 np0000003506 devstack@neutron-api.service[90422]: DEBUG neutron.api.extensions [None req-3d60a3bb-c19f-4a98-bf21-537960af8be5 None None] Ext name="Floating IP Pools Extension" alias="floatingip-pools" description="Provides a floating IP pools API." updated="2018-03-21T10:00:00-00:00" {{(pid=90422) _check_extension /opt/stack/neutron/neutron/api/extensions.py:415}}
Jun 24 02:16:30.037607 np0000003506 devstack@neutron-api.service[90422]: INFO neutron.api.extensions [None req-3d60a3bb-c19f-4a98-bf21-537960af8be5 None None] Loaded extension: floatingip-pools
Jun 24 02:16:30.037732 np0000003506 devstack@neutron-api.service[90423]: DEBUG neutron.api.extensions [None req-40ef86ec-e32f-4582-8024-1ee2359ea427 None None] Ext name="Uplink status propagation updatable extension" alias="uplink-status-propagation-updatable" description="Provides ability to update the port uplink status." updated="2024-09-03T18:00:00-00:00" {{(pid=90423) _check_extension /opt/stack/neutron/neutron/api/extensions.py:415}}
Jun 24 02:16:30.037822 np0000003506 devstack@neutron-api.service[90422]: DEBUG neutron.api.extensions [None req-3d60a3bb-c19f-4a98-bf21-537960af8be5 None None] Loading extension file: ip_allocation.py {{(pid=90422) _load_all_extensions_from_path /opt/stack/neutron/neutron/api/extensions.py:449}}
Jun 24 02:16:30.037935 np0000003506 devstack@neutron-api.service[90423]: INFO neutron.api.extensions [None req-40ef86ec-e32f-4582-8024-1ee2359ea427 None None] Extension uplink-status-propagation-updatable not supported by any of loaded plugins
Jun 24 02:16:30.038035 np0000003506 devstack@neutron-api.service[90424]: DEBUG neutron.manager [None req-749bc74f-f0b0-4785-bd96-efb96e902145 None None] Successfully loaded timestamp plugin. Description: Adds timestamps to Neutron resources with standard attributes {{(pid=90424) _create_and_add_service_plugin /opt/stack/neutron/neutron/manager.py:236}}
Jun 24 02:16:30.038118 np0000003506 devstack@neutron-api.service[90423]: DEBUG neutron.api.extensions [None req-40ef86ec-e32f-4582-8024-1ee2359ea427 None None] Loading extension file: vlantransparent.py {{(pid=90423) _load_all_extensions_from_path /opt/stack/neutron/neutron/api/extensions.py:449}}
Jun 24 02:16:30.038221 np0000003506 devstack@neutron-api.service[90422]: DEBUG neutron.api.extensions [None req-3d60a3bb-c19f-4a98-bf21-537960af8be5 None None] Ext name="IP Allocation" alias="ip_allocation" description="IP allocation extension." updated="2016-06-10T23:00:00-00:00" {{(pid=90422) _check_extension /opt/stack/neutron/neutron/api/extensions.py:415}}
Jun 24 02:16:30.038310 np0000003506 devstack@neutron-api.service[90424]: INFO neutron.manager [None req-749bc74f-f0b0-4785-bd96-efb96e902145 None None] Loading Plugin: network_ip_availability
Jun 24 02:16:30.038515 np0000003506 devstack@neutron-api.service[90422]: INFO neutron.api.extensions [None req-3d60a3bb-c19f-4a98-bf21-537960af8be5 None None] Extension ip_allocation not supported by any of loaded plugins
Jun 24 02:16:30.038515 np0000003506 devstack@neutron-api.service[90422]: DEBUG neutron.api.extensions [None req-3d60a3bb-c19f-4a98-bf21-537960af8be5 None None] Loading extension file: ip_substring_port_filtering.py {{(pid=90422) _load_all_extensions_from_path /opt/stack/neutron/neutron/api/extensions.py:449}}
Jun 24 02:16:30.038607 np0000003506 devstack@neutron-api.service[90423]: DEBUG neutron.api.extensions [None req-40ef86ec-e32f-4582-8024-1ee2359ea427 None None] Ext name="Vlantransparent" alias="vlan-transparent" description="Provides Vlan Transparent Networks" updated="2015-03-23T09:00:00-00:00" {{(pid=90423) _check_extension /opt/stack/neutron/neutron/api/extensions.py:415}}
Jun 24 02:16:30.038607 np0000003506 devstack@neutron-api.service[90423]: INFO neutron.api.extensions [None req-40ef86ec-e32f-4582-8024-1ee2359ea427 None None] Loaded extension: vlan-transparent
Jun 24 02:16:30.038781 np0000003506 devstack@neutron-api.service[90422]: DEBUG neutron.api.extensions [None req-3d60a3bb-c19f-4a98-bf21-537960af8be5 None None] Ext name="IP address substring filtering" alias="ip-substring-filtering" description="Provides IP address substring filtering when listing ports" updated="2017-11-28T09:00:00-00:00" {{(pid=90422) _check_extension /opt/stack/neutron/neutron/api/extensions.py:415}}
Jun 24 02:16:30.038781 np0000003506 devstack@neutron-api.service[90422]: INFO neutron.api.extensions [None req-3d60a3bb-c19f-4a98-bf21-537960af8be5 None None] Extension ip-substring-filtering not supported by any of loaded plugins
Jun 24 02:16:30.038781 np0000003506 devstack@neutron-api.service[90422]: DEBUG neutron.api.extensions [None req-3d60a3bb-c19f-4a98-bf21-537960af8be5 None None] Loading extension file: l2_adjacency.py {{(pid=90422) _load_all_extensions_from_path /opt/stack/neutron/neutron/api/extensions.py:449}}
Jun 24 02:16:30.038781 np0000003506 devstack@neutron-api.service[90422]: DEBUG neutron.api.extensions [None req-3d60a3bb-c19f-4a98-bf21-537960af8be5 None None] Ext name="L2 Adjacency" alias="l2_adjacency" description="Display L2 Adjacency for Neutron Networks." updated="2016-04-12T16:00:00-00:00" {{(pid=90422) _check_extension /opt/stack/neutron/neutron/api/extensions.py:415}}
Jun 24 02:16:30.038781 np0000003506 devstack@neutron-api.service[90422]: INFO neutron.api.extensions [None req-3d60a3bb-c19f-4a98-bf21-537960af8be5 None None] Extension l2_adjacency not supported by any of loaded plugins
Jun 24 02:16:30.038781 np0000003506 devstack@neutron-api.service[90422]: DEBUG neutron.api.extensions [None req-3d60a3bb-c19f-4a98-bf21-537960af8be5 None None] Loading extension file: l3.py {{(pid=90422) _load_all_extensions_from_path /opt/stack/neutron/neutron/api/extensions.py:449}}
Jun 24 02:16:30.039007 np0000003506 devstack@neutron-api.service[90424]: DEBUG neutron.manager [None req-749bc74f-f0b0-4785-bd96-efb96e902145 None None] Successfully loaded network-ip-availability plugin. Description: Provides IP availability data for each network and subnet. {{(pid=90424) _create_and_add_service_plugin /opt/stack/neutron/neutron/manager.py:236}}
Jun 24 02:16:30.039105 np0000003506 devstack@neutron-api.service[90423]: INFO neutron.quota.resource_registry [None req-40ef86ec-e32f-4582-8024-1ee2359ea427 None None] Creating instance of TrackedResource for resource:network
Jun 24 02:16:30.039193 np0000003506 devstack@neutron-api.service[90424]: INFO neutron.manager [None req-749bc74f-f0b0-4785-bd96-efb96e902145 None None] Loading Plugin: flavors
Jun 24 02:16:30.039457 np0000003506 devstack@neutron-api.service[90422]: DEBUG neutron.api.extensions [None req-3d60a3bb-c19f-4a98-bf21-537960af8be5 None None] Ext name="Neutron L3 Router" alias="router" description="Router abstraction for basic L3 forwarding between L2 Neutron networks and access to external networks via a NAT gateway." updated="2012-07-20T10:00:00-00:00" {{(pid=90422) _check_extension /opt/stack/neutron/neutron/api/extensions.py:415}}
Jun 24 02:16:30.039715 np0000003506 devstack@neutron-api.service[90423]: INFO neutron.quota.resource_registry [None req-40ef86ec-e32f-4582-8024-1ee2359ea427 None None] Creating instance of TrackedResource for resource:subnet
Jun 24 02:16:30.040261 np0000003506 devstack@neutron-api.service[90422]: INFO neutron.api.extensions [None req-3d60a3bb-c19f-4a98-bf21-537960af8be5 None None] Loaded extension: router
Jun 24 02:16:30.040447 np0000003506 devstack@neutron-api.service[90423]: INFO neutron.quota.resource_registry [None req-40ef86ec-e32f-4582-8024-1ee2359ea427 None None] Creating instance of TrackedResource for resource:subnetpool
Jun 24 02:16:30.040541 np0000003506 devstack@neutron-api.service[90422]: DEBUG neutron.api.extensions [None req-3d60a3bb-c19f-4a98-bf21-537960af8be5 None None] Loading extension file: l3_agent_scheduler_ha_chassis_priority.py {{(pid=90422) _load_all_extensions_from_path /opt/stack/neutron/neutron/api/extensions.py:449}}
Jun 24 02:16:30.040825 np0000003506 devstack@neutron-api.service[90423]: INFO neutron.quota.resource_registry [None req-40ef86ec-e32f-4582-8024-1ee2359ea427 None None] Creating instance of TrackedResource for resource:port
Jun 24 02:16:30.040995 np0000003506 devstack@neutron-api.service[90422]: DEBUG neutron.api.extensions [None req-3d60a3bb-c19f-4a98-bf21-537960af8be5 None None] Ext name="L3 Agent Scheduler HA Chassis Priority" alias="l3-agent-scheduler-ha-chassis-priority" description="Exposes the HA_Chassis priority in the L3 Agent Scheduler API responses and allows setting priority when scheduling a router to a chassis." updated="2026-03-31T00:00:00-00:00" {{(pid=90422) _check_extension /opt/stack/neutron/neutron/api/extensions.py:415}}
Jun 24 02:16:30.040995 np0000003506 devstack@neutron-api.service[90422]: INFO neutron.api.extensions [None req-3d60a3bb-c19f-4a98-bf21-537960af8be5 None None] Loaded extension: l3-agent-scheduler-ha-chassis-priority
Jun 24 02:16:30.041254 np0000003506 devstack@neutron-api.service[90424]: DEBUG neutron.manager [None req-749bc74f-f0b0-4785-bd96-efb96e902145 None None] Successfully loaded FLAVORS plugin. Description: Neutron Flavors and Service Profiles manager plugin {{(pid=90424) _create_and_add_service_plugin /opt/stack/neutron/neutron/manager.py:236}}
Jun 24 02:16:30.041490 np0000003506 devstack@neutron-api.service[90422]: DEBUG neutron.api.extensions [None req-3d60a3bb-c19f-4a98-bf21-537960af8be5 None None] Loading extension file: l3_conntrack_helper.py {{(pid=90422) _load_all_extensions_from_path /opt/stack/neutron/neutron/api/extensions.py:449}}
Jun 24 02:16:30.041581 np0000003506 devstack@neutron-api.service[90424]: INFO neutron.manager [None req-749bc74f-f0b0-4785-bd96-efb96e902145 None None] Loading Plugin: revisions
Jun 24 02:16:30.041668 np0000003506 devstack@neutron-api.service[90423]: INFO neutron.quota.resource_registry [None req-40ef86ec-e32f-4582-8024-1ee2359ea427 None None] Creating instance of CountableResource for resource:router_route
Jun 24 02:16:30.041668 np0000003506 devstack@neutron-api.service[90423]: DEBUG neutron.api.v2.resource_helper [None req-40ef86ec-e32f-4582-8024-1ee2359ea427 None None] Service L3_ROUTER_NAT assigned prefix: {{(pid=90423) build_resource_info /opt/stack/neutron/neutron/api/v2/resource_helper.py:77}}
Jun 24 02:16:30.041763 np0000003506 devstack@neutron-api.service[90422]: DEBUG neutron.api.extensions [None req-3d60a3bb-c19f-4a98-bf21-537960af8be5 None None] Ext name="L3 Conntrack helper" alias="l3-conntrack-helper" description="Allow adding CT target rules for conntrack helper" updated="2019-04-04T10:00:00-00:00" {{(pid=90422) _check_extension /opt/stack/neutron/neutron/api/extensions.py:415}}
Jun 24 02:16:30.041859 np0000003506 devstack@neutron-api.service[90423]: DEBUG neutron.api.v2.resource_helper [None req-40ef86ec-e32f-4582-8024-1ee2359ea427 None None] Service FLAVORS assigned prefix: {{(pid=90423) build_resource_info /opt/stack/neutron/neutron/api/v2/resource_helper.py:77}}
Jun 24 02:16:30.041963 np0000003506 devstack@neutron-api.service[90422]: INFO neutron.api.extensions [None req-3d60a3bb-c19f-4a98-bf21-537960af8be5 None None] Extension l3-conntrack-helper not supported by any of loaded plugins
Jun 24 02:16:30.041963 np0000003506 devstack@neutron-api.service[90422]: DEBUG neutron.api.extensions [None req-3d60a3bb-c19f-4a98-bf21-537960af8be5 None None] Loading extension file: l3_enable_default_route_bfd.py {{(pid=90422) _load_all_extensions_from_path /opt/stack/neutron/neutron/api/extensions.py:449}}
Jun 24 02:16:30.042081 np0000003506 devstack@neutron-api.service[90424]: DEBUG neutron.manager [None req-749bc74f-f0b0-4785-bd96-efb96e902145 None None] Successfully loaded revision_plugin plugin. Description: Adds revision numbers to resources. {{(pid=90424) _create_and_add_service_plugin /opt/stack/neutron/neutron/manager.py:236}}
Jun 24 02:16:30.042081 np0000003506 devstack@neutron-api.service[90424]: DEBUG oslo_concurrency.lockutils [None req-749bc74f-f0b0-4785-bd96-efb96e902145 None None] Lock "manager" "released" by "neutron.manager.NeutronManager._create_instance" :: held 4.058s {{(pid=90424) inner /opt/stack/data/venv/lib/python3.12/site-packages/oslo_concurrency/lockutils.py:543}}
Jun 24 02:16:30.042176 np0000003506 devstack@neutron-api.service[90422]: DEBUG neutron.api.extensions [None req-3d60a3bb-c19f-4a98-bf21-537960af8be5 None None] Ext name="Enable Default Route BFD" alias="enable-default-route-bfd" description="Enables configurable BFD behavior for default routes" updated="2023-02-27T00:00:00-00:00" {{(pid=90422) _check_extension /opt/stack/neutron/neutron/api/extensions.py:415}}
Jun 24 02:16:30.042283 np0000003506 devstack@neutron-api.service[90424]: DEBUG neutron.api.extensions [None req-749bc74f-f0b0-4785-bd96-efb96e902145 None None] get_extension_paths = OrderedDict({'/opt/stack/neutron/neutron/extensions': 1}) {{(pid=90424) get_extensions_path /opt/stack/neutron/neutron/api/extensions.py:640}}
Jun 24 02:16:30.042373 np0000003506 devstack@neutron-api.service[90422]: INFO neutron.api.extensions [None req-3d60a3bb-c19f-4a98-bf21-537960af8be5 None None] Loaded extension: enable-default-route-bfd
Jun 24 02:16:30.042445 np0000003506 devstack@neutron-api.service[90423]: DEBUG neutron.api.v2.resource_helper [None req-40ef86ec-e32f-4582-8024-1ee2359ea427 None None] Service L3_ROUTER_NAT assigned prefix: {{(pid=90423) build_resource_info /opt/stack/neutron/neutron/api/v2/resource_helper.py:77}}
Jun 24 02:16:30.042534 np0000003506 devstack@neutron-api.service[90424]: INFO neutron.api.extensions [None req-749bc74f-f0b0-4785-bd96-efb96e902145 None None] Initializing extension manager.
Jun 24 02:16:30.042614 np0000003506 devstack@neutron-api.service[90422]: DEBUG neutron.api.extensions [None req-3d60a3bb-c19f-4a98-bf21-537960af8be5 None None] Loading extension file: l3_enable_default_route_ecmp.py {{(pid=90422) _load_all_extensions_from_path /opt/stack/neutron/neutron/api/extensions.py:449}}
Jun 24 02:16:30.042691 np0000003506 devstack@neutron-api.service[90424]: DEBUG neutron.api.extensions [None req-749bc74f-f0b0-4785-bd96-efb96e902145 None None] Loading extension file: __init__.py {{(pid=90424) _load_all_extensions_from_path /opt/stack/neutron/neutron/api/extensions.py:449}}
Jun 24 02:16:30.042766 np0000003506 devstack@neutron-api.service[90422]: DEBUG neutron.api.extensions [None req-3d60a3bb-c19f-4a98-bf21-537960af8be5 None None] Ext name="Enable Default Route ECMP" alias="enable-default-route-ecmp" description="Enables configurable ECMP behavior for default routes" updated="2023-02-27T00:00:00-00:00" {{(pid=90422) _check_extension /opt/stack/neutron/neutron/api/extensions.py:415}}
Jun 24 02:16:30.042863 np0000003506 devstack@neutron-api.service[90424]: DEBUG neutron.api.extensions [None req-749bc74f-f0b0-4785-bd96-efb96e902145 None None] Loading extension file: __pycache__ {{(pid=90424) _load_all_extensions_from_path /opt/stack/neutron/neutron/api/extensions.py:449}}
Jun 24 02:16:30.042863 np0000003506 devstack@neutron-api.service[90424]: DEBUG neutron.api.extensions [None req-749bc74f-f0b0-4785-bd96-efb96e902145 None None] Loading extension file: aap_reject_multicast.py {{(pid=90424) _load_all_extensions_from_path /opt/stack/neutron/neutron/api/extensions.py:449}}
Jun 24 02:16:30.042969 np0000003506 devstack@neutron-api.service[90422]: INFO neutron.api.extensions [None req-3d60a3bb-c19f-4a98-bf21-537960af8be5 None None] Loaded extension: enable-default-route-ecmp
Jun 24 02:16:30.042969 np0000003506 devstack@neutron-api.service[90422]: DEBUG neutron.api.extensions [None req-3d60a3bb-c19f-4a98-bf21-537960af8be5 None None] Loading extension file: l3_ext_gw_mode.py {{(pid=90422) _load_all_extensions_from_path /opt/stack/neutron/neutron/api/extensions.py:449}}
Jun 24 02:16:30.043095 np0000003506 devstack@neutron-api.service[90424]: DEBUG neutron.api.extensions [None req-749bc74f-f0b0-4785-bd96-efb96e902145 None None] Ext name="Allowed address pairs reject multicast extension" alias="aap-reject-multicast" description="Reject multicast addresses in Allowed Address Pairs" updated="2026-04-01T00:00:00-00:00" {{(pid=90424) _check_extension /opt/stack/neutron/neutron/api/extensions.py:415}}
Jun 24 02:16:30.043225 np0000003506 devstack@neutron-api.service[90422]: DEBUG neutron.api.extensions [None req-3d60a3bb-c19f-4a98-bf21-537960af8be5 None None] Ext name="Neutron L3 Configurable external gateway mode" alias="ext-gw-mode" description="Extension of the router abstraction for specifying whether SNAT should occur on the external gateway" updated="2013-03-28T10:00:00-00:00" {{(pid=90422) _check_extension /opt/stack/neutron/neutron/api/extensions.py:415}}
Jun 24 02:16:30.043663 np0000003506 devstack@neutron-api.service[90424]: INFO neutron.api.extensions [None req-749bc74f-f0b0-4785-bd96-efb96e902145 None None] Extension aap-reject-multicast not supported by any of loaded plugins
Jun 24 02:16:30.043779 np0000003506 devstack@neutron-api.service[90422]: INFO neutron.api.extensions [None req-3d60a3bb-c19f-4a98-bf21-537960af8be5 None None] Loaded extension: ext-gw-mode
Jun 24 02:16:30.043853 np0000003506 devstack@neutron-api.service[90424]: DEBUG neutron.api.extensions [None req-749bc74f-f0b0-4785-bd96-efb96e902145 None None] Loading extension file: address_group.py {{(pid=90424) _load_all_extensions_from_path /opt/stack/neutron/neutron/api/extensions.py:449}}
Jun 24 02:16:30.044013 np0000003506 devstack@neutron-api.service[90422]: DEBUG neutron.api.extensions [None req-3d60a3bb-c19f-4a98-bf21-537960af8be5 None None] Loading extension file: l3_ext_ha_mode.py {{(pid=90422) _load_all_extensions_from_path /opt/stack/neutron/neutron/api/extensions.py:449}}
