Jul 10 10:31:49.574391 np0000004991 nova-scheduler[93365]: DEBUG cotyledon.oslo_config_glue [-] oslo_messaging_rabbit.ssl_ca_file = {{(pid=93365) log_opt_values /opt/stack/data/venv/lib/python3.12/site-packages/oslo_config/cfg.py:3253}}
Jul 10 10:31:49.574391 np0000004991 nova-scheduler[93365]: DEBUG cotyledon.oslo_config_glue [-] oslo_messaging_rabbit.ssl_cert_file = {{(pid=93365) log_opt_values /opt/stack/data/venv/lib/python3.12/site-packages/oslo_config/cfg.py:3253}}
Jul 10 10:31:49.574671 np0000004991 nova-scheduler[93365]: DEBUG cotyledon.oslo_config_glue [-] oslo_messaging_rabbit.ssl_enforce_fips_mode = False {{(pid=93365) log_opt_values /opt/stack/data/venv/lib/python3.12/site-packages/oslo_config/cfg.py:3253}}
Jul 10 10:31:49.574671 np0000004991 nova-scheduler[93365]: DEBUG cotyledon.oslo_config_glue [-] oslo_messaging_rabbit.ssl_enforce_hostname_verification = True {{(pid=93365) log_opt_values /opt/stack/data/venv/lib/python3.12/site-packages/oslo_config/cfg.py:3253}}
Jul 10 10:31:49.574671 np0000004991 nova-scheduler[93365]: DEBUG cotyledon.oslo_config_glue [-] oslo_messaging_rabbit.ssl_key_file = {{(pid=93365) log_opt_values /opt/stack/data/venv/lib/python3.12/site-packages/oslo_config/cfg.py:3253}}
Jul 10 10:31:49.574671 np0000004991 nova-scheduler[93365]: DEBUG cotyledon.oslo_config_glue [-] oslo_messaging_rabbit.ssl_version = {{(pid=93365) log_opt_values /opt/stack/data/venv/lib/python3.12/site-packages/oslo_config/cfg.py:3253}}
Jul 10 10:31:49.574671 np0000004991 nova-scheduler[93365]: DEBUG cotyledon.oslo_config_glue [-] oslo_messaging_rabbit.use_queue_manager = False {{(pid=93365) log_opt_values /opt/stack/data/venv/lib/python3.12/site-packages/oslo_config/cfg.py:3253}}
Jul 10 10:31:49.574671 np0000004991 nova-scheduler[93365]: DEBUG cotyledon.oslo_config_glue [-] oslo_messaging_notifications.driver = ['messagingv2'] {{(pid=93365) log_opt_values /opt/stack/data/venv/lib/python3.12/site-packages/oslo_config/cfg.py:3253}}
Jul 10 10:31:49.574671 np0000004991 nova-scheduler[93365]: DEBUG cotyledon.oslo_config_glue [-] oslo_messaging_notifications.retry = -1 {{(pid=93365) log_opt_values /opt/stack/data/venv/lib/python3.12/site-packages/oslo_config/cfg.py:3253}}
Jul 10 10:31:49.574671 np0000004991 nova-scheduler[93365]: DEBUG cotyledon.oslo_config_glue [-] oslo_messaging_notifications.topics = ['notifications'] {{(pid=93365) log_opt_values /opt/stack/data/venv/lib/python3.12/site-packages/oslo_config/cfg.py:3253}}
Jul 10 10:31:49.574671 np0000004991 nova-scheduler[93365]: DEBUG cotyledon.oslo_config_glue [-] oslo_messaging_notifications.transport_url = **** {{(pid=93365) log_opt_values /opt/stack/data/venv/lib/python3.12/site-packages/oslo_config/cfg.py:3253}}
Jul 10 10:31:49.574973 np0000004991 nova-scheduler[93365]: DEBUG cotyledon.oslo_config_glue [-] oslo_limit.auth_section = None {{(pid=93365) log_opt_values /opt/stack/data/venv/lib/python3.12/site-packages/oslo_config/cfg.py:3253}}
Jul 10 10:31:49.574973 np0000004991 nova-scheduler[93365]: DEBUG cotyledon.oslo_config_glue [-] oslo_limit.auth_type = None {{(pid=93365) log_opt_values /opt/stack/data/venv/lib/python3.12/site-packages/oslo_config/cfg.py:3253}}
Jul 10 10:31:49.574973 np0000004991 nova-scheduler[93365]: DEBUG cotyledon.oslo_config_glue [-] oslo_limit.cafile = None {{(pid=93365) log_opt_values /opt/stack/data/venv/lib/python3.12/site-packages/oslo_config/cfg.py:3253}}
Jul 10 10:31:49.574973 np0000004991 nova-scheduler[93365]: DEBUG cotyledon.oslo_config_glue [-] oslo_limit.certfile = None {{(pid=93365) log_opt_values /opt/stack/data/venv/lib/python3.12/site-packages/oslo_config/cfg.py:3253}}
Jul 10 10:31:49.574973 np0000004991 nova-scheduler[93365]: DEBUG cotyledon.oslo_config_glue [-] oslo_limit.collect_timing = False {{(pid=93365) log_opt_values /opt/stack/data/venv/lib/python3.12/site-packages/oslo_config/cfg.py:3253}}
Jul 10 10:31:49.574973 np0000004991 nova-scheduler[93365]: DEBUG cotyledon.oslo_config_glue [-] oslo_limit.connect_retries = None {{(pid=93365) log_opt_values /opt/stack/data/venv/lib/python3.12/site-packages/oslo_config/cfg.py:3253}}
Jul 10 10:31:49.574973 np0000004991 nova-scheduler[93365]: DEBUG cotyledon.oslo_config_glue [-] oslo_limit.connect_retry_delay = None {{(pid=93365) log_opt_values /opt/stack/data/venv/lib/python3.12/site-packages/oslo_config/cfg.py:3253}}
Jul 10 10:31:49.574973 np0000004991 nova-scheduler[93365]: DEBUG cotyledon.oslo_config_glue [-] oslo_limit.endpoint_id = None {{(pid=93365) log_opt_values /opt/stack/data/venv/lib/python3.12/site-packages/oslo_config/cfg.py:3253}}
Jul 10 10:31:49.574973 np0000004991 nova-scheduler[93365]: DEBUG cotyledon.oslo_config_glue [-] oslo_limit.endpoint_interface = public {{(pid=93365) log_opt_values /opt/stack/data/venv/lib/python3.12/site-packages/oslo_config/cfg.py:3253}}
Jul 10 10:31:49.575263 np0000004991 nova-scheduler[93365]: DEBUG cotyledon.oslo_config_glue [-] oslo_limit.endpoint_override = None {{(pid=93365) log_opt_values /opt/stack/data/venv/lib/python3.12/site-packages/oslo_config/cfg.py:3253}}
Jul 10 10:31:49.575263 np0000004991 nova-scheduler[93365]: DEBUG cotyledon.oslo_config_glue [-] oslo_limit.endpoint_region_name = None {{(pid=93365) log_opt_values /opt/stack/data/venv/lib/python3.12/site-packages/oslo_config/cfg.py:3253}}
Jul 10 10:31:49.575263 np0000004991 nova-scheduler[93365]: DEBUG cotyledon.oslo_config_glue [-] oslo_limit.endpoint_service_name = None {{(pid=93365) log_opt_values /opt/stack/data/venv/lib/python3.12/site-packages/oslo_config/cfg.py:3253}}
Jul 10 10:31:49.575263 np0000004991 nova-scheduler[93365]: DEBUG cotyledon.oslo_config_glue [-] oslo_limit.endpoint_service_type = None {{(pid=93365) log_opt_values /opt/stack/data/venv/lib/python3.12/site-packages/oslo_config/cfg.py:3253}}
Jul 10 10:31:49.575263 np0000004991 nova-scheduler[93365]: DEBUG cotyledon.oslo_config_glue [-] oslo_limit.insecure = False {{(pid=93365) log_opt_values /opt/stack/data/venv/lib/python3.12/site-packages/oslo_config/cfg.py:3253}}
Jul 10 10:31:49.575263 np0000004991 nova-scheduler[93365]: DEBUG cotyledon.oslo_config_glue [-] oslo_limit.keyfile = None {{(pid=93365) log_opt_values /opt/stack/data/venv/lib/python3.12/site-packages/oslo_config/cfg.py:3253}}
Jul 10 10:31:49.575263 np0000004991 nova-scheduler[93365]: DEBUG cotyledon.oslo_config_glue [-] oslo_limit.max_version = None {{(pid=93365) log_opt_values /opt/stack/data/venv/lib/python3.12/site-packages/oslo_config/cfg.py:3253}}
Jul 10 10:31:49.575263 np0000004991 nova-scheduler[93365]: DEBUG cotyledon.oslo_config_glue [-] oslo_limit.min_version = None {{(pid=93365) log_opt_values /opt/stack/data/venv/lib/python3.12/site-packages/oslo_config/cfg.py:3253}}
Jul 10 10:31:49.575263 np0000004991 nova-scheduler[93365]: DEBUG cotyledon.oslo_config_glue [-] oslo_limit.region_name = None {{(pid=93365) log_opt_values /opt/stack/data/venv/lib/python3.12/site-packages/oslo_config/cfg.py:3253}}
Jul 10 10:31:49.575562 np0000004991 nova-scheduler[93365]: DEBUG cotyledon.oslo_config_glue [-] oslo_limit.retriable_status_codes = None {{(pid=93365) log_opt_values /opt/stack/data/venv/lib/python3.12/site-packages/oslo_config/cfg.py:3253}}
Jul 10 10:31:49.575562 np0000004991 nova-scheduler[93365]: DEBUG cotyledon.oslo_config_glue [-] oslo_limit.service_name = None {{(pid=93365) log_opt_values /opt/stack/data/venv/lib/python3.12/site-packages/oslo_config/cfg.py:3253}}
Jul 10 10:31:49.575562 np0000004991 nova-scheduler[93365]: DEBUG cotyledon.oslo_config_glue [-] oslo_limit.service_type = None {{(pid=93365) log_opt_values /opt/stack/data/venv/lib/python3.12/site-packages/oslo_config/cfg.py:3253}}
Jul 10 10:31:49.575562 np0000004991 nova-scheduler[93365]: DEBUG cotyledon.oslo_config_glue [-] oslo_limit.split_loggers = False {{(pid=93365) log_opt_values /opt/stack/data/venv/lib/python3.12/site-packages/oslo_config/cfg.py:3253}}
Jul 10 10:31:49.575562 np0000004991 nova-scheduler[93365]: DEBUG cotyledon.oslo_config_glue [-] oslo_limit.status_code_retries = None {{(pid=93365) log_opt_values /opt/stack/data/venv/lib/python3.12/site-packages/oslo_config/cfg.py:3253}}
Jul 10 10:31:49.575562 np0000004991 nova-scheduler[93365]: DEBUG cotyledon.oslo_config_glue [-] oslo_limit.status_code_retry_delay = None {{(pid=93365) log_opt_values /opt/stack/data/venv/lib/python3.12/site-packages/oslo_config/cfg.py:3253}}
Jul 10 10:31:49.575562 np0000004991 nova-scheduler[93365]: DEBUG cotyledon.oslo_config_glue [-] oslo_limit.timeout = None {{(pid=93365) log_opt_values /opt/stack/data/venv/lib/python3.12/site-packages/oslo_config/cfg.py:3253}}
Jul 10 10:31:49.575562 np0000004991 nova-scheduler[93365]: DEBUG cotyledon.oslo_config_glue [-] oslo_limit.valid_interfaces = None {{(pid=93365) log_opt_values /opt/stack/data/venv/lib/python3.12/site-packages/oslo_config/cfg.py:3253}}
Jul 10 10:31:49.575562 np0000004991 nova-scheduler[93365]: DEBUG cotyledon.oslo_config_glue [-] oslo_limit.version = None {{(pid=93365) log_opt_values /opt/stack/data/venv/lib/python3.12/site-packages/oslo_config/cfg.py:3253}}
Jul 10 10:31:49.575840 np0000004991 nova-scheduler[93365]: DEBUG cotyledon.oslo_config_glue [-] oslo_reports.file_event_handler = None {{(pid=93365) log_opt_values /opt/stack/data/venv/lib/python3.12/site-packages/oslo_config/cfg.py:3253}}
Jul 10 10:31:49.575840 np0000004991 nova-scheduler[93365]: DEBUG cotyledon.oslo_config_glue [-] oslo_reports.file_event_handler_interval = 1 {{(pid=93365) log_opt_values /opt/stack/data/venv/lib/python3.12/site-packages/oslo_config/cfg.py:3253}}
Jul 10 10:31:49.575840 np0000004991 nova-scheduler[93365]: DEBUG cotyledon.oslo_config_glue [-] oslo_reports.log_dir = None {{(pid=93365) log_opt_values /opt/stack/data/venv/lib/python3.12/site-packages/oslo_config/cfg.py:3253}}
Jul 10 10:31:49.575840 np0000004991 nova-scheduler[93365]: DEBUG cotyledon.oslo_config_glue [-] ******************************************************************************** {{(pid=93365) log_opt_values /opt/stack/data/venv/lib/python3.12/site-packages/oslo_config/cfg.py:3260}}
Jul 10 10:31:49.575840 np0000004991 nova-scheduler[93365]: DEBUG cotyledon._service_worker [-] Run service ServiceWrapper(1) [93365] {{(pid=93365) wait_forever /opt/stack/data/venv/lib/python3.12/site-packages/cotyledon/_service_worker.py:218}}
Jul 10 10:31:49.575840 np0000004991 nova-scheduler[93365]: INFO nova.service [-] Starting scheduler node (version 33.1.0)
Jul 10 10:31:49.575840 np0000004991 nova-scheduler[93365]: INFO dbcounter [None req-ec0149d9-3b9c-477d-8b42-5fd1c4a410fe None None] Registered counter for database nova_cell0
Jul 10 10:31:49.591524 np0000004991 nova-scheduler[93367]: DEBUG oslo_db.sqlalchemy.engines [None req-630292b4-37a3-480e-830e-4112c1240d70 None None] MySQL server mode set to STRICT_TRANS_TABLES,STRICT_ALL_TABLES,NO_ZERO_IN_DATE,NO_ZERO_DATE,ERROR_FOR_DIVISION_BY_ZERO,TRADITIONAL,NO_ENGINE_SUBSTITUTION {{(pid=93367) _check_effective_sql_mode /opt/stack/data/venv/lib/python3.12/site-packages/oslo_db/sqlalchemy/engines.py:325}}
Jul 10 10:31:49.604501 np0000004991 nova-scheduler[93367]: DEBUG dbcounter [-] [93367] Writer thread running {{(pid=93367) stat_writer /opt/stack/data/venv/lib/python3.12/site-packages/dbcounter.py:102}}
Jul 10 10:31:49.605104 np0000004991 nova-scheduler[93363]: DEBUG oslo_db.sqlalchemy.engines [None req-12e84236-1c68-47bc-8ffc-fc87272f9abd None None] MySQL server mode set to STRICT_TRANS_TABLES,STRICT_ALL_TABLES,NO_ZERO_IN_DATE,NO_ZERO_DATE,ERROR_FOR_DIVISION_BY_ZERO,TRADITIONAL,NO_ENGINE_SUBSTITUTION {{(pid=93363) _check_effective_sql_mode /opt/stack/data/venv/lib/python3.12/site-packages/oslo_db/sqlalchemy/engines.py:325}}
Jul 10 10:31:49.609343 np0000004991 nova-scheduler[93365]: DEBUG oslo_db.sqlalchemy.engines [None req-ec0149d9-3b9c-477d-8b42-5fd1c4a410fe None None] MySQL server mode set to STRICT_TRANS_TABLES,STRICT_ALL_TABLES,NO_ZERO_IN_DATE,NO_ZERO_DATE,ERROR_FOR_DIVISION_BY_ZERO,TRADITIONAL,NO_ENGINE_SUBSTITUTION {{(pid=93365) _check_effective_sql_mode /opt/stack/data/venv/lib/python3.12/site-packages/oslo_db/sqlalchemy/engines.py:325}}
Jul 10 10:31:49.620054 np0000004991 nova-scheduler[93363]: DEBUG dbcounter [-] [93363] Writer thread running {{(pid=93363) stat_writer /opt/stack/data/venv/lib/python3.12/site-packages/dbcounter.py:102}}
Jul 10 10:31:49.630984 np0000004991 nova-scheduler[93365]: DEBUG dbcounter [-] [93365] Writer thread running {{(pid=93365) stat_writer /opt/stack/data/venv/lib/python3.12/site-packages/dbcounter.py:102}}
Jul 10 10:31:49.631253 np0000004991 nova-scheduler[93367]: DEBUG nova.service [None req-630292b4-37a3-480e-830e-4112c1240d70 None None] Creating RPC server for service: nova-scheduler on topic: scheduler {{(pid=93367) start /opt/stack/nova/nova/service.py:196}}
Jul 10 10:31:49.635062 np0000004991 nova-scheduler[93365]: DEBUG nova.service [None req-ec0149d9-3b9c-477d-8b42-5fd1c4a410fe None None] Creating RPC server for service: nova-scheduler on topic: scheduler {{(pid=93365) start /opt/stack/nova/nova/service.py:196}}
Jul 10 10:31:49.649920 np0000004991 nova-scheduler[93363]: DEBUG nova.service [None req-12e84236-1c68-47bc-8ffc-fc87272f9abd None None] Creating RPC server for service: nova-scheduler on topic: scheduler {{(pid=93363) start /opt/stack/nova/nova/service.py:196}}
Jul 10 10:31:49.665453 np0000004991 nova-scheduler[93365]: DEBUG nova.service [None req-ec0149d9-3b9c-477d-8b42-5fd1c4a410fe None None] Join ServiceGroup membership for this service scheduler {{(pid=93365) start /opt/stack/nova/nova/service.py:222}}
Jul 10 10:31:49.665711 np0000004991 nova-scheduler[93365]: DEBUG nova.servicegroup.drivers.db [None req-ec0149d9-3b9c-477d-8b42-5fd1c4a410fe None None] DB_Driver: join new ServiceGroup member np0000004991 to the scheduler group, service = {{(pid=93365) join /opt/stack/nova/nova/servicegroup/drivers/db.py:44}}
Jul 10 10:31:49.674076 np0000004991 nova-scheduler[93367]: DEBUG nova.service [None req-630292b4-37a3-480e-830e-4112c1240d70 None None] Join ServiceGroup membership for this service scheduler {{(pid=93367) start /opt/stack/nova/nova/service.py:222}}
Jul 10 10:31:49.674943 np0000004991 nova-scheduler[93367]: DEBUG nova.servicegroup.drivers.db [None req-630292b4-37a3-480e-830e-4112c1240d70 None None] DB_Driver: join new ServiceGroup member np0000004991 to the scheduler group, service = {{(pid=93367) join /opt/stack/nova/nova/servicegroup/drivers/db.py:44}}
Jul 10 10:31:49.675012 np0000004991 nova-scheduler[93363]: DEBUG nova.service [None req-12e84236-1c68-47bc-8ffc-fc87272f9abd None None] Join ServiceGroup membership for this service scheduler {{(pid=93363) start /opt/stack/nova/nova/service.py:222}}
Jul 10 10:31:49.675012 np0000004991 nova-scheduler[93363]: DEBUG nova.servicegroup.drivers.db [None req-12e84236-1c68-47bc-8ffc-fc87272f9abd None None] DB_Driver: join new ServiceGroup member np0000004991 to the scheduler group, service = {{(pid=93363) join /opt/stack/nova/nova/servicegroup/drivers/db.py:44}}
Jul 10 10:31:54.682307 np0000004991 nova-scheduler[93365]: DEBUG oslo.service.backend._threading.loopingcall [-] Fixed interval looping call 'nova.servicegroup.drivers.db.DbDriver._report_state' sleeping for 119.99 seconds {{(pid=93365) _run_loop /opt/stack/data/venv/lib/python3.12/site-packages/oslo_service/backend/_threading/loopingcall.py:125}}
Jul 10 10:31:54.685027 np0000004991 nova-scheduler[93367]: DEBUG oslo.service.backend._threading.loopingcall [-] Fixed interval looping call 'nova.servicegroup.drivers.db.DbDriver._report_state' sleeping for 119.99 seconds {{(pid=93367) _run_loop /opt/stack/data/venv/lib/python3.12/site-packages/oslo_service/backend/_threading/loopingcall.py:125}}
Jul 10 10:31:54.685748 np0000004991 nova-scheduler[93363]: DEBUG oslo.service.backend._threading.loopingcall [-] Fixed interval looping call 'nova.servicegroup.drivers.db.DbDriver._report_state' sleeping for 119.99 seconds {{(pid=93363) _run_loop /opt/stack/data/venv/lib/python3.12/site-packages/oslo_service/backend/_threading/loopingcall.py:125}}
Jul 10 10:31:58.175781 np0000004991 nova-scheduler[92168]: DEBUG dbcounter [-] [92168] Writing DB stats nova_api:SELECT=3 {{(pid=92168) stat_writer /opt/stack/data/venv/lib/python3.12/site-packages/dbcounter.py:115}}
Jul 10 10:31:58.324075 np0000004991 nova-scheduler[92168]: DEBUG dbcounter [-] [92168] Writing DB stats nova_cell0:SELECT=1 {{(pid=92168) stat_writer /opt/stack/data/venv/lib/python3.12/site-packages/dbcounter.py:115}}
Jul 10 10:31:58.326666 np0000004991 nova-scheduler[92168]: DEBUG dbcounter [-] [92168] Writing DB stats nova_cell1:SELECT=1 {{(pid=92168) stat_writer /opt/stack/data/venv/lib/python3.12/site-packages/dbcounter.py:115}}
Jul 10 10:32:04.678938 np0000004991 nova-scheduler[93365]: DEBUG dbcounter [-] [93365] Writing DB stats nova_cell0:SELECT=3,nova_cell0:UPDATE=1 {{(pid=93365) stat_writer /opt/stack/data/venv/lib/python3.12/site-packages/dbcounter.py:115}}
Jul 10 10:32:04.682095 np0000004991 nova-scheduler[93367]: DEBUG dbcounter [-] [93367] Writing DB stats nova_cell0:SELECT=4,nova_cell0:INSERT=1 {{(pid=93367) stat_writer /opt/stack/data/venv/lib/python3.12/site-packages/dbcounter.py:115}}
Jul 10 10:32:04.683743 np0000004991 nova-scheduler[93363]: DEBUG dbcounter [-] [93363] Writing DB stats nova_cell0:SELECT=4,nova_cell0:INSERT=1,nova_cell0:UPDATE=1 {{(pid=93363) stat_writer /opt/stack/data/venv/lib/python3.12/site-packages/dbcounter.py:115}}
Jul 10 10:32:25.668278 np0000004991 nova-scheduler[93365]: DEBUG oslo.service.backend._threading.loopingcall [None req-5fa32d23-997b-450f-8a05-f4831972f1b4 None None] Dynamic interval looping call 'nova.service.Service.periodic_tasks' sleeping for 60.00 seconds {{(pid=93365) _run_loop /opt/stack/data/venv/lib/python3.12/site-packages/oslo_service/backend/_threading/loopingcall.py:125}}
Jul 10 10:32:27.677641 np0000004991 nova-scheduler[93363]: DEBUG oslo.service.backend._threading.loopingcall [None req-97668090-430e-4cbb-9c24-37439d9ed516 None None] Dynamic interval looping call 'nova.service.Service.periodic_tasks' sleeping for 60.00 seconds {{(pid=93363) _run_loop /opt/stack/data/venv/lib/python3.12/site-packages/oslo_service/backend/_threading/loopingcall.py:125}}
Jul 10 10:32:31.677581 np0000004991 nova-scheduler[93367]: DEBUG oslo.service.backend._threading.loopingcall [None req-e450cc58-d11b-46aa-9c54-843ee7e86423 None None] Dynamic interval looping call 'nova.service.Service.periodic_tasks' sleeping for 60.00 seconds {{(pid=93367) _run_loop /opt/stack/data/venv/lib/python3.12/site-packages/oslo_service/backend/_threading/loopingcall.py:125}}
Jul 10 10:33:25.668862 np0000004991 nova-scheduler[93365]: DEBUG oslo.service.backend._threading.loopingcall [None req-5fa32d23-997b-450f-8a05-f4831972f1b4 None None] Dynamic interval looping call 'nova.service.Service.periodic_tasks' sleeping for 60.00 seconds {{(pid=93365) _run_loop /opt/stack/data/venv/lib/python3.12/site-packages/oslo_service/backend/_threading/loopingcall.py:125}}
Jul 10 10:33:27.678228 np0000004991 nova-scheduler[93363]: DEBUG oslo.service.backend._threading.loopingcall [None req-97668090-430e-4cbb-9c24-37439d9ed516 None None] Dynamic interval looping call 'nova.service.Service.periodic_tasks' sleeping for 60.00 seconds {{(pid=93363) _run_loop /opt/stack/data/venv/lib/python3.12/site-packages/oslo_service/backend/_threading/loopingcall.py:125}}
Jul 10 10:33:31.678253 np0000004991 nova-scheduler[93367]: DEBUG oslo.service.backend._threading.loopingcall [None req-e450cc58-d11b-46aa-9c54-843ee7e86423 None None] Dynamic interval looping call 'nova.service.Service.periodic_tasks' sleeping for 60.00 seconds {{(pid=93367) _run_loop /opt/stack/data/venv/lib/python3.12/site-packages/oslo_service/backend/_threading/loopingcall.py:125}}
Jul 10 10:33:54.681051 np0000004991 nova-scheduler[93365]: DEBUG oslo.service.backend._threading.loopingcall [-] Fixed interval looping call 'nova.servicegroup.drivers.db.DbDriver._report_state' sleeping for 119.99 seconds {{(pid=93365) _run_loop /opt/stack/data/venv/lib/python3.12/site-packages/oslo_service/backend/_threading/loopingcall.py:125}}
Jul 10 10:33:54.682056 np0000004991 nova-scheduler[93363]: DEBUG oslo.service.backend._threading.loopingcall [-] Fixed interval looping call 'nova.servicegroup.drivers.db.DbDriver._report_state' sleeping for 119.99 seconds {{(pid=93363) _run_loop /opt/stack/data/venv/lib/python3.12/site-packages/oslo_service/backend/_threading/loopingcall.py:125}}
Jul 10 10:33:54.682433 np0000004991 nova-scheduler[93367]: DEBUG oslo.service.backend._threading.loopingcall [-] Fixed interval looping call 'nova.servicegroup.drivers.db.DbDriver._report_state' sleeping for 119.99 seconds {{(pid=93367) _run_loop /opt/stack/data/venv/lib/python3.12/site-packages/oslo_service/backend/_threading/loopingcall.py:125}}
Jul 10 10:34:04.675762 np0000004991 nova-scheduler[93365]: DEBUG dbcounter [-] [93365] Writing DB stats nova_cell0:SELECT=1,nova_cell0:UPDATE=1 {{(pid=93365) stat_writer /opt/stack/data/venv/lib/python3.12/site-packages/dbcounter.py:115}}
Jul 10 10:34:04.679404 np0000004991 nova-scheduler[93367]: DEBUG dbcounter [-] [93367] Writing DB stats nova_cell0:SELECT=1,nova_cell0:UPDATE=1 {{(pid=93367) stat_writer /opt/stack/data/venv/lib/python3.12/site-packages/dbcounter.py:115}}
Jul 10 10:34:04.680379 np0000004991 nova-scheduler[93363]: DEBUG dbcounter [-] [93363] Writing DB stats nova_cell0:SELECT=1,nova_cell0:UPDATE=1 {{(pid=93363) stat_writer /opt/stack/data/venv/lib/python3.12/site-packages/dbcounter.py:115}}
Jul 10 10:34:25.669335 np0000004991 nova-scheduler[93365]: DEBUG oslo.service.backend._threading.loopingcall [None req-5fa32d23-997b-450f-8a05-f4831972f1b4 None None] Dynamic interval looping call 'nova.service.Service.periodic_tasks' sleeping for 60.00 seconds {{(pid=93365) _run_loop /opt/stack/data/venv/lib/python3.12/site-packages/oslo_service/backend/_threading/loopingcall.py:125}}
Jul 10 10:34:27.678753 np0000004991 nova-scheduler[93363]: DEBUG oslo.service.backend._threading.loopingcall [None req-97668090-430e-4cbb-9c24-37439d9ed516 None None] Dynamic interval looping call 'nova.service.Service.periodic_tasks' sleeping for 60.00 seconds {{(pid=93363) _run_loop /opt/stack/data/venv/lib/python3.12/site-packages/oslo_service/backend/_threading/loopingcall.py:125}}
Jul 10 10:34:29.757194 np0000004991 nova-scheduler[93365]: DEBUG nova.scheduler.manager [None req-8121db13-c490-4042-8509-12b261c89c89 tempest-DeleteServersTestJSON-595271881 tempest-DeleteServersTestJSON-595271881-project-member] Starting to schedule for instances: ['d7b9507a-d7e5-4c5a-be1e-d801c07d8c77'] {{(pid=93365) select_destinations /opt/stack/nova/nova/scheduler/manager.py:209}}
Jul 10 10:34:29.758013 np0000004991 nova-scheduler[93365]: DEBUG nova.scheduler.request_filter [None req-8121db13-c490-4042-8509-12b261c89c89 tempest-DeleteServersTestJSON-595271881 tempest-DeleteServersTestJSON-595271881-project-member] compute_status_filter request filter added forbidden trait COMPUTE_STATUS_DISABLED {{(pid=93365) compute_status_filter /opt/stack/nova/nova/scheduler/request_filter.py:253}}
Jul 10 10:34:29.758182 np0000004991 nova-scheduler[93365]: DEBUG nova.scheduler.request_filter [None req-8121db13-c490-4042-8509-12b261c89c89 tempest-DeleteServersTestJSON-595271881 tempest-DeleteServersTestJSON-595271881-project-member] Request filter 'compute_status_filter' took 0.0 seconds {{(pid=93365) wrapper /opt/stack/nova/nova/scheduler/request_filter.py:46}}
Jul 10 10:34:29.758627 np0000004991 nova-scheduler[93365]: DEBUG nova.scheduler.request_filter [None req-8121db13-c490-4042-8509-12b261c89c89 tempest-DeleteServersTestJSON-595271881 tempest-DeleteServersTestJSON-595271881-project-member] Request filter 'accelerators_filter' took 0.0 seconds {{(pid=93365) wrapper /opt/stack/nova/nova/scheduler/request_filter.py:46}}
Jul 10 10:34:29.758844 np0000004991 nova-scheduler[93365]: DEBUG nova.scheduler.request_filter [None req-8121db13-c490-4042-8509-12b261c89c89 tempest-DeleteServersTestJSON-595271881 tempest-DeleteServersTestJSON-595271881-project-member] Request filter 'packed_virtqueue_filter' took 0.0 seconds {{(pid=93365) wrapper /opt/stack/nova/nova/scheduler/request_filter.py:46}}
Jul 10 10:34:29.759122 np0000004991 nova-scheduler[93365]: DEBUG nova.scheduler.request_filter [None req-8121db13-c490-4042-8509-12b261c89c89 tempest-DeleteServersTestJSON-595271881 tempest-DeleteServersTestJSON-595271881-project-member] Request filter 'remote_managed_ports_filter' took 0.0 seconds {{(pid=93365) wrapper /opt/stack/nova/nova/scheduler/request_filter.py:46}}
Jul 10 10:34:29.759269 np0000004991 nova-scheduler[93365]: DEBUG nova.scheduler.request_filter [None req-8121db13-c490-4042-8509-12b261c89c89 tempest-DeleteServersTestJSON-595271881 tempest-DeleteServersTestJSON-595271881-project-member] ephemeral_encryption_filter skipped {{(pid=93365) ephemeral_encryption_filter /opt/stack/nova/nova/scheduler/request_filter.py:426}}
Jul 10 10:34:29.759702 np0000004991 nova-scheduler[93365]: DEBUG nova.scheduler.request_filter [None req-8121db13-c490-4042-8509-12b261c89c89 tempest-DeleteServersTestJSON-595271881 tempest-DeleteServersTestJSON-595271881-project-member] virtio_sound_filter skipped {{(pid=93365) virtio_sound_filter /opt/stack/nova/nova/scheduler/request_filter.py:460}}
Jul 10 10:34:29.759837 np0000004991 nova-scheduler[93365]: DEBUG nova.scheduler.request_filter [None req-8121db13-c490-4042-8509-12b261c89c89 tempest-DeleteServersTestJSON-595271881 tempest-DeleteServersTestJSON-595271881-project-member] tpm_secret_security_filter skipped {{(pid=93365) tpm_secret_security_filter /opt/stack/nova/nova/scheduler/request_filter.py:477}}
Jul 10 10:34:30.719934 np0000004991 nova-scheduler[93365]: INFO nova.utils [None req-8121db13-c490-4042-8509-12b261c89c89 tempest-DeleteServersTestJSON-595271881 tempest-DeleteServersTestJSON-595271881-project-member] The cell worker thread pool ForkProcess-2.cell_worker is initialized
Jul 10 10:34:30.720408 np0000004991 nova-scheduler[93365]: DEBUG oslo_concurrency.lockutils [None req-8121db13-c490-4042-8509-12b261c89c89 tempest-DeleteServersTestJSON-595271881 tempest-DeleteServersTestJSON-595271881-project-member] Acquiring lock "53338de3-4998-45c2-b95f-9b80b48e6977" by "nova.context.set_target_cell..get_or_set_cached_cell_and_set_connections" {{(pid=93365) inner /opt/stack/data/venv/lib/python3.12/site-packages/oslo_concurrency/lockutils.py:511}}
Jul 10 10:34:30.721199 np0000004991 nova-scheduler[93365]: DEBUG oslo_concurrency.lockutils [None req-8121db13-c490-4042-8509-12b261c89c89 tempest-DeleteServersTestJSON-595271881 tempest-DeleteServersTestJSON-595271881-project-member] Lock "53338de3-4998-45c2-b95f-9b80b48e6977" acquired by "nova.context.set_target_cell..get_or_set_cached_cell_and_set_connections" :: waited 0.001s {{(pid=93365) inner /opt/stack/data/venv/lib/python3.12/site-packages/oslo_concurrency/lockutils.py:524}}
Jul 10 10:34:30.723459 np0000004991 nova-scheduler[93365]: DEBUG oslo_concurrency.lockutils [None req-8121db13-c490-4042-8509-12b261c89c89 tempest-DeleteServersTestJSON-595271881 tempest-DeleteServersTestJSON-595271881-project-member] Lock "53338de3-4998-45c2-b95f-9b80b48e6977" "released" by "nova.context.set_target_cell..get_or_set_cached_cell_and_set_connections" :: held 0.002s {{(pid=93365) inner /opt/stack/data/venv/lib/python3.12/site-packages/oslo_concurrency/lockutils.py:543}}
Jul 10 10:34:30.726344 np0000004991 nova-scheduler[93365]: INFO dbcounter [None req-8121db13-c490-4042-8509-12b261c89c89 tempest-DeleteServersTestJSON-595271881 tempest-DeleteServersTestJSON-595271881-project-member] Registered counter for database nova_cell1
Jul 10 10:34:30.782732 np0000004991 nova-scheduler[93365]: DEBUG oslo_db.sqlalchemy.engines [None req-8121db13-c490-4042-8509-12b261c89c89 tempest-DeleteServersTestJSON-595271881 tempest-DeleteServersTestJSON-595271881-project-member] MySQL server mode set to STRICT_TRANS_TABLES,STRICT_ALL_TABLES,NO_ZERO_IN_DATE,NO_ZERO_DATE,ERROR_FOR_DIVISION_BY_ZERO,TRADITIONAL,NO_ENGINE_SUBSTITUTION {{(pid=93365) _check_effective_sql_mode /opt/stack/data/venv/lib/python3.12/site-packages/oslo_db/sqlalchemy/engines.py:325}}
Jul 10 10:34:30.793979 np0000004991 nova-scheduler[93365]: DEBUG dbcounter [-] [93365] Writer thread running {{(pid=93365) stat_writer /opt/stack/data/venv/lib/python3.12/site-packages/dbcounter.py:102}}
Jul 10 10:34:30.822002 np0000004991 nova-scheduler[93365]: DEBUG oslo_db.sqlalchemy.engines [None req-8121db13-c490-4042-8509-12b261c89c89 tempest-DeleteServersTestJSON-595271881 tempest-DeleteServersTestJSON-595271881-project-member] Parent process 92168 forked (93365) with an open database connection, which is being discarded and recreated. {{(pid=93365) checkout /opt/stack/data/venv/lib/python3.12/site-packages/oslo_db/sqlalchemy/engines.py:402}}
Jul 10 10:34:30.881081 np0000004991 nova-scheduler[93365]: DEBUG dbcounter [-] [93365] Writer thread running {{(pid=93365) stat_writer /opt/stack/data/venv/lib/python3.12/site-packages/dbcounter.py:102}}
Jul 10 10:34:30.887903 np0000004991 nova-scheduler[93365]: DEBUG oslo_concurrency.lockutils [None req-8121db13-c490-4042-8509-12b261c89c89 tempest-DeleteServersTestJSON-595271881 tempest-DeleteServersTestJSON-595271881-project-member] Acquiring lock "53338de3-4998-45c2-b95f-9b80b48e6977" by "nova.context.set_target_cell..get_or_set_cached_cell_and_set_connections" {{(pid=93365) inner /opt/stack/data/venv/lib/python3.12/site-packages/oslo_concurrency/lockutils.py:511}}
Jul 10 10:34:30.888260 np0000004991 nova-scheduler[93365]: DEBUG oslo_concurrency.lockutils [None req-8121db13-c490-4042-8509-12b261c89c89 tempest-DeleteServersTestJSON-595271881 tempest-DeleteServersTestJSON-595271881-project-member] Lock "53338de3-4998-45c2-b95f-9b80b48e6977" acquired by "nova.context.set_target_cell..get_or_set_cached_cell_and_set_connections" :: waited 0.000s {{(pid=93365) inner /opt/stack/data/venv/lib/python3.12/site-packages/oslo_concurrency/lockutils.py:524}}
Jul 10 10:34:30.888260 np0000004991 nova-scheduler[93365]: DEBUG oslo_concurrency.lockutils [None req-8121db13-c490-4042-8509-12b261c89c89 tempest-DeleteServersTestJSON-595271881 tempest-DeleteServersTestJSON-595271881-project-member] Lock "53338de3-4998-45c2-b95f-9b80b48e6977" "released" by "nova.context.set_target_cell..get_or_set_cached_cell_and_set_connections" :: held 0.000s {{(pid=93365) inner /opt/stack/data/venv/lib/python3.12/site-packages/oslo_concurrency/lockutils.py:543}}
Jul 10 10:34:30.893022 np0000004991 nova-scheduler[93365]: DEBUG oslo_concurrency.lockutils [None req-8121db13-c490-4042-8509-12b261c89c89 tempest-DeleteServersTestJSON-595271881 tempest-DeleteServersTestJSON-595271881-project-member] Acquiring lock "np0000004991-np0000004991" by "nova.scheduler.host_manager.HostState.update.._locked_update" {{(pid=93365) inner /opt/stack/data/venv/lib/python3.12/site-packages/oslo_concurrency/lockutils.py:511}}
Jul 10 10:34:30.893275 np0000004991 nova-scheduler[93365]: DEBUG oslo_concurrency.lockutils [None req-8121db13-c490-4042-8509-12b261c89c89 tempest-DeleteServersTestJSON-595271881 tempest-DeleteServersTestJSON-595271881-project-member] Lock "np0000004991-np0000004991" acquired by "nova.scheduler.host_manager.HostState.update.._locked_update" :: waited 0.000s {{(pid=93365) inner /opt/stack/data/venv/lib/python3.12/site-packages/oslo_concurrency/lockutils.py:524}}
Jul 10 10:34:30.894541 np0000004991 nova-scheduler[93365]: DEBUG nova.scheduler.host_manager [None req-8121db13-c490-4042-8509-12b261c89c89 tempest-DeleteServersTestJSON-595271881 tempest-DeleteServersTestJSON-595271881-project-member] Update host state from compute node: ComputeNode(cpu_allocation_ratio=4.0,cpu_info='{"arch": "x86_64", "model": "EPYC-Milan", "vendor": "AMD", "topology": {"cells": 1, "sockets": 16, "cores": 1, "threads": 1}, "maxphysaddr": {"mode": "emulate", "bits": 40}, "features": ["vmcb-clean", "smap", "ibpb", "sse2", "cmp_legacy", "cr8legacy", "lfence-always-serializing", "xsaveopt", "wbnoinvd", "ibrs", "pku", "rdctl-no", "amd-psfd", "virt-ssbd", "3dnowprefetch", "osvw", "umip", "perfctr_core", "rdrand", "msr", "v-vmsave-vmload", "mce", "nx", "mtrr", "x2apic", "apic", "ssbd", "pfthreshold", "pse36", "f16c", "mds-no", "vaes", "erms", "hypervisor", "tsc-deadline", "clflush", "mca", "smep", "avx", "pcid", "pdpe1gb", "pse", "popcnt", "tsc-scale", "fsrm", "clzero", "spec-ctrl", "rdtscp", "clwb", "gds-no", "fma", "nrip-save", "pat", "npt", "amd-stibp", "aes", "xsavec", "fsgsbase", "cx8", "cx16", "pause-filter", "sep", "arch-capabilities", "syscall", "rdseed", "xgetbv1", "sha-ni", "arat", "movbe", "adx", "cmov", "avx2", "pni", "ssse3", "tsc", "skip-l1dfl-vmentry", "pae", "clflushopt", "topoext", "vpclmulqdq", "sse4a", "vgif", "xsave", "misalignsse", "mmx", "xsaveerptr", "bmi2", "pge", "pschange-mc-no", "abm", "de", "sse4.1", "vme", "lbrv", "flushbyasid", "tsc_adjust", "fpu", "fxsr", "mmxext", "no-nested-data-bp", "stibp", "svme-addr-chk", "lahf_lm", "fxsr_opt", "bmi1", "invpcid", "xsaves", "pclmuldq", "svm", "rdpid", "sse", "lm", "stibp-always-on", "amd-ssbd", "null-sel-clr-base", "sse4.2"]}',created_at=2026-07-10T10:32:18Z,current_workload=0,deleted=False,deleted_at=None,disk_allocation_ratio=1.0,disk_available_least=73,free_disk_gb=95,free_ram_mb=62765,host='np0000004991',host_ip=10.4.3.201,hypervisor_hostname='np0000004991',hypervisor_type='QEMU',hypervisor_version=8002002,id=1,local_gb=95,local_gb_used=0,mapped=1,memory_mb=63277,memory_mb_used=512,metrics='[]',numa_topology='{"nova_object.name": "NUMATopology", "nova_object.namespace": "nova", "nova_object.version": "1.2", "nova_object.data": {"cells": [{"nova_object.name": "NUMACell", "nova_object.namespace": "nova", "nova_object.version": "1.5", "nova_object.data": {"id": 0, "cpuset": [0, 1, 2, 3, 4, 5, 6, 7, 8, 9, 10, 11, 12, 13, 14, 15], "pcpuset": [0, 1, 2, 3, 4, 5, 6, 7, 8, 9, 10, 11, 12, 13, 14, 15], "memory": 63277, "cpu_usage": 0, "memory_usage": 0, "pinned_cpus": [], "siblings": [[6], [12], [2], [15], [5], [11], [8], [14], [4], [1], [7], [10], [0], [13], [3], [9]], "mempages": [{"nova_object.name": "NUMAPagesTopology", "nova_object.namespace": "nova", "nova_object.version": "1.1", "nova_object.data": {"size_kb": 4, "total": 16177929, "used": 0, "reserved": 0}, "nova_object.changes": ["size_kb", "reserved", "total", "used"]}, {"nova_object.name": "NUMAPagesTopology", "nova_object.namespace": "nova", "nova_object.version": "1.1", "nova_object.data": {"size_kb": 2048, "total": 41, "used": 0, "reserved": 0}, "nova_object.changes": ["size_kb", "reserved", "total", "used"]}, {"nova_object.name": "NUMAPagesTopology", "nova_object.namespace": "nova", "nova_object.version": "1.1", "nova_object.data": {"size_kb": 1048576, "total": 0, "used": 0, "reserved": 0}, "nova_object.changes": ["size_kb", "reserved", "total", "used"]}], "network_metadata": {"nova_object.name": "NetworkMetadata", "nova_object.namespace": "nova", "nova_object.version": "1.0", "nova_object.data": {"physnets": [], "tunneled": false}, "nova_object.changes": ["tunneled", "physnets"]}, "socket": null}, "nova_object.changes": ["pinned_cpus", "memory_usage", "mempages", "memory", "id", "socket", "siblings", "network_metadata", "pcpuset", "cpu_usage", "cpuset"]}]}, "nova_object.changes": ["cells"]}',pci_device_pools=PciDevicePoolList,ram_allocation_ratio=1.0,running_vms=0,service_id=2,stats={failed_builds='0',uptime=' 10:34:01 up 14 min, 2 users, load average: 1.65, 1.73, 0.99
Jul 10 10:34:30.894541 np0000004991 nova-scheduler[93365]: '},supported_hv_specs=[HVSpec,HVSpec,HVSpec,HVSpec,HVSpec,HVSpec,HVSpec,HVSpec,HVSpec,HVSpec,HVSpec,HVSpec,HVSpec,HVSpec,HVSpec,HVSpec,HVSpec,HVSpec,HVSpec,HVSpec,HVSpec,HVSpec,HVSpec,HVSpec,HVSpec],updated_at=2026-07-10T10:34:03Z,uuid=1be70edb-885f-425d-8507-1f21a1a72efa,vcpus=16,vcpus_used=0) {{(pid=93365) _locked_update /opt/stack/nova/nova/scheduler/host_manager.py:168}}
Jul 10 10:34:30.896979 np0000004991 nova-scheduler[93365]: DEBUG nova.scheduler.host_manager [None req-8121db13-c490-4042-8509-12b261c89c89 tempest-DeleteServersTestJSON-595271881 tempest-DeleteServersTestJSON-595271881-project-member] Update host state with aggregates: [] {{(pid=93365) _locked_update /opt/stack/nova/nova/scheduler/host_manager.py:171}}
Jul 10 10:34:30.896979 np0000004991 nova-scheduler[93365]: DEBUG nova.scheduler.host_manager [None req-8121db13-c490-4042-8509-12b261c89c89 tempest-DeleteServersTestJSON-595271881 tempest-DeleteServersTestJSON-595271881-project-member] Update host state with service dict: {'id': 2, 'uuid': 'f8e3b476-6ba3-4deb-8723-77b50ddead88', 'host': 'np0000004991', 'binary': 'nova-compute', 'topic': 'compute', 'report_count': 2, 'disabled': False, 'disabled_reason': None, 'last_seen_up': datetime.datetime(2026, 7, 10, 10, 34, 27, tzinfo=datetime.timezone.utc), 'forced_down': False, 'version': 72, 'created_at': datetime.datetime(2026, 7, 10, 10, 32, 16, tzinfo=datetime.timezone.utc), 'updated_at': datetime.datetime(2026, 7, 10, 10, 34, 27, tzinfo=datetime.timezone.utc), 'deleted_at': None, 'deleted': False} {{(pid=93365) _locked_update /opt/stack/nova/nova/scheduler/host_manager.py:174}}
Jul 10 10:34:30.896979 np0000004991 nova-scheduler[93365]: DEBUG nova.scheduler.host_manager [None req-8121db13-c490-4042-8509-12b261c89c89 tempest-DeleteServersTestJSON-595271881 tempest-DeleteServersTestJSON-595271881-project-member] Update host state with instances: [] {{(pid=93365) _locked_update /opt/stack/nova/nova/scheduler/host_manager.py:177}}
Jul 10 10:34:30.896979 np0000004991 nova-scheduler[93365]: DEBUG oslo_concurrency.lockutils [None req-8121db13-c490-4042-8509-12b261c89c89 tempest-DeleteServersTestJSON-595271881 tempest-DeleteServersTestJSON-595271881-project-member] Lock "np0000004991-np0000004991" "released" by "nova.scheduler.host_manager.HostState.update.._locked_update" :: held 0.003s {{(pid=93365) inner /opt/stack/data/venv/lib/python3.12/site-packages/oslo_concurrency/lockutils.py:543}}
Jul 10 10:34:30.897417 np0000004991 nova-scheduler[93365]: DEBUG nova.filters [None req-8121db13-c490-4042-8509-12b261c89c89 tempest-DeleteServersTestJSON-595271881 tempest-DeleteServersTestJSON-595271881-project-member] Starting with 1 host(s) {{(pid=93365) get_filtered_objects /opt/stack/nova/nova/filters.py:70}}
Jul 10 10:34:30.898093 np0000004991 nova-scheduler[93365]: DEBUG nova.filters [None req-8121db13-c490-4042-8509-12b261c89c89 tempest-DeleteServersTestJSON-595271881 tempest-DeleteServersTestJSON-595271881-project-member] Filter ComputeFilter returned 1 host(s) {{(pid=93365) get_filtered_objects /opt/stack/nova/nova/filters.py:102}}
Jul 10 10:34:30.898093 np0000004991 nova-scheduler[93365]: DEBUG nova.filters [None req-8121db13-c490-4042-8509-12b261c89c89 tempest-DeleteServersTestJSON-595271881 tempest-DeleteServersTestJSON-595271881-project-member] Filter ComputeCapabilitiesFilter returned 1 host(s) {{(pid=93365) get_filtered_objects /opt/stack/nova/nova/filters.py:102}}
Jul 10 10:34:30.898268 np0000004991 nova-scheduler[93365]: DEBUG nova.filters [None req-8121db13-c490-4042-8509-12b261c89c89 tempest-DeleteServersTestJSON-595271881 tempest-DeleteServersTestJSON-595271881-project-member] Filter ImagePropertiesFilter returned 1 host(s) {{(pid=93365) get_filtered_objects /opt/stack/nova/nova/filters.py:102}}
Jul 10 10:34:30.898339 np0000004991 nova-scheduler[93365]: DEBUG nova.filters [None req-8121db13-c490-4042-8509-12b261c89c89 tempest-DeleteServersTestJSON-595271881 tempest-DeleteServersTestJSON-595271881-project-member] Filter ServerGroupAntiAffinityFilter returned 1 host(s) {{(pid=93365) get_filtered_objects /opt/stack/nova/nova/filters.py:102}}
Jul 10 10:34:30.898410 np0000004991 nova-scheduler[93365]: DEBUG nova.filters [None req-8121db13-c490-4042-8509-12b261c89c89 tempest-DeleteServersTestJSON-595271881 tempest-DeleteServersTestJSON-595271881-project-member] Filter ServerGroupAffinityFilter returned 1 host(s) {{(pid=93365) get_filtered_objects /opt/stack/nova/nova/filters.py:102}}
Jul 10 10:34:30.898537 np0000004991 nova-scheduler[93365]: DEBUG nova.filters [None req-8121db13-c490-4042-8509-12b261c89c89 tempest-DeleteServersTestJSON-595271881 tempest-DeleteServersTestJSON-595271881-project-member] Filter SameHostFilter returned 1 host(s) {{(pid=93365) get_filtered_objects /opt/stack/nova/nova/filters.py:102}}
Jul 10 10:34:30.898633 np0000004991 nova-scheduler[93365]: DEBUG nova.filters [None req-8121db13-c490-4042-8509-12b261c89c89 tempest-DeleteServersTestJSON-595271881 tempest-DeleteServersTestJSON-595271881-project-member] Filter DifferentHostFilter returned 1 host(s) {{(pid=93365) get_filtered_objects /opt/stack/nova/nova/filters.py:102}}
Jul 10 10:34:30.898824 np0000004991 nova-scheduler[93365]: DEBUG nova.scheduler.manager [None req-8121db13-c490-4042-8509-12b261c89c89 tempest-DeleteServersTestJSON-595271881 tempest-DeleteServersTestJSON-595271881-project-member] Filtered [(np0000004991, np0000004991) ram: 62765MB disk: 74752MB io_ops: 0 instances: 0, allocation_candidates: 1] {{(pid=93365) _get_sorted_hosts /opt/stack/nova/nova/scheduler/manager.py:742}}
Jul 10 10:34:30.899083 np0000004991 nova-scheduler[93365]: DEBUG nova.scheduler.manager [None req-8121db13-c490-4042-8509-12b261c89c89 tempest-DeleteServersTestJSON-595271881 tempest-DeleteServersTestJSON-595271881-project-member] Weighed [WeighedHost [host: (np0000004991, np0000004991) ram: 62765MB disk: 74752MB io_ops: 0 instances: 0, allocation_candidates: 1, weight: 0.0]] {{(pid=93365) _get_sorted_hosts /opt/stack/nova/nova/scheduler/manager.py:764}}
Jul 10 10:34:30.899292 np0000004991 nova-scheduler[93365]: DEBUG nova.scheduler.utils [None req-8121db13-c490-4042-8509-12b261c89c89 tempest-DeleteServersTestJSON-595271881 tempest-DeleteServersTestJSON-595271881-project-member] Attempting to claim resources in the placement API for instance d7b9507a-d7e5-4c5a-be1e-d801c07d8c77 {{(pid=93365) claim_resources /opt/stack/nova/nova/scheduler/utils.py:1345}}
Jul 10 10:34:31.085726 np0000004991 nova-scheduler[93365]: DEBUG nova.scheduler.manager [None req-8121db13-c490-4042-8509-12b261c89c89 tempest-DeleteServersTestJSON-595271881 tempest-DeleteServersTestJSON-595271881-project-member] [instance: d7b9507a-d7e5-4c5a-be1e-d801c07d8c77] Selected host: (np0000004991, np0000004991) ram: 62765MB disk: 74752MB io_ops: 0 instances: 0, allocation_candidates: 1 {{(pid=93365) _consume_selected_host /opt/stack/nova/nova/scheduler/manager.py:624}}
Jul 10 10:34:31.085726 np0000004991 nova-scheduler[93365]: DEBUG oslo_concurrency.lockutils [None req-8121db13-c490-4042-8509-12b261c89c89 tempest-DeleteServersTestJSON-595271881 tempest-DeleteServersTestJSON-595271881-project-member] Acquiring lock "np0000004991-np0000004991" by "nova.scheduler.host_manager.HostState.consume_from_request.._locked" {{(pid=93365) inner /opt/stack/data/venv/lib/python3.12/site-packages/oslo_concurrency/lockutils.py:511}}
Jul 10 10:34:31.085726 np0000004991 nova-scheduler[93365]: DEBUG oslo_concurrency.lockutils [None req-8121db13-c490-4042-8509-12b261c89c89 tempest-DeleteServersTestJSON-595271881 tempest-DeleteServersTestJSON-595271881-project-member] Lock "np0000004991-np0000004991" acquired by "nova.scheduler.host_manager.HostState.consume_from_request.._locked" :: waited 0.000s {{(pid=93365) inner /opt/stack/data/venv/lib/python3.12/site-packages/oslo_concurrency/lockutils.py:524}}
Jul 10 10:34:31.085726 np0000004991 nova-scheduler[93365]: DEBUG oslo_concurrency.lockutils [None req-8121db13-c490-4042-8509-12b261c89c89 tempest-DeleteServersTestJSON-595271881 tempest-DeleteServersTestJSON-595271881-project-member] Lock "np0000004991-np0000004991" "released" by "nova.scheduler.host_manager.HostState.consume_from_request.._locked" :: held 0.000s {{(pid=93365) inner /opt/stack/data/venv/lib/python3.12/site-packages/oslo_concurrency/lockutils.py:543}}
Jul 10 10:34:31.679478 np0000004991 nova-scheduler[93367]: DEBUG oslo.service.backend._threading.loopingcall [None req-e450cc58-d11b-46aa-9c54-843ee7e86423 None None] Dynamic interval looping call 'nova.service.Service.periodic_tasks' sleeping for 60.00 seconds {{(pid=93367) _run_loop /opt/stack/data/venv/lib/python3.12/site-packages/oslo_service/backend/_threading/loopingcall.py:125}}
Jul 10 10:34:33.912539 np0000004991 nova-scheduler[93367]: DEBUG nova.scheduler.manager [None req-1bbaae6d-9421-42d5-bdd6-398a42e290e9 tempest-ServerActionsTestOtherB-1385149025 tempest-ServerActionsTestOtherB-1385149025-project-member] Starting to schedule for instances: ['e565a17f-92d0-473b-aa2b-98b92b3b0223'] {{(pid=93367) select_destinations /opt/stack/nova/nova/scheduler/manager.py:209}}
Jul 10 10:34:33.913294 np0000004991 nova-scheduler[93367]: DEBUG nova.scheduler.request_filter [None req-1bbaae6d-9421-42d5-bdd6-398a42e290e9 tempest-ServerActionsTestOtherB-1385149025 tempest-ServerActionsTestOtherB-1385149025-project-member] compute_status_filter request filter added forbidden trait COMPUTE_STATUS_DISABLED {{(pid=93367) compute_status_filter /opt/stack/nova/nova/scheduler/request_filter.py:253}}
Jul 10 10:34:33.913451 np0000004991 nova-scheduler[93367]: DEBUG nova.scheduler.request_filter [None req-1bbaae6d-9421-42d5-bdd6-398a42e290e9 tempest-ServerActionsTestOtherB-1385149025 tempest-ServerActionsTestOtherB-1385149025-project-member] Request filter 'compute_status_filter' took 0.0 seconds {{(pid=93367) wrapper /opt/stack/nova/nova/scheduler/request_filter.py:46}}
Jul 10 10:34:33.913711 np0000004991 nova-scheduler[93367]: DEBUG nova.scheduler.request_filter [None req-1bbaae6d-9421-42d5-bdd6-398a42e290e9 tempest-ServerActionsTestOtherB-1385149025 tempest-ServerActionsTestOtherB-1385149025-project-member] Request filter 'accelerators_filter' took 0.0 seconds {{(pid=93367) wrapper /opt/stack/nova/nova/scheduler/request_filter.py:46}}
Jul 10 10:34:33.914201 np0000004991 nova-scheduler[93367]: DEBUG nova.scheduler.request_filter [None req-1bbaae6d-9421-42d5-bdd6-398a42e290e9 tempest-ServerActionsTestOtherB-1385149025 tempest-ServerActionsTestOtherB-1385149025-project-member] Request filter 'packed_virtqueue_filter' took 0.0 seconds {{(pid=93367) wrapper /opt/stack/nova/nova/scheduler/request_filter.py:46}}
Jul 10 10:34:33.914362 np0000004991 nova-scheduler[93367]: DEBUG nova.scheduler.request_filter [None req-1bbaae6d-9421-42d5-bdd6-398a42e290e9 tempest-ServerActionsTestOtherB-1385149025 tempest-ServerActionsTestOtherB-1385149025-project-member] Request filter 'remote_managed_ports_filter' took 0.0 seconds {{(pid=93367) wrapper /opt/stack/nova/nova/scheduler/request_filter.py:46}}
Jul 10 10:34:33.914454 np0000004991 nova-scheduler[93367]: DEBUG nova.scheduler.request_filter [None req-1bbaae6d-9421-42d5-bdd6-398a42e290e9 tempest-ServerActionsTestOtherB-1385149025 tempest-ServerActionsTestOtherB-1385149025-project-member] ephemeral_encryption_filter skipped {{(pid=93367) ephemeral_encryption_filter /opt/stack/nova/nova/scheduler/request_filter.py:426}}
Jul 10 10:34:33.914805 np0000004991 nova-scheduler[93367]: DEBUG nova.scheduler.request_filter [None req-1bbaae6d-9421-42d5-bdd6-398a42e290e9 tempest-ServerActionsTestOtherB-1385149025 tempest-ServerActionsTestOtherB-1385149025-project-member] virtio_sound_filter skipped {{(pid=93367) virtio_sound_filter /opt/stack/nova/nova/scheduler/request_filter.py:460}}
Jul 10 10:34:33.914964 np0000004991 nova-scheduler[93367]: DEBUG nova.scheduler.request_filter [None req-1bbaae6d-9421-42d5-bdd6-398a42e290e9 tempest-ServerActionsTestOtherB-1385149025 tempest-ServerActionsTestOtherB-1385149025-project-member] tpm_secret_security_filter skipped {{(pid=93367) tpm_secret_security_filter /opt/stack/nova/nova/scheduler/request_filter.py:477}}
Jul 10 10:34:34.039154 np0000004991 nova-scheduler[93367]: INFO nova.utils [None req-1bbaae6d-9421-42d5-bdd6-398a42e290e9 tempest-ServerActionsTestOtherB-1385149025 tempest-ServerActionsTestOtherB-1385149025-project-member] The cell worker thread pool ForkProcess-3.cell_worker is initialized
Jul 10 10:34:34.039501 np0000004991 nova-scheduler[93367]: DEBUG oslo_concurrency.lockutils [None req-1bbaae6d-9421-42d5-bdd6-398a42e290e9 tempest-ServerActionsTestOtherB-1385149025 tempest-ServerActionsTestOtherB-1385149025-project-member] Acquiring lock "53338de3-4998-45c2-b95f-9b80b48e6977" by "nova.context.set_target_cell..get_or_set_cached_cell_and_set_connections" {{(pid=93367) inner /opt/stack/data/venv/lib/python3.12/site-packages/oslo_concurrency/lockutils.py:511}}
Jul 10 10:34:34.039680 np0000004991 nova-scheduler[93367]: DEBUG oslo_concurrency.lockutils [None req-1bbaae6d-9421-42d5-bdd6-398a42e290e9 tempest-ServerActionsTestOtherB-1385149025 tempest-ServerActionsTestOtherB-1385149025-project-member] Lock "53338de3-4998-45c2-b95f-9b80b48e6977" acquired by "nova.context.set_target_cell..get_or_set_cached_cell_and_set_connections" :: waited 0.000s {{(pid=93367) inner /opt/stack/data/venv/lib/python3.12/site-packages/oslo_concurrency/lockutils.py:524}}
Jul 10 10:34:34.041107 np0000004991 nova-scheduler[93367]: DEBUG oslo_concurrency.lockutils [None req-1bbaae6d-9421-42d5-bdd6-398a42e290e9 tempest-ServerActionsTestOtherB-1385149025 tempest-ServerActionsTestOtherB-1385149025-project-member] Lock "53338de3-4998-45c2-b95f-9b80b48e6977" "released" by "nova.context.set_target_cell..get_or_set_cached_cell_and_set_connections" :: held 0.001s {{(pid=93367) inner /opt/stack/data/venv/lib/python3.12/site-packages/oslo_concurrency/lockutils.py:543}}
Jul 10 10:34:34.043394 np0000004991 nova-scheduler[93367]: INFO dbcounter [None req-1bbaae6d-9421-42d5-bdd6-398a42e290e9 tempest-ServerActionsTestOtherB-1385149025 tempest-ServerActionsTestOtherB-1385149025-project-member] Registered counter for database nova_cell1
