May 13 22:19:00.079124 np0000000735 nova-scheduler[95324]: DEBUG cotyledon.oslo_config_glue [-] oslo_messaging_rabbit.ssl_key_file = {{(pid=95324) log_opt_values /opt/stack/data/venv/lib/python3.12/site-packages/oslo_config/cfg.py:3006}}
May 13 22:19:00.079124 np0000000735 nova-scheduler[95324]: DEBUG cotyledon.oslo_config_glue [-] oslo_messaging_rabbit.ssl_version = {{(pid=95324) log_opt_values /opt/stack/data/venv/lib/python3.12/site-packages/oslo_config/cfg.py:3006}}
May 13 22:19:00.079124 np0000000735 nova-scheduler[95324]: DEBUG cotyledon.oslo_config_glue [-] oslo_messaging_rabbit.use_queue_manager = False {{(pid=95324) log_opt_values /opt/stack/data/venv/lib/python3.12/site-packages/oslo_config/cfg.py:3006}}
May 13 22:19:00.079366 np0000000735 nova-scheduler[95324]: DEBUG cotyledon.oslo_config_glue [-] oslo_messaging_notifications.driver = ['messagingv2'] {{(pid=95324) log_opt_values /opt/stack/data/venv/lib/python3.12/site-packages/oslo_config/cfg.py:3006}}
May 13 22:19:00.079366 np0000000735 nova-scheduler[95324]: DEBUG cotyledon.oslo_config_glue [-] oslo_messaging_notifications.retry = -1 {{(pid=95324) log_opt_values /opt/stack/data/venv/lib/python3.12/site-packages/oslo_config/cfg.py:3006}}
May 13 22:19:00.079366 np0000000735 nova-scheduler[95324]: DEBUG cotyledon.oslo_config_glue [-] oslo_messaging_notifications.topics = ['notifications'] {{(pid=95324) log_opt_values /opt/stack/data/venv/lib/python3.12/site-packages/oslo_config/cfg.py:3006}}
May 13 22:19:00.079366 np0000000735 nova-scheduler[95324]: DEBUG cotyledon.oslo_config_glue [-] oslo_messaging_notifications.transport_url = **** {{(pid=95324) log_opt_values /opt/stack/data/venv/lib/python3.12/site-packages/oslo_config/cfg.py:3006}}
May 13 22:19:00.079366 np0000000735 nova-scheduler[95324]: DEBUG cotyledon.oslo_config_glue [-] oslo_limit.auth_section = None {{(pid=95324) log_opt_values /opt/stack/data/venv/lib/python3.12/site-packages/oslo_config/cfg.py:3006}}
May 13 22:19:00.079539 np0000000735 nova-scheduler[95324]: DEBUG cotyledon.oslo_config_glue [-] oslo_limit.auth_type = None {{(pid=95324) log_opt_values /opt/stack/data/venv/lib/python3.12/site-packages/oslo_config/cfg.py:3006}}
May 13 22:19:00.079539 np0000000735 nova-scheduler[95324]: DEBUG cotyledon.oslo_config_glue [-] oslo_limit.cafile = None {{(pid=95324) log_opt_values /opt/stack/data/venv/lib/python3.12/site-packages/oslo_config/cfg.py:3006}}
May 13 22:19:00.079539 np0000000735 nova-scheduler[95324]: DEBUG cotyledon.oslo_config_glue [-] oslo_limit.certfile = None {{(pid=95324) log_opt_values /opt/stack/data/venv/lib/python3.12/site-packages/oslo_config/cfg.py:3006}}
May 13 22:19:00.079539 np0000000735 nova-scheduler[95324]: DEBUG cotyledon.oslo_config_glue [-] oslo_limit.collect_timing = False {{(pid=95324) log_opt_values /opt/stack/data/venv/lib/python3.12/site-packages/oslo_config/cfg.py:3006}}
May 13 22:19:00.079539 np0000000735 nova-scheduler[95324]: DEBUG cotyledon.oslo_config_glue [-] oslo_limit.connect_retries = None {{(pid=95324) log_opt_values /opt/stack/data/venv/lib/python3.12/site-packages/oslo_config/cfg.py:3006}}
May 13 22:19:00.079729 np0000000735 nova-scheduler[95324]: DEBUG cotyledon.oslo_config_glue [-] oslo_limit.connect_retry_delay = None {{(pid=95324) log_opt_values /opt/stack/data/venv/lib/python3.12/site-packages/oslo_config/cfg.py:3006}}
May 13 22:19:00.079729 np0000000735 nova-scheduler[95324]: DEBUG cotyledon.oslo_config_glue [-] oslo_limit.endpoint_id = None {{(pid=95324) log_opt_values /opt/stack/data/venv/lib/python3.12/site-packages/oslo_config/cfg.py:3006}}
May 13 22:19:00.079729 np0000000735 nova-scheduler[95324]: DEBUG cotyledon.oslo_config_glue [-] oslo_limit.endpoint_interface = public {{(pid=95324) log_opt_values /opt/stack/data/venv/lib/python3.12/site-packages/oslo_config/cfg.py:3006}}
May 13 22:19:00.079729 np0000000735 nova-scheduler[95324]: DEBUG cotyledon.oslo_config_glue [-] oslo_limit.endpoint_override = None {{(pid=95324) log_opt_values /opt/stack/data/venv/lib/python3.12/site-packages/oslo_config/cfg.py:3006}}
May 13 22:19:00.079729 np0000000735 nova-scheduler[95324]: DEBUG cotyledon.oslo_config_glue [-] oslo_limit.endpoint_region_name = None {{(pid=95324) log_opt_values /opt/stack/data/venv/lib/python3.12/site-packages/oslo_config/cfg.py:3006}}
May 13 22:19:00.079729 np0000000735 nova-scheduler[95324]: DEBUG cotyledon.oslo_config_glue [-] oslo_limit.endpoint_service_name = None {{(pid=95324) log_opt_values /opt/stack/data/venv/lib/python3.12/site-packages/oslo_config/cfg.py:3006}}
May 13 22:19:00.079975 np0000000735 nova-scheduler[95324]: DEBUG cotyledon.oslo_config_glue [-] oslo_limit.endpoint_service_type = None {{(pid=95324) log_opt_values /opt/stack/data/venv/lib/python3.12/site-packages/oslo_config/cfg.py:3006}}
May 13 22:19:00.079975 np0000000735 nova-scheduler[95324]: DEBUG cotyledon.oslo_config_glue [-] oslo_limit.insecure = False {{(pid=95324) log_opt_values /opt/stack/data/venv/lib/python3.12/site-packages/oslo_config/cfg.py:3006}}
May 13 22:19:00.079975 np0000000735 nova-scheduler[95324]: DEBUG cotyledon.oslo_config_glue [-] oslo_limit.keyfile = None {{(pid=95324) log_opt_values /opt/stack/data/venv/lib/python3.12/site-packages/oslo_config/cfg.py:3006}}
May 13 22:19:00.079975 np0000000735 nova-scheduler[95324]: DEBUG cotyledon.oslo_config_glue [-] oslo_limit.max_version = None {{(pid=95324) log_opt_values /opt/stack/data/venv/lib/python3.12/site-packages/oslo_config/cfg.py:3006}}
May 13 22:19:00.079975 np0000000735 nova-scheduler[95324]: DEBUG cotyledon.oslo_config_glue [-] oslo_limit.min_version = None {{(pid=95324) log_opt_values /opt/stack/data/venv/lib/python3.12/site-packages/oslo_config/cfg.py:3006}}
May 13 22:19:00.079975 np0000000735 nova-scheduler[95324]: DEBUG cotyledon.oslo_config_glue [-] oslo_limit.region_name = None {{(pid=95324) log_opt_values /opt/stack/data/venv/lib/python3.12/site-packages/oslo_config/cfg.py:3006}}
May 13 22:19:00.080189 np0000000735 nova-scheduler[95324]: DEBUG cotyledon.oslo_config_glue [-] oslo_limit.retriable_status_codes = None {{(pid=95324) log_opt_values /opt/stack/data/venv/lib/python3.12/site-packages/oslo_config/cfg.py:3006}}
May 13 22:19:00.080189 np0000000735 nova-scheduler[95324]: DEBUG cotyledon.oslo_config_glue [-] oslo_limit.service_name = None {{(pid=95324) log_opt_values /opt/stack/data/venv/lib/python3.12/site-packages/oslo_config/cfg.py:3006}}
May 13 22:19:00.080189 np0000000735 nova-scheduler[95324]: DEBUG cotyledon.oslo_config_glue [-] oslo_limit.service_type = None {{(pid=95324) log_opt_values /opt/stack/data/venv/lib/python3.12/site-packages/oslo_config/cfg.py:3006}}
May 13 22:19:00.080189 np0000000735 nova-scheduler[95324]: DEBUG cotyledon.oslo_config_glue [-] oslo_limit.split_loggers = False {{(pid=95324) log_opt_values /opt/stack/data/venv/lib/python3.12/site-packages/oslo_config/cfg.py:3006}}
May 13 22:19:00.080189 np0000000735 nova-scheduler[95324]: DEBUG cotyledon.oslo_config_glue [-] oslo_limit.status_code_retries = None {{(pid=95324) log_opt_values /opt/stack/data/venv/lib/python3.12/site-packages/oslo_config/cfg.py:3006}}
May 13 22:19:00.080365 np0000000735 nova-scheduler[95324]: DEBUG cotyledon.oslo_config_glue [-] oslo_limit.status_code_retry_delay = None {{(pid=95324) log_opt_values /opt/stack/data/venv/lib/python3.12/site-packages/oslo_config/cfg.py:3006}}
May 13 22:19:00.080365 np0000000735 nova-scheduler[95324]: DEBUG cotyledon.oslo_config_glue [-] oslo_limit.timeout = None {{(pid=95324) log_opt_values /opt/stack/data/venv/lib/python3.12/site-packages/oslo_config/cfg.py:3006}}
May 13 22:19:00.080365 np0000000735 nova-scheduler[95324]: DEBUG cotyledon.oslo_config_glue [-] oslo_limit.valid_interfaces = None {{(pid=95324) log_opt_values /opt/stack/data/venv/lib/python3.12/site-packages/oslo_config/cfg.py:3006}}
May 13 22:19:00.080365 np0000000735 nova-scheduler[95324]: DEBUG cotyledon.oslo_config_glue [-] oslo_limit.version = None {{(pid=95324) log_opt_values /opt/stack/data/venv/lib/python3.12/site-packages/oslo_config/cfg.py:3006}}
May 13 22:19:00.080365 np0000000735 nova-scheduler[95324]: DEBUG cotyledon.oslo_config_glue [-] oslo_reports.file_event_handler = None {{(pid=95324) log_opt_values /opt/stack/data/venv/lib/python3.12/site-packages/oslo_config/cfg.py:3006}}
May 13 22:19:00.080489 np0000000735 nova-scheduler[95324]: DEBUG cotyledon.oslo_config_glue [-] oslo_reports.file_event_handler_interval = 1 {{(pid=95324) log_opt_values /opt/stack/data/venv/lib/python3.12/site-packages/oslo_config/cfg.py:3006}}
May 13 22:19:00.080489 np0000000735 nova-scheduler[95324]: DEBUG cotyledon.oslo_config_glue [-] oslo_reports.log_dir = None {{(pid=95324) log_opt_values /opt/stack/data/venv/lib/python3.12/site-packages/oslo_config/cfg.py:3006}}
May 13 22:19:00.080489 np0000000735 nova-scheduler[95324]: DEBUG cotyledon.oslo_config_glue [-] ******************************************************************************** {{(pid=95324) log_opt_values /opt/stack/data/venv/lib/python3.12/site-packages/oslo_config/cfg.py:3013}}
May 13 22:19:00.080697 np0000000735 nova-scheduler[95324]: DEBUG cotyledon._service_worker [-] Run service ServiceWrapper(2) [95324] {{(pid=95324) wait_forever /opt/stack/data/venv/lib/python3.12/site-packages/cotyledon/_service_worker.py:218}}
May 13 22:19:00.081738 np0000000735 nova-scheduler[95324]: INFO nova.service [-] Starting scheduler node (version 33.1.0)
May 13 22:19:00.082114 np0000000735 nova-scheduler[95322]: DEBUG nova.service [None req-4b5b8df7-ec66-49cb-a65d-88df0d23c3a5 None None] Creating RPC server for service: nova-scheduler on topic: scheduler {{(pid=95322) start /opt/stack/nova/nova/service.py:195}}
May 13 22:19:00.085278 np0000000735 nova-scheduler[95324]: INFO dbcounter [None req-038e06d0-9544-41ff-b339-24aa03971c52 None None] Registered counter for database nova_cell0
May 13 22:19:00.088637 np0000000735 nova-scheduler[95320]: DEBUG nova.service [None req-0b9724a0-b817-4a23-8cf6-a9f7699aba6e None None] Join ServiceGroup membership for this service scheduler {{(pid=95320) start /opt/stack/nova/nova/service.py:221}}
May 13 22:19:00.088816 np0000000735 nova-scheduler[95320]: DEBUG nova.servicegroup.drivers.db [None req-0b9724a0-b817-4a23-8cf6-a9f7699aba6e None None] DB_Driver: join new ServiceGroup member np0000000735 to the scheduler group, service = {{(pid=95320) join /opt/stack/nova/nova/servicegroup/drivers/db.py:44}}
May 13 22:19:00.096655 np0000000735 nova-scheduler[95324]: DEBUG oslo_db.sqlalchemy.engines [None req-038e06d0-9544-41ff-b339-24aa03971c52 None None] MySQL server mode set to STRICT_TRANS_TABLES,STRICT_ALL_TABLES,NO_ZERO_IN_DATE,NO_ZERO_DATE,ERROR_FOR_DIVISION_BY_ZERO,TRADITIONAL,NO_ENGINE_SUBSTITUTION {{(pid=95324) _check_effective_sql_mode /opt/stack/data/venv/lib/python3.12/site-packages/oslo_db/sqlalchemy/engines.py:325}}
May 13 22:19:00.097922 np0000000735 nova-scheduler[95322]: DEBUG nova.service [None req-4b5b8df7-ec66-49cb-a65d-88df0d23c3a5 None None] Join ServiceGroup membership for this service scheduler {{(pid=95322) start /opt/stack/nova/nova/service.py:221}}
May 13 22:19:00.098127 np0000000735 nova-scheduler[95322]: DEBUG nova.servicegroup.drivers.db [None req-4b5b8df7-ec66-49cb-a65d-88df0d23c3a5 None None] DB_Driver: join new ServiceGroup member np0000000735 to the scheduler group, service = {{(pid=95322) join /opt/stack/nova/nova/servicegroup/drivers/db.py:44}}
May 13 22:19:00.114391 np0000000735 nova-scheduler[95324]: DEBUG dbcounter [-] [95324] Writer thread running {{(pid=95324) stat_writer /opt/stack/data/venv/lib/python3.12/site-packages/dbcounter.py:102}}
May 13 22:19:00.114391 np0000000735 nova-scheduler[95324]: DEBUG nova.service [None req-038e06d0-9544-41ff-b339-24aa03971c52 None None] Creating RPC server for service: nova-scheduler on topic: scheduler {{(pid=95324) start /opt/stack/nova/nova/service.py:195}}
May 13 22:19:00.131303 np0000000735 nova-scheduler[95324]: DEBUG nova.service [None req-038e06d0-9544-41ff-b339-24aa03971c52 None None] Join ServiceGroup membership for this service scheduler {{(pid=95324) start /opt/stack/nova/nova/service.py:221}}
May 13 22:19:00.131518 np0000000735 nova-scheduler[95324]: DEBUG nova.servicegroup.drivers.db [None req-038e06d0-9544-41ff-b339-24aa03971c52 None None] DB_Driver: join new ServiceGroup member np0000000735 to the scheduler group, service = {{(pid=95324) join /opt/stack/nova/nova/servicegroup/drivers/db.py:44}}
May 13 22:19:04.103069 np0000000735 nova-scheduler[95322]: DEBUG oslo.service.backend._threading.loopingcall [None req-85bb7990-c33c-4486-851d-89decff6e505 None None] Dynamic interval looping call 'nova.service.Service.periodic_tasks' sleeping for 60.00 seconds {{(pid=95322) _run_loop /opt/stack/data/venv/lib/python3.12/site-packages/oslo_service/backend/_threading/loopingcall.py:125}}
May 13 22:19:05.100173 np0000000735 nova-scheduler[95320]: DEBUG oslo.service.backend._threading.loopingcall [-] Fixed interval looping call 'nova.servicegroup.drivers.db.DbDriver._report_state' sleeping for 119.99 seconds {{(pid=95320) _run_loop /opt/stack/data/venv/lib/python3.12/site-packages/oslo_service/backend/_threading/loopingcall.py:125}}
May 13 22:19:05.106746 np0000000735 nova-scheduler[95322]: DEBUG oslo.service.backend._threading.loopingcall [-] Fixed interval looping call 'nova.servicegroup.drivers.db.DbDriver._report_state' sleeping for 120.00 seconds {{(pid=95322) _run_loop /opt/stack/data/venv/lib/python3.12/site-packages/oslo_service/backend/_threading/loopingcall.py:125}}
May 13 22:19:05.140626 np0000000735 nova-scheduler[95324]: DEBUG oslo.service.backend._threading.loopingcall [-] Fixed interval looping call 'nova.servicegroup.drivers.db.DbDriver._report_state' sleeping for 119.99 seconds {{(pid=95324) _run_loop /opt/stack/data/venv/lib/python3.12/site-packages/oslo_service/backend/_threading/loopingcall.py:125}}
May 13 22:19:08.771655 np0000000735 nova-scheduler[94047]: DEBUG dbcounter [-] [94047] Writing DB stats nova_api:SELECT=3 {{(pid=94047) stat_writer /opt/stack/data/venv/lib/python3.12/site-packages/dbcounter.py:115}}
May 13 22:19:08.854084 np0000000735 nova-scheduler[94047]: DEBUG dbcounter [-] [94047] Writing DB stats nova_cell1:SELECT=1 {{(pid=94047) stat_writer /opt/stack/data/venv/lib/python3.12/site-packages/dbcounter.py:115}}
May 13 22:19:08.858102 np0000000735 nova-scheduler[94047]: DEBUG dbcounter [-] [94047] Writing DB stats nova_cell0:SELECT=1 {{(pid=94047) stat_writer /opt/stack/data/venv/lib/python3.12/site-packages/dbcounter.py:115}}
May 13 22:19:15.097717 np0000000735 nova-scheduler[95320]: DEBUG dbcounter [-] [95320] Writing DB stats nova_cell0:SELECT=4,nova_cell0:INSERT=1,nova_cell0:UPDATE=1 {{(pid=95320) stat_writer /opt/stack/data/venv/lib/python3.12/site-packages/dbcounter.py:115}}
May 13 22:19:15.104944 np0000000735 nova-scheduler[95322]: DEBUG dbcounter [-] [95322] Writing DB stats nova_cell0:SELECT=4,nova_cell0:INSERT=1 {{(pid=95322) stat_writer /opt/stack/data/venv/lib/python3.12/site-packages/dbcounter.py:115}}
May 13 22:19:15.138522 np0000000735 nova-scheduler[95324]: DEBUG dbcounter [-] [95324] Writing DB stats nova_cell0:SELECT=3 {{(pid=95324) stat_writer /opt/stack/data/venv/lib/python3.12/site-packages/dbcounter.py:115}}
May 13 22:19:21.090749 np0000000735 nova-scheduler[95320]: DEBUG oslo.service.backend._threading.loopingcall [None req-12ba4bed-11df-4a9c-b50d-2aa50f6f4a81 None None] Dynamic interval looping call 'nova.service.Service.periodic_tasks' sleeping for 60.00 seconds {{(pid=95320) _run_loop /opt/stack/data/venv/lib/python3.12/site-packages/oslo_service/backend/_threading/loopingcall.py:125}}
May 13 22:19:47.133512 np0000000735 nova-scheduler[95324]: DEBUG oslo.service.backend._threading.loopingcall [None req-6c57c340-d0d7-47a2-9fb6-d3c524573eed None None] Dynamic interval looping call 'nova.service.Service.periodic_tasks' sleeping for 60.00 seconds {{(pid=95324) _run_loop /opt/stack/data/venv/lib/python3.12/site-packages/oslo_service/backend/_threading/loopingcall.py:125}}
May 13 22:20:04.103529 np0000000735 nova-scheduler[95322]: DEBUG oslo.service.backend._threading.loopingcall [None req-85bb7990-c33c-4486-851d-89decff6e505 None None] Dynamic interval looping call 'nova.service.Service.periodic_tasks' sleeping for 60.00 seconds {{(pid=95322) _run_loop /opt/stack/data/venv/lib/python3.12/site-packages/oslo_service/backend/_threading/loopingcall.py:125}}
May 13 22:20:21.091196 np0000000735 nova-scheduler[95320]: DEBUG oslo.service.backend._threading.loopingcall [None req-12ba4bed-11df-4a9c-b50d-2aa50f6f4a81 None None] Dynamic interval looping call 'nova.service.Service.periodic_tasks' sleeping for 60.00 seconds {{(pid=95320) _run_loop /opt/stack/data/venv/lib/python3.12/site-packages/oslo_service/backend/_threading/loopingcall.py:125}}
May 13 22:20:47.133995 np0000000735 nova-scheduler[95324]: DEBUG oslo.service.backend._threading.loopingcall [None req-6c57c340-d0d7-47a2-9fb6-d3c524573eed None None] Dynamic interval looping call 'nova.service.Service.periodic_tasks' sleeping for 60.00 seconds {{(pid=95324) _run_loop /opt/stack/data/venv/lib/python3.12/site-packages/oslo_service/backend/_threading/loopingcall.py:125}}
May 13 22:21:04.104118 np0000000735 nova-scheduler[95322]: DEBUG oslo.service.backend._threading.loopingcall [None req-85bb7990-c33c-4486-851d-89decff6e505 None None] Dynamic interval looping call 'nova.service.Service.periodic_tasks' sleeping for 60.00 seconds {{(pid=95322) _run_loop /opt/stack/data/venv/lib/python3.12/site-packages/oslo_service/backend/_threading/loopingcall.py:125}}
May 13 22:21:05.097556 np0000000735 nova-scheduler[95320]: DEBUG oslo.service.backend._threading.loopingcall [-] Fixed interval looping call 'nova.servicegroup.drivers.db.DbDriver._report_state' sleeping for 119.99 seconds {{(pid=95320) _run_loop /opt/stack/data/venv/lib/python3.12/site-packages/oslo_service/backend/_threading/loopingcall.py:125}}
May 13 22:21:05.110284 np0000000735 nova-scheduler[95322]: DEBUG oslo.service.backend._threading.loopingcall [-] Fixed interval looping call 'nova.servicegroup.drivers.db.DbDriver._report_state' sleeping for 120.00 seconds {{(pid=95322) _run_loop /opt/stack/data/venv/lib/python3.12/site-packages/oslo_service/backend/_threading/loopingcall.py:125}}
May 13 22:21:05.134715 np0000000735 nova-scheduler[95324]: DEBUG oslo.service.backend._threading.loopingcall [-] Fixed interval looping call 'nova.servicegroup.drivers.db.DbDriver._report_state' sleeping for 120.00 seconds {{(pid=95324) _run_loop /opt/stack/data/venv/lib/python3.12/site-packages/oslo_service/backend/_threading/loopingcall.py:125}}
May 13 22:21:15.094152 np0000000735 nova-scheduler[95320]: DEBUG dbcounter [-] [95320] Writing DB stats nova_cell0:SELECT=1,nova_cell0:UPDATE=1 {{(pid=95320) stat_writer /opt/stack/data/venv/lib/python3.12/site-packages/dbcounter.py:115}}
May 13 22:21:15.109109 np0000000735 nova-scheduler[95322]: DEBUG dbcounter [-] [95322] Writing DB stats nova_cell0:SELECT=1 {{(pid=95322) stat_writer /opt/stack/data/venv/lib/python3.12/site-packages/dbcounter.py:115}}
May 13 22:21:15.132904 np0000000735 nova-scheduler[95324]: DEBUG dbcounter [-] [95324] Writing DB stats nova_cell0:SELECT=1 {{(pid=95324) stat_writer /opt/stack/data/venv/lib/python3.12/site-packages/dbcounter.py:115}}
May 13 22:21:21.091664 np0000000735 nova-scheduler[95320]: DEBUG oslo.service.backend._threading.loopingcall [None req-12ba4bed-11df-4a9c-b50d-2aa50f6f4a81 None None] Dynamic interval looping call 'nova.service.Service.periodic_tasks' sleeping for 60.00 seconds {{(pid=95320) _run_loop /opt/stack/data/venv/lib/python3.12/site-packages/oslo_service/backend/_threading/loopingcall.py:125}}
May 13 22:21:45.747903 np0000000735 nova-scheduler[95320]: DEBUG nova.scheduler.manager [None req-89faa066-7448-42c3-9d06-80a15ac97351 tempest-ServerActionsTestOtherB-1825118492 tempest-ServerActionsTestOtherB-1825118492-project-member] Starting to schedule for instances: ['67008847-78a2-46a7-96c6-3e62736dc033'] {{(pid=95320) select_destinations /opt/stack/nova/nova/scheduler/manager.py:210}}
May 13 22:21:45.747903 np0000000735 nova-scheduler[95320]: DEBUG nova.scheduler.request_filter [None req-89faa066-7448-42c3-9d06-80a15ac97351 tempest-ServerActionsTestOtherB-1825118492 tempest-ServerActionsTestOtherB-1825118492-project-member] compute_status_filter request filter added forbidden trait COMPUTE_STATUS_DISABLED {{(pid=95320) compute_status_filter /opt/stack/nova/nova/scheduler/request_filter.py:253}}
May 13 22:21:45.747903 np0000000735 nova-scheduler[95320]: DEBUG nova.scheduler.request_filter [None req-89faa066-7448-42c3-9d06-80a15ac97351 tempest-ServerActionsTestOtherB-1825118492 tempest-ServerActionsTestOtherB-1825118492-project-member] Request filter 'compute_status_filter' took 0.0 seconds {{(pid=95320) wrapper /opt/stack/nova/nova/scheduler/request_filter.py:46}}
May 13 22:21:45.747903 np0000000735 nova-scheduler[95320]: DEBUG nova.scheduler.request_filter [None req-89faa066-7448-42c3-9d06-80a15ac97351 tempest-ServerActionsTestOtherB-1825118492 tempest-ServerActionsTestOtherB-1825118492-project-member] Request filter 'accelerators_filter' took 0.0 seconds {{(pid=95320) wrapper /opt/stack/nova/nova/scheduler/request_filter.py:46}}
May 13 22:21:45.747903 np0000000735 nova-scheduler[95320]: DEBUG nova.scheduler.request_filter [None req-89faa066-7448-42c3-9d06-80a15ac97351 tempest-ServerActionsTestOtherB-1825118492 tempest-ServerActionsTestOtherB-1825118492-project-member] Request filter 'packed_virtqueue_filter' took 0.0 seconds {{(pid=95320) wrapper /opt/stack/nova/nova/scheduler/request_filter.py:46}}
May 13 22:21:45.748441 np0000000735 nova-scheduler[95320]: DEBUG nova.scheduler.request_filter [None req-89faa066-7448-42c3-9d06-80a15ac97351 tempest-ServerActionsTestOtherB-1825118492 tempest-ServerActionsTestOtherB-1825118492-project-member] Request filter 'remote_managed_ports_filter' took 0.0 seconds {{(pid=95320) wrapper /opt/stack/nova/nova/scheduler/request_filter.py:46}}
May 13 22:21:45.748441 np0000000735 nova-scheduler[95320]: DEBUG nova.scheduler.request_filter [None req-89faa066-7448-42c3-9d06-80a15ac97351 tempest-ServerActionsTestOtherB-1825118492 tempest-ServerActionsTestOtherB-1825118492-project-member] ephemeral_encryption_filter skipped {{(pid=95320) ephemeral_encryption_filter /opt/stack/nova/nova/scheduler/request_filter.py:426}}
May 13 22:21:45.748441 np0000000735 nova-scheduler[95320]: DEBUG nova.scheduler.request_filter [None req-89faa066-7448-42c3-9d06-80a15ac97351 tempest-ServerActionsTestOtherB-1825118492 tempest-ServerActionsTestOtherB-1825118492-project-member] virtio_sound_filter skipped {{(pid=95320) virtio_sound_filter /opt/stack/nova/nova/scheduler/request_filter.py:460}}
May 13 22:21:45.748441 np0000000735 nova-scheduler[95320]: DEBUG nova.scheduler.request_filter [None req-89faa066-7448-42c3-9d06-80a15ac97351 tempest-ServerActionsTestOtherB-1825118492 tempest-ServerActionsTestOtherB-1825118492-project-member] tpm_secret_security_filter skipped {{(pid=95320) tpm_secret_security_filter /opt/stack/nova/nova/scheduler/request_filter.py:477}}
May 13 22:21:46.385303 np0000000735 nova-scheduler[95320]: INFO nova.utils [None req-89faa066-7448-42c3-9d06-80a15ac97351 tempest-ServerActionsTestOtherB-1825118492 tempest-ServerActionsTestOtherB-1825118492-project-member] The cell worker thread pool ForkProcess-1.cell_worker is initialized
May 13 22:21:46.385841 np0000000735 nova-scheduler[95320]: DEBUG oslo_concurrency.lockutils [None req-89faa066-7448-42c3-9d06-80a15ac97351 tempest-ServerActionsTestOtherB-1825118492 tempest-ServerActionsTestOtherB-1825118492-project-member] Acquiring lock "ddfa211f-e00c-4add-a73c-528502595ddb" by "nova.context.set_target_cell..get_or_set_cached_cell_and_set_connections" {{(pid=95320) inner /opt/stack/data/venv/lib/python3.12/site-packages/oslo_concurrency/lockutils.py:506}}
May 13 22:21:46.386182 np0000000735 nova-scheduler[95320]: DEBUG oslo_concurrency.lockutils [None req-89faa066-7448-42c3-9d06-80a15ac97351 tempest-ServerActionsTestOtherB-1825118492 tempest-ServerActionsTestOtherB-1825118492-project-member] Lock "ddfa211f-e00c-4add-a73c-528502595ddb" acquired by "nova.context.set_target_cell..get_or_set_cached_cell_and_set_connections" :: waited 0.000s {{(pid=95320) inner /opt/stack/data/venv/lib/python3.12/site-packages/oslo_concurrency/lockutils.py:519}}
May 13 22:21:46.387950 np0000000735 nova-scheduler[95320]: DEBUG oslo_concurrency.lockutils [None req-89faa066-7448-42c3-9d06-80a15ac97351 tempest-ServerActionsTestOtherB-1825118492 tempest-ServerActionsTestOtherB-1825118492-project-member] Lock "ddfa211f-e00c-4add-a73c-528502595ddb" "released" by "nova.context.set_target_cell..get_or_set_cached_cell_and_set_connections" :: held 0.001s {{(pid=95320) inner /opt/stack/data/venv/lib/python3.12/site-packages/oslo_concurrency/lockutils.py:538}}
May 13 22:21:46.390297 np0000000735 nova-scheduler[95320]: INFO dbcounter [None req-89faa066-7448-42c3-9d06-80a15ac97351 tempest-ServerActionsTestOtherB-1825118492 tempest-ServerActionsTestOtherB-1825118492-project-member] Registered counter for database nova_cell1
May 13 22:21:46.397359 np0000000735 nova-scheduler[95320]: DEBUG oslo_db.sqlalchemy.engines [None req-89faa066-7448-42c3-9d06-80a15ac97351 tempest-ServerActionsTestOtherB-1825118492 tempest-ServerActionsTestOtherB-1825118492-project-member] MySQL server mode set to STRICT_TRANS_TABLES,STRICT_ALL_TABLES,NO_ZERO_IN_DATE,NO_ZERO_DATE,ERROR_FOR_DIVISION_BY_ZERO,TRADITIONAL,NO_ENGINE_SUBSTITUTION {{(pid=95320) _check_effective_sql_mode /opt/stack/data/venv/lib/python3.12/site-packages/oslo_db/sqlalchemy/engines.py:325}}
May 13 22:21:46.405824 np0000000735 nova-scheduler[95320]: DEBUG dbcounter [-] [95320] Writer thread running {{(pid=95320) stat_writer /opt/stack/data/venv/lib/python3.12/site-packages/dbcounter.py:102}}
May 13 22:21:46.422457 np0000000735 nova-scheduler[95320]: DEBUG oslo_db.sqlalchemy.engines [None req-89faa066-7448-42c3-9d06-80a15ac97351 tempest-ServerActionsTestOtherB-1825118492 tempest-ServerActionsTestOtherB-1825118492-project-member] Parent process 94047 forked (95320) with an open database connection, which is being discarded and recreated. {{(pid=95320) checkout /opt/stack/data/venv/lib/python3.12/site-packages/oslo_db/sqlalchemy/engines.py:402}}
May 13 22:21:46.431491 np0000000735 nova-scheduler[95320]: DEBUG dbcounter [-] [95320] Writer thread running {{(pid=95320) stat_writer /opt/stack/data/venv/lib/python3.12/site-packages/dbcounter.py:102}}
May 13 22:21:46.437407 np0000000735 nova-scheduler[95320]: DEBUG oslo_concurrency.lockutils [None req-89faa066-7448-42c3-9d06-80a15ac97351 tempest-ServerActionsTestOtherB-1825118492 tempest-ServerActionsTestOtherB-1825118492-project-member] Acquiring lock "ddfa211f-e00c-4add-a73c-528502595ddb" by "nova.context.set_target_cell..get_or_set_cached_cell_and_set_connections" {{(pid=95320) inner /opt/stack/data/venv/lib/python3.12/site-packages/oslo_concurrency/lockutils.py:506}}
May 13 22:21:46.437407 np0000000735 nova-scheduler[95320]: DEBUG oslo_concurrency.lockutils [None req-89faa066-7448-42c3-9d06-80a15ac97351 tempest-ServerActionsTestOtherB-1825118492 tempest-ServerActionsTestOtherB-1825118492-project-member] Lock "ddfa211f-e00c-4add-a73c-528502595ddb" acquired by "nova.context.set_target_cell..get_or_set_cached_cell_and_set_connections" :: waited 0.000s {{(pid=95320) inner /opt/stack/data/venv/lib/python3.12/site-packages/oslo_concurrency/lockutils.py:519}}
May 13 22:21:46.437407 np0000000735 nova-scheduler[95320]: DEBUG oslo_concurrency.lockutils [None req-89faa066-7448-42c3-9d06-80a15ac97351 tempest-ServerActionsTestOtherB-1825118492 tempest-ServerActionsTestOtherB-1825118492-project-member] Lock "ddfa211f-e00c-4add-a73c-528502595ddb" "released" by "nova.context.set_target_cell..get_or_set_cached_cell_and_set_connections" :: held 0.000s {{(pid=95320) inner /opt/stack/data/venv/lib/python3.12/site-packages/oslo_concurrency/lockutils.py:538}}
May 13 22:21:46.441793 np0000000735 nova-scheduler[95320]: DEBUG oslo_concurrency.lockutils [None req-89faa066-7448-42c3-9d06-80a15ac97351 tempest-ServerActionsTestOtherB-1825118492 tempest-ServerActionsTestOtherB-1825118492-project-member] Acquiring lock "('np0000000735', 'np0000000735')" by "nova.scheduler.host_manager.HostState.update.._locked_update" {{(pid=95320) inner /opt/stack/data/venv/lib/python3.12/site-packages/oslo_concurrency/lockutils.py:506}}
May 13 22:21:46.442399 np0000000735 nova-scheduler[95320]: DEBUG oslo_concurrency.lockutils [None req-89faa066-7448-42c3-9d06-80a15ac97351 tempest-ServerActionsTestOtherB-1825118492 tempest-ServerActionsTestOtherB-1825118492-project-member] Lock "('np0000000735', 'np0000000735')" acquired by "nova.scheduler.host_manager.HostState.update.._locked_update" :: waited 0.000s {{(pid=95320) inner /opt/stack/data/venv/lib/python3.12/site-packages/oslo_concurrency/lockutils.py:519}}
May 13 22:21:46.443455 np0000000735 nova-scheduler[95320]: DEBUG nova.scheduler.host_manager [None req-89faa066-7448-42c3-9d06-80a15ac97351 tempest-ServerActionsTestOtherB-1825118492 tempest-ServerActionsTestOtherB-1825118492-project-member] Update host state from compute node: ComputeNode(cpu_allocation_ratio=4.0,cpu_info='{"arch": "x86_64", "model": "EPYC-Milan", "vendor": "AMD", "topology": {"cells": 1, "sockets": 12, "cores": 1, "threads": 1}, "maxphysaddr": {"mode": "emulate", "bits": 40}, "features": ["mmx", "stibp", "nx", "fxsr_opt", "misalignsse", "vpclmulqdq", "perfctr_core", "xsave", "arat", "xgetbv1", "vgif", "adx", "ibrs", "hypervisor", "null-sel-clr-base", "lahf_lm", "pcid", "apic", "syscall", "smap", "mca", "de", "tsc-deadline", "fxsr", "arch-capabilities", "pclmuldq", "popcnt", "ssse3", "avx2", "vmcb-clean", "virt-ssbd", "fsgsbase", "gds-no", "sse4.1", "pku", "pdpe1gb", "vaes", "sse2", "svme-addr-chk", "sse4a", "sse", "rdtscp", "topoext", "cr8legacy", "lm", "mtrr", "npt", "ibpb", "no-nested-data-bp", "cx8", "smep", "pause-filter", "rdpid", "clflushopt", "clzero", "amd-psfd", "mds-no", "mmxext", "xsaves", "osvw", "xsaveerptr", "lfence-always-serializing", "pfthreshold", "sse4.2", "cx16", "erms", "xsavec", "bmi2", "mce", "nrip-save", "aes", "skip-l1dfl-vmentry", "cmp_legacy", "clwb", "lbrv", "avx", "f16c", "fsrm", "clflush", "sep", "3dnowprefetch", "wbnoinvd", "x2apic", "rdrand", "amd-stibp", "umip", "flushbyasid", "pge", "stibp-always-on", "abm", "pae", "tsc_adjust", "spec-ctrl", "cmov", "rdctl-no", "pschange-mc-no", "pse", "v-vmsave-vmload", "xsaveopt", "pni", "pse36", "rdseed", "tsc", "svm", "ssbd", "msr", "fpu", "vme", "sha-ni", "invpcid", "tsc-scale", "amd-ssbd", "movbe", "pat", "bmi1", "fma"]}',created_at=2026-05-13T22:19:24Z,current_workload=0,deleted=False,deleted_at=None,disk_allocation_ratio=1.0,disk_available_least=74,free_disk_gb=95,free_ram_mb=23518,host='np0000000735',host_ip=10.4.3.200,hypervisor_hostname='np0000000735',hypervisor_type='QEMU',hypervisor_version=8002002,id=1,local_gb=95,local_gb_used=0,mapped=1,memory_mb=24030,memory_mb_used=512,metrics='[]',numa_topology='{"nova_object.name": "NUMATopology", "nova_object.namespace": "nova", "nova_object.version": "1.2", "nova_object.data": {"cells": [{"nova_object.name": "NUMACell", "nova_object.namespace": "nova", "nova_object.version": "1.5", "nova_object.data": {"id": 0, "cpuset": [0, 1, 2, 3, 4, 5, 6, 7, 8, 9, 10, 11], "pcpuset": [0, 1, 2, 3, 4, 5, 6, 7, 8, 9, 10, 11], "memory": 24030, "cpu_usage": 0, "memory_usage": 0, "pinned_cpus": [], "siblings": [[6], [2], [5], [11], [8], [4], [1], [7], [10], [0], [3], [9]], "mempages": [{"nova_object.name": "NUMAPagesTopology", "nova_object.namespace": "nova", "nova_object.version": "1.1", "nova_object.data": {"size_kb": 4, "total": 6151797, "used": 0, "reserved": 0}, "nova_object.changes": ["total", "size_kb", "reserved", "used"]}, {"nova_object.name": "NUMAPagesTopology", "nova_object.namespace": "nova", "nova_object.version": "1.1", "nova_object.data": {"size_kb": 2048, "total": 0, "used": 0, "reserved": 0}, "nova_object.changes": ["total", "size_kb", "reserved", "used"]}, {"nova_object.name": "NUMAPagesTopology", "nova_object.namespace": "nova", "nova_object.version": "1.1", "nova_object.data": {"size_kb": 1048576, "total": 0, "used": 0, "reserved": 0}, "nova_object.changes": ["total", "size_kb", "reserved", "used"]}], "network_metadata": {"nova_object.name": "NetworkMetadata", "nova_object.namespace": "nova", "nova_object.version": "1.0", "nova_object.data": {"physnets": [], "tunneled": false}, "nova_object.changes": ["tunneled", "physnets"]}, "socket": null}, "nova_object.changes": ["network_metadata", "cpu_usage", "mempages", "pinned_cpus", "pcpuset", "cpuset", "id", "memory_usage", "memory", "socket", "siblings"]}]}, "nova_object.changes": ["cells"]}',pci_device_pools=PciDevicePoolList,ram_allocation_ratio=1.0,running_vms=0,service_id=3,stats={failed_builds='0',uptime=' 22:21:10 up 25 min, 2 users, load average: 1.09, 1.33, 0.80
May 13 22:21:46.443455 np0000000735 nova-scheduler[95320]: '},supported_hv_specs=[HVSpec,HVSpec,HVSpec,HVSpec,HVSpec,HVSpec,HVSpec,HVSpec,HVSpec,HVSpec,HVSpec,HVSpec,HVSpec,HVSpec,HVSpec,HVSpec,HVSpec,HVSpec,HVSpec,HVSpec,HVSpec,HVSpec,HVSpec,HVSpec,HVSpec],updated_at=2026-05-13T22:21:12Z,uuid=29280c8c-bbe6-417c-a48b-7213f2c28ce0,vcpus=12,vcpus_used=0) {{(pid=95320) _locked_update /opt/stack/nova/nova/scheduler/host_manager.py:168}}
May 13 22:21:46.444512 np0000000735 nova-scheduler[95320]: DEBUG nova.scheduler.host_manager [None req-89faa066-7448-42c3-9d06-80a15ac97351 tempest-ServerActionsTestOtherB-1825118492 tempest-ServerActionsTestOtherB-1825118492-project-member] Update host state with aggregates: [] {{(pid=95320) _locked_update /opt/stack/nova/nova/scheduler/host_manager.py:171}}
May 13 22:21:46.444629 np0000000735 nova-scheduler[95320]: DEBUG nova.scheduler.host_manager [None req-89faa066-7448-42c3-9d06-80a15ac97351 tempest-ServerActionsTestOtherB-1825118492 tempest-ServerActionsTestOtherB-1825118492-project-member] Update host state with service dict: {'id': 3, 'uuid': '1cf2e04a-7b88-44bd-a56e-c3319946a971', 'host': 'np0000000735', 'binary': 'nova-compute', 'topic': 'compute', 'report_count': 2, 'disabled': False, 'disabled_reason': None, 'last_seen_up': datetime.datetime(2026, 5, 13, 22, 21, 33, tzinfo=datetime.timezone.utc), 'forced_down': False, 'version': 72, 'created_at': datetime.datetime(2026, 5, 13, 22, 19, 23, tzinfo=datetime.timezone.utc), 'updated_at': datetime.datetime(2026, 5, 13, 22, 21, 33, tzinfo=datetime.timezone.utc), 'deleted_at': None, 'deleted': False} {{(pid=95320) _locked_update /opt/stack/nova/nova/scheduler/host_manager.py:174}}
May 13 22:21:46.446132 np0000000735 nova-scheduler[95320]: DEBUG nova.scheduler.host_manager [None req-89faa066-7448-42c3-9d06-80a15ac97351 tempest-ServerActionsTestOtherB-1825118492 tempest-ServerActionsTestOtherB-1825118492-project-member] Update host state with instances: [] {{(pid=95320) _locked_update /opt/stack/nova/nova/scheduler/host_manager.py:177}}
May 13 22:21:46.446132 np0000000735 nova-scheduler[95320]: DEBUG oslo_concurrency.lockutils [None req-89faa066-7448-42c3-9d06-80a15ac97351 tempest-ServerActionsTestOtherB-1825118492 tempest-ServerActionsTestOtherB-1825118492-project-member] Lock "('np0000000735', 'np0000000735')" "released" by "nova.scheduler.host_manager.HostState.update.._locked_update" :: held 0.003s {{(pid=95320) inner /opt/stack/data/venv/lib/python3.12/site-packages/oslo_concurrency/lockutils.py:538}}
May 13 22:21:46.446132 np0000000735 nova-scheduler[95320]: DEBUG nova.filters [None req-89faa066-7448-42c3-9d06-80a15ac97351 tempest-ServerActionsTestOtherB-1825118492 tempest-ServerActionsTestOtherB-1825118492-project-member] Starting with 1 host(s) {{(pid=95320) get_filtered_objects /opt/stack/nova/nova/filters.py:70}}
May 13 22:21:46.446132 np0000000735 nova-scheduler[95320]: DEBUG nova.filters [None req-89faa066-7448-42c3-9d06-80a15ac97351 tempest-ServerActionsTestOtherB-1825118492 tempest-ServerActionsTestOtherB-1825118492-project-member] Filter ComputeFilter returned 1 host(s) {{(pid=95320) get_filtered_objects /opt/stack/nova/nova/filters.py:102}}
May 13 22:21:46.448378 np0000000735 nova-scheduler[95320]: DEBUG nova.filters [None req-89faa066-7448-42c3-9d06-80a15ac97351 tempest-ServerActionsTestOtherB-1825118492 tempest-ServerActionsTestOtherB-1825118492-project-member] Filter ComputeCapabilitiesFilter returned 1 host(s) {{(pid=95320) get_filtered_objects /opt/stack/nova/nova/filters.py:102}}
May 13 22:21:46.448378 np0000000735 nova-scheduler[95320]: DEBUG nova.filters [None req-89faa066-7448-42c3-9d06-80a15ac97351 tempest-ServerActionsTestOtherB-1825118492 tempest-ServerActionsTestOtherB-1825118492-project-member] Filter ImagePropertiesFilter returned 1 host(s) {{(pid=95320) get_filtered_objects /opt/stack/nova/nova/filters.py:102}}
May 13 22:21:46.448378 np0000000735 nova-scheduler[95320]: DEBUG nova.filters [None req-89faa066-7448-42c3-9d06-80a15ac97351 tempest-ServerActionsTestOtherB-1825118492 tempest-ServerActionsTestOtherB-1825118492-project-member] Filter ServerGroupAntiAffinityFilter returned 1 host(s) {{(pid=95320) get_filtered_objects /opt/stack/nova/nova/filters.py:102}}
May 13 22:21:46.448378 np0000000735 nova-scheduler[95320]: DEBUG nova.filters [None req-89faa066-7448-42c3-9d06-80a15ac97351 tempest-ServerActionsTestOtherB-1825118492 tempest-ServerActionsTestOtherB-1825118492-project-member] Filter ServerGroupAffinityFilter returned 1 host(s) {{(pid=95320) get_filtered_objects /opt/stack/nova/nova/filters.py:102}}
May 13 22:21:46.448378 np0000000735 nova-scheduler[95320]: DEBUG nova.filters [None req-89faa066-7448-42c3-9d06-80a15ac97351 tempest-ServerActionsTestOtherB-1825118492 tempest-ServerActionsTestOtherB-1825118492-project-member] Filter SameHostFilter returned 1 host(s) {{(pid=95320) get_filtered_objects /opt/stack/nova/nova/filters.py:102}}
May 13 22:21:46.448378 np0000000735 nova-scheduler[95320]: DEBUG nova.filters [None req-89faa066-7448-42c3-9d06-80a15ac97351 tempest-ServerActionsTestOtherB-1825118492 tempest-ServerActionsTestOtherB-1825118492-project-member] Filter DifferentHostFilter returned 1 host(s) {{(pid=95320) get_filtered_objects /opt/stack/nova/nova/filters.py:102}}
May 13 22:21:46.448378 np0000000735 nova-scheduler[95320]: DEBUG nova.scheduler.manager [None req-89faa066-7448-42c3-9d06-80a15ac97351 tempest-ServerActionsTestOtherB-1825118492 tempest-ServerActionsTestOtherB-1825118492-project-member] Filtered [(np0000000735, np0000000735) ram: 23518MB disk: 75776MB io_ops: 0 instances: 0, allocation_candidates: 1] {{(pid=95320) _get_sorted_hosts /opt/stack/nova/nova/scheduler/manager.py:743}}
May 13 22:21:46.448378 np0000000735 nova-scheduler[95320]: DEBUG nova.scheduler.manager [None req-89faa066-7448-42c3-9d06-80a15ac97351 tempest-ServerActionsTestOtherB-1825118492 tempest-ServerActionsTestOtherB-1825118492-project-member] Weighed [WeighedHost [host: (np0000000735, np0000000735) ram: 23518MB disk: 75776MB io_ops: 0 instances: 0, allocation_candidates: 1, weight: 0.0]] {{(pid=95320) _get_sorted_hosts /opt/stack/nova/nova/scheduler/manager.py:765}}
May 13 22:21:46.448378 np0000000735 nova-scheduler[95320]: DEBUG nova.scheduler.utils [None req-89faa066-7448-42c3-9d06-80a15ac97351 tempest-ServerActionsTestOtherB-1825118492 tempest-ServerActionsTestOtherB-1825118492-project-member] Attempting to claim resources in the placement API for instance 67008847-78a2-46a7-96c6-3e62736dc033 {{(pid=95320) claim_resources /opt/stack/nova/nova/scheduler/utils.py:1304}}
May 13 22:21:46.550615 np0000000735 nova-scheduler[95322]: DEBUG nova.scheduler.manager [None req-8d2b39a5-b4fa-4f33-b465-627ae325f94d tempest-ServerActionsTestOtherA-166622998 tempest-ServerActionsTestOtherA-166622998-project-member] Starting to schedule for instances: ['79401168-0690-4e21-a16f-6ac6365abd05'] {{(pid=95322) select_destinations /opt/stack/nova/nova/scheduler/manager.py:210}}
May 13 22:21:46.551514 np0000000735 nova-scheduler[95322]: DEBUG nova.scheduler.request_filter [None req-8d2b39a5-b4fa-4f33-b465-627ae325f94d tempest-ServerActionsTestOtherA-166622998 tempest-ServerActionsTestOtherA-166622998-project-member] compute_status_filter request filter added forbidden trait COMPUTE_STATUS_DISABLED {{(pid=95322) compute_status_filter /opt/stack/nova/nova/scheduler/request_filter.py:253}}
May 13 22:21:46.551675 np0000000735 nova-scheduler[95322]: DEBUG nova.scheduler.request_filter [None req-8d2b39a5-b4fa-4f33-b465-627ae325f94d tempest-ServerActionsTestOtherA-166622998 tempest-ServerActionsTestOtherA-166622998-project-member] Request filter 'compute_status_filter' took 0.0 seconds {{(pid=95322) wrapper /opt/stack/nova/nova/scheduler/request_filter.py:46}}
May 13 22:21:46.552427 np0000000735 nova-scheduler[95322]: DEBUG nova.scheduler.request_filter [None req-8d2b39a5-b4fa-4f33-b465-627ae325f94d tempest-ServerActionsTestOtherA-166622998 tempest-ServerActionsTestOtherA-166622998-project-member] Request filter 'accelerators_filter' took 0.0 seconds {{(pid=95322) wrapper /opt/stack/nova/nova/scheduler/request_filter.py:46}}
May 13 22:21:46.552427 np0000000735 nova-scheduler[95322]: DEBUG nova.scheduler.request_filter [None req-8d2b39a5-b4fa-4f33-b465-627ae325f94d tempest-ServerActionsTestOtherA-166622998 tempest-ServerActionsTestOtherA-166622998-project-member] Request filter 'packed_virtqueue_filter' took 0.0 seconds {{(pid=95322) wrapper /opt/stack/nova/nova/scheduler/request_filter.py:46}}
May 13 22:21:46.552578 np0000000735 nova-scheduler[95322]: DEBUG nova.scheduler.request_filter [None req-8d2b39a5-b4fa-4f33-b465-627ae325f94d tempest-ServerActionsTestOtherA-166622998 tempest-ServerActionsTestOtherA-166622998-project-member] Request filter 'remote_managed_ports_filter' took 0.0 seconds {{(pid=95322) wrapper /opt/stack/nova/nova/scheduler/request_filter.py:46}}
May 13 22:21:46.552723 np0000000735 nova-scheduler[95322]: DEBUG nova.scheduler.request_filter [None req-8d2b39a5-b4fa-4f33-b465-627ae325f94d tempest-ServerActionsTestOtherA-166622998 tempest-ServerActionsTestOtherA-166622998-project-member] ephemeral_encryption_filter skipped {{(pid=95322) ephemeral_encryption_filter /opt/stack/nova/nova/scheduler/request_filter.py:426}}
May 13 22:21:46.552930 np0000000735 nova-scheduler[95322]: DEBUG nova.scheduler.request_filter [None req-8d2b39a5-b4fa-4f33-b465-627ae325f94d tempest-ServerActionsTestOtherA-166622998 tempest-ServerActionsTestOtherA-166622998-project-member] virtio_sound_filter skipped {{(pid=95322) virtio_sound_filter /opt/stack/nova/nova/scheduler/request_filter.py:460}}
May 13 22:21:46.553108 np0000000735 nova-scheduler[95322]: DEBUG nova.scheduler.request_filter [None req-8d2b39a5-b4fa-4f33-b465-627ae325f94d tempest-ServerActionsTestOtherA-166622998 tempest-ServerActionsTestOtherA-166622998-project-member] tpm_secret_security_filter skipped {{(pid=95322) tpm_secret_security_filter /opt/stack/nova/nova/scheduler/request_filter.py:477}}
May 13 22:21:46.661348 np0000000735 nova-scheduler[95320]: DEBUG nova.scheduler.manager [None req-89faa066-7448-42c3-9d06-80a15ac97351 tempest-ServerActionsTestOtherB-1825118492 tempest-ServerActionsTestOtherB-1825118492-project-member] [instance: 67008847-78a2-46a7-96c6-3e62736dc033] Selected host: (np0000000735, np0000000735) ram: 23518MB disk: 75776MB io_ops: 0 instances: 0, allocation_candidates: 1 {{(pid=95320) _consume_selected_host /opt/stack/nova/nova/scheduler/manager.py:625}}
May 13 22:21:46.661348 np0000000735 nova-scheduler[95320]: DEBUG oslo_concurrency.lockutils [None req-89faa066-7448-42c3-9d06-80a15ac97351 tempest-ServerActionsTestOtherB-1825118492 tempest-ServerActionsTestOtherB-1825118492-project-member] Acquiring lock "('np0000000735', 'np0000000735')" by "nova.scheduler.host_manager.HostState.consume_from_request.._locked" {{(pid=95320) inner /opt/stack/data/venv/lib/python3.12/site-packages/oslo_concurrency/lockutils.py:506}}
May 13 22:21:46.661348 np0000000735 nova-scheduler[95320]: DEBUG oslo_concurrency.lockutils [None req-89faa066-7448-42c3-9d06-80a15ac97351 tempest-ServerActionsTestOtherB-1825118492 tempest-ServerActionsTestOtherB-1825118492-project-member] Lock "('np0000000735', 'np0000000735')" acquired by "nova.scheduler.host_manager.HostState.consume_from_request.._locked" :: waited 0.000s {{(pid=95320) inner /opt/stack/data/venv/lib/python3.12/site-packages/oslo_concurrency/lockutils.py:519}}
May 13 22:21:46.661348 np0000000735 nova-scheduler[95320]: DEBUG oslo_concurrency.lockutils [None req-89faa066-7448-42c3-9d06-80a15ac97351 tempest-ServerActionsTestOtherB-1825118492 tempest-ServerActionsTestOtherB-1825118492-project-member] Lock "('np0000000735', 'np0000000735')" "released" by "nova.scheduler.host_manager.HostState.consume_from_request.._locked" :: held 0.000s {{(pid=95320) inner /opt/stack/data/venv/lib/python3.12/site-packages/oslo_concurrency/lockutils.py:538}}
May 13 22:21:46.679087 np0000000735 nova-scheduler[95322]: INFO nova.utils [None req-8d2b39a5-b4fa-4f33-b465-627ae325f94d tempest-ServerActionsTestOtherA-166622998 tempest-ServerActionsTestOtherA-166622998-project-member] The cell worker thread pool ForkProcess-2.cell_worker is initialized
May 13 22:21:46.679404 np0000000735 nova-scheduler[95322]: DEBUG oslo_concurrency.lockutils [None req-8d2b39a5-b4fa-4f33-b465-627ae325f94d tempest-ServerActionsTestOtherA-166622998 tempest-ServerActionsTestOtherA-166622998-project-member] Acquiring lock "ddfa211f-e00c-4add-a73c-528502595ddb" by "nova.context.set_target_cell..get_or_set_cached_cell_and_set_connections" {{(pid=95322) inner /opt/stack/data/venv/lib/python3.12/site-packages/oslo_concurrency/lockutils.py:506}}
May 13 22:21:46.679587 np0000000735 nova-scheduler[95322]: DEBUG oslo_concurrency.lockutils [None req-8d2b39a5-b4fa-4f33-b465-627ae325f94d tempest-ServerActionsTestOtherA-166622998 tempest-ServerActionsTestOtherA-166622998-project-member] Lock "ddfa211f-e00c-4add-a73c-528502595ddb" acquired by "nova.context.set_target_cell..get_or_set_cached_cell_and_set_connections" :: waited 0.000s {{(pid=95322) inner /opt/stack/data/venv/lib/python3.12/site-packages/oslo_concurrency/lockutils.py:519}}
May 13 22:21:46.681144 np0000000735 nova-scheduler[95322]: DEBUG oslo_concurrency.lockutils [None req-8d2b39a5-b4fa-4f33-b465-627ae325f94d tempest-ServerActionsTestOtherA-166622998 tempest-ServerActionsTestOtherA-166622998-project-member] Lock "ddfa211f-e00c-4add-a73c-528502595ddb" "released" by "nova.context.set_target_cell..get_or_set_cached_cell_and_set_connections" :: held 0.001s {{(pid=95322) inner /opt/stack/data/venv/lib/python3.12/site-packages/oslo_concurrency/lockutils.py:538}}
May 13 22:21:46.683313 np0000000735 nova-scheduler[95322]: INFO dbcounter [None req-8d2b39a5-b4fa-4f33-b465-627ae325f94d tempest-ServerActionsTestOtherA-166622998 tempest-ServerActionsTestOtherA-166622998-project-member] Registered counter for database nova_cell1
May 13 22:21:46.689321 np0000000735 nova-scheduler[95322]: DEBUG oslo_db.sqlalchemy.engines [None req-8d2b39a5-b4fa-4f33-b465-627ae325f94d tempest-ServerActionsTestOtherA-166622998 tempest-ServerActionsTestOtherA-166622998-project-member] MySQL server mode set to STRICT_TRANS_TABLES,STRICT_ALL_TABLES,NO_ZERO_IN_DATE,NO_ZERO_DATE,ERROR_FOR_DIVISION_BY_ZERO,TRADITIONAL,NO_ENGINE_SUBSTITUTION {{(pid=95322) _check_effective_sql_mode /opt/stack/data/venv/lib/python3.12/site-packages/oslo_db/sqlalchemy/engines.py:325}}
May 13 22:21:46.694534 np0000000735 nova-scheduler[95322]: DEBUG dbcounter [-] [95322] Writer thread running {{(pid=95322) stat_writer /opt/stack/data/venv/lib/python3.12/site-packages/dbcounter.py:102}}
May 13 22:21:46.712008 np0000000735 nova-scheduler[95322]: DEBUG dbcounter [-] [95322] Writer thread running {{(pid=95322) stat_writer /opt/stack/data/venv/lib/python3.12/site-packages/dbcounter.py:102}}
May 13 22:21:46.714675 np0000000735 nova-scheduler[95322]: DEBUG oslo_concurrency.lockutils [None req-8d2b39a5-b4fa-4f33-b465-627ae325f94d tempest-ServerActionsTestOtherA-166622998 tempest-ServerActionsTestOtherA-166622998-project-member] Acquiring lock "ddfa211f-e00c-4add-a73c-528502595ddb" by "nova.context.set_target_cell..get_or_set_cached_cell_and_set_connections" {{(pid=95322) inner /opt/stack/data/venv/lib/python3.12/site-packages/oslo_concurrency/lockutils.py:506}}
May 13 22:21:46.714869 np0000000735 nova-scheduler[95322]: DEBUG oslo_concurrency.lockutils [None req-8d2b39a5-b4fa-4f33-b465-627ae325f94d tempest-ServerActionsTestOtherA-166622998 tempest-ServerActionsTestOtherA-166622998-project-member] Lock "ddfa211f-e00c-4add-a73c-528502595ddb" acquired by "nova.context.set_target_cell..get_or_set_cached_cell_and_set_connections" :: waited 0.000s {{(pid=95322) inner /opt/stack/data/venv/lib/python3.12/site-packages/oslo_concurrency/lockutils.py:519}}
May 13 22:21:46.714971 np0000000735 nova-scheduler[95322]: DEBUG oslo_concurrency.lockutils [None req-8d2b39a5-b4fa-4f33-b465-627ae325f94d tempest-ServerActionsTestOtherA-166622998 tempest-ServerActionsTestOtherA-166622998-project-member] Lock "ddfa211f-e00c-4add-a73c-528502595ddb" "released" by "nova.context.set_target_cell..get_or_set_cached_cell_and_set_connections" :: held 0.000s {{(pid=95322) inner /opt/stack/data/venv/lib/python3.12/site-packages/oslo_concurrency/lockutils.py:538}}
May 13 22:21:46.718430 np0000000735 nova-scheduler[95322]: DEBUG oslo_concurrency.lockutils [None req-8d2b39a5-b4fa-4f33-b465-627ae325f94d tempest-ServerActionsTestOtherA-166622998 tempest-ServerActionsTestOtherA-166622998-project-member] Acquiring lock "('np0000000735', 'np0000000735')" by "nova.scheduler.host_manager.HostState.update.._locked_update" {{(pid=95322) inner /opt/stack/data/venv/lib/python3.12/site-packages/oslo_concurrency/lockutils.py:506}}
